[INFO] cloning repository https://github.com/usmaarn/tauri-plugin-system-ui
[INFO] running `Command { std: "git" "-c" "credential.helper=" "-c" "credential.helper=/workspace/cargo-home/bin/git-credential-null" "clone" "--bare" "https://github.com/usmaarn/tauri-plugin-system-ui" "/workspace/cache/git-repos/https%3A%2F%2Fgithub.com%2Fusmaarn%2Ftauri-plugin-system-ui", kill_on_drop: false }`
[INFO] [stderr] Cloning into bare repository '/workspace/cache/git-repos/https%3A%2F%2Fgithub.com%2Fusmaarn%2Ftauri-plugin-system-ui'...
[INFO] running `Command { std: "git" "rev-parse" "HEAD", kill_on_drop: false }`
[INFO] [stdout] 6c9ce1d184e3b8a5f7478282db0070bb28a02b53
[INFO] checking usmaarn/tauri-plugin-system-ui against 3154cc1a3e6424e44f438a95007d043ed5ceaaf6+rustflags=-Znext-solver=coherence for pr-133502-30
[INFO] running `Command { std: "git" "clone" "/workspace/cache/git-repos/https%3A%2F%2Fgithub.com%2Fusmaarn%2Ftauri-plugin-system-ui" "/workspace/builds/worker-1-tc1/source", kill_on_drop: false }`
[INFO] [stderr] Cloning into '/workspace/builds/worker-1-tc1/source'...
[INFO] [stderr] done.
[INFO] started tweaking git repo https://github.com/usmaarn/tauri-plugin-system-ui
[INFO] finished tweaking git repo https://github.com/usmaarn/tauri-plugin-system-ui
[INFO] tweaked toml for git repo https://github.com/usmaarn/tauri-plugin-system-ui written to /workspace/builds/worker-1-tc1/source/Cargo.toml
[INFO] validating manifest of git repo https://github.com/usmaarn/tauri-plugin-system-ui on toolchain 3154cc1a3e6424e44f438a95007d043ed5ceaaf6
[INFO] running `Command { std: CARGO_HOME="/workspace/cargo-home" RUSTUP_HOME="/workspace/rustup-home" "/workspace/cargo-home/bin/cargo" "+3154cc1a3e6424e44f438a95007d043ed5ceaaf6" "metadata" "--manifest-path" "Cargo.toml" "--no-deps", kill_on_drop: false }`
[INFO] crate git repo https://github.com/usmaarn/tauri-plugin-system-ui already has a lockfile, it will not be regenerated
[INFO] running `Command { std: CARGO_HOME="/workspace/cargo-home" RUSTUP_HOME="/workspace/rustup-home" "/workspace/cargo-home/bin/cargo" "+3154cc1a3e6424e44f438a95007d043ed5ceaaf6" "fetch" "--manifest-path" "Cargo.toml", kill_on_drop: false }`
[INFO] running `Command { std: "docker" "create" "-v" "/var/lib/crater-agent-workspace/builds/worker-1-tc1/source:/opt/rustwide/workdir:ro,Z" "-v" "/var/lib/crater-agent-workspace/builds/worker-1-tc1/target:/opt/rustwide/target:rw,Z" "-v" "/var/lib/crater-agent-workspace/cargo-home:/opt/rustwide/cargo-home:ro,Z" "-v" "/var/lib/crater-agent-workspace/rustup-home:/opt/rustwide/rustup-home:ro,Z" "-m" "1610612736" "--network" "none" "ghcr.io/rust-lang/crates-build-env/linux@sha256:77db811e55d90add9212f6832c23229e3de5f1c1f9905e8cb07319ea15df73ac" "sleep" "infinity", kill_on_drop: false }`
[INFO] [stdout] 3761d45f30eed1bcc14d6257da25a36919306157318203d48c4732eab72eaf4a
[INFO] running `Command { std: "docker" "start" "3761d45f30eed1bcc14d6257da25a36919306157318203d48c4732eab72eaf4a", kill_on_drop: false }`
[INFO] running `Command { std: "docker" "inspect" "3761d45f30eed1bcc14d6257da25a36919306157318203d48c4732eab72eaf4a", kill_on_drop: false }`
[INFO] running `Command { std: "docker" "exec" "-e" "SOURCE_DIR=/opt/rustwide/workdir" "-e" "CARGO_HOME=/opt/rustwide/cargo-home" "-e" "RUSTUP_HOME=/opt/rustwide/rustup-home" "-e" "CARGO_TARGET_DIR=/opt/rustwide/target" "-w" "/opt/rustwide/workdir" "--user" "0:0" "3761d45f30eed1bcc14d6257da25a36919306157318203d48c4732eab72eaf4a" "/opt/rustwide/cargo-home/bin/cargo" "+3154cc1a3e6424e44f438a95007d043ed5ceaaf6" "metadata" "--no-deps" "--format-version=1", kill_on_drop: false }`
[INFO] running `Command { std: "docker" "inspect" "3761d45f30eed1bcc14d6257da25a36919306157318203d48c4732eab72eaf4a", kill_on_drop: false }`
[INFO] running `Command { std: "docker" "exec" "-e" "SOURCE_DIR=/opt/rustwide/workdir" "-e" "CARGO_HOME=/opt/rustwide/cargo-home" "-e" "RUSTUP_HOME=/opt/rustwide/rustup-home" "-e" "CARGO_TARGET_DIR=/opt/rustwide/target" "-e" "CARGO_INCREMENTAL=0" "-e" "RUST_BACKTRACE=full" "-e" "RUSTFLAGS=--cap-lints=forbid -Znext-solver=coherence" "-e" "RUSTDOCFLAGS=--cap-lints=forbid" "-w" "/opt/rustwide/workdir" "--user" "0:0" "3761d45f30eed1bcc14d6257da25a36919306157318203d48c4732eab72eaf4a" "/opt/rustwide/cargo-home/bin/cargo" "+3154cc1a3e6424e44f438a95007d043ed5ceaaf6" "check" "--frozen" "--all" "--all-targets" "--message-format=json", kill_on_drop: false }`
[INFO] [stderr]    Compiling syn v3.0.5
[INFO] [stderr]     Checking bitflags v2.13.1
[INFO] [stderr]    Compiling getrandom v0.4.3
[INFO] [stderr]    Compiling toml v1.1.5+spec-1.1.0
[INFO] [stderr]    Compiling selectors v0.36.1
[INFO] [stderr]    Compiling crc32fast v1.5.1
[INFO] [stderr]     Checking uuid v1.26.0
[INFO] [stderr]     Checking tokio v1.53.1
[INFO] [stderr]    Compiling flate2 v1.1.10
[INFO] [stderr]     Checking cfb v0.7.3
[INFO] [stderr]    Compiling png v0.17.16
[INFO] [stderr]     Checking infer v0.19.0
[INFO] [stderr]    Compiling embed-resource v3.0.11
[INFO] [stderr]    Compiling tauri-winres v0.3.6
[INFO] [stderr]    Compiling ico v0.5.0
[INFO] [stderr]    Compiling dom_query v0.27.0
[INFO] [stderr]    Compiling darling_core v0.24.1
[INFO] [stderr]    Compiling serde_derive v1.0.229
[INFO] [stderr]    Compiling zerovec-derive v0.11.6
[INFO] [stderr]    Compiling displaydoc v0.2.7
[INFO] [stderr]    Compiling futures-macro v0.3.34
[INFO] [stderr]    Compiling thiserror-impl v2.0.20
[INFO] [stderr]    Compiling serde_repr v0.1.21
[INFO] [stderr]    Compiling zerotrie v0.2.5
[INFO] [stderr]     Checking futures-util v0.3.34
[INFO] [stderr]    Compiling zerovec v0.11.8
[INFO] [stderr]    Compiling thiserror v2.0.20
[INFO] [stderr]     Checking tinystr v0.8.4
[INFO] [stderr]     Checking potential_utf v0.1.6
[INFO] [stderr]     Checking icu_locale_core v2.3.0
[INFO] [stderr]     Checking icu_collections v2.3.0
[INFO] [stderr]    Compiling darling_macro v0.24.1
[INFO] [stderr]    Compiling darling v0.24.1
[INFO] [stderr]    Compiling serde_with_macros v3.23.0
[INFO] [stderr]     Checking icu_provider v2.3.1
[INFO] [stderr]     Checking icu_properties v2.3.0
[INFO] [stderr]     Checking icu_normalizer v2.3.0
[INFO] [stderr]     Checking futures-executor v0.3.34
[INFO] [stderr]    Compiling serde_with v3.23.0
[INFO] [stderr]    Compiling serde v1.0.229
[INFO] [stderr]     Checking dpi v0.1.2
[INFO] [stderr]     Checking jsonptr v0.6.3
[INFO] [stderr]     Checking plist v1.10.1
[INFO] [stderr]     Checking keyboard-types v0.7.0
[INFO] [stderr]     Checking serialize-to-javascript v0.1.2
[INFO] [stderr]     Checking json-patch v3.0.1
[INFO] [stderr]    Compiling toml_datetime v0.6.3
[INFO] [stderr]    Compiling serde_spanned v0.6.9
[INFO] [stderr]    Compiling indexmap v1.9.3
[INFO] [stderr]    Compiling cargo-platform v0.1.9
[INFO] [stderr]    Compiling cargo_toml v0.22.3
[INFO] [stderr]     Checking idna_adapter v1.2.2
[INFO] [stderr]    Compiling toml_edit v0.20.2
[INFO] [stderr]    Compiling toml_edit v0.19.15
[INFO] [stderr]     Checking idna v1.1.0
[INFO] [stderr]    Compiling cargo_metadata v0.19.2
[INFO] [stderr]     Checking url v2.5.8
[INFO] [stderr]    Compiling schemars v0.8.22
[INFO] [stderr]    Compiling urlpattern v0.3.0
[INFO] [stderr]     Checking tauri-utils v2.9.3
[INFO] [stderr]    Compiling proc-macro-crate v1.3.1
[INFO] [stderr]    Compiling gtk3-macros v0.18.2
[INFO] [stderr]    Compiling toml v0.8.2
[INFO] [stderr]    Compiling proc-macro-crate v2.0.2
[INFO] [stderr]    Compiling glib-macros v0.18.5
[INFO] [stderr]    Compiling system-deps v6.2.2
[INFO] [stderr]    Compiling glib-sys v0.18.1
[INFO] [stderr]    Compiling gobject-sys v0.18.0
[INFO] [stderr]    Compiling gio-sys v0.18.1
[INFO] [stderr]    Compiling gdk-sys v0.18.2
[INFO] [stderr]    Compiling cairo-sys-rs v0.18.2
[INFO] [stderr]    Compiling pango-sys v0.18.0
[INFO] [stderr]    Compiling gdk-pixbuf-sys v0.18.0
[INFO] [stderr]    Compiling atk-sys v0.18.2
[INFO] [stderr]    Compiling gtk-sys v0.18.2
[INFO] [stderr]    Compiling javascriptcore-rs-sys v1.1.1
[INFO] [stderr]    Compiling soup3-sys v0.5.0
[INFO] [stderr]    Compiling webkit2gtk-sys v2.0.2
[INFO] [stderr]    Compiling gdkx11-sys v0.18.2
[INFO] [stderr]    Compiling gtk v0.18.2
[INFO] [stderr]    Compiling wry v0.55.1
[INFO] [stderr]     Checking gdkwayland-sys v0.18.2
[INFO] [stderr]     Checking glib v0.18.5
[INFO] [stderr]    Compiling tauri-build v2.6.3
[INFO] [stderr]    Compiling tauri-codegen v2.6.3
[INFO] [stderr]    Compiling tauri-plugin v2.6.3
[INFO] [stderr]     Checking gio v0.18.4
[INFO] [stderr]     Checking cairo-rs v0.18.5
[INFO] [stderr]     Checking atk v0.18.2
[INFO] [stderr]     Checking javascriptcore-rs v1.1.2
[INFO] [stderr]    Compiling tauri v2.11.5
[INFO] [stderr]    Compiling tauri-macros v2.6.3
[INFO] [stderr]    Compiling tauri-plugin-system-ui v0.1.1 (/opt/rustwide/workdir)
[INFO] [stderr]     Checking gdk-pixbuf v0.18.5
[INFO] [stderr]     Checking pango v0.18.3
[INFO] [stderr]     Checking soup3 v0.5.0
[INFO] [stderr]     Checking gdk v0.18.2
[INFO] [stderr]     Checking gdkx11 v0.18.2
[INFO] [stderr]     Checking webkit2gtk v2.0.2
[INFO] [stderr]     Checking tao v0.35.3
[INFO] [stderr]     Checking muda v0.19.3
[INFO] [stderr]     Checking tauri-runtime v2.11.3
[INFO] [stderr]     Checking tauri-runtime-wry v2.11.4
[INFO] [stdout] error[E0433]: cannot find `mobile` in `plugin`
[INFO] [stdout]   --> src/error.rs:9:41
[INFO] [stdout]    |
[INFO] [stdout]  9 |     MobilePlugin(#[from] tauri::plugin::mobile::PluginInvokeError),
[INFO] [stdout]    |                                         ^^^^^^ could not find `mobile` in `plugin`
[INFO] [stdout]    |
[INFO] [stdout] note: found an item that was configured out
[INFO] [stdout]   --> /opt/rustwide/cargo-home/registry/src/index.crates.io-1949cf8c6b5b557f/tauri-2.11.5/src/plugin.rs:34:9
[INFO] [stdout]    |
[INFO] [stdout] 33 | #[cfg(mobile)]
[INFO] [stdout]    |       ------ the item is gated here
[INFO] [stdout] 34 | pub mod mobile;
[INFO] [stdout]    |         ^^^^^^
[INFO] [stdout] 
[INFO] [stdout] 
[INFO] [stdout] error[E0433]: cannot find `mobile` in `plugin`
[INFO] [stdout]   --> src/error.rs:9:41
[INFO] [stdout]    |
[INFO] [stdout]  9 |     MobilePlugin(#[from] tauri::plugin::mobile::PluginInvokeError),
[INFO] [stdout]    |                                         ^^^^^^ could not find `mobile` in `plugin`
[INFO] [stdout]    |
[INFO] [stdout] note: found an item that was configured out
[INFO] [stdout]   --> /opt/rustwide/cargo-home/registry/src/index.crates.io-1949cf8c6b5b557f/tauri-2.11.5/src/plugin.rs:34:9
[INFO] [stdout]    |
[INFO] [stdout] 33 | #[cfg(mobile)]
[INFO] [stdout]    |       ------ the item is gated here
[INFO] [stdout] 34 | pub mod mobile;
[INFO] [stdout]    |         ^^^^^^
[INFO] [stdout] 
[INFO] [stdout] 
[INFO] [stdout] error[E0277]: `R` cannot be sent between threads safely
[INFO] [stdout]    --> src/lib.rs:72:24
[INFO] [stdout]     |
[INFO] [stdout]  72 |             app.manage(plugin);
[INFO] [stdout]     |                 ------ ^^^^^^ `R` cannot be sent between threads safely
[INFO] [stdout]     |                 |
[INFO] [stdout]     |                 required by a bound introduced by this call
[INFO] [stdout]     |
[INFO] [stdout] note: required because it appears within the type `PhantomData<R>`
[INFO] [stdout]    --> /rustc/3154cc1a3e6424e44f438a95007d043ed5ceaaf6/library/core/src/marker.rs:811:11
[INFO] [stdout] note: required because it appears within the type `SystemUi<R>`
[INFO] [stdout]    --> src/desktop.rs:5:5
[INFO] [stdout]     |
[INFO] [stdout]   4 | pub struct SystemUi<R: Runtime> {
[INFO] [stdout]   5 |     _marker: std::marker::PhantomData<R>,
[INFO] [stdout]     |     ^^^^^^^^^^^^^^^^^^^^^^^^^^^^^^^^^^^^ required by this field
[INFO] [stdout] note: required by a bound in `manage`
[INFO] [stdout]    --> /opt/rustwide/cargo-home/registry/src/index.crates.io-1949cf8c6b5b557f/tauri-2.11.5/src/lib.rs:690:8
[INFO] [stdout]     |
[INFO] [stdout] 524 | pub trait Manager<R: Runtime>: sealed::ManagerBase<R> {
[INFO] [stdout] ...
[INFO] [stdout] 688 |   fn manage<T>(&self, state: T) -> bool
[INFO] [stdout] 689 |   where
[INFO] [stdout] 690 |     T: Send + Sync + 'static,
[INFO] [stdout]     |        ^^^^ required by this bound in `Manager::manage`
[INFO] [stdout] help: consider further restricting type parameter `R` with trait `Send`
[INFO] [stdout]     |
[INFO] [stdout]  59 | pub fn init<R: Runtime + std::marker::Send>() -> TauriPlugin<R> {
[INFO] [stdout]     |                        +++++++++++++++++++
[INFO] [stdout] 
[INFO] [stdout] 
[INFO] [stdout] error[E0277]: `R` cannot be shared between threads safely
[INFO] [stdout]    --> src/lib.rs:72:24
[INFO] [stdout]     |
[INFO] [stdout]  72 |             app.manage(plugin);
[INFO] [stdout]     |                 ------ ^^^^^^ `R` cannot be shared between threads safely
[INFO] [stdout]     |                 |
[INFO] [stdout]     |                 required by a bound introduced by this call
[INFO] [stdout]     |
[INFO] [stdout] note: required because it appears within the type `PhantomData<R>`
[INFO] [stdout]    --> /rustc/3154cc1a3e6424e44f438a95007d043ed5ceaaf6/library/core/src/marker.rs:811:11
[INFO] [stdout] note: required because it appears within the type `SystemUi<R>`
[INFO] [stdout]    --> src/desktop.rs:5:5
[INFO] [stdout]     |
[INFO] [stdout]   4 | pub struct SystemUi<R: Runtime> {
[INFO] [stdout]   5 |     _marker: std::marker::PhantomData<R>,
[INFO] [stdout]     |     ^^^^^^^^^^^^^^^^^^^^^^^^^^^^^^^^^^^^ required by this field
[INFO] [stdout] note: required by a bound in `manage`
[INFO] [stdout]    --> /opt/rustwide/cargo-home/registry/src/index.crates.io-1949cf8c6b5b557f/tauri-2.11.5/src/lib.rs:690:15
[INFO] [stdout]     |
[INFO] [stdout] 524 | pub trait Manager<R: Runtime>: sealed::ManagerBase<R> {
[INFO] [stdout] ...
[INFO] [stdout] 688 |   fn manage<T>(&self, state: T) -> bool
[INFO] [stdout] 689 |   where
[INFO] [stdout] 690 |     T: Send + Sync + 'static,
[INFO] [stdout]     |               ^^^^ required by this bound in `Manager::manage`
[INFO] [stdout] help: consider further restricting type parameter `R` with trait `Sync`
[INFO] [stdout]     |
[INFO] [stdout]  59 | pub fn init<R: Runtime + std::marker::Sync>() -> TauriPlugin<R> {
[INFO] [stdout]     |                        +++++++++++++++++++
[INFO] [stdout] 
[INFO] [stdout] 
[INFO] [stdout] error[E0277]: `R` cannot be sent between threads safely
[INFO] [stdout]    --> src/lib.rs:72:24
[INFO] [stdout]     |
[INFO] [stdout]  72 |             app.manage(plugin);
[INFO] [stdout]     |                 ------ ^^^^^^ `R` cannot be sent between threads safely
[INFO] [stdout]     |                 |
[INFO] [stdout]     |                 required by a bound introduced by this call
[INFO] [stdout]     |
[INFO] [stdout] note: required because it appears within the type `PhantomData<R>`
[INFO] [stdout]    --> /rustc/3154cc1a3e6424e44f438a95007d043ed5ceaaf6/library/core/src/marker.rs:811:11
[INFO] [stdout] note: required because it appears within the type `SystemUi<R>`
[INFO] [stdout]    --> src/desktop.rs:5:5
[INFO] [stdout]     |
[INFO] [stdout]   4 | pub struct SystemUi<R: Runtime> {
[INFO] [stdout]   5 |     _marker: std::marker::PhantomData<R>,
[INFO] [stdout]     |     ^^^^^^^^^^^^^^^^^^^^^^^^^^^^^^^^^^^^ required by this field
[INFO] [stdout] note: required by a bound in `manage`
[INFO] [stdout]    --> /opt/rustwide/cargo-home/registry/src/index.crates.io-1949cf8c6b5b557f/tauri-2.11.5/src/lib.rs:690:8
[INFO] [stdout]     |
[INFO] [stdout] 524 | pub trait Manager<R: Runtime>: sealed::ManagerBase<R> {
[INFO] [stdout] ...
[INFO] [stdout] 688 |   fn manage<T>(&self, state: T) -> bool
[INFO] [stdout] 689 |   where
[INFO] [stdout] 690 |     T: Send + Sync + 'static,
[INFO] [stdout]     |        ^^^^ required by this bound in `Manager::manage`
[INFO] [stdout] help: consider further restricting type parameter `R` with trait `Send`
[INFO] [stdout]     |
[INFO] [stdout]  59 | pub fn init<R: Runtime + std::marker::Send>() -> TauriPlugin<R> {
[INFO] [stdout]     |                        +++++++++++++++++++
[INFO] [stdout] 
[INFO] [stdout] 
[INFO] [stdout] error[E0277]: `R` cannot be shared between threads safely
[INFO] [stdout]    --> src/lib.rs:72:24
[INFO] [stdout]     |
[INFO] [stdout]  72 |             app.manage(plugin);
[INFO] [stdout]     |                 ------ ^^^^^^ `R` cannot be shared between threads safely
[INFO] [stdout]     |                 |
[INFO] [stdout]     |                 required by a bound introduced by this call
[INFO] [stdout]     |
[INFO] [stdout] note: required because it appears within the type `PhantomData<R>`
[INFO] [stdout]    --> /rustc/3154cc1a3e6424e44f438a95007d043ed5ceaaf6/library/core/src/marker.rs:811:11
[INFO] [stdout] note: required because it appears within the type `SystemUi<R>`
[INFO] [stdout]    --> src/desktop.rs:5:5
[INFO] [stdout]     |
[INFO] [stdout]   4 | pub struct SystemUi<R: Runtime> {
[INFO] [stdout]   5 |     _marker: std::marker::PhantomData<R>,
[INFO] [stdout]     |     ^^^^^^^^^^^^^^^^^^^^^^^^^^^^^^^^^^^^ required by this field
[INFO] [stdout] note: required by a bound in `manage`
[INFO] [stdout]    --> /opt/rustwide/cargo-home/registry/src/index.crates.io-1949cf8c6b5b557f/tauri-2.11.5/src/lib.rs:690:15
[INFO] [stdout]     |
[INFO] [stdout] 524 | pub trait Manager<R: Runtime>: sealed::ManagerBase<R> {
[INFO] [stdout] ...
[INFO] [stdout] 688 |   fn manage<T>(&self, state: T) -> bool
[INFO] [stdout] 689 |   where
[INFO] [stdout] 690 |     T: Send + Sync + 'static,
[INFO] [stdout]     |               ^^^^ required by this bound in `Manager::manage`
[INFO] [stdout] help: consider further restricting type parameter `R` with trait `Sync`
[INFO] [stdout]     |
[INFO] [stdout]  59 | pub fn init<R: Runtime + std::marker::Sync>() -> TauriPlugin<R> {
[INFO] [stdout]     |                        +++++++++++++++++++
[INFO] [stdout] 
[INFO] [stdout] 
[INFO] [stdout] Some errors have detailed explanations: E0277, E0433.
[INFO] [stdout] 
[INFO] [stdout] For more information about an error, try `rustc --explain E0277`.
[INFO] [stdout] 
[INFO] [stderr] error: could not compile `tauri-plugin-system-ui` (lib) due to 3 previous errors
[INFO] [stderr] warning: build failed, waiting for other jobs to finish...
[INFO] [stdout] Some errors have detailed explanations: E0277, E0433.
[INFO] [stdout] 
[INFO] [stdout] For more information about an error, try `rustc --explain E0277`.
[INFO] [stdout] 
[INFO] [stderr] error: could not compile `tauri-plugin-system-ui` (lib test) due to 3 previous errors
[INFO] running `Command { std: "docker" "inspect" "3761d45f30eed1bcc14d6257da25a36919306157318203d48c4732eab72eaf4a", kill_on_drop: false }`
[INFO] running `Command { std: "docker" "rm" "-f" "3761d45f30eed1bcc14d6257da25a36919306157318203d48c4732eab72eaf4a", kill_on_drop: false }`
[INFO] [stdout] 3761d45f30eed1bcc14d6257da25a36919306157318203d48c4732eab72eaf4a
