[INFO] cloning repository https://github.com/usergrail/ship-of-drools
[INFO] running `Command { std: "git" "-c" "credential.helper=" "-c" "credential.helper=/workspace/cargo-home/bin/git-credential-null" "clone" "--bare" "https://github.com/usergrail/ship-of-drools" "/workspace/cache/git-repos/https%3A%2F%2Fgithub.com%2Fusergrail%2Fship-of-drools", kill_on_drop: false }`
[INFO] [stderr] Cloning into bare repository '/workspace/cache/git-repos/https%3A%2F%2Fgithub.com%2Fusergrail%2Fship-of-drools'...
[INFO] running `Command { std: "git" "rev-parse" "HEAD", kill_on_drop: false }`
[INFO] [stdout] 2ea41a4ec9bde4dd5e1ec2e64833f3471a41495a
[INFO] checking usergrail/ship-of-drools against 3154cc1a3e6424e44f438a95007d043ed5ceaaf6 for pr-133502-30
[INFO] running `Command { std: "git" "clone" "/workspace/cache/git-repos/https%3A%2F%2Fgithub.com%2Fusergrail%2Fship-of-drools" "/workspace/builds/worker-4-tc2/source", kill_on_drop: false }`
[INFO] [stderr] Cloning into '/workspace/builds/worker-4-tc2/source'...
[INFO] [stderr] done.
[INFO] started tweaking git repo https://github.com/usergrail/ship-of-drools
[INFO] finished tweaking git repo https://github.com/usergrail/ship-of-drools
[INFO] tweaked toml for git repo https://github.com/usergrail/ship-of-drools written to /workspace/builds/worker-4-tc2/source/Cargo.toml
[INFO] validating manifest of git repo https://github.com/usergrail/ship-of-drools on toolchain 3154cc1a3e6424e44f438a95007d043ed5ceaaf6
[INFO] running `Command { std: CARGO_HOME="/workspace/cargo-home" RUSTUP_HOME="/workspace/rustup-home" "/workspace/cargo-home/bin/cargo" "+3154cc1a3e6424e44f438a95007d043ed5ceaaf6" "metadata" "--manifest-path" "Cargo.toml" "--no-deps", kill_on_drop: false }`
[INFO] crate git repo https://github.com/usergrail/ship-of-drools already has a lockfile, it will not be regenerated
[INFO] running `Command { std: CARGO_HOME="/workspace/cargo-home" RUSTUP_HOME="/workspace/rustup-home" "/workspace/cargo-home/bin/cargo" "+3154cc1a3e6424e44f438a95007d043ed5ceaaf6" "fetch" "--manifest-path" "Cargo.toml", kill_on_drop: false }`
[INFO] running `Command { std: "docker" "create" "-v" "/var/lib/crater-agent-workspace/builds/worker-4-tc2/source:/opt/rustwide/workdir:ro,Z" "-v" "/var/lib/crater-agent-workspace/builds/worker-4-tc2/target:/opt/rustwide/target:rw,Z" "-v" "/var/lib/crater-agent-workspace/cargo-home:/opt/rustwide/cargo-home:ro,Z" "-v" "/var/lib/crater-agent-workspace/rustup-home:/opt/rustwide/rustup-home:ro,Z" "-m" "1610612736" "--network" "none" "ghcr.io/rust-lang/crates-build-env/linux@sha256:77db811e55d90add9212f6832c23229e3de5f1c1f9905e8cb07319ea15df73ac" "sleep" "infinity", kill_on_drop: false }`
[INFO] [stdout] 43b117fc8fa0865309e56fde8540731ec5d8a3677cb7f402e3d16a588fdefa02
[INFO] running `Command { std: "docker" "start" "43b117fc8fa0865309e56fde8540731ec5d8a3677cb7f402e3d16a588fdefa02", kill_on_drop: false }`
[INFO] running `Command { std: "docker" "inspect" "43b117fc8fa0865309e56fde8540731ec5d8a3677cb7f402e3d16a588fdefa02", kill_on_drop: false }`
[INFO] running `Command { std: "docker" "exec" "-e" "SOURCE_DIR=/opt/rustwide/workdir" "-e" "CARGO_HOME=/opt/rustwide/cargo-home" "-e" "RUSTUP_HOME=/opt/rustwide/rustup-home" "-e" "CARGO_TARGET_DIR=/opt/rustwide/target" "-w" "/opt/rustwide/workdir" "--user" "0:0" "43b117fc8fa0865309e56fde8540731ec5d8a3677cb7f402e3d16a588fdefa02" "/opt/rustwide/cargo-home/bin/cargo" "+3154cc1a3e6424e44f438a95007d043ed5ceaaf6" "metadata" "--no-deps" "--format-version=1", kill_on_drop: false }`
[INFO] running `Command { std: "docker" "inspect" "43b117fc8fa0865309e56fde8540731ec5d8a3677cb7f402e3d16a588fdefa02", kill_on_drop: false }`
[INFO] running `Command { std: "docker" "exec" "-e" "SOURCE_DIR=/opt/rustwide/workdir" "-e" "CARGO_HOME=/opt/rustwide/cargo-home" "-e" "RUSTUP_HOME=/opt/rustwide/rustup-home" "-e" "CARGO_TARGET_DIR=/opt/rustwide/target" "-e" "CARGO_INCREMENTAL=0" "-e" "RUST_BACKTRACE=full" "-e" "RUSTFLAGS=--cap-lints=forbid" "-e" "RUSTDOCFLAGS=--cap-lints=forbid" "-w" "/opt/rustwide/workdir" "--user" "0:0" "43b117fc8fa0865309e56fde8540731ec5d8a3677cb7f402e3d16a588fdefa02" "/opt/rustwide/cargo-home/bin/cargo" "+3154cc1a3e6424e44f438a95007d043ed5ceaaf6" "check" "--frozen" "--all" "--all-targets" "--message-format=json", kill_on_drop: false }`
[INFO] [stderr]    Compiling windows_x86_64_gnu v0.52.6
[INFO] [stderr]    Compiling syn v2.0.119
[INFO] [stderr]     Checking windows-targets v0.52.6
[INFO] [stderr]     Checking windows-result v0.2.0
[INFO] [stderr]     Checking windows-strings v0.1.0
[INFO] [stderr]    Compiling windows-interface v0.58.0
[INFO] [stderr]    Compiling windows-implement v0.58.0
[INFO] [stderr]     Checking windows-core v0.58.0
[INFO] [stderr]     Checking windows v0.58.0
[INFO] [stderr]     Checking ship-of-drools v1.1.0 (/opt/rustwide/workdir)
[INFO] [stdout] error[E0433]: cannot find `Win32` in `windows`
[INFO] [stdout]  --> src/il2cpp.rs:3:14
[INFO] [stdout]   |
[INFO] [stdout] 3 | use windows::Win32::Foundation::HANDLE;
[INFO] [stdout]   |              ^^^^^ could not find `Win32` in `windows`
[INFO] [stdout] 
[INFO] [stdout] 
[INFO] [stdout] error[E0433]: cannot find `Win32` in `windows`
[INFO] [stdout]  --> src/memory.rs:1:14
[INFO] [stdout]   |
[INFO] [stdout] 1 | use windows::Win32::{
[INFO] [stdout]   |              ^^^^^ could not find `Win32` in `windows`
[INFO] [stdout] 
[INFO] [stdout] 
[INFO] [stdout] error[E0433]: cannot find `Win32` in `windows`
[INFO] [stdout]  --> src/process.rs:1:14
[INFO] [stdout]   |
[INFO] [stdout] 1 | use windows::Win32::{
[INFO] [stdout]   |              ^^^^^ could not find `Win32` in `windows`
[INFO] [stdout] 
[INFO] [stdout] 
[INFO] [stdout] error[E0433]: cannot find `Win32` in `windows`
[INFO] [stdout]  --> src/il2cpp.rs:3:14
[INFO] [stdout]   |
[INFO] [stdout] 3 | use windows::Win32::Foundation::HANDLE;
[INFO] [stdout]   |              ^^^^^ could not find `Win32` in `windows`
[INFO] [stdout] 
[INFO] [stdout] 
[INFO] [stdout] error[E0433]: cannot find `Win32` in `windows`
[INFO] [stdout]  --> src/memory.rs:1:14
[INFO] [stdout]   |
[INFO] [stdout] 1 | use windows::Win32::{
[INFO] [stdout]   |              ^^^^^ could not find `Win32` in `windows`
[INFO] [stdout] 
[INFO] [stdout] 
[INFO] [stdout] error[E0433]: cannot find `Win32` in `windows`
[INFO] [stdout]  --> src/process.rs:1:14
[INFO] [stdout]   |
[INFO] [stdout] 1 | use windows::Win32::{
[INFO] [stdout]   |              ^^^^^ could not find `Win32` in `windows`
[INFO] [stdout] 
[INFO] [stdout] 
[INFO] [stdout] error[E0433]: cannot find `core` in `windows`
[INFO] [stdout]  --> src/error.rs:8:21
[INFO] [stdout]   |
[INFO] [stdout] 8 |     WinApi(windows::core::Error),
[INFO] [stdout]   |                     ^^^^ could not find `core` in `windows`
[INFO] [stdout] 
[INFO] [stdout] 
[INFO] [stdout] error[E0433]: cannot find `core` in `windows`
[INFO] [stdout]   --> src/error.rs:34:20
[INFO] [stdout]    |
[INFO] [stdout] 34 | impl From<windows::core::Error> for MemError {
[INFO] [stdout]    |                    ^^^^ could not find `core` in `windows`
[INFO] [stdout] 
[INFO] [stdout] 
[INFO] [stdout] error[E0433]: cannot find `core` in `windows`
[INFO] [stdout]  --> src/error.rs:8:21
[INFO] [stdout]   |
[INFO] [stdout] 8 |     WinApi(windows::core::Error),
[INFO] [stdout]   |                     ^^^^ could not find `core` in `windows`
[INFO] [stdout] 
[INFO] [stdout] 
[INFO] [stdout] error[E0433]: cannot find `core` in `windows`
[INFO] [stdout]   --> src/error.rs:35:25
[INFO] [stdout]    |
[INFO] [stdout] 35 |     fn from(e: windows::core::Error) -> Self {
[INFO] [stdout]    |                         ^^^^ could not find `core` in `windows`
[INFO] [stdout] 
[INFO] [stdout] 
[INFO] [stdout] error[E0433]: cannot find `core` in `windows`
[INFO] [stdout]   --> src/error.rs:34:20
[INFO] [stdout]    |
[INFO] [stdout] 34 | impl From<windows::core::Error> for MemError {
[INFO] [stdout]    |                    ^^^^ could not find `core` in `windows`
[INFO] [stdout] 
[INFO] [stdout] 
[INFO] [stdout] error[E0433]: cannot find `core` in `windows`
[INFO] [stdout]   --> src/error.rs:35:25
[INFO] [stdout]    |
[INFO] [stdout] 35 |     fn from(e: windows::core::Error) -> Self {
[INFO] [stdout]    |                         ^^^^ could not find `core` in `windows`
[INFO] [stdout] 
[INFO] [stdout] 
[INFO] [stdout] error[E0433]: cannot find `Win32` in `windows`
[INFO] [stdout]   --> src/main.rs:17:24
[INFO] [stdout]    |
[INFO] [stdout] 17 | type Handle = windows::Win32::Foundation::HANDLE;
[INFO] [stdout]    |                        ^^^^^ could not find `Win32` in `windows`
[INFO] [stdout] 
[INFO] [stdout] 
[INFO] [stdout] error[E0433]: cannot find `Win32` in `windows`
[INFO] [stdout]   --> src/main.rs:17:24
[INFO] [stdout]    |
[INFO] [stdout] 17 | type Handle = windows::Win32::Foundation::HANDLE;
[INFO] [stdout]    |                        ^^^^^ could not find `Win32` in `windows`
[INFO] [stdout] 
[INFO] [stdout] 
[INFO] [stdout] For more information about this error, try `rustc --explain E0433`.
[INFO] [stdout] 
[INFO] [stdout] For more information about this error, try `rustc --explain E0433`.
[INFO] [stdout] 
[INFO] [stderr] error: could not compile `ship-of-drools` (bin "ship-of-drools" test) due to 7 previous errors
[INFO] [stderr] warning: build failed, waiting for other jobs to finish...
[INFO] [stderr] error: could not compile `ship-of-drools` (bin "ship-of-drools") due to 7 previous errors
[INFO] running `Command { std: "docker" "inspect" "43b117fc8fa0865309e56fde8540731ec5d8a3677cb7f402e3d16a588fdefa02", kill_on_drop: false }`
[INFO] running `Command { std: "docker" "rm" "-f" "43b117fc8fa0865309e56fde8540731ec5d8a3677cb7f402e3d16a588fdefa02", kill_on_drop: false }`
[INFO] [stdout] 43b117fc8fa0865309e56fde8540731ec5d8a3677cb7f402e3d16a588fdefa02
