[INFO] cloning repository https://github.com/us3-r/foxhole
[INFO] running `Command { std: "git" "-c" "credential.helper=" "-c" "credential.helper=/workspace/cargo-home/bin/git-credential-null" "clone" "--bare" "https://github.com/us3-r/foxhole" "/workspace/cache/git-repos/https%3A%2F%2Fgithub.com%2Fus3-r%2Ffoxhole", kill_on_drop: false }`
[INFO] [stderr] Cloning into bare repository '/workspace/cache/git-repos/https%3A%2F%2Fgithub.com%2Fus3-r%2Ffoxhole'...
[INFO] running `Command { std: "git" "rev-parse" "HEAD", kill_on_drop: false }`
[INFO] [stdout] f2596358e5d12c37730ff93414ca653e6634938d
[INFO] checking us3-r/foxhole against 3154cc1a3e6424e44f438a95007d043ed5ceaaf6 for pr-133502-30
[INFO] running `Command { std: "git" "clone" "/workspace/cache/git-repos/https%3A%2F%2Fgithub.com%2Fus3-r%2Ffoxhole" "/workspace/builds/worker-0-tc2/source", kill_on_drop: false }`
[INFO] [stderr] Cloning into '/workspace/builds/worker-0-tc2/source'...
[INFO] [stderr] done.
[INFO] started tweaking git repo https://github.com/us3-r/foxhole
[INFO] finished tweaking git repo https://github.com/us3-r/foxhole
[INFO] tweaked toml for git repo https://github.com/us3-r/foxhole written to /workspace/builds/worker-0-tc2/source/Cargo.toml
[INFO] validating manifest of git repo https://github.com/us3-r/foxhole on toolchain 3154cc1a3e6424e44f438a95007d043ed5ceaaf6
[INFO] running `Command { std: CARGO_HOME="/workspace/cargo-home" RUSTUP_HOME="/workspace/rustup-home" "/workspace/cargo-home/bin/cargo" "+3154cc1a3e6424e44f438a95007d043ed5ceaaf6" "metadata" "--manifest-path" "Cargo.toml" "--no-deps", kill_on_drop: false }`
[INFO] crate git repo https://github.com/us3-r/foxhole already has a lockfile, it will not be regenerated
[INFO] running `Command { std: CARGO_HOME="/workspace/cargo-home" RUSTUP_HOME="/workspace/rustup-home" "/workspace/cargo-home/bin/cargo" "+3154cc1a3e6424e44f438a95007d043ed5ceaaf6" "fetch" "--manifest-path" "Cargo.toml", kill_on_drop: false }`
[INFO] running `Command { std: "docker" "create" "-v" "/var/lib/crater-agent-workspace/builds/worker-0-tc2/source:/opt/rustwide/workdir:ro,Z" "-v" "/var/lib/crater-agent-workspace/builds/worker-0-tc2/target:/opt/rustwide/target:rw,Z" "-v" "/var/lib/crater-agent-workspace/cargo-home:/opt/rustwide/cargo-home:ro,Z" "-v" "/var/lib/crater-agent-workspace/rustup-home:/opt/rustwide/rustup-home:ro,Z" "-m" "1610612736" "--network" "none" "ghcr.io/rust-lang/crates-build-env/linux@sha256:77db811e55d90add9212f6832c23229e3de5f1c1f9905e8cb07319ea15df73ac" "sleep" "infinity", kill_on_drop: false }`
[INFO] [stdout] 44f195b036557e869c71f34617e6c04f01e69b7dc9b7f21491a50db2f6930d70
[INFO] running `Command { std: "docker" "start" "44f195b036557e869c71f34617e6c04f01e69b7dc9b7f21491a50db2f6930d70", kill_on_drop: false }`
[INFO] running `Command { std: "docker" "inspect" "44f195b036557e869c71f34617e6c04f01e69b7dc9b7f21491a50db2f6930d70", kill_on_drop: false }`
[INFO] running `Command { std: "docker" "exec" "-e" "SOURCE_DIR=/opt/rustwide/workdir" "-e" "CARGO_HOME=/opt/rustwide/cargo-home" "-e" "RUSTUP_HOME=/opt/rustwide/rustup-home" "-e" "CARGO_TARGET_DIR=/opt/rustwide/target" "-w" "/opt/rustwide/workdir" "--user" "0:0" "44f195b036557e869c71f34617e6c04f01e69b7dc9b7f21491a50db2f6930d70" "/opt/rustwide/cargo-home/bin/cargo" "+3154cc1a3e6424e44f438a95007d043ed5ceaaf6" "metadata" "--no-deps" "--format-version=1", kill_on_drop: false }`
[INFO] running `Command { std: "docker" "inspect" "44f195b036557e869c71f34617e6c04f01e69b7dc9b7f21491a50db2f6930d70", kill_on_drop: false }`
[INFO] running `Command { std: "docker" "exec" "-e" "SOURCE_DIR=/opt/rustwide/workdir" "-e" "CARGO_HOME=/opt/rustwide/cargo-home" "-e" "RUSTUP_HOME=/opt/rustwide/rustup-home" "-e" "CARGO_TARGET_DIR=/opt/rustwide/target" "-e" "CARGO_INCREMENTAL=0" "-e" "RUST_BACKTRACE=full" "-e" "RUSTFLAGS=--cap-lints=forbid" "-e" "RUSTDOCFLAGS=--cap-lints=forbid" "-w" "/opt/rustwide/workdir" "--user" "0:0" "44f195b036557e869c71f34617e6c04f01e69b7dc9b7f21491a50db2f6930d70" "/opt/rustwide/cargo-home/bin/cargo" "+3154cc1a3e6424e44f438a95007d043ed5ceaaf6" "check" "--frozen" "--all" "--all-targets" "--message-format=json", kill_on_drop: false }`
[INFO] [stderr]    Compiling libc v0.2.180
[INFO] [stderr]     Checking zeroize v1.8.1
[INFO] [stderr]    Compiling aws-lc-rs v1.17.1
[INFO] [stderr]     Checking litemap v0.7.5
[INFO] [stderr]     Checking http v1.3.1
[INFO] [stderr]     Checking smallvec v1.15.0
[INFO] [stderr]    Compiling syn v2.0.100
[INFO] [stderr]     Checking bitflags v2.11.0
[INFO] [stderr]     Checking tracing-core v0.1.33
[INFO] [stderr]    Compiling rustls v0.23.28
[INFO] [stderr]     Checking futures-task v0.3.31
[INFO] [stderr]     Checking hashbrown v0.15.2
[INFO] [stderr]     Checking futures-channel v0.3.31
[INFO] [stderr]    Compiling unicase v2.8.1
[INFO] [stderr]    Compiling rustix v1.1.3
[INFO] [stderr]    Compiling nix v0.31.1
[INFO] [stderr]    Compiling mime_guess v2.0.5
[INFO] [stderr]     Checking linux-raw-sys v0.11.0
[INFO] [stderr]     Checking futures-util v0.3.31
[INFO] [stderr]     Checking rustls-pki-types v1.15.0
[INFO] [stderr]     Checking form_urlencoded v1.2.1
[INFO] [stderr]     Checking clap_builder v4.5.38
[INFO] [stderr]     Checking encoding_rs v0.8.35
[INFO] [stderr]     Checking sha2 v0.10.9
[INFO] [stderr]     Checking tracing v0.1.41
[INFO] [stderr]     Checking rustls-native-certs v0.8.3
[INFO] [stderr]     Checking indexmap v2.9.0
[INFO] [stderr]     Checking http-body v1.0.1
[INFO] [stderr]     Checking http-body-util v0.1.3
[INFO] [stderr]    Compiling jobserver v0.1.34
[INFO] [stderr]    Compiling cc v1.2.56
[INFO] [stderr]     Checking mio v1.0.3
[INFO] [stderr]     Checking socket2 v0.5.9
[INFO] [stderr]     Checking getrandom v0.4.3
[INFO] [stderr]     Checking console v0.16.4
[INFO] [stderr]     Checking tempfile v3.25.0
[INFO] [stderr]     Checking dialoguer v0.12.0
[INFO] [stderr]    Compiling cmake v0.1.57
[INFO] [stderr]    Compiling aws-lc-sys v0.42.0
[INFO] [stderr]     Checking ctrlc v3.5.2
[INFO] [stderr]    Compiling synstructure v0.13.1
[INFO] [stderr]    Compiling zerovec-derive v0.10.3
[INFO] [stderr]    Compiling displaydoc v0.2.5
[INFO] [stderr]    Compiling tokio-macros v2.5.0
[INFO] [stderr]    Compiling icu_provider_macros v1.5.0
[INFO] [stderr]    Compiling serde_derive v1.0.219
[INFO] [stderr]    Compiling clap_derive v4.5.32
[INFO] [stderr]    Compiling zerofrom-derive v0.1.6
[INFO] [stderr]    Compiling yoke-derive v0.7.5
[INFO] [stderr]     Checking tokio v1.45.0
[INFO] [stderr]     Checking zerofrom v0.1.6
[INFO] [stderr]     Checking yoke v0.7.5
[INFO] [stderr]     Checking zerovec v0.10.4
[INFO] [stderr]     Checking clap v4.5.38
[INFO] [stderr]     Checking tinystr v0.7.6
[INFO] [stderr]     Checking icu_collections v1.5.0
[INFO] [stderr]     Checking icu_locid v1.5.0
[INFO] [stderr]     Checking serde v1.0.219
[INFO] [stderr]     Checking icu_provider v1.5.0
[INFO] [stderr]     Checking icu_locid_transform v1.5.0
[INFO] [stderr]     Checking icu_properties v1.5.1
[INFO] [stderr]     Checking serde_json v1.0.140
[INFO] [stderr]     Checking tokio-util v0.7.15
[INFO] [stderr]     Checking tower v0.5.2
[INFO] [stderr]     Checking tower-http v0.6.8
[INFO] [stderr]     Checking h2 v0.4.16
[INFO] [stderr]     Checking icu_normalizer v1.5.0
[INFO] [stderr]     Checking idna_adapter v1.2.0
[INFO] [stderr]     Checking idna v1.0.3
[INFO] [stderr]     Checking url v2.5.4
[INFO] [stderr]     Checking hyper v1.8.1
[INFO] [stderr]     Checking hyper-util v0.1.20
[INFO] [stderr]     Checking rustls-webpki v0.103.13
[INFO] [stderr]     Checking tokio-rustls v0.26.2
[INFO] [stderr]     Checking rustls-platform-verifier v0.6.2
[INFO] [stderr]     Checking hyper-rustls v0.27.5
[INFO] [stderr]     Checking reqwest v0.13.2
[INFO] [stderr]     Checking foxhole v0.2.0 (/opt/rustwide/workdir)
[INFO] [stdout] warning: unused imports: `Component` and `PathBuf`
[INFO] [stdout]  --> src/host_file.rs:4:17
[INFO] [stdout]   |
[INFO] [stdout] 4 | use std::path::{Component, Path, PathBuf};
[INFO] [stdout]   |                 ^^^^^^^^^        ^^^^^^^
[INFO] [stdout]   |
[INFO] [stdout]   = note: `#[warn(unused_imports)]` (part of `#[warn(unused)]`) on by default
[INFO] [stdout] 
[INFO] [stdout] 
[INFO] [stdout] warning: unused imports: `Component` and `PathBuf`
[INFO] [stdout]  --> src/host_file.rs:4:17
[INFO] [stdout]   |
[INFO] [stdout] 4 | use std::path::{Component, Path, PathBuf};
[INFO] [stdout]   |                 ^^^^^^^^^        ^^^^^^^
[INFO] [stdout]   |
[INFO] [stdout]   = note: `#[warn(unused_imports)]` (part of `#[warn(unused)]`) on by default
[INFO] [stdout] 
[INFO] [stdout] 
[INFO] [stdout] warning: unused import: `super::*`
[INFO] [stdout]    --> src/host_file.rs:237:9
[INFO] [stdout]     |
[INFO] [stdout] 237 |     use super::*;
[INFO] [stdout]     |         ^^^^^^^^
[INFO] [stdout] 
[INFO] [stdout] 
[INFO] [stdout] warning: unused import: `Write`
[INFO] [stdout]  --> src/sandbox/hyperv/powershell.rs:4:27
[INFO] [stdout]   |
[INFO] [stdout] 4 | use std::io::{self, Read, Write};
[INFO] [stdout]   |                           ^^^^^
[INFO] [stdout] 
[INFO] [stdout] 
[INFO] [stdout] warning: unused imports: `Command` and `Stdio`
[INFO] [stdout]  --> src/sandbox/hyperv/powershell.rs:6:20
[INFO] [stdout]   |
[INFO] [stdout] 6 | use std::process::{Command, Stdio};
[INFO] [stdout]   |                    ^^^^^^^  ^^^^^
[INFO] [stdout] 
[INFO] [stdout] 
[INFO] [stdout] warning: unused import: `Instant`
[INFO] [stdout]  --> src/sandbox/hyperv/powershell.rs:8:27
[INFO] [stdout]   |
[INFO] [stdout] 8 | use std::time::{Duration, Instant};
[INFO] [stdout]   |                           ^^^^^^^
[INFO] [stdout] 
[INFO] [stdout] 
[INFO] [stdout] warning: unused import: `nix::Error`
[INFO] [stdout]  --> src/sandbox/sandbox_linux.rs:4:5
[INFO] [stdout]   |
[INFO] [stdout] 4 | use nix::Error;
[INFO] [stdout]   |     ^^^^^^^^^^
[INFO] [stdout] 
[INFO] [stdout] 
[INFO] [stdout] warning: unused import: `setpgid`
[INFO] [stdout]  --> src/sandbox/sandbox_linux.rs:8:55
[INFO] [stdout]   |
[INFO] [stdout] 8 | use nix::unistd::{ForkResult, Gid, Uid, execvp, fork, setpgid, setuid};
[INFO] [stdout]   |                                                       ^^^^^^^
[INFO] [stdout] 
[INFO] [stdout] 
[INFO] [stdout] warning: unused import: `Write`
[INFO] [stdout]  --> src/sandbox/hyperv/powershell.rs:4:27
[INFO] [stdout]   |
[INFO] [stdout] 4 | use std::io::{self, Read, Write};
[INFO] [stdout]   |                           ^^^^^
[INFO] [stdout] 
[INFO] [stdout] 
[INFO] [stdout] warning: unused imports: `Command` and `Stdio`
[INFO] [stdout]  --> src/sandbox/hyperv/powershell.rs:6:20
[INFO] [stdout]   |
[INFO] [stdout] 6 | use std::process::{Command, Stdio};
[INFO] [stdout]   |                    ^^^^^^^  ^^^^^
[INFO] [stdout] 
[INFO] [stdout] 
[INFO] [stdout] warning: unused import: `Instant`
[INFO] [stdout]  --> src/sandbox/hyperv/powershell.rs:8:27
[INFO] [stdout]   |
[INFO] [stdout] 8 | use std::time::{Duration, Instant};
[INFO] [stdout]   |                           ^^^^^^^
[INFO] [stdout] 
[INFO] [stdout] 
[INFO] [stdout] warning: unused import: `nix::Error`
[INFO] [stdout]  --> src/sandbox/sandbox_linux.rs:4:5
[INFO] [stdout]   |
[INFO] [stdout] 4 | use nix::Error;
[INFO] [stdout]   |     ^^^^^^^^^^
[INFO] [stdout] 
[INFO] [stdout] 
[INFO] [stdout] warning: unused import: `setpgid`
[INFO] [stdout]  --> src/sandbox/sandbox_linux.rs:8:55
[INFO] [stdout]   |
[INFO] [stdout] 8 | use nix::unistd::{ForkResult, Gid, Uid, execvp, fork, setpgid, setuid};
[INFO] [stdout]   |                                                       ^^^^^^^
[INFO] [stdout] 
[INFO] [stdout] 
[INFO] [stdout] error[E0425]: cannot find function `final_path_by_handle` in this scope
[INFO] [stdout]     --> src/artifact.rs:1989:26
[INFO] [stdout]      |
[INFO] [stdout] 1989 |         let final_path = final_path_by_handle(pins.last().unwrap()).unwrap();
[INFO] [stdout]      |                          ^^^^^^^^^^^^^^^^^^^^ not found in this scope
[INFO] [stdout] 
[INFO] [stdout] 
[INFO] [stdout] error[E0425]: cannot find function `windows_paths_equal` in this scope
[INFO] [stdout]     --> src/artifact.rs:1990:17
[INFO] [stdout]      |
[INFO] [stdout] 1990 |         assert!(windows_paths_equal(&final_path, &nested));
[INFO] [stdout]      |                 ^^^^^^^^^^^^^^^^^^^ not found in this scope
[INFO] [stdout] 
[INFO] [stdout] 
[INFO] [stdout] error[E0425]: cannot find function `windows_paths_equal` in this scope
[INFO] [stdout]     --> src/artifact.rs:1991:17
[INFO] [stdout]      |
[INFO] [stdout] 1991 |         assert!(windows_paths_equal(
[INFO] [stdout]      |                 ^^^^^^^^^^^^^^^^^^^ not found in this scope
[INFO] [stdout] 
[INFO] [stdout] 
[INFO] [stdout] error[E0425]: cannot find function `windows_paths_equal` in this scope
[INFO] [stdout]     --> src/artifact.rs:1995:18
[INFO] [stdout]      |
[INFO] [stdout] 1995 |         assert!(!windows_paths_equal(
[INFO] [stdout]      |                  ^^^^^^^^^^^^^^^^^^^ not found in this scope
[INFO] [stdout] 
[INFO] [stdout] 
[INFO] [stdout] error[E0425]: cannot find function `requested_backend` in this scope
[INFO] [stdout]     --> src/cli.rs:1138:17
[INFO] [stdout]      |
[INFO] [stdout] 1138 |         assert!(requested_backend(&restricted).is_err());
[INFO] [stdout]      |                 ^^^^^^^^^^^^^^^^^ not found in this scope
[INFO] [stdout] 
[INFO] [stdout] 
[INFO] [stdout] error[E0308]: mismatched types
[INFO] [stdout]   --> src/sandbox/sandbox_linux.rs:85:24
[INFO] [stdout]    |
[INFO] [stdout] 85 |                 if let Err(err) = r_sgid {
[INFO] [stdout]    |                        ^^^^^^^^   ------ this expression has type `i32`
[INFO] [stdout]    |                        |
[INFO] [stdout]    |                        expected `i32`, found `Result<_, _>`
[INFO] [stdout]    |
[INFO] [stdout]    = note: expected type `i32`
[INFO] [stdout]               found enum `Result<_, _>`
[INFO] [stdout] 
[INFO] [stdout] 
[INFO] [stdout] warning: unreachable statement
[INFO] [stdout]   --> src/sandbox/sandbox_linux.rs:95:13
[INFO] [stdout]    |
[INFO] [stdout] 94 |             execvp(&cmd, &args).expect("Failed to exec");
[INFO] [stdout]    |             -------------------------------------------- any code following this expression is unreachable
[INFO] [stdout] 95 |             exit(1); // This line will not be reached if execvp is successful
[INFO] [stdout]    |             ^^^^^^^^ unreachable statement
[INFO] [stdout]    |
[INFO] [stdout]    = note: `#[warn(unreachable_code)]` (part of `#[warn(unused)]`) on by default
[INFO] [stdout] 
[INFO] [stdout] 
[INFO] [stdout] error[E0308]: mismatched types
[INFO] [stdout]   --> src/sandbox/sandbox_linux.rs:85:24
[INFO] [stdout]    |
[INFO] [stdout] 85 |                 if let Err(err) = r_sgid {
[INFO] [stdout]    |                        ^^^^^^^^   ------ this expression has type `i32`
[INFO] [stdout]    |                        |
[INFO] [stdout]    |                        expected `i32`, found `Result<_, _>`
[INFO] [stdout]    |
[INFO] [stdout]    = note: expected type `i32`
[INFO] [stdout]               found enum `Result<_, _>`
[INFO] [stdout] 
[INFO] [stdout] 
[INFO] [stdout] warning: unreachable statement
[INFO] [stdout]   --> src/sandbox/sandbox_linux.rs:95:13
[INFO] [stdout]    |
[INFO] [stdout] 94 |             execvp(&cmd, &args).expect("Failed to exec");
[INFO] [stdout]    |             -------------------------------------------- any code following this expression is unreachable
[INFO] [stdout] 95 |             exit(1); // This line will not be reached if execvp is successful
[INFO] [stdout]    |             ^^^^^^^^ unreachable statement
[INFO] [stdout]    |
[INFO] [stdout]    = note: `#[warn(unreachable_code)]` (part of `#[warn(unused)]`) on by default
[INFO] [stdout] 
[INFO] [stdout] 
[INFO] [stdout] warning: unused variable: `error`
[INFO] [stdout]    --> src/sandbox/hyperv/result_collector.rs:635:13
[INFO] [stdout]     |
[INFO] [stdout] 635 |         Err(error) if !path.exists() => Ok(Vec::new()),
[INFO] [stdout]     |             ^^^^^ help: if this is intentional, prefix it with an underscore: `_error`
[INFO] [stdout]     |
[INFO] [stdout]     = note: `#[warn(unused_variables)]` (part of `#[warn(unused)]`) on by default
[INFO] [stdout] 
[INFO] [stdout] 
[INFO] [stdout] For more information about this error, try `rustc --explain E0308`.
[INFO] [stdout] 
[INFO] [stderr] error: could not compile `foxhole` (lib) due to 1 previous error; 8 warnings emitted
[INFO] [stderr] warning: build failed, waiting for other jobs to finish...
[INFO] [stdout] warning: unused variable: `error`
[INFO] [stdout]    --> src/sandbox/hyperv/result_collector.rs:635:13
[INFO] [stdout]     |
[INFO] [stdout] 635 |         Err(error) if !path.exists() => Ok(Vec::new()),
[INFO] [stdout]     |             ^^^^^ help: if this is intentional, prefix it with an underscore: `_error`
[INFO] [stdout]     |
[INFO] [stdout]     = note: `#[warn(unused_variables)]` (part of `#[warn(unused)]`) on by default
[INFO] [stdout] 
[INFO] [stdout] 
[INFO] [stdout] Some errors have detailed explanations: E0308, E0425.
[INFO] [stdout] 
[INFO] [stdout] For more information about an error, try `rustc --explain E0308`.
[INFO] [stdout] 
[INFO] [stderr] error: could not compile `foxhole` (lib test) due to 6 previous errors; 9 warnings emitted
[INFO] running `Command { std: "docker" "inspect" "44f195b036557e869c71f34617e6c04f01e69b7dc9b7f21491a50db2f6930d70", kill_on_drop: false }`
[INFO] running `Command { std: "docker" "rm" "-f" "44f195b036557e869c71f34617e6c04f01e69b7dc9b7f21491a50db2f6930d70", kill_on_drop: false }`
[INFO] [stdout] 44f195b036557e869c71f34617e6c04f01e69b7dc9b7f21491a50db2f6930d70
