[INFO] cloning repository https://github.com/urwithajit9/evnx-crypto
[INFO] running `Command { std: "git" "-c" "credential.helper=" "-c" "credential.helper=/workspace/cargo-home/bin/git-credential-null" "clone" "--bare" "https://github.com/urwithajit9/evnx-crypto" "/workspace/cache/git-repos/https%3A%2F%2Fgithub.com%2Furwithajit9%2Fevnx-crypto", kill_on_drop: false }`
[INFO] [stderr] Cloning into bare repository '/workspace/cache/git-repos/https%3A%2F%2Fgithub.com%2Furwithajit9%2Fevnx-crypto'...
[INFO] running `Command { std: "git" "rev-parse" "HEAD", kill_on_drop: false }`
[INFO] [stdout] f2658585c49d9cc573b9cbd4f0a89508711bad33
[INFO] checking urwithajit9/evnx-crypto against 3154cc1a3e6424e44f438a95007d043ed5ceaaf6 for pr-133502-30
[INFO] running `Command { std: "git" "clone" "/workspace/cache/git-repos/https%3A%2F%2Fgithub.com%2Furwithajit9%2Fevnx-crypto" "/workspace/builds/worker-5-tc2/source", kill_on_drop: false }`
[INFO] [stderr] Cloning into '/workspace/builds/worker-5-tc2/source'...
[INFO] [stderr] done.
[INFO] started tweaking git repo https://github.com/urwithajit9/evnx-crypto
[INFO] finished tweaking git repo https://github.com/urwithajit9/evnx-crypto
[INFO] tweaked toml for git repo https://github.com/urwithajit9/evnx-crypto written to /workspace/builds/worker-5-tc2/source/Cargo.toml
[INFO] validating manifest of git repo https://github.com/urwithajit9/evnx-crypto on toolchain 3154cc1a3e6424e44f438a95007d043ed5ceaaf6
[INFO] running `Command { std: CARGO_HOME="/workspace/cargo-home" RUSTUP_HOME="/workspace/rustup-home" "/workspace/cargo-home/bin/cargo" "+3154cc1a3e6424e44f438a95007d043ed5ceaaf6" "metadata" "--manifest-path" "Cargo.toml" "--no-deps", kill_on_drop: false }`
[INFO] crate git repo https://github.com/urwithajit9/evnx-crypto already has a lockfile, it will not be regenerated
[INFO] running `Command { std: CARGO_HOME="/workspace/cargo-home" RUSTUP_HOME="/workspace/rustup-home" "/workspace/cargo-home/bin/cargo" "+3154cc1a3e6424e44f438a95007d043ed5ceaaf6" "fetch" "--manifest-path" "Cargo.toml", kill_on_drop: false }`
[INFO] [stderr]     Blocking waiting for file lock on package cache
[INFO] [stderr]     Blocking waiting for file lock on package cache
[INFO] running `Command { std: "docker" "create" "-v" "/var/lib/crater-agent-workspace/builds/worker-5-tc2/source:/opt/rustwide/workdir:ro,Z" "-v" "/var/lib/crater-agent-workspace/builds/worker-5-tc2/target:/opt/rustwide/target:rw,Z" "-v" "/var/lib/crater-agent-workspace/cargo-home:/opt/rustwide/cargo-home:ro,Z" "-v" "/var/lib/crater-agent-workspace/rustup-home:/opt/rustwide/rustup-home:ro,Z" "-m" "1610612736" "--network" "none" "ghcr.io/rust-lang/crates-build-env/linux@sha256:77db811e55d90add9212f6832c23229e3de5f1c1f9905e8cb07319ea15df73ac" "sleep" "infinity", kill_on_drop: false }`
[INFO] [stdout] 14a76fdfb0d808ed12871a2b3e8a1dda3e2384a8f401e8c929d8cab1423f0eb1
[INFO] running `Command { std: "docker" "start" "14a76fdfb0d808ed12871a2b3e8a1dda3e2384a8f401e8c929d8cab1423f0eb1", kill_on_drop: false }`
[INFO] running `Command { std: "docker" "inspect" "14a76fdfb0d808ed12871a2b3e8a1dda3e2384a8f401e8c929d8cab1423f0eb1", kill_on_drop: false }`
[INFO] running `Command { std: "docker" "exec" "-e" "SOURCE_DIR=/opt/rustwide/workdir" "-e" "CARGO_HOME=/opt/rustwide/cargo-home" "-e" "RUSTUP_HOME=/opt/rustwide/rustup-home" "-e" "CARGO_TARGET_DIR=/opt/rustwide/target" "-w" "/opt/rustwide/workdir" "--user" "0:0" "14a76fdfb0d808ed12871a2b3e8a1dda3e2384a8f401e8c929d8cab1423f0eb1" "/opt/rustwide/cargo-home/bin/cargo" "+3154cc1a3e6424e44f438a95007d043ed5ceaaf6" "metadata" "--no-deps" "--format-version=1", kill_on_drop: false }`
[INFO] running `Command { std: "docker" "inspect" "14a76fdfb0d808ed12871a2b3e8a1dda3e2384a8f401e8c929d8cab1423f0eb1", kill_on_drop: false }`
[INFO] running `Command { std: "docker" "exec" "-e" "SOURCE_DIR=/opt/rustwide/workdir" "-e" "CARGO_HOME=/opt/rustwide/cargo-home" "-e" "RUSTUP_HOME=/opt/rustwide/rustup-home" "-e" "CARGO_TARGET_DIR=/opt/rustwide/target" "-e" "CARGO_INCREMENTAL=0" "-e" "RUST_BACKTRACE=full" "-e" "RUSTFLAGS=--cap-lints=forbid" "-e" "RUSTDOCFLAGS=--cap-lints=forbid" "-w" "/opt/rustwide/workdir" "--user" "0:0" "14a76fdfb0d808ed12871a2b3e8a1dda3e2384a8f401e8c929d8cab1423f0eb1" "/opt/rustwide/cargo-home/bin/cargo" "+3154cc1a3e6424e44f438a95007d043ed5ceaaf6" "check" "--frozen" "--all" "--all-targets" "--message-format=json", kill_on_drop: false }`
[INFO] [stderr]     Checking bitflags v2.13.2
[INFO] [stderr]     Checking keccak v0.2.2
[INFO] [stderr]     Checking base64ct v1.8.3
[INFO] [stderr]     Checking generic-array v0.14.7
[INFO] [stderr]    Compiling blake3 v1.8.7
[INFO] [stderr]     Checking wait-timeout v0.2.1
[INFO] [stderr]    Compiling syn v3.0.5
[INFO] [stderr]     Checking num-integer v0.1.47
[INFO] [stderr]     Checking quick-error v1.2.3
[INFO] [stderr]     Checking zeroize v1.9.0
[INFO] [stderr]     Checking bit-vec v0.8.0
[INFO] [stderr]     Checking rand v0.9.5
[INFO] [stderr]     Checking rand_xorshift v0.4.0
[INFO] [stderr]     Checking rand_chacha v0.9.0
[INFO] [stderr]     Checking unarray v0.1.4
[INFO] [stderr]     Checking hybrid-array v0.4.15
[INFO] [stderr]     Checking rustix v1.1.4
[INFO] [stderr]     Checking bit-set v0.8.0
[INFO] [stderr]     Checking password-hash v0.5.0
[INFO] [stderr]     Checking num-bigint v0.4.8
[INFO] [stderr]     Checking crypto-common v0.1.7
[INFO] [stderr]     Checking block-buffer v0.10.4
[INFO] [stderr]     Checking inout v0.1.4
[INFO] [stderr]     Checking cipher v0.4.4
[INFO] [stderr]     Checking universal-hash v0.5.1
[INFO] [stderr]     Checking aead v0.5.2
[INFO] [stderr]     Checking digest v0.10.7
[INFO] [stderr]     Checking polyval v0.6.2
[INFO] [stderr]     Checking poly1305 v0.8.0
[INFO] [stderr]     Checking aes v0.8.4
[INFO] [stderr]     Checking ctr v0.9.2
[INFO] [stderr]     Checking chacha20 v0.9.1
[INFO] [stderr]     Checking curve25519-dalek v4.1.3
[INFO] [stderr]     Checking hmac v0.12.1
[INFO] [stderr]     Checking blake2 v0.10.6
[INFO] [stderr]     Checking sha2 v0.10.9
[INFO] [stderr]     Checking ghash v0.5.1
[INFO] [stderr]     Checking chacha20poly1305 v0.10.1
[INFO] [stderr]     Checking hkdf v0.12.4
[INFO] [stderr]     Checking argon2 v0.5.3
[INFO] [stderr]     Checking aes-gcm v0.10.3
[INFO] [stderr]     Checking srp v0.6.0
[INFO] [stderr]     Checking crypto-common v0.2.2
[INFO] [stderr]     Checking block-buffer v0.12.1
[INFO] [stderr]     Checking module-lattice v0.2.3
[INFO] [stderr]    Compiling serde_derive v1.0.229
[INFO] [stderr]     Checking x25519-dalek v2.0.1
[INFO] [stderr]     Checking ed25519-dalek v2.2.0
[INFO] [stderr]     Checking tempfile v3.27.0
[INFO] [stderr]     Checking rusty-fork v0.3.1
[INFO] [stderr]     Checking digest v0.11.3
[INFO] [stderr]     Checking kem v0.3.0
[INFO] [stderr]     Checking proptest v1.11.0
[INFO] [stderr]     Checking sha3 v0.11.0
[INFO] [stderr]     Checking ml-kem v0.3.2
[INFO] [stderr]     Checking serde v1.0.229
[INFO] [stderr]     Checking evnx-crypto v0.2.1 (/opt/rustwide/workdir)
[INFO] [stdout] error[E0599]: no associated function or constant named `from_ed25519_seed_for_test` found for struct `UserKeypair` in the current scope
[INFO] [stdout]   --> tests/mlkem.rs:65:27
[INFO] [stdout]    |
[INFO] [stdout] 65 |     let kp = UserKeypair::from_ed25519_seed_for_test(KAT_SEED);
[INFO] [stdout]    |                           ^^^^^^^^^^^^^^^^^^^^^^^^^^ associated function or constant not found in `UserKeypair`
[INFO] [stdout] 
[INFO] [stdout] 
[INFO] [stdout] error[E0599]: no associated function or constant named `from_ed25519_seed_for_test` found for struct `UserKeypair` in the current scope
[INFO] [stdout]   --> tests/mlkem.rs:92:27
[INFO] [stdout]    |
[INFO] [stdout] 92 |     let kp = UserKeypair::from_ed25519_seed_for_test(KAT_SEED);
[INFO] [stdout]    |                           ^^^^^^^^^^^^^^^^^^^^^^^^^^ associated function or constant not found in `UserKeypair`
[INFO] [stdout] 
[INFO] [stdout] 
[INFO] [stdout] error[E0599]: no associated function or constant named `from_ed25519_seed_for_test` found for struct `UserKeypair` in the current scope
[INFO] [stdout]    --> tests/mlkem.rs:121:26
[INFO] [stdout]     |
[INFO] [stdout] 121 |     let a = UserKeypair::from_ed25519_seed_for_test(KAT_SEED);
[INFO] [stdout]     |                          ^^^^^^^^^^^^^^^^^^^^^^^^^^ associated function or constant not found in `UserKeypair`
[INFO] [stdout] 
[INFO] [stdout] 
[INFO] [stdout] error[E0599]: no associated function or constant named `from_ed25519_seed_for_test` found for struct `UserKeypair` in the current scope
[INFO] [stdout]    --> tests/mlkem.rs:122:26
[INFO] [stdout]     |
[INFO] [stdout] 122 |     let b = UserKeypair::from_ed25519_seed_for_test(KAT_SEED);
[INFO] [stdout]     |                          ^^^^^^^^^^^^^^^^^^^^^^^^^^ associated function or constant not found in `UserKeypair`
[INFO] [stdout] 
[INFO] [stdout] 
[INFO] [stdout] error[E0599]: no associated function or constant named `from_ed25519_seed_for_test` found for struct `UserKeypair` in the current scope
[INFO] [stdout]    --> tests/mlkem.rs:128:26
[INFO] [stdout]     |
[INFO] [stdout] 128 |     let a = UserKeypair::from_ed25519_seed_for_test(KAT_SEED);
[INFO] [stdout]     |                          ^^^^^^^^^^^^^^^^^^^^^^^^^^ associated function or constant not found in `UserKeypair`
[INFO] [stdout] 
[INFO] [stdout] 
[INFO] [stdout] error[E0599]: no associated function or constant named `from_ed25519_seed_for_test` found for struct `UserKeypair` in the current scope
[INFO] [stdout]    --> tests/mlkem.rs:131:26
[INFO] [stdout]     |
[INFO] [stdout] 131 |     let b = UserKeypair::from_ed25519_seed_for_test(other);
[INFO] [stdout]     |                          ^^^^^^^^^^^^^^^^^^^^^^^^^^ associated function or constant not found in `UserKeypair`
[INFO] [stdout] 
[INFO] [stdout] 
[INFO] [stdout] error[E0599]: no associated function or constant named `from_ed25519_seed_for_test` found for struct `UserKeypair` in the current scope
[INFO] [stdout]    --> tests/mlkem.rs:168:27
[INFO] [stdout]     |
[INFO] [stdout] 168 |     let kp = UserKeypair::from_ed25519_seed_for_test(KAT_SEED);
[INFO] [stdout]     |                           ^^^^^^^^^^^^^^^^^^^^^^^^^^ associated function or constant not found in `UserKeypair`
[INFO] [stdout] 
[INFO] [stdout] 
[INFO] [stdout] error[E0599]: no associated function or constant named `from_ed25519_seed_for_test` found for struct `UserKeypair` in the current scope
[INFO] [stdout]    --> tests/mlkem.rs:306:27
[INFO] [stdout]     |
[INFO] [stdout] 306 |     let kp = UserKeypair::from_ed25519_seed_for_test(KAT_SEED);
[INFO] [stdout]     |                           ^^^^^^^^^^^^^^^^^^^^^^^^^^ associated function or constant not found in `UserKeypair`
[INFO] [stdout] 
[INFO] [stdout] 
[INFO] [stdout] error[E0599]: no method named `x25519_private_for_test` found for struct `UserKeypair` in the current scope
[INFO] [stdout]    --> tests/mlkem.rs:478:49
[INFO] [stdout]     |
[INFO] [stdout] 478 |         let mine = StaticSecret::from(recipient.x25519_private_for_test());
[INFO] [stdout]     |                                                 ^^^^^^^^^^^^^^^^^^^^^^^ method not found in `UserKeypair`
[INFO] [stdout] 
[INFO] [stdout] 
[INFO] [stdout] error[E0599]: no associated function or constant named `from_bytes_for_test` found for struct `MasterKey` in the current scope
[INFO] [stdout]   --> tests/vault.rs:23:16
[INFO] [stdout]    |
[INFO] [stdout] 23 |     MasterKey::from_bytes_for_test(key)
[INFO] [stdout]    |                ^^^^^^^^^^^^^^^^^^^ associated function or constant not found in `MasterKey`
[INFO] [stdout] 
[INFO] [stdout] 
[INFO] [stdout] For more information about this error, try `rustc --explain E0599`.
[INFO] [stdout] 
[INFO] [stdout] error[E0599]: no associated function or constant named `from_bytes_for_test` found for struct `VaultKey` in the current scope
[INFO] [stdout]    --> tests/keypair.rs:301:35
[INFO] [stdout]     |
[INFO] [stdout] 301 |         let vault_key = VaultKey::from_bytes_for_test(key_bytes);
[INFO] [stdout]     |                                   ^^^^^^^^^^^^^^^^^^^ associated function or constant not found in `VaultKey`
[INFO] [stdout]     |
[INFO] [stdout] note: if you're trying to build a new `VaultKey`, consider using `VaultKey::generate` which returns `VaultKey`
[INFO] [stdout]    --> src/vault.rs:46:5
[INFO] [stdout]     |
[INFO] [stdout]  46 |     pub fn generate() -> Self {
[INFO] [stdout]     |     ^^^^^^^^^^^^^^^^^^^^^^^^^
[INFO] [stdout] 
[INFO] [stdout] 
[INFO] [stderr] error: could not compile `evnx-crypto` (test "mlkem") due to 9 previous errors
[INFO] [stderr] warning: build failed, waiting for other jobs to finish...
[INFO] [stdout] error[E0599]: no associated function or constant named `from_bytes_for_test` found for struct `VaultKey` in the current scope
[INFO] [stdout]    --> tests/vault.rs:169:35
[INFO] [stdout]     |
[INFO] [stdout] 169 |     let corrupted_key = VaultKey::from_bytes_for_test(corrupted_bytes);
[INFO] [stdout]     |                                   ^^^^^^^^^^^^^^^^^^^ associated function or constant not found in `VaultKey`
[INFO] [stdout]     |
[INFO] [stdout] note: if you're trying to build a new `VaultKey`, consider using `VaultKey::generate` which returns `VaultKey`
[INFO] [stdout]    --> src/vault.rs:46:5
[INFO] [stdout]     |
[INFO] [stdout]  46 |     pub fn generate() -> Self {
[INFO] [stdout]     |     ^^^^^^^^^^^^^^^^^^^^^^^^^
[INFO] [stdout] 
[INFO] [stdout] 
[INFO] [stdout] For more information about this error, try `rustc --explain E0599`.
[INFO] [stdout] 
[INFO] [stderr] error: could not compile `evnx-crypto` (test "keypair") due to 1 previous error
[INFO] [stdout] For more information about this error, try `rustc --explain E0599`.
[INFO] [stdout] 
[INFO] [stderr] error: could not compile `evnx-crypto` (test "vault") due to 2 previous errors
[INFO] running `Command { std: "docker" "inspect" "14a76fdfb0d808ed12871a2b3e8a1dda3e2384a8f401e8c929d8cab1423f0eb1", kill_on_drop: false }`
[INFO] running `Command { std: "docker" "rm" "-f" "14a76fdfb0d808ed12871a2b3e8a1dda3e2384a8f401e8c929d8cab1423f0eb1", kill_on_drop: false }`
[INFO] [stdout] 14a76fdfb0d808ed12871a2b3e8a1dda3e2384a8f401e8c929d8cab1423f0eb1
