[INFO] cloning repository https://github.com/upczww/bolt-sandbox
[INFO] running `Command { std: "git" "-c" "credential.helper=" "-c" "credential.helper=/workspace/cargo-home/bin/git-credential-null" "clone" "--bare" "https://github.com/upczww/bolt-sandbox" "/workspace/cache/git-repos/https%3A%2F%2Fgithub.com%2Fupczww%2Fbolt-sandbox", kill_on_drop: false }`
[INFO] [stderr] Cloning into bare repository '/workspace/cache/git-repos/https%3A%2F%2Fgithub.com%2Fupczww%2Fbolt-sandbox'...
[INFO] running `Command { std: "git" "rev-parse" "HEAD", kill_on_drop: false }`
[INFO] [stdout] 3a51b5524da2a0ddbc383929367b8493b69a7ccf
[INFO] checking upczww/bolt-sandbox against 3154cc1a3e6424e44f438a95007d043ed5ceaaf6 for pr-133502-30
[INFO] running `Command { std: "git" "clone" "/workspace/cache/git-repos/https%3A%2F%2Fgithub.com%2Fupczww%2Fbolt-sandbox" "/workspace/builds/worker-2-tc2/source", kill_on_drop: false }`
[INFO] [stderr] Cloning into '/workspace/builds/worker-2-tc2/source'...
[INFO] [stderr] done.
[INFO] started tweaking git repo https://github.com/upczww/bolt-sandbox
[INFO] finished tweaking git repo https://github.com/upczww/bolt-sandbox
[INFO] tweaked toml for git repo https://github.com/upczww/bolt-sandbox written to /workspace/builds/worker-2-tc2/source/Cargo.toml
[INFO] validating manifest of git repo https://github.com/upczww/bolt-sandbox on toolchain 3154cc1a3e6424e44f438a95007d043ed5ceaaf6
[INFO] running `Command { std: CARGO_HOME="/workspace/cargo-home" RUSTUP_HOME="/workspace/rustup-home" "/workspace/cargo-home/bin/cargo" "+3154cc1a3e6424e44f438a95007d043ed5ceaaf6" "metadata" "--manifest-path" "Cargo.toml" "--no-deps", kill_on_drop: false }`
[INFO] crate git repo https://github.com/upczww/bolt-sandbox already has a lockfile, it will not be regenerated
[INFO] running `Command { std: CARGO_HOME="/workspace/cargo-home" RUSTUP_HOME="/workspace/rustup-home" "/workspace/cargo-home/bin/cargo" "+3154cc1a3e6424e44f438a95007d043ed5ceaaf6" "fetch" "--manifest-path" "Cargo.toml", kill_on_drop: false }`
[INFO] running `Command { std: "docker" "create" "-v" "/var/lib/crater-agent-workspace/builds/worker-2-tc2/source:/opt/rustwide/workdir:ro,Z" "-v" "/var/lib/crater-agent-workspace/builds/worker-2-tc2/target:/opt/rustwide/target:rw,Z" "-v" "/var/lib/crater-agent-workspace/cargo-home:/opt/rustwide/cargo-home:ro,Z" "-v" "/var/lib/crater-agent-workspace/rustup-home:/opt/rustwide/rustup-home:ro,Z" "-m" "1610612736" "--network" "none" "ghcr.io/rust-lang/crates-build-env/linux@sha256:77db811e55d90add9212f6832c23229e3de5f1c1f9905e8cb07319ea15df73ac" "sleep" "infinity", kill_on_drop: false }`
[INFO] [stdout] 6ddd21e95fbb792bc9b7e0cab6e974502d1a553c31dae7ff688183e1d9144f61
[INFO] running `Command { std: "docker" "start" "6ddd21e95fbb792bc9b7e0cab6e974502d1a553c31dae7ff688183e1d9144f61", kill_on_drop: false }`
[INFO] running `Command { std: "docker" "inspect" "6ddd21e95fbb792bc9b7e0cab6e974502d1a553c31dae7ff688183e1d9144f61", kill_on_drop: false }`
[INFO] running `Command { std: "docker" "exec" "-e" "SOURCE_DIR=/opt/rustwide/workdir" "-e" "CARGO_HOME=/opt/rustwide/cargo-home" "-e" "RUSTUP_HOME=/opt/rustwide/rustup-home" "-e" "CARGO_TARGET_DIR=/opt/rustwide/target" "-w" "/opt/rustwide/workdir" "--user" "0:0" "6ddd21e95fbb792bc9b7e0cab6e974502d1a553c31dae7ff688183e1d9144f61" "/opt/rustwide/cargo-home/bin/cargo" "+3154cc1a3e6424e44f438a95007d043ed5ceaaf6" "metadata" "--no-deps" "--format-version=1", kill_on_drop: false }`
[INFO] running `Command { std: "docker" "inspect" "6ddd21e95fbb792bc9b7e0cab6e974502d1a553c31dae7ff688183e1d9144f61", kill_on_drop: false }`
[INFO] running `Command { std: "docker" "exec" "-e" "SOURCE_DIR=/opt/rustwide/workdir" "-e" "CARGO_HOME=/opt/rustwide/cargo-home" "-e" "RUSTUP_HOME=/opt/rustwide/rustup-home" "-e" "CARGO_TARGET_DIR=/opt/rustwide/target" "-e" "CARGO_INCREMENTAL=0" "-e" "RUST_BACKTRACE=full" "-e" "RUSTFLAGS=--cap-lints=forbid" "-e" "RUSTDOCFLAGS=--cap-lints=forbid" "-w" "/opt/rustwide/workdir" "--user" "0:0" "6ddd21e95fbb792bc9b7e0cab6e974502d1a553c31dae7ff688183e1d9144f61" "/opt/rustwide/cargo-home/bin/cargo" "+3154cc1a3e6424e44f438a95007d043ed5ceaaf6" "check" "--frozen" "--all" "--all-targets" "--message-format=json", kill_on_drop: false }`
[INFO] [stderr]     Checking smallvec v1.15.2
[INFO] [stderr]    Compiling syn v2.0.119
[INFO] [stderr]    Compiling syn v3.0.4
[INFO] [stderr]    Compiling libc v0.2.189
[INFO] [stderr]     Checking memchr v2.8.3
[INFO] [stderr]     Checking hmac v0.13.0
[INFO] [stderr]     Checking winapi-util v0.1.11
[INFO] [stderr]     Checking serde_json v1.0.149
[INFO] [stderr]     Checking getrandom v0.4.3
[INFO] [stderr]    Compiling synstructure v0.13.2
[INFO] [stderr]    Compiling zerovec-derive v0.11.6
[INFO] [stderr]    Compiling displaydoc v0.2.7
[INFO] [stderr]    Compiling serde_derive v1.0.228
[INFO] [stderr]    Compiling zerofrom-derive v0.1.7
[INFO] [stderr]    Compiling yoke-derive v0.8.2
[INFO] [stderr]     Checking zerofrom v0.1.8
[INFO] [stderr]     Checking yoke v0.8.3
[INFO] [stderr]     Checking zerovec v0.11.8
[INFO] [stderr]     Checking zerotrie v0.2.5
[INFO] [stderr]     Checking tinystr v0.8.4
[INFO] [stderr]     Checking potential_utf v0.1.6
[INFO] [stderr]     Checking icu_collections v2.1.1
[INFO] [stderr]     Checking icu_locale_core v2.1.1
[INFO] [stderr]     Checking serde v1.0.228
[INFO] [stderr]     Checking icu_provider v2.1.1
[INFO] [stderr]     Checking icu_properties v2.1.2
[INFO] [stderr]     Checking icu_normalizer v2.1.1
[INFO] [stderr]     Checking idna_adapter v1.2.1
[INFO] [stderr]     Checking idna v1.1.0
[INFO] [stderr]     Checking bolt-sandbox v0.1.0 (/opt/rustwide/workdir)
[INFO] [stdout] error[E0433]: cannot find `windows` in `os`
[INFO] [stdout]  --> src/approval_store.rs:4:9
[INFO] [stdout]   |
[INFO] [stdout] 4 |     os::windows::fs::{MetadataExt, OpenOptionsExt},
[INFO] [stdout]   |         ^^^^^^^ could not find `windows` in `os`
[INFO] [stdout]   |
[INFO] [stdout] note: found an item that was configured out
[INFO] [stdout]  --> /rustc/3154cc1a3e6424e44f438a95007d043ed5ceaaf6/library/std/src/os/mod.rs:62:4
[INFO] [stdout]   |
[INFO] [stdout]   = note: the item is gated behind the `windows` feature
[INFO] [stdout] 
[INFO] [stdout] 
[INFO] [stdout] error[E0433]: cannot find `windows` in `os`
[INFO] [stdout]  --> src/ipc/event_codec.rs:4:9
[INFO] [stdout]   |
[INFO] [stdout] 4 |     os::windows::ffi::{OsStrExt, OsStringExt},
[INFO] [stdout]   |         ^^^^^^^ could not find `windows` in `os`
[INFO] [stdout]   |
[INFO] [stdout] note: found an item that was configured out
[INFO] [stdout]  --> /rustc/3154cc1a3e6424e44f438a95007d043ed5ceaaf6/library/std/src/os/mod.rs:62:4
[INFO] [stdout]   |
[INFO] [stdout]   = note: the item is gated behind the `windows` feature
[INFO] [stdout] 
[INFO] [stdout] 
[INFO] [stdout] error[E0433]: cannot find `windows` in `os`
[INFO] [stdout]  --> src/policy/compiler.rs:4:9
[INFO] [stdout]   |
[INFO] [stdout] 4 |     os::windows::ffi::OsStrExt,
[INFO] [stdout]   |         ^^^^^^^ could not find `windows` in `os`
[INFO] [stdout]   |
[INFO] [stdout] note: found an item that was configured out
[INFO] [stdout]  --> /rustc/3154cc1a3e6424e44f438a95007d043ed5ceaaf6/library/std/src/os/mod.rs:62:4
[INFO] [stdout]   |
[INFO] [stdout]   = note: the item is gated behind the `windows` feature
[INFO] [stdout] 
[INFO] [stdout] 
[INFO] [stdout] error[E0433]: cannot find `windows` in `os`
[INFO] [stdout]  --> src/policy/compiler/payload.rs:1:40
[INFO] [stdout]   |
[INFO] [stdout] 1 | use std::{ffi::OsStr, net::IpAddr, os::windows::ffi::OsStrExt};
[INFO] [stdout]   |                                        ^^^^^^^ could not find `windows` in `os`
[INFO] [stdout]   |
[INFO] [stdout] note: found an item that was configured out
[INFO] [stdout]  --> /rustc/3154cc1a3e6424e44f438a95007d043ed5ceaaf6/library/std/src/os/mod.rs:62:4
[INFO] [stdout]   |
[INFO] [stdout]   = note: the item is gated behind the `windows` feature
[INFO] [stdout] 
[INFO] [stdout] 
[INFO] [stdout] error[E0433]: cannot find `windows` in `os`
[INFO] [stdout]  --> src/request.rs:4:9
[INFO] [stdout]   |
[INFO] [stdout] 4 |     os::windows::ffi::OsStrExt,
[INFO] [stdout]   |         ^^^^^^^ could not find `windows` in `os`
[INFO] [stdout]   |
[INFO] [stdout] note: found an item that was configured out
[INFO] [stdout]  --> /rustc/3154cc1a3e6424e44f438a95007d043ed5ceaaf6/library/std/src/os/mod.rs:62:4
[INFO] [stdout]   |
[INFO] [stdout]   = note: the item is gated behind the `windows` feature
[INFO] [stdout] 
[INFO] [stdout] 
[INFO] [stdout] error[E0433]: cannot find `windows` in `os`
[INFO] [stdout]  --> src/runtime/components.rs:4:9
[INFO] [stdout]   |
[INFO] [stdout] 4 |     os::windows::fs::OpenOptionsExt,
[INFO] [stdout]   |         ^^^^^^^ could not find `windows` in `os`
[INFO] [stdout]   |
[INFO] [stdout] note: found an item that was configured out
[INFO] [stdout]  --> /rustc/3154cc1a3e6424e44f438a95007d043ed5ceaaf6/library/std/src/os/mod.rs:62:4
[INFO] [stdout]   |
[INFO] [stdout]   = note: the item is gated behind the `windows` feature
[INFO] [stdout] 
[INFO] [stdout] 
[INFO] [stdout] error[E0433]: cannot find `windows` in `os`
[INFO] [stdout]  --> src/runtime/launcher_adapter.rs:4:9
[INFO] [stdout]   |
[INFO] [stdout] 4 |     os::windows::ffi::OsStrExt,
[INFO] [stdout]   |         ^^^^^^^ could not find `windows` in `os`
[INFO] [stdout]   |
[INFO] [stdout] note: found an item that was configured out
[INFO] [stdout]  --> /rustc/3154cc1a3e6424e44f438a95007d043ed5ceaaf6/library/std/src/os/mod.rs:62:4
[INFO] [stdout]   |
[INFO] [stdout]   = note: the item is gated behind the `windows` feature
[INFO] [stdout] 
[INFO] [stdout] 
[INFO] [stdout] error[E0433]: cannot find `windows` in `os`
[INFO] [stdout]  --> src/approval_store.rs:4:9
[INFO] [stdout]   |
[INFO] [stdout] 4 |     os::windows::fs::{MetadataExt, OpenOptionsExt},
[INFO] [stdout]   |         ^^^^^^^ could not find `windows` in `os`
[INFO] [stdout]   |
[INFO] [stdout] note: found an item that was configured out
[INFO] [stdout]  --> /rustc/3154cc1a3e6424e44f438a95007d043ed5ceaaf6/library/std/src/os/mod.rs:62:4
[INFO] [stdout]   |
[INFO] [stdout]   = note: the item is gated behind the `windows` feature
[INFO] [stdout] 
[INFO] [stdout] 
[INFO] [stdout] error[E0433]: cannot find `windows` in `os`
[INFO] [stdout]  --> src/ipc/event_codec.rs:4:9
[INFO] [stdout]   |
[INFO] [stdout] 4 |     os::windows::ffi::{OsStrExt, OsStringExt},
[INFO] [stdout]   |         ^^^^^^^ could not find `windows` in `os`
[INFO] [stdout]   |
[INFO] [stdout] note: found an item that was configured out
[INFO] [stdout]  --> /rustc/3154cc1a3e6424e44f438a95007d043ed5ceaaf6/library/std/src/os/mod.rs:62:4
[INFO] [stdout]   |
[INFO] [stdout]   = note: the item is gated behind the `windows` feature
[INFO] [stdout] 
[INFO] [stdout] 
[INFO] [stdout] error[E0433]: cannot find `windows` in `os`
[INFO] [stdout]  --> src/policy/compiler.rs:4:9
[INFO] [stdout]   |
[INFO] [stdout] 4 |     os::windows::ffi::OsStrExt,
[INFO] [stdout]   |         ^^^^^^^ could not find `windows` in `os`
[INFO] [stdout]   |
[INFO] [stdout] note: found an item that was configured out
[INFO] [stdout]  --> /rustc/3154cc1a3e6424e44f438a95007d043ed5ceaaf6/library/std/src/os/mod.rs:62:4
[INFO] [stdout]   |
[INFO] [stdout]   = note: the item is gated behind the `windows` feature
[INFO] [stdout] 
[INFO] [stdout] 
[INFO] [stdout] error[E0433]: cannot find `windows` in `os`
[INFO] [stdout]  --> src/policy/compiler/payload.rs:1:40
[INFO] [stdout]   |
[INFO] [stdout] 1 | use std::{ffi::OsStr, net::IpAddr, os::windows::ffi::OsStrExt};
[INFO] [stdout]   |                                        ^^^^^^^ could not find `windows` in `os`
[INFO] [stdout]   |
[INFO] [stdout] note: found an item that was configured out
[INFO] [stdout]  --> /rustc/3154cc1a3e6424e44f438a95007d043ed5ceaaf6/library/std/src/os/mod.rs:62:4
[INFO] [stdout]   |
[INFO] [stdout]   = note: the item is gated behind the `windows` feature
[INFO] [stdout] 
[INFO] [stdout] 
[INFO] [stdout] error[E0433]: cannot find `windows` in `os`
[INFO] [stdout]     --> src/policy/compiler.rs:1122:13
[INFO] [stdout]      |
[INFO] [stdout] 1122 |         os::windows::ffi::OsStringExt,
[INFO] [stdout]      |             ^^^^^^^ could not find `windows` in `os`
[INFO] [stdout]      |
[INFO] [stdout] note: found an item that was configured out
[INFO] [stdout]     --> /rustc/3154cc1a3e6424e44f438a95007d043ed5ceaaf6/library/std/src/os/mod.rs:62:4
[INFO] [stdout]      |
[INFO] [stdout]      = note: the item is gated behind the `windows` feature
[INFO] [stdout] 
[INFO] [stdout] 
[INFO] [stdout] error[E0433]: cannot find `windows` in `os`
[INFO] [stdout]  --> src/request.rs:4:9
[INFO] [stdout]   |
[INFO] [stdout] 4 |     os::windows::ffi::OsStrExt,
[INFO] [stdout]   |         ^^^^^^^ could not find `windows` in `os`
[INFO] [stdout]   |
[INFO] [stdout] note: found an item that was configured out
[INFO] [stdout]  --> /rustc/3154cc1a3e6424e44f438a95007d043ed5ceaaf6/library/std/src/os/mod.rs:62:4
[INFO] [stdout]   |
[INFO] [stdout]   = note: the item is gated behind the `windows` feature
[INFO] [stdout] 
[INFO] [stdout] 
[INFO] [stdout] error[E0433]: cannot find `windows` in `os`
[INFO] [stdout]    --> src/request.rs:362:18
[INFO] [stdout]     |
[INFO] [stdout] 362 |     use std::os::windows::ffi::OsStringExt;
[INFO] [stdout]     |                  ^^^^^^^ could not find `windows` in `os`
[INFO] [stdout]     |
[INFO] [stdout] note: found an item that was configured out
[INFO] [stdout]    --> /rustc/3154cc1a3e6424e44f438a95007d043ed5ceaaf6/library/std/src/os/mod.rs:62:4
[INFO] [stdout]     |
[INFO] [stdout]     = note: the item is gated behind the `windows` feature
[INFO] [stdout] 
[INFO] [stdout] 
[INFO] [stdout] error[E0433]: cannot find `windows` in `os`
[INFO] [stdout]  --> src/runtime/components.rs:4:9
[INFO] [stdout]   |
[INFO] [stdout] 4 |     os::windows::fs::OpenOptionsExt,
[INFO] [stdout]   |         ^^^^^^^ could not find `windows` in `os`
[INFO] [stdout]   |
[INFO] [stdout] note: found an item that was configured out
[INFO] [stdout]  --> /rustc/3154cc1a3e6424e44f438a95007d043ed5ceaaf6/library/std/src/os/mod.rs:62:4
[INFO] [stdout]   |
[INFO] [stdout]   = note: the item is gated behind the `windows` feature
[INFO] [stdout] 
[INFO] [stdout] 
[INFO] [stdout] error[E0433]: cannot find `windows` in `os`
[INFO] [stdout]  --> src/runtime/launcher_adapter.rs:4:9
[INFO] [stdout]   |
[INFO] [stdout] 4 |     os::windows::ffi::OsStrExt,
[INFO] [stdout]   |         ^^^^^^^ could not find `windows` in `os`
[INFO] [stdout]   |
[INFO] [stdout] note: found an item that was configured out
[INFO] [stdout]  --> /rustc/3154cc1a3e6424e44f438a95007d043ed5ceaaf6/library/std/src/os/mod.rs:62:4
[INFO] [stdout]   |
[INFO] [stdout]   = note: the item is gated behind the `windows` feature
[INFO] [stdout] 
[INFO] [stdout] 
[INFO] [stdout] error[E0433]: cannot find `windows` in `os`
[INFO] [stdout]    --> src/runtime/preparation.rs:270:13
[INFO] [stdout]     |
[INFO] [stdout] 270 |         os::windows::ffi::OsStrExt,
[INFO] [stdout]     |             ^^^^^^^ could not find `windows` in `os`
[INFO] [stdout]     |
[INFO] [stdout] note: found an item that was configured out
[INFO] [stdout]    --> /rustc/3154cc1a3e6424e44f438a95007d043ed5ceaaf6/library/std/src/os/mod.rs:62:4
[INFO] [stdout]     |
[INFO] [stdout]     = note: the item is gated behind the `windows` feature
[INFO] [stdout] 
[INFO] [stdout] 
[INFO] [stdout] error[E0599]: no method named `file_attributes` found for struct `Metadata` in the current scope
[INFO] [stdout]    --> src/approval_store.rs:133:25
[INFO] [stdout]     |
[INFO] [stdout] 133 |             || metadata.file_attributes() & FILE_ATTRIBUTE_REPARSE_POINT != 0
[INFO] [stdout]     |                         ^^^^^^^^^^^^^^^
[INFO] [stdout]     |
[INFO] [stdout] help: there is a method `file_type` with a similar name
[INFO] [stdout]     |
[INFO] [stdout] 133 -             || metadata.file_attributes() & FILE_ATTRIBUTE_REPARSE_POINT != 0
[INFO] [stdout] 133 +             || metadata.file_type() & FILE_ATTRIBUTE_REPARSE_POINT != 0
[INFO] [stdout]     |
[INFO] [stdout] 
[INFO] [stdout] 
[INFO] [stdout] error[E0599]: no method named `share_mode` found for mutable reference `&mut OpenOptions` in the current scope
[INFO] [stdout]    --> src/approval_store.rs:336:14
[INFO] [stdout]     |
[INFO] [stdout] 334 |         let input = OpenOptions::new()
[INFO] [stdout] 335 |             .read(true)
[INFO] [stdout] 336 |             .share_mode(FILE_SHARE_READ)
[INFO] [stdout]     |              ^^^^^^^^^^ method not found in `&mut OpenOptions`
[INFO] [stdout] 
[INFO] [stdout] 
[INFO] [stdout] warning: use of deprecated method `std::sync::atomic::Atomic::<u64>::fetch_update`: renamed to `try_update` for consistency
[INFO] [stdout]    --> src/execution.rs:187:14
[INFO] [stdout]     |
[INFO] [stdout] 187 |             .fetch_update(Ordering::AcqRel, Ordering::Acquire, |value| {
[INFO] [stdout]     |              ^^^^^^^^^^^^
[INFO] [stdout]     |
[INFO] [stdout]     = note: `#[warn(deprecated)]` on by default
[INFO] [stdout] help: replace the use of the deprecated method
[INFO] [stdout]     |
[INFO] [stdout] 187 -             .fetch_update(Ordering::AcqRel, Ordering::Acquire, |value| {
[INFO] [stdout] 187 +             .try_update(Ordering::AcqRel, Ordering::Acquire, |value| {
[INFO] [stdout]     |
[INFO] [stdout] 
[INFO] [stdout] 
[INFO] [stdout] error[E0599]: no method named `encode_wide` found for reference `&OsStr` in the current scope
[INFO] [stdout]    --> src/ipc/event_codec.rs:430:35
[INFO] [stdout]     |
[INFO] [stdout] 430 |     let length = path.as_os_str().encode_wide().count();
[INFO] [stdout]     |                                   ^^^^^^^^^^^ method not found in `&OsStr`
[INFO] [stdout] 
[INFO] [stdout] 
[INFO] [stdout] error[E0599]: no method named `file_attributes` found for struct `Metadata` in the current scope
[INFO] [stdout]    --> src/approval_store.rs:133:25
[INFO] [stdout]     |
[INFO] [stdout] 133 |             || metadata.file_attributes() & FILE_ATTRIBUTE_REPARSE_POINT != 0
[INFO] [stdout]     |                         ^^^^^^^^^^^^^^^
[INFO] [stdout]     |
[INFO] [stdout] help: there is a method `file_type` with a similar name
[INFO] [stdout]     |
[INFO] [stdout] 133 -             || metadata.file_attributes() & FILE_ATTRIBUTE_REPARSE_POINT != 0
[INFO] [stdout] 133 +             || metadata.file_type() & FILE_ATTRIBUTE_REPARSE_POINT != 0
[INFO] [stdout]     |
[INFO] [stdout] 
[INFO] [stdout] 
[INFO] [stdout] error[E0599]: no method named `encode_wide` found for reference `&OsStr` in the current scope
[INFO] [stdout]    --> src/ipc/event_codec.rs:438:39
[INFO] [stdout]     |
[INFO] [stdout] 438 |     for code_unit in path.as_os_str().encode_wide() {
[INFO] [stdout]     |                                       ^^^^^^^^^^^ method not found in `&OsStr`
[INFO] [stdout] 
[INFO] [stdout] 
[INFO] [stdout] error[E0599]: no method named `share_mode` found for mutable reference `&mut OpenOptions` in the current scope
[INFO] [stdout]    --> src/approval_store.rs:336:14
[INFO] [stdout]     |
[INFO] [stdout] 334 |         let input = OpenOptions::new()
[INFO] [stdout] 335 |             .read(true)
[INFO] [stdout] 336 |             .share_mode(FILE_SHARE_READ)
[INFO] [stdout]     |              ^^^^^^^^^^ method not found in `&mut OpenOptions`
[INFO] [stdout] 
[INFO] [stdout] 
[INFO] [stdout] error[E0599]: no associated function or constant named `from_wide` found for struct `OsString` in the current scope
[INFO] [stdout]    --> src/ipc/event_codec.rs:509:36
[INFO] [stdout]     |
[INFO] [stdout] 509 |         Ok(PathBuf::from(OsString::from_wide(&wide)))
[INFO] [stdout]     |                                    ^^^^^^^^^ associated function or constant not found in `OsString`
[INFO] [stdout]     |
[INFO] [stdout] note: if you're trying to build a new `OsString` consider using one of the following associated functions:
[INFO] [stdout]       OsString::new
[INFO] [stdout]       OsString::from_encoded_bytes_unchecked
[INFO] [stdout]       OsString::with_capacity
[INFO] [stdout]    --> /rustc/3154cc1a3e6424e44f438a95007d043ed5ceaaf6/library/std/src/ffi/os_str.rs:134:4
[INFO] [stdout] help: there is an associated function `from_iter` with a similar name
[INFO] [stdout]     |
[INFO] [stdout] 509 -         Ok(PathBuf::from(OsString::from_wide(&wide)))
[INFO] [stdout] 509 +         Ok(PathBuf::from(OsString::from_iter(&wide)))
[INFO] [stdout]     |
[INFO] [stdout] 
[INFO] [stdout] 
[INFO] [stdout] warning: use of deprecated method `std::sync::atomic::Atomic::<u64>::fetch_update`: renamed to `try_update` for consistency
[INFO] [stdout]    --> src/execution.rs:187:14
[INFO] [stdout]     |
[INFO] [stdout] 187 |             .fetch_update(Ordering::AcqRel, Ordering::Acquire, |value| {
[INFO] [stdout]     |              ^^^^^^^^^^^^
[INFO] [stdout]     |
[INFO] [stdout]     = note: `#[warn(deprecated)]` on by default
[INFO] [stdout] help: replace the use of the deprecated method
[INFO] [stdout]     |
[INFO] [stdout] 187 -             .fetch_update(Ordering::AcqRel, Ordering::Acquire, |value| {
[INFO] [stdout] 187 +             .try_update(Ordering::AcqRel, Ordering::Acquire, |value| {
[INFO] [stdout]     |
[INFO] [stdout] 
[INFO] [stdout] 
[INFO] [stdout] error[E0599]: no method named `encode_wide` found for reference `&OsStr` in the current scope
[INFO] [stdout]    --> src/policy/compiler/payload.rs:520:37
[INFO] [stdout]     |
[INFO] [stdout] 520 |         let code_unit_count = value.encode_wide().count();
[INFO] [stdout]     |                                     ^^^^^^^^^^^ method not found in `&OsStr`
[INFO] [stdout] 
[INFO] [stdout] 
[INFO] [stdout] error[E0599]: no method named `encode_wide` found for reference `&OsStr` in the current scope
[INFO] [stdout]    --> src/policy/compiler/payload.rs:530:36
[INFO] [stdout]     |
[INFO] [stdout] 530 |         for mut code_unit in value.encode_wide() {
[INFO] [stdout]     |                                    ^^^^^^^^^^^ method not found in `&OsStr`
[INFO] [stdout] 
[INFO] [stdout] 
[INFO] [stdout] error[E0599]: no method named `encode_wide` found for reference `&OsStr` in the current scope
[INFO] [stdout]    --> src/ipc/event_codec.rs:430:35
[INFO] [stdout]     |
[INFO] [stdout] 430 |     let length = path.as_os_str().encode_wide().count();
[INFO] [stdout]     |                                   ^^^^^^^^^^^ method not found in `&OsStr`
[INFO] [stdout] 
[INFO] [stdout] 
[INFO] [stdout] error[E0599]: no method named `encode_wide` found for reference `&OsStr` in the current scope
[INFO] [stdout]    --> src/policy/compiler.rs:978:14
[INFO] [stdout]     |
[INFO] [stdout] 976 |         if path
[INFO] [stdout] 977 |             .as_os_str()
[INFO] [stdout] 978 |             .encode_wide()
[INFO] [stdout]     |              ^^^^^^^^^^^ method not found in `&OsStr`
[INFO] [stdout] 
[INFO] [stdout] 
[INFO] [stdout] error[E0599]: no method named `encode_wide` found for reference `&OsStr` in the current scope
[INFO] [stdout]    --> src/ipc/event_codec.rs:438:39
[INFO] [stdout]     |
[INFO] [stdout] 438 |     for code_unit in path.as_os_str().encode_wide() {
[INFO] [stdout]     |                                       ^^^^^^^^^^^ method not found in `&OsStr`
[INFO] [stdout] 
[INFO] [stdout] 
[INFO] [stdout] error[E0599]: no method named `encode_wide` found for reference `&OsString` in the current scope
[INFO] [stdout]     --> src/policy/compiler.rs:1035:55
[INFO] [stdout]      |
[INFO] [stdout] 1035 |                     length = length.checked_add(value.encode_wide().count())?;
[INFO] [stdout]      |                                                       ^^^^^^^^^^^ method not found in `&OsString`
[INFO] [stdout] 
[INFO] [stdout] 
[INFO] [stdout] error[E0599]: no associated function or constant named `from_wide` found for struct `std::ffi::OsString` in the current scope
[INFO] [stdout]    --> src/ipc/event_codec.rs:509:36
[INFO] [stdout]     |
[INFO] [stdout] 509 |         Ok(PathBuf::from(OsString::from_wide(&wide)))
[INFO] [stdout]     |                                    ^^^^^^^^^ associated function or constant not found in `std::ffi::OsString`
[INFO] [stdout]     |
[INFO] [stdout] note: if you're trying to build a new `std::ffi::OsString` consider using one of the following associated functions:
[INFO] [stdout]       std::ffi::OsString::new
[INFO] [stdout]       std::ffi::OsString::from_encoded_bytes_unchecked
[INFO] [stdout]       std::ffi::OsString::with_capacity
[INFO] [stdout]    --> /rustc/3154cc1a3e6424e44f438a95007d043ed5ceaaf6/library/std/src/ffi/os_str.rs:134:4
[INFO] [stdout] help: there is an associated function `from_iter` with a similar name
[INFO] [stdout]     |
[INFO] [stdout] 509 -         Ok(PathBuf::from(OsString::from_wide(&wide)))
[INFO] [stdout] 509 +         Ok(PathBuf::from(OsString::from_iter(&wide)))
[INFO] [stdout]     |
[INFO] [stdout] 
[INFO] [stdout] 
[INFO] [stdout] error[E0599]: no method named `encode_wide` found for reference `&OsString` in the current scope
[INFO] [stdout]     --> src/policy/compiler.rs:1046:55
[INFO] [stdout]      |
[INFO] [stdout] 1046 |                     length = length.checked_add(value.encode_wide().count())?;
[INFO] [stdout]      |                                                       ^^^^^^^^^^^ method not found in `&OsString`
[INFO] [stdout] 
[INFO] [stdout] 
[INFO] [stdout] error[E0599]: no method named `encode_wide` found for reference `&OsString` in the current scope
[INFO] [stdout]    --> src/request.rs:113:17
[INFO] [stdout]     |
[INFO] [stdout] 113 |         if name.encode_wide().count() > MAX_ENVIRONMENT_ITEM_CODE_UNITS
[INFO] [stdout]     |                 ^^^^^^^^^^^ method not found in `&OsString`
[INFO] [stdout] 
[INFO] [stdout] 
[INFO] [stdout] error[E0599]: no method named `encode_wide` found for reference `&OsString` in the current scope
[INFO] [stdout]    --> src/request.rs:114:22
[INFO] [stdout]     |
[INFO] [stdout] 114 |             || value.encode_wide().count() > MAX_ENVIRONMENT_ITEM_CODE_UNITS
[INFO] [stdout]     |                      ^^^^^^^^^^^ method not found in `&OsString`
[INFO] [stdout] 
[INFO] [stdout] 
[INFO] [stdout] error[E0599]: no associated function or constant named `from_wide` found for struct `std::ffi::OsString` in the current scope
[INFO] [stdout]    --> src/ipc/event_codec.rs:904:35
[INFO] [stdout]     |
[INFO] [stdout] 904 |         let oversized = OsString::from_wide(&vec![u16::from(b'x'); MAX_EVENT_PATH_CODE_UNITS + 1]);
[INFO] [stdout]     |                                   ^^^^^^^^^ associated function or constant not found in `std::ffi::OsString`
[INFO] [stdout]     |
[INFO] [stdout] note: if you're trying to build a new `std::ffi::OsString` consider using one of the following associated functions:
[INFO] [stdout]       std::ffi::OsString::new
[INFO] [stdout]       std::ffi::OsString::from_encoded_bytes_unchecked
[INFO] [stdout]       std::ffi::OsString::with_capacity
[INFO] [stdout]    --> /rustc/3154cc1a3e6424e44f438a95007d043ed5ceaaf6/library/std/src/ffi/os_str.rs:134:4
[INFO] [stdout] help: there is an associated function `from_iter` with a similar name
[INFO] [stdout]     |
[INFO] [stdout] 904 -         let oversized = OsString::from_wide(&vec![u16::from(b'x'); MAX_EVENT_PATH_CODE_UNITS + 1]);
[INFO] [stdout] 904 +         let oversized = OsString::from_iter(&vec![u16::from(b'x'); MAX_EVENT_PATH_CODE_UNITS + 1]);
[INFO] [stdout]     |
[INFO] [stdout] 
[INFO] [stdout] 
[INFO] [stdout] error[E0599]: no method named `encode_wide` found for reference `&OsStr` in the current scope
[INFO] [stdout]    --> src/request.rs:167:30
[INFO] [stdout]     |
[INFO] [stdout] 167 |         return Some(argument.encode_wide().count());
[INFO] [stdout]     |                              ^^^^^^^^^^^ method not found in `&OsStr`
[INFO] [stdout] 
[INFO] [stdout] 
[INFO] [stdout] error[E0599]: no method named `encode_wide` found for reference `&OsStr` in the current scope
[INFO] [stdout]    --> src/request.rs:172:31
[INFO] [stdout]     |
[INFO] [stdout] 172 |     for code_unit in argument.encode_wide() {
[INFO] [stdout]     |                               ^^^^^^^^^^^ method not found in `&OsStr`
[INFO] [stdout] 
[INFO] [stdout] 
[INFO] [stdout] error[E0599]: no method named `encode_wide` found for reference `&OsStr` in the current scope
[INFO] [stdout]    --> src/request.rs:191:14
[INFO] [stdout]     |
[INFO] [stdout] 190 |         || argument
[INFO] [stdout] 191 |             .encode_wide()
[INFO] [stdout]     |              ^^^^^^^^^^^ method not found in `&OsStr`
[INFO] [stdout] 
[INFO] [stdout] 
[INFO] [stdout] error[E0599]: no method named `encode_wide` found for reference `&OsStr` in the current scope
[INFO] [stdout]    --> src/request.rs:197:33
[INFO] [stdout]     |
[INFO] [stdout] 197 |         encoded.extend(argument.encode_wide());
[INFO] [stdout]     |                                 ^^^^^^^^^^^ method not found in `&OsStr`
[INFO] [stdout] 
[INFO] [stdout] 
[INFO] [stdout] error[E0599]: no method named `encode_wide` found for reference `&OsStr` in the current scope
[INFO] [stdout]    --> src/request.rs:203:31
[INFO] [stdout]     |
[INFO] [stdout] 203 |     for code_unit in argument.encode_wide() {
[INFO] [stdout]     |                               ^^^^^^^^^^^ method not found in `&OsStr`
[INFO] [stdout] 
[INFO] [stdout] 
[INFO] [stdout] error[E0599]: no method named `encode_wide` found for reference `&OsString` in the current scope
[INFO] [stdout]    --> src/request.rs:277:29
[INFO] [stdout]     |
[INFO] [stdout] 277 |         encoded.extend(name.encode_wide());
[INFO] [stdout]     |                             ^^^^^^^^^^^ method not found in `&OsString`
[INFO] [stdout] 
[INFO] [stdout] 
[INFO] [stdout] error[E0599]: no method named `encode_wide` found for reference `&OsString` in the current scope
[INFO] [stdout]    --> src/request.rs:279:30
[INFO] [stdout]     |
[INFO] [stdout] 279 |         encoded.extend(value.encode_wide());
[INFO] [stdout]     |                              ^^^^^^^^^^^ method not found in `&OsString`
[INFO] [stdout] 
[INFO] [stdout] 
[INFO] [stdout] error[E0599]: no method named `encode_wide` found for reference `&OsString` in the current scope
[INFO] [stdout]    --> src/request.rs:300:31
[INFO] [stdout]     |
[INFO] [stdout] 300 |             .checked_add(name.encode_wide().count())
[INFO] [stdout]     |                               ^^^^^^^^^^^ method not found in `&OsString`
[INFO] [stdout] 
[INFO] [stdout] 
[INFO] [stdout] error[E0599]: no method named `encode_wide` found for reference `&OsString` in the current scope
[INFO] [stdout]    --> src/request.rs:302:57
[INFO] [stdout]     |
[INFO] [stdout] 302 |             .and_then(|length| length.checked_add(value.encode_wide().count()))
[INFO] [stdout]     |                                                         ^^^^^^^^^^^ method not found in `&OsString`
[INFO] [stdout] 
[INFO] [stdout] 
[INFO] [stdout] error[E0599]: no method named `encode_wide` found for reference `&OsStr` in the current scope
[INFO] [stdout]    --> src/request.rs:319:13
[INFO] [stdout]     |
[INFO] [stdout] 319 |     if name.encode_wide().next() == Some(u16::from(b'=')) {
[INFO] [stdout]     |             ^^^^^^^^^^^ method not found in `&OsStr`
[INFO] [stdout] 
[INFO] [stdout] 
[INFO] [stdout] error[E0599]: no method named `encode_wide` found for reference `&OsStr` in the current scope
[INFO] [stdout]    --> src/request.rs:323:10
[INFO] [stdout]     |
[INFO] [stdout] 322 |     if name
[INFO] [stdout] 323 |         .encode_wide()
[INFO] [stdout]     |          ^^^^^^^^^^^ method not found in `&OsStr`
[INFO] [stdout] 
[INFO] [stdout] 
[INFO] [stdout] error[E0599]: no method named `encode_wide` found for reference `&OsStr` in the current scope
[INFO] [stdout]    --> src/request.rs:333:44
[INFO] [stdout]     |
[INFO] [stdout] 333 |     for decoded in char::decode_utf16(name.encode_wide()) {
[INFO] [stdout]     |                                            ^^^^^^^^^^^ method not found in `&OsStr`
[INFO] [stdout] 
[INFO] [stdout] 
[INFO] [stdout] error[E0599]: no method named `encode_wide` found for reference `&OsStr` in the current scope
[INFO] [stdout]    --> src/request.rs:342:11
[INFO] [stdout]     |
[INFO] [stdout] 342 |     value.encode_wide().any(|code_unit| code_unit == 0)
[INFO] [stdout]     |           ^^^^^^^^^^^ method not found in `&OsStr`
[INFO] [stdout] 
[INFO] [stdout] 
[INFO] [stdout] error[E0599]: no method named `share_mode` found for mutable reference `&mut OpenOptions` in the current scope
[INFO] [stdout]   --> src/runtime/components.rs:22:10
[INFO] [stdout]    |
[INFO] [stdout] 20 |     OpenOptions::new()
[INFO] [stdout] 21 |         .read(true)
[INFO] [stdout] 22 |         .share_mode(FILE_SHARE_READ)
[INFO] [stdout]    |          ^^^^^^^^^^ method not found in `&mut OpenOptions`
[INFO] [stdout] 
[INFO] [stdout] 
[INFO] [stdout] error[E0599]: no method named `encode_wide` found for reference `&OsStr` in the current scope
[INFO] [stdout]    --> src/runtime/launcher_adapter.rs:696:22
[INFO] [stdout]     |
[INFO] [stdout] 696 |     path.as_os_str().encode_wide().collect()
[INFO] [stdout]     |                      ^^^^^^^^^^^ method not found in `&OsStr`
[INFO] [stdout] 
[INFO] [stdout] 
[INFO] [stdout] error[E0599]: no method named `encode_wide` found for reference `&OsStr` in the current scope
[INFO] [stdout]    --> src/policy/compiler/payload.rs:520:37
[INFO] [stdout]     |
[INFO] [stdout] 520 |         let code_unit_count = value.encode_wide().count();
[INFO] [stdout]     |                                     ^^^^^^^^^^^ method not found in `&OsStr`
[INFO] [stdout] 
[INFO] [stdout] 
[INFO] [stdout] error[E0599]: no method named `encode_wide` found for reference `&OsStr` in the current scope
[INFO] [stdout]    --> src/policy/compiler/payload.rs:530:36
[INFO] [stdout]     |
[INFO] [stdout] 530 |         for mut code_unit in value.encode_wide() {
[INFO] [stdout]     |                                    ^^^^^^^^^^^ method not found in `&OsStr`
[INFO] [stdout] 
[INFO] [stdout] 
[INFO] [stdout] error[E0599]: no method named `encode_wide` found for reference `&OsStr` in the current scope
[INFO] [stdout]    --> src/policy/compiler.rs:978:14
[INFO] [stdout]     |
[INFO] [stdout] 976 |         if path
[INFO] [stdout] 977 |             .as_os_str()
[INFO] [stdout] 978 |             .encode_wide()
[INFO] [stdout]     |              ^^^^^^^^^^^ method not found in `&OsStr`
[INFO] [stdout] 
[INFO] [stdout] 
[INFO] [stdout] error[E0599]: no method named `encode_wide` found for reference `&std::ffi::OsString` in the current scope
[INFO] [stdout]     --> src/policy/compiler.rs:1035:55
[INFO] [stdout]      |
[INFO] [stdout] 1035 |                     length = length.checked_add(value.encode_wide().count())?;
[INFO] [stdout]      |                                                       ^^^^^^^^^^^ method not found in `&std::ffi::OsString`
[INFO] [stdout] 
[INFO] [stdout] 
[INFO] [stdout] error[E0599]: no method named `encode_wide` found for reference `&std::ffi::OsString` in the current scope
[INFO] [stdout]     --> src/policy/compiler.rs:1046:55
[INFO] [stdout]      |
[INFO] [stdout] 1046 |                     length = length.checked_add(value.encode_wide().count())?;
[INFO] [stdout]      |                                                       ^^^^^^^^^^^ method not found in `&std::ffi::OsString`
[INFO] [stdout] 
[INFO] [stdout] 
[INFO] [stdout] error[E0599]: no associated function or constant named `from_wide` found for struct `std::ffi::OsString` in the current scope
[INFO] [stdout]     --> src/policy/compiler.rs:1373:44
[INFO] [stdout]      |
[INFO] [stdout] 1373 |         let path = PathBuf::from(OsString::from_wide(&[
[INFO] [stdout]      |                                            ^^^^^^^^^ associated function or constant not found in `std::ffi::OsString`
[INFO] [stdout]      |
[INFO] [stdout] note: if you're trying to build a new `std::ffi::OsString` consider using one of the following associated functions:
[INFO] [stdout]       std::ffi::OsString::new
[INFO] [stdout]       std::ffi::OsString::from_encoded_bytes_unchecked
[INFO] [stdout]       std::ffi::OsString::with_capacity
[INFO] [stdout]     --> /rustc/3154cc1a3e6424e44f438a95007d043ed5ceaaf6/library/std/src/ffi/os_str.rs:134:4
[INFO] [stdout] help: there is an associated function `from_iter` with a similar name
[INFO] [stdout]      |
[INFO] [stdout] 1373 -         let path = PathBuf::from(OsString::from_wide(&[
[INFO] [stdout] 1373 +         let path = PathBuf::from(OsString::from_iter(&[
[INFO] [stdout]      |
[INFO] [stdout] 
[INFO] [stdout] 
[INFO] [stdout] error[E0599]: no method named `encode_wide` found for reference `&std::ffi::OsString` in the current scope
[INFO] [stdout]    --> src/request.rs:113:17
[INFO] [stdout]     |
[INFO] [stdout] 113 |         if name.encode_wide().count() > MAX_ENVIRONMENT_ITEM_CODE_UNITS
[INFO] [stdout]     |                 ^^^^^^^^^^^ method not found in `&std::ffi::OsString`
[INFO] [stdout] 
[INFO] [stdout] 
[INFO] [stdout] error[E0599]: no method named `encode_wide` found for reference `&std::ffi::OsString` in the current scope
[INFO] [stdout]    --> src/request.rs:114:22
[INFO] [stdout]     |
[INFO] [stdout] 114 |             || value.encode_wide().count() > MAX_ENVIRONMENT_ITEM_CODE_UNITS
[INFO] [stdout]     |                      ^^^^^^^^^^^ method not found in `&std::ffi::OsString`
[INFO] [stdout] 
[INFO] [stdout] 
[INFO] [stdout] error[E0599]: no method named `encode_wide` found for reference `&OsStr` in the current scope
[INFO] [stdout]    --> src/request.rs:167:30
[INFO] [stdout]     |
[INFO] [stdout] 167 |         return Some(argument.encode_wide().count());
[INFO] [stdout]     |                              ^^^^^^^^^^^ method not found in `&OsStr`
[INFO] [stdout] 
[INFO] [stdout] 
[INFO] [stdout] error[E0599]: no method named `encode_wide` found for reference `&OsStr` in the current scope
[INFO] [stdout]    --> src/request.rs:172:31
[INFO] [stdout]     |
[INFO] [stdout] 172 |     for code_unit in argument.encode_wide() {
[INFO] [stdout]     |                               ^^^^^^^^^^^ method not found in `&OsStr`
[INFO] [stdout] 
[INFO] [stdout] 
[INFO] [stdout] error[E0599]: no method named `encode_wide` found for reference `&OsStr` in the current scope
[INFO] [stdout]    --> src/request.rs:191:14
[INFO] [stdout]     |
[INFO] [stdout] 190 |         || argument
[INFO] [stdout] 191 |             .encode_wide()
[INFO] [stdout]     |              ^^^^^^^^^^^ method not found in `&OsStr`
[INFO] [stdout] 
[INFO] [stdout] 
[INFO] [stdout] error[E0599]: no method named `encode_wide` found for reference `&OsStr` in the current scope
[INFO] [stdout]    --> src/request.rs:197:33
[INFO] [stdout]     |
[INFO] [stdout] 197 |         encoded.extend(argument.encode_wide());
[INFO] [stdout]     |                                 ^^^^^^^^^^^ method not found in `&OsStr`
[INFO] [stdout] 
[INFO] [stdout] 
[INFO] [stdout] error[E0599]: no method named `encode_wide` found for reference `&OsStr` in the current scope
[INFO] [stdout]    --> src/request.rs:203:31
[INFO] [stdout]     |
[INFO] [stdout] 203 |     for code_unit in argument.encode_wide() {
[INFO] [stdout]     |                               ^^^^^^^^^^^ method not found in `&OsStr`
[INFO] [stdout] 
[INFO] [stdout] 
[INFO] [stdout] error[E0599]: no method named `encode_wide` found for reference `&std::ffi::OsString` in the current scope
[INFO] [stdout]    --> src/request.rs:277:29
[INFO] [stdout]     |
[INFO] [stdout] 277 |         encoded.extend(name.encode_wide());
[INFO] [stdout]     |                             ^^^^^^^^^^^ method not found in `&std::ffi::OsString`
[INFO] [stdout] 
[INFO] [stdout] 
[INFO] [stdout] error[E0599]: no method named `encode_wide` found for reference `&std::ffi::OsString` in the current scope
[INFO] [stdout]    --> src/request.rs:279:30
[INFO] [stdout]     |
[INFO] [stdout] 279 |         encoded.extend(value.encode_wide());
[INFO] [stdout]     |                              ^^^^^^^^^^^ method not found in `&std::ffi::OsString`
[INFO] [stdout] 
[INFO] [stdout] 
[INFO] [stdout] error[E0599]: no method named `encode_wide` found for reference `&std::ffi::OsString` in the current scope
[INFO] [stdout]    --> src/request.rs:300:31
[INFO] [stdout]     |
[INFO] [stdout] 300 |             .checked_add(name.encode_wide().count())
[INFO] [stdout]     |                               ^^^^^^^^^^^ method not found in `&std::ffi::OsString`
[INFO] [stdout] 
[INFO] [stdout] 
[INFO] [stdout] error[E0599]: no method named `encode_wide` found for reference `&std::ffi::OsString` in the current scope
[INFO] [stdout]    --> src/request.rs:302:57
[INFO] [stdout]     |
[INFO] [stdout] 302 |             .and_then(|length| length.checked_add(value.encode_wide().count()))
[INFO] [stdout]     |                                                         ^^^^^^^^^^^ method not found in `&std::ffi::OsString`
[INFO] [stdout] 
[INFO] [stdout] 
[INFO] [stdout] error[E0599]: no method named `encode_wide` found for reference `&OsStr` in the current scope
[INFO] [stdout]    --> src/request.rs:319:13
[INFO] [stdout]     |
[INFO] [stdout] 319 |     if name.encode_wide().next() == Some(u16::from(b'=')) {
[INFO] [stdout]     |             ^^^^^^^^^^^ method not found in `&OsStr`
[INFO] [stdout] 
[INFO] [stdout] 
[INFO] [stdout] error[E0599]: no method named `encode_wide` found for reference `&OsStr` in the current scope
[INFO] [stdout]    --> src/request.rs:323:10
[INFO] [stdout]     |
[INFO] [stdout] 322 |     if name
[INFO] [stdout] 323 |         .encode_wide()
[INFO] [stdout]     |          ^^^^^^^^^^^ method not found in `&OsStr`
[INFO] [stdout] 
[INFO] [stdout] 
[INFO] [stdout] error[E0599]: no method named `encode_wide` found for reference `&OsStr` in the current scope
[INFO] [stdout]    --> src/request.rs:333:44
[INFO] [stdout]     |
[INFO] [stdout] 333 |     for decoded in char::decode_utf16(name.encode_wide()) {
[INFO] [stdout]     |                                            ^^^^^^^^^^^ method not found in `&OsStr`
[INFO] [stdout] 
[INFO] [stdout] 
[INFO] [stdout] error[E0599]: no method named `encode_wide` found for reference `&OsStr` in the current scope
[INFO] [stdout]    --> src/request.rs:342:11
[INFO] [stdout]     |
[INFO] [stdout] 342 |     value.encode_wide().any(|code_unit| code_unit == 0)
[INFO] [stdout]     |           ^^^^^^^^^^^ method not found in `&OsStr`
[INFO] [stdout] 
[INFO] [stdout] 
[INFO] [stdout] error[E0599]: no associated function or constant named `from_wide` found for struct `std::ffi::OsString` in the current scope
[INFO] [stdout]    --> src/request.rs:469:23
[INFO] [stdout]     |
[INFO] [stdout] 469 |             OsString::from_wide(&[0xD800]),
[INFO] [stdout]     |                       ^^^^^^^^^ associated function or constant not found in `std::ffi::OsString`
[INFO] [stdout]     |
[INFO] [stdout] note: if you're trying to build a new `std::ffi::OsString` consider using one of the following associated functions:
[INFO] [stdout]       std::ffi::OsString::new
[INFO] [stdout]       std::ffi::OsString::from_encoded_bytes_unchecked
[INFO] [stdout]       std::ffi::OsString::with_capacity
[INFO] [stdout]    --> /rustc/3154cc1a3e6424e44f438a95007d043ed5ceaaf6/library/std/src/ffi/os_str.rs:134:4
[INFO] [stdout] help: there is an associated function `from_iter` with a similar name
[INFO] [stdout]     |
[INFO] [stdout] 469 -             OsString::from_wide(&[0xD800]),
[INFO] [stdout] 469 +             OsString::from_iter(&[0xD800]),
[INFO] [stdout]     |
[INFO] [stdout] 
[INFO] [stdout] 
[INFO] [stdout] error[E0599]: no method named `encode_wide` found for reference `&OsStr` in the current scope
[INFO] [stdout]    --> src/request.rs:666:52
[INFO] [stdout]     |
[INFO] [stdout] 666 |         let fixed_code_units = program.as_os_str().encode_wide().count() + 2;
[INFO] [stdout]     |                                                    ^^^^^^^^^^^ method not found in `&OsStr`
[INFO] [stdout] 
[INFO] [stdout] 
[INFO] [stdout] error[E0599]: no method named `share_mode` found for mutable reference `&mut OpenOptions` in the current scope
[INFO] [stdout]   --> src/runtime/components.rs:22:10
[INFO] [stdout]    |
[INFO] [stdout] 20 |     OpenOptions::new()
[INFO] [stdout] 21 |         .read(true)
[INFO] [stdout] 22 |         .share_mode(FILE_SHARE_READ)
[INFO] [stdout]    |          ^^^^^^^^^^ method not found in `&mut OpenOptions`
[INFO] [stdout] 
[INFO] [stdout] 
[INFO] [stdout] error[E0599]: no method named `encode_wide` found for reference `&OsStr` in the current scope
[INFO] [stdout]    --> src/runtime/launcher_adapter.rs:696:22
[INFO] [stdout]     |
[INFO] [stdout] 696 |     path.as_os_str().encode_wide().collect()
[INFO] [stdout]     |                      ^^^^^^^^^^^ method not found in `&OsStr`
[INFO] [stdout] 
[INFO] [stdout] 
[INFO] [stdout] error[E0599]: no method named `encode_wide` found for reference `&OsStr` in the current scope
[INFO] [stdout]    --> src/runtime/preparation.rs:398:39
[INFO] [stdout]     |
[INFO] [stdout] 398 |         let needle = OsStr::new(text).encode_wide().collect::<Vec<_>>();
[INFO] [stdout]     |                                       ^^^^^^^^^^^ method not found in `&OsStr`
[INFO] [stdout] 
[INFO] [stdout] 
[INFO] [stdout] Some errors have detailed explanations: E0433, E0599.
[INFO] [stdout] 
[INFO] [stdout] For more information about an error, try `rustc --explain E0433`.
[INFO] [stdout] 
[INFO] [stderr] error: could not compile `bolt-sandbox` (lib) due to 34 previous errors; 1 warning emitted
[INFO] [stderr] warning: build failed, waiting for other jobs to finish...
[INFO] [stdout] Some errors have detailed explanations: E0433, E0599.
[INFO] [stdout] 
[INFO] [stdout] For more information about an error, try `rustc --explain E0433`.
[INFO] [stdout] 
[INFO] [stderr] error: could not compile `bolt-sandbox` (lib test) due to 42 previous errors; 1 warning emitted
[INFO] running `Command { std: "docker" "inspect" "6ddd21e95fbb792bc9b7e0cab6e974502d1a553c31dae7ff688183e1d9144f61", kill_on_drop: false }`
[INFO] running `Command { std: "docker" "rm" "-f" "6ddd21e95fbb792bc9b7e0cab6e974502d1a553c31dae7ff688183e1d9144f61", kill_on_drop: false }`
[INFO] [stdout] 6ddd21e95fbb792bc9b7e0cab6e974502d1a553c31dae7ff688183e1d9144f61
