[INFO] cloning repository https://github.com/uniba-commons/serai
[INFO] running `Command { std: "git" "-c" "credential.helper=" "-c" "credential.helper=/workspace/cargo-home/bin/git-credential-null" "clone" "--bare" "https://github.com/uniba-commons/serai" "/workspace/cache/git-repos/https%3A%2F%2Fgithub.com%2Funiba-commons%2Fserai", kill_on_drop: false }`
[INFO] [stderr] Cloning into bare repository '/workspace/cache/git-repos/https%3A%2F%2Fgithub.com%2Funiba-commons%2Fserai'...
[INFO] running `Command { std: "git" "rev-parse" "HEAD", kill_on_drop: false }`
[INFO] [stdout] 9919e7983925f44d3eda7f296e949af4d3a74b37
[INFO] checking uniba-commons/serai against 3154cc1a3e6424e44f438a95007d043ed5ceaaf6 for pr-133502-30
[INFO] running `Command { std: "git" "clone" "/workspace/cache/git-repos/https%3A%2F%2Fgithub.com%2Funiba-commons%2Fserai" "/workspace/builds/worker-7-tc2/source", kill_on_drop: false }`
[INFO] [stderr] Cloning into '/workspace/builds/worker-7-tc2/source'...
[INFO] [stderr] done.
[INFO] started tweaking git repo https://github.com/uniba-commons/serai
[INFO] finished tweaking git repo https://github.com/uniba-commons/serai
[INFO] tweaked toml for git repo https://github.com/uniba-commons/serai written to /workspace/builds/worker-7-tc2/source/Cargo.toml
[INFO] validating manifest of git repo https://github.com/uniba-commons/serai on toolchain 3154cc1a3e6424e44f438a95007d043ed5ceaaf6
[INFO] running `Command { std: CARGO_HOME="/workspace/cargo-home" RUSTUP_HOME="/workspace/rustup-home" "/workspace/cargo-home/bin/cargo" "+3154cc1a3e6424e44f438a95007d043ed5ceaaf6" "metadata" "--manifest-path" "Cargo.toml" "--no-deps", kill_on_drop: false }`
[INFO] crate git repo https://github.com/uniba-commons/serai already has a lockfile, it will not be regenerated
[INFO] running `Command { std: CARGO_HOME="/workspace/cargo-home" RUSTUP_HOME="/workspace/rustup-home" "/workspace/cargo-home/bin/cargo" "+3154cc1a3e6424e44f438a95007d043ed5ceaaf6" "fetch" "--manifest-path" "Cargo.toml", kill_on_drop: false }`
[INFO] [stderr]     Blocking waiting for file lock on package cache
[INFO] [stderr]     Blocking waiting for file lock on package cache
[INFO] running `Command { std: "docker" "create" "-v" "/var/lib/crater-agent-workspace/builds/worker-7-tc2/source:/opt/rustwide/workdir:ro,Z" "-v" "/var/lib/crater-agent-workspace/builds/worker-7-tc2/target:/opt/rustwide/target:rw,Z" "-v" "/var/lib/crater-agent-workspace/cargo-home:/opt/rustwide/cargo-home:ro,Z" "-v" "/var/lib/crater-agent-workspace/rustup-home:/opt/rustwide/rustup-home:ro,Z" "-m" "1610612736" "--network" "none" "ghcr.io/rust-lang/crates-build-env/linux@sha256:77db811e55d90add9212f6832c23229e3de5f1c1f9905e8cb07319ea15df73ac" "sleep" "infinity", kill_on_drop: false }`
[INFO] [stdout] 51168d91589223e0714e12ef4909602d6ead12c5eb8305340c7190a5b914f46b
[INFO] running `Command { std: "docker" "start" "51168d91589223e0714e12ef4909602d6ead12c5eb8305340c7190a5b914f46b", kill_on_drop: false }`
[INFO] running `Command { std: "docker" "inspect" "51168d91589223e0714e12ef4909602d6ead12c5eb8305340c7190a5b914f46b", kill_on_drop: false }`
[INFO] running `Command { std: "docker" "exec" "-e" "SOURCE_DIR=/opt/rustwide/workdir" "-e" "CARGO_HOME=/opt/rustwide/cargo-home" "-e" "RUSTUP_HOME=/opt/rustwide/rustup-home" "-e" "CARGO_TARGET_DIR=/opt/rustwide/target" "-w" "/opt/rustwide/workdir" "--user" "0:0" "51168d91589223e0714e12ef4909602d6ead12c5eb8305340c7190a5b914f46b" "/opt/rustwide/cargo-home/bin/cargo" "+3154cc1a3e6424e44f438a95007d043ed5ceaaf6" "metadata" "--no-deps" "--format-version=1", kill_on_drop: false }`
[INFO] running `Command { std: "docker" "inspect" "51168d91589223e0714e12ef4909602d6ead12c5eb8305340c7190a5b914f46b", kill_on_drop: false }`
[INFO] running `Command { std: "docker" "exec" "-e" "SOURCE_DIR=/opt/rustwide/workdir" "-e" "CARGO_HOME=/opt/rustwide/cargo-home" "-e" "RUSTUP_HOME=/opt/rustwide/rustup-home" "-e" "CARGO_TARGET_DIR=/opt/rustwide/target" "-e" "CARGO_INCREMENTAL=0" "-e" "RUST_BACKTRACE=full" "-e" "RUSTFLAGS=--cap-lints=forbid" "-e" "RUSTDOCFLAGS=--cap-lints=forbid" "-w" "/opt/rustwide/workdir" "--user" "0:0" "51168d91589223e0714e12ef4909602d6ead12c5eb8305340c7190a5b914f46b" "/opt/rustwide/cargo-home/bin/cargo" "+3154cc1a3e6424e44f438a95007d043ed5ceaaf6" "check" "--frozen" "--all" "--all-targets" "--message-format=json", kill_on_drop: false }`
[INFO] [stderr]    Compiling portable-atomic v1.15.0
[INFO] [stderr]     Checking log v0.4.33
[INFO] [stderr]    Compiling find-msvc-tools v0.1.10
[INFO] [stderr]     Checking critical-section v1.2.0
[INFO] [stderr]     Checking rand_core v0.10.1
[INFO] [stderr]     Checking cpufeatures v0.3.0
[INFO] [stderr]     Checking subtle v2.6.1
[INFO] [stderr]    Compiling syn v3.0.3
[INFO] [stderr]    Compiling syn v2.0.119
[INFO] [stderr]    Compiling fs_extra v1.3.0
[INFO] [stderr]     Checking foldhash v0.2.0
[INFO] [stderr]    Compiling getrandom v0.4.3
[INFO] [stderr]    Compiling aws-lc-rs v1.18.0
[INFO] [stderr]     Checking getrandom v0.2.17
[INFO] [stderr]     Checking form_urlencoded v1.2.2
[INFO] [stderr]     Checking generic-array v0.14.7
[INFO] [stderr]    Compiling cc v1.4.2
[INFO] [stderr]    Compiling rustls v0.23.43
[INFO] [stderr]     Checking const-oid v0.10.2
[INFO] [stderr]    Compiling convert_case v0.10.0
[INFO] [stderr]    Compiling httparse v1.10.1
[INFO] [stderr]     Checking chacha20 v0.10.1
[INFO] [stderr]     Checking hashbrown v0.17.1
[INFO] [stderr]     Checking crypto-common v0.2.2
[INFO] [stderr]    Compiling crossbeam-utils v0.8.22
[INFO] [stderr]     Checking base64ct v1.8.3
[INFO] [stderr]     Checking tower-service v0.3.3
[INFO] [stderr]    Compiling num-traits v0.2.19
[INFO] [stderr]     Checking tinyvec_macros v0.1.1
[INFO] [stderr]     Checking try-lock v0.2.5
[INFO] [stderr]    Compiling n0-future v0.3.2
[INFO] [stderr]     Checking want v0.3.1
[INFO] [stderr]     Checking diatomic-waker v0.2.3
[INFO] [stderr]     Checking rand v0.10.2
[INFO] [stderr]     Checking pem-rfc7468 v1.0.0
[INFO] [stderr]     Checking tinyvec v1.12.0
[INFO] [stderr]     Checking data-encoding v2.11.1
[INFO] [stderr]     Checking httpdate v1.0.3
[INFO] [stderr]     Checking cordyceps v0.3.5
[INFO] [stderr]     Checking spin v0.10.1
[INFO] [stderr]    Compiling curve25519-dalek v5.0.0
[INFO] [stderr]    Compiling noq-udp v1.1.1
[INFO] [stderr]     Checking base16ct v1.0.0
[INFO] [stderr]     Checking openssl-probe v0.2.1
[INFO] [stderr]     Checking tower-layer v0.3.3
[INFO] [stderr]     Checking signature v3.0.0
[INFO] [stderr]    Compiling heapless v0.7.17
[INFO] [stderr]     Checking sync_wrapper v1.0.2
[INFO] [stderr]     Checking either v1.17.0
[INFO] [stderr]    Compiling crossbeam-epoch v0.9.20
[INFO] [stderr]     Checking time-core v0.1.9
[INFO] [stderr]     Checking futures-buffered v0.2.13
[INFO] [stderr]     Checking deranged v0.5.8
[INFO] [stderr]     Checking hash32 v0.2.1
[INFO] [stderr]     Checking digest v0.11.3
[INFO] [stderr]     Checking indexmap v2.14.0
[INFO] [stderr]     Checking netlink-packet-core v0.8.2
[INFO] [stderr]     Checking spin v0.9.9
[INFO] [stderr]     Checking crypto-common v0.1.7
[INFO] [stderr]     Checking inout v0.1.4
[INFO] [stderr]    Compiling serde_json v1.0.151
[INFO] [stderr]    Compiling syn v1.0.109
[INFO] [stderr]     Checking siphasher v1.0.3
[INFO] [stderr]     Checking universal-hash v0.5.1
[INFO] [stderr]     Checking cipher v0.4.4
[INFO] [stderr]     Checking sha2 v0.11.0
[INFO] [stderr]     Checking polyval v0.6.2
[INFO] [stderr]     Checking aead v0.5.2
[INFO] [stderr]     Checking crossbeam-channel v0.5.16
[INFO] [stderr]     Checking uuid v1.24.0
[INFO] [stderr]     Checking rand_pcg v0.10.2
[INFO] [stderr]     Checking ghash v0.5.1
[INFO] [stderr]    Compiling noq v1.1.1
[INFO] [stderr]     Checking sorted-index-buffer v0.2.1
[INFO] [stderr]     Checking aes v0.8.4
[INFO] [stderr]     Checking ctr v0.9.2
[INFO] [stderr]     Checking tagptr v0.2.0
[INFO] [stderr]    Compiling netdev v0.45.0
[INFO] [stderr]     Checking identity-hash v0.1.0
[INFO] [stderr]     Checking lru-slab v0.1.2
[INFO] [stderr]     Checking netlink-packet-route v0.31.0
[INFO] [stderr]    Compiling iroh-dns v1.0.3
[INFO] [stderr]    Compiling proc-macro-error-attr v0.4.12
[INFO] [stderr]    Compiling netwatch v0.19.1
[INFO] [stderr]    Compiling typenum v1.20.1
[INFO] [stderr]     Checking constant_time_eq v0.4.2
[INFO] [stderr]     Checking mac-addr v0.3.0
[INFO] [stderr]     Checking resolv-conf v0.7.6
[INFO] [stderr]     Checking xml-rs v0.8.29
[INFO] [stderr]     Checking arc-swap v1.9.2
[INFO] [stderr]     Checking simple-dns v0.11.3
[INFO] [stderr]    Compiling iroh-relay v1.0.3
[INFO] [stderr]    Compiling proc-macro-error v0.4.12
[INFO] [stderr]     Checking encoding_rs v0.8.35
[INFO] [stderr]     Checking aes-gcm v0.10.3
[INFO] [stderr]     Checking simdutf8 v0.1.5
[INFO] [stderr]    Compiling cmake v0.1.58
[INFO] [stderr]     Checking lru v0.18.2
[INFO] [stderr]     Checking seize v0.5.1
[INFO] [stderr]    Compiling iroh v1.0.3
[INFO] [stderr]     Checking cmov v0.5.4
[INFO] [stderr]    Compiling ref-cast v1.0.26
[INFO] [stderr]     Checking xmltree v0.10.3
[INFO] [stderr]    Compiling unicase v2.9.0
[INFO] [stderr]     Checking ctutils v0.4.2
[INFO] [stderr]     Checking papaya v0.2.4
[INFO] [stderr]     Checking pem v3.0.6
[INFO] [stderr]     Checking genawaiter-macro v0.99.1
[INFO] [stderr]     Checking binary-merge v0.1.2
[INFO] [stderr]    Compiling mime_guess v2.0.5
[INFO] [stderr]    Compiling redb v4.1.0
[INFO] [stderr]    Compiling iroh-blobs v0.103.0
[INFO] [stderr]     Checking positioned-io v0.3.5
[INFO] [stderr]     Checking iana-time-zone v0.1.65
[INFO] [stderr]    Compiling mime v0.3.17
[INFO] [stderr]     Checking self_cell v1.3.0
[INFO] [stderr]     Checking fixedbitset v0.5.7
[INFO] [stderr]    Compiling redb v3.1.3
[INFO] [stderr]     Checking chrono v0.4.45
[INFO] [stderr]     Checking reflink-copy v0.1.30
[INFO] [stderr]     Checking concurrent-queue v2.5.0
[INFO] [stderr]    Compiling iroh-docs v0.101.0
[INFO] [stderr]     Checking clap_builder v4.6.6
[INFO] [stderr]     Checking dirs-sys v0.5.0
[INFO] [stderr]    Compiling aws-lc-sys v0.44.0
[INFO] [stderr]    Compiling ring v0.17.14
[INFO] [stderr]    Compiling blake3 v1.8.6
[INFO] [stderr]     Checking rust-embed-utils v8.12.0
[INFO] [stderr]     Checking serde_path_to_error v0.1.20
[INFO] [stderr]     Checking async-channel v2.5.0
[INFO] [stderr]     Checking time v0.3.55
[INFO] [stderr]     Checking matchit v0.8.4
[INFO] [stderr]     Checking dirs v6.0.0
[INFO] [stderr]    Compiling hybrid-array v0.4.14
[INFO] [stderr]     Checking yasna v0.6.0
[INFO] [stderr]    Compiling serde_derive v1.0.229
[INFO] [stderr]    Compiling tokio-macros v2.7.2
[INFO] [stderr]    Compiling futures-macro v0.3.34
[INFO] [stderr]    Compiling displaydoc v0.2.7
[INFO] [stderr]    Compiling thiserror-impl v2.0.20
[INFO] [stderr]    Compiling data-encoding-macro-internal v0.1.19
[INFO] [stderr]    Compiling async-trait v0.1.92
[INFO] [stderr]    Compiling enum-assoc v1.4.0
[INFO] [stderr]     Checking futures-util v0.3.34
[INFO] [stderr]     Checking data-encoding-macro v0.1.21
[INFO] [stderr]    Compiling block-buffer v0.12.1
[INFO] [stderr]    Compiling ref-cast-impl v1.0.26
[INFO] [stderr]    Compiling clap_derive v4.6.4
[INFO] [stderr]    Compiling syn-mid v0.5.4
[INFO] [stderr]     Checking thiserror v2.0.20
[INFO] [stderr]     Checking cobs v0.3.0
[INFO] [stderr]    Compiling synstructure v0.13.2
[INFO] [stderr]    Compiling genawaiter-proc-macro v0.99.1
[INFO] [stderr]    Compiling zeroize_derive v1.5.0
[INFO] [stderr]    Compiling zerofrom-derive v0.1.7
[INFO] [stderr]    Compiling yoke-derive v0.8.2
[INFO] [stderr]    Compiling tracing-attributes v0.1.31
[INFO] [stderr]    Compiling zerovec-derive v0.11.3
[INFO] [stderr]    Compiling derive_more-impl v2.1.1
[INFO] [stderr]    Compiling pin-project-internal v1.1.13
[INFO] [stderr]     Checking serde v1.0.229
[INFO] [stderr]    Compiling spez v0.1.2
[INFO] [stderr]    Compiling n0-error-macros v1.0.0
[INFO] [stderr]    Compiling curve25519-dalek-derive v0.1.1
[INFO] [stderr]    Compiling postcard-derive v0.2.2
[INFO] [stderr]     Checking zeroize v1.9.0
[INFO] [stderr]     Checking bytes v1.12.1
[INFO] [stderr]     Checking smallvec v1.15.2
[INFO] [stderr]     Checking rustls-pki-types v1.15.1
[INFO] [stderr]     Checking ipnet v2.12.1
[INFO] [stderr]     Checking once_cell v1.21.4
[INFO] [stderr]     Checking der v0.8.1
[INFO] [stderr]     Checking serdect v0.4.3
[INFO] [stderr]     Checking tracing-core v0.1.36
[INFO] [stderr]     Checking parking_lot_core v0.9.12
[INFO] [stderr]     Checking rustls-native-certs v0.8.4
[INFO] [stderr]     Checking prefix-trie v0.8.4
[INFO] [stderr]     Checking tokio v1.53.1
[INFO] [stderr]     Checking http v1.5.0
[INFO] [stderr]     Checking zerofrom v0.1.8
[INFO] [stderr]     Checking pin-project v1.1.13
[INFO] [stderr]     Checking fastbloom v0.17.0
[INFO] [stderr]     Checking parking_lot v0.12.5
[INFO] [stderr]     Checking yoke v0.8.3
[INFO] [stderr]     Checking n0-error v1.0.0
[INFO] [stderr]    Compiling strum_macros v0.28.0
[INFO] [stderr]    Compiling iroh-metrics-derive v1.0.1
[INFO] [stderr]     Checking moka v0.12.16
[INFO] [stderr]    Compiling num_enum_derive v0.7.6
[INFO] [stderr]     Checking zerovec v0.11.6
[INFO] [stderr]     Checking tracing v0.1.44
[INFO] [stderr]     Checking zerotrie v0.2.4
[INFO] [stderr]     Checking webpki-roots v1.0.9
[INFO] [stderr]     Checking rcgen v0.14.9
[INFO] [stderr]     Checking iroh-metrics v1.0.1
[INFO] [stderr]     Checking inplace-vec-builder v0.1.1
[INFO] [stderr]     Checking http-body v1.1.0
[INFO] [stderr]    Compiling irpc-derive v0.17.0
[INFO] [stderr]     Checking postcard v1.1.3
[INFO] [stderr]     Checking range-collections v0.4.6
[INFO] [stderr]     Checking http-body-util v0.1.5
[INFO] [stderr]     Checking spki v0.8.0
[INFO] [stderr]     Checking tinystr v0.8.3
[INFO] [stderr]     Checking potential_utf v0.1.5
[INFO] [stderr]     Checking pkcs8 v0.11.0
[INFO] [stderr]     Checking genawaiter v0.99.1
[INFO] [stderr]     Checking icu_collections v2.2.0
[INFO] [stderr]     Checking futures-concurrency v7.7.1
[INFO] [stderr]     Checking icu_locale_core v2.2.0
[INFO] [stderr]     Checking futures-executor v0.3.34
[INFO] [stderr]    Compiling nested_enum_utils v0.2.3
[INFO] [stderr]     Checking ed25519 v3.0.0
[INFO] [stderr]     Checking axum-core v0.5.6
[INFO] [stderr]     Checking tempfile v3.27.0
[INFO] [stderr]    Compiling rust-embed-impl v8.12.0
[INFO] [stderr]     Checking futures v0.3.34
[INFO] [stderr]     Checking ed25519-dalek v3.0.0
[INFO] [stderr]     Checking serde_urlencoded v0.7.1
[INFO] [stderr]     Checking serde-error v0.1.3
[INFO] [stderr]     Checking num_enum v0.7.6
[INFO] [stderr]     Checking clap v4.6.6
[INFO] [stderr]     Checking strum v0.28.0
[INFO] [stderr]     Checking rust-embed v8.12.0
[INFO] [stderr]     Checking icu_provider v2.2.0
[INFO] [stderr]     Checking icu_properties v2.2.0
[INFO] [stderr]     Checking icu_normalizer v2.2.0
[INFO] [stderr]     Checking derive_more v2.1.1
[INFO] [stderr]     Checking idna_adapter v1.2.2
[INFO] [stderr]     Checking idna v1.1.0
[INFO] [stderr]     Checking url v2.5.8
[INFO] [stderr]     Checking hickory-proto v0.26.1
[INFO] [stderr]     Checking iroh-base v1.0.3
[INFO] [stderr]     Checking attohttpc v0.30.1
[INFO] [stderr]     Checking iroh-tickets v1.0.0
[INFO] [stderr]     Checking tokio-util v0.7.19
[INFO] [stderr]     Checking netlink-sys v0.8.8
[INFO] [stderr]     Checking tower v0.5.3
[INFO] [stderr]     Checking backon v1.6.0
[INFO] [stderr]     Checking iroh-io v0.6.2
[INFO] [stderr]     Checking netlink-proto v0.12.2
[INFO] [stderr]     Checking bao-tree v0.16.0
[INFO] [stderr]     Checking tower-http v0.6.11
[INFO] [stderr]     Checking h2 v0.4.15
[INFO] [stderr]     Checking tokio-stream v0.1.19
[INFO] [stderr]     Checking n0-watcher v1.0.0
[INFO] [stderr]     Checking hyper v1.11.0
[INFO] [stderr]     Checking hyper-util v0.1.20
[INFO] [stderr]     Checking rustls-webpki v0.103.14
[INFO] [stderr]     Checking igd-next v0.17.1
[INFO] [stderr]     Checking axum v0.8.9
[INFO] [stderr]     Checking portmapper v0.19.1
[INFO] [stderr]     Checking tokio-rustls v0.26.4
[INFO] [stderr]     Checking rustls-platform-verifier v0.7.0
[INFO] [stderr]     Checking noq-proto v1.1.1
[INFO] [stderr]     Checking hickory-net v0.26.1
[INFO] [stderr]     Checking hyper-rustls v0.27.9
[INFO] [stderr]     Checking tokio-websockets v0.13.3
[INFO] [stderr]     Checking reqwest v0.13.4
[INFO] [stderr]     Checking hickory-resolver v0.26.1
[INFO] [stderr]     Checking irpc v0.17.0
[INFO] [stderr]     Checking iroh-util v0.6.0
[INFO] [stderr]     Checking iroh-gossip v0.101.0
[INFO] [stderr]     Checking serai v0.3.0 (/opt/rustwide/workdir/crates/serai)
[INFO] [stdout] error: #[derive(RustEmbed)] folder '/opt/rustwide/workdir/crates/serai/../../courtyard/dist' does not exist. cwd: '/opt/rustwide/workdir'
[INFO] [stdout]    --> crates/serai/src/agent.rs:731:1
[INFO] [stdout]     |
[INFO] [stdout] 731 | / /// The courtyard SPA, built from courtyard/ and embedded into the binary.
[INFO] [stdout] 732 | | #[derive(rust_embed::Embed)]
[INFO] [stdout] 733 | | #[folder = "../../courtyard/dist"]
[INFO] [stdout] 734 | | struct CourtyardAssets;
[INFO] [stdout]     | |_______________________^
[INFO] [stdout] 
[INFO] [stdout] 
[INFO] [stdout] error: #[derive(RustEmbed)] folder '/opt/rustwide/workdir/crates/serai/../../courtyard/dist' does not exist. cwd: '/opt/rustwide/workdir'
[INFO] [stdout]    --> crates/serai/src/agent.rs:731:1
[INFO] [stdout]     |
[INFO] [stdout] 731 | / /// The courtyard SPA, built from courtyard/ and embedded into the binary.
[INFO] [stdout] 732 | | #[derive(rust_embed::Embed)]
[INFO] [stdout] 733 | | #[folder = "../../courtyard/dist"]
[INFO] [stdout] 734 | | struct CourtyardAssets;
[INFO] [stdout]     | |_______________________^
[INFO] [stdout] 
[INFO] [stdout] 
[INFO] [stdout] error[E0599]: no associated function or constant named `get` found for struct `CourtyardAssets` in the current scope
[INFO] [stdout]    --> crates/serai/src/agent.rs:739:42
[INFO] [stdout]     |
[INFO] [stdout] 734 | struct CourtyardAssets;
[INFO] [stdout]     | ---------------------- associated function or constant `get` not found for this struct
[INFO] [stdout] ...
[INFO] [stdout] 739 |     if let Some(file) = CourtyardAssets::get(path) {
[INFO] [stdout]     |                                          ^^^ associated function or constant not found in `CourtyardAssets`
[INFO] [stdout]     |
[INFO] [stdout]     = help: items from traits can only be used if the trait is implemented and in scope
[INFO] [stdout]     = note: the following traits define an item `get`, perhaps you need to implement one of them:
[INFO] [stdout]             candidate #1: `Embed`
[INFO] [stdout]             candidate #2: `SliceIndex`
[INFO] [stdout]             candidate #3: `Watcher`
[INFO] [stdout]             candidate #4: `icu_collections::codepointtrie::cptrie::TypedCodePointTrie`
[INFO] [stdout]             candidate #5: `icu_properties::names::PropertyEnumToValueNameLookup`
[INFO] [stdout]             candidate #6: `icu_provider::baked::DataStore`
[INFO] [stdout]             candidate #7: `redb::multimap_table::ReadableMultimapTable`
[INFO] [stdout]             candidate #8: `redb::multimap_table::ReadableMultimapTable`
[INFO] [stdout]             candidate #9: `redb::table::ReadableTable`
[INFO] [stdout]             candidate #10: `redb::table::ReadableTable`
[INFO] [stdout]             candidate #11: `rustls::server::server_conn::StoresServerSessions`
[INFO] [stdout] 
[INFO] [stdout] 
[INFO] [stdout] error[E0599]: no associated function or constant named `get` found for struct `CourtyardAssets` in the current scope
[INFO] [stdout]    --> crates/serai/src/agent.rs:739:42
[INFO] [stdout]     |
[INFO] [stdout] 734 | struct CourtyardAssets;
[INFO] [stdout]     | ---------------------- associated function or constant `get` not found for this struct
[INFO] [stdout] ...
[INFO] [stdout] 739 |     if let Some(file) = CourtyardAssets::get(path) {
[INFO] [stdout]     |                                          ^^^ associated function or constant not found in `CourtyardAssets`
[INFO] [stdout]     |
[INFO] [stdout]     = help: items from traits can only be used if the trait is implemented and in scope
[INFO] [stdout]     = note: the following traits define an item `get`, perhaps you need to implement one of them:
[INFO] [stdout]             candidate #1: `Embed`
[INFO] [stdout]             candidate #2: `SliceIndex`
[INFO] [stdout]             candidate #3: `Watcher`
[INFO] [stdout]             candidate #4: `icu_collections::codepointtrie::cptrie::TypedCodePointTrie`
[INFO] [stdout]             candidate #5: `icu_properties::names::PropertyEnumToValueNameLookup`
[INFO] [stdout]             candidate #6: `icu_provider::baked::DataStore`
[INFO] [stdout]             candidate #7: `redb::multimap_table::ReadableMultimapTable`
[INFO] [stdout]             candidate #8: `redb::multimap_table::ReadableMultimapTable`
[INFO] [stdout]             candidate #9: `redb::table::ReadableTable`
[INFO] [stdout]             candidate #10: `redb::table::ReadableTable`
[INFO] [stdout]             candidate #11: `rustls::server::server_conn::StoresServerSessions`
[INFO] [stdout] 
[INFO] [stdout] 
[INFO] [stdout] error[E0599]: no associated function or constant named `get` found for struct `CourtyardAssets` in the current scope
[INFO] [stdout]    --> crates/serai/src/agent.rs:745:28
[INFO] [stdout]     |
[INFO] [stdout] 734 | struct CourtyardAssets;
[INFO] [stdout]     | ---------------------- associated function or constant `get` not found for this struct
[INFO] [stdout] ...
[INFO] [stdout] 745 |     match CourtyardAssets::get("index.html") {
[INFO] [stdout]     |                            ^^^ associated function or constant not found in `CourtyardAssets`
[INFO] [stdout]     |
[INFO] [stdout]     = help: items from traits can only be used if the trait is implemented and in scope
[INFO] [stdout]     = note: the following traits define an item `get`, perhaps you need to implement one of them:
[INFO] [stdout]             candidate #1: `Embed`
[INFO] [stdout]             candidate #2: `SliceIndex`
[INFO] [stdout]             candidate #3: `Watcher`
[INFO] [stdout]             candidate #4: `icu_collections::codepointtrie::cptrie::TypedCodePointTrie`
[INFO] [stdout]             candidate #5: `icu_properties::names::PropertyEnumToValueNameLookup`
[INFO] [stdout]             candidate #6: `icu_provider::baked::DataStore`
[INFO] [stdout]             candidate #7: `redb::multimap_table::ReadableMultimapTable`
[INFO] [stdout]             candidate #8: `redb::multimap_table::ReadableMultimapTable`
[INFO] [stdout]             candidate #9: `redb::table::ReadableTable`
[INFO] [stdout]             candidate #10: `redb::table::ReadableTable`
[INFO] [stdout]             candidate #11: `rustls::server::server_conn::StoresServerSessions`
[INFO] [stdout] 
[INFO] [stdout] 
[INFO] [stdout] error[E0599]: no associated function or constant named `get` found for struct `CourtyardAssets` in the current scope
[INFO] [stdout]    --> crates/serai/src/agent.rs:745:28
[INFO] [stdout]     |
[INFO] [stdout] 734 | struct CourtyardAssets;
[INFO] [stdout]     | ---------------------- associated function or constant `get` not found for this struct
[INFO] [stdout] ...
[INFO] [stdout] 745 |     match CourtyardAssets::get("index.html") {
[INFO] [stdout]     |                            ^^^ associated function or constant not found in `CourtyardAssets`
[INFO] [stdout]     |
[INFO] [stdout]     = help: items from traits can only be used if the trait is implemented and in scope
[INFO] [stdout]     = note: the following traits define an item `get`, perhaps you need to implement one of them:
[INFO] [stdout]             candidate #1: `Embed`
[INFO] [stdout]             candidate #2: `SliceIndex`
[INFO] [stdout]             candidate #3: `Watcher`
[INFO] [stdout]             candidate #4: `icu_collections::codepointtrie::cptrie::TypedCodePointTrie`
[INFO] [stdout]             candidate #5: `icu_properties::names::PropertyEnumToValueNameLookup`
[INFO] [stdout]             candidate #6: `icu_provider::baked::DataStore`
[INFO] [stdout]             candidate #7: `redb::multimap_table::ReadableMultimapTable`
[INFO] [stdout]             candidate #8: `redb::multimap_table::ReadableMultimapTable`
[INFO] [stdout]             candidate #9: `redb::table::ReadableTable`
[INFO] [stdout]             candidate #10: `redb::table::ReadableTable`
[INFO] [stdout]             candidate #11: `rustls::server::server_conn::StoresServerSessions`
[INFO] [stdout] 
[INFO] [stdout] 
[INFO] [stdout] For more information about this error, try `rustc --explain E0599`.
[INFO] [stdout] 
[INFO] [stderr] error: could not compile `serai` (bin "serai" test) due to 3 previous errors
[INFO] [stderr] warning: build failed, waiting for other jobs to finish...
[INFO] [stdout] For more information about this error, try `rustc --explain E0599`.
[INFO] [stdout] 
[INFO] [stderr] error: could not compile `serai` (bin "serai") due to 3 previous errors
[INFO] running `Command { std: "docker" "inspect" "51168d91589223e0714e12ef4909602d6ead12c5eb8305340c7190a5b914f46b", kill_on_drop: false }`
[INFO] running `Command { std: "docker" "rm" "-f" "51168d91589223e0714e12ef4909602d6ead12c5eb8305340c7190a5b914f46b", kill_on_drop: false }`
[INFO] [stdout] 51168d91589223e0714e12ef4909602d6ead12c5eb8305340c7190a5b914f46b
