[INFO] cloning repository https://github.com/unfoundbox-crew/agentworth
[INFO] running `Command { std: "git" "-c" "credential.helper=" "-c" "credential.helper=/workspace/cargo-home/bin/git-credential-null" "clone" "--bare" "https://github.com/unfoundbox-crew/agentworth" "/workspace/cache/git-repos/https%3A%2F%2Fgithub.com%2Funfoundbox-crew%2Fagentworth", kill_on_drop: false }`
[INFO] [stderr] Cloning into bare repository '/workspace/cache/git-repos/https%3A%2F%2Fgithub.com%2Funfoundbox-crew%2Fagentworth'...
[INFO] running `Command { std: "git" "rev-parse" "HEAD", kill_on_drop: false }`
[INFO] [stdout] 54d5fa31b2f41236403604620ba9f74d1af7ab84
[INFO] checking unfoundbox-crew/agentworth against 3154cc1a3e6424e44f438a95007d043ed5ceaaf6+rustflags=-Znext-solver=coherence for pr-133502-30
[INFO] running `Command { std: "git" "clone" "/workspace/cache/git-repos/https%3A%2F%2Fgithub.com%2Funfoundbox-crew%2Fagentworth" "/workspace/builds/worker-0-tc1/source", kill_on_drop: false }`
[INFO] [stderr] Cloning into '/workspace/builds/worker-0-tc1/source'...
[INFO] [stderr] done.
[INFO] started tweaking git repo https://github.com/unfoundbox-crew/agentworth
[INFO] finished tweaking git repo https://github.com/unfoundbox-crew/agentworth
[INFO] tweaked toml for git repo https://github.com/unfoundbox-crew/agentworth written to /workspace/builds/worker-0-tc1/source/Cargo.toml
[INFO] validating manifest of git repo https://github.com/unfoundbox-crew/agentworth on toolchain 3154cc1a3e6424e44f438a95007d043ed5ceaaf6
[INFO] running `Command { std: CARGO_HOME="/workspace/cargo-home" RUSTUP_HOME="/workspace/rustup-home" "/workspace/cargo-home/bin/cargo" "+3154cc1a3e6424e44f438a95007d043ed5ceaaf6" "metadata" "--manifest-path" "Cargo.toml" "--no-deps", kill_on_drop: false }`
[INFO] crate git repo https://github.com/unfoundbox-crew/agentworth already has a lockfile, it will not be regenerated
[INFO] running `Command { std: CARGO_HOME="/workspace/cargo-home" RUSTUP_HOME="/workspace/rustup-home" "/workspace/cargo-home/bin/cargo" "+3154cc1a3e6424e44f438a95007d043ed5ceaaf6" "fetch" "--manifest-path" "Cargo.toml", kill_on_drop: false }`
[INFO] [stderr] warning: unused workspace dependency `tokio`
[INFO] [stderr]   --> Cargo.toml:71:25
[INFO] [stderr]    |
[INFO] [stderr] 71 | [workspace.dependencies.tokio]
[INFO] [stderr]    |                         ^^^^^
[INFO] [stderr]    |
[INFO] [stderr]    = note: `cargo::unused_workspace_dependencies` is set to `warn` by default
[INFO] [stderr] help: consider removing the workspace dependency `tokio`
[INFO] [stderr] warning: unused field `repository` in `workspace.package`
[INFO] [stderr]   --> Cargo.toml:96:1
[INFO] [stderr]    |
[INFO] [stderr] 96 | repository = "https://github.com/unfoundbox-crew/agentworth"
[INFO] [stderr]    | ^^^^^^^^^^
[INFO] [stderr]    |
[INFO] [stderr]    = note: `cargo::unused_workspace_package_fields` is set to `warn` by default
[INFO] [stderr] help: consider removing the field `workspace.package.repository`
[INFO] [stderr] warning: workspace (manifest) generated 2 warnings
[INFO] [stderr]     Blocking waiting for file lock on package cache
[INFO] [stderr]     Updating crates.io index
[INFO] [stderr]  Downloading crates ...
[INFO] [stderr]   Downloaded rmcp-macros v3.2.0
[INFO] [stderr]   Downloaded process-wrap v9.1.0
[INFO] [stderr]   Downloaded lru v0.18.3
[INFO] [stderr]   Downloaded clap_complete v4.6.9
[INFO] [stderr]   Downloaded is_executable v1.0.6
[INFO] [stderr]   Downloaded fastembed v4.9.1
[INFO] [stderr]   Downloaded ort-sys v2.0.0-rc.9
[INFO] [stderr]   Downloaded ort v2.0.0-rc.9
[INFO] [stderr]   Downloaded hf-hub v0.4.3
[INFO] running `Command { std: "docker" "create" "-v" "/var/lib/crater-agent-workspace/builds/worker-0-tc1/source:/opt/rustwide/workdir:ro,Z" "-v" "/var/lib/crater-agent-workspace/builds/worker-0-tc1/target:/opt/rustwide/target:rw,Z" "-v" "/var/lib/crater-agent-workspace/cargo-home:/opt/rustwide/cargo-home:ro,Z" "-v" "/var/lib/crater-agent-workspace/rustup-home:/opt/rustwide/rustup-home:ro,Z" "-m" "1610612736" "--network" "none" "ghcr.io/rust-lang/crates-build-env/linux@sha256:77db811e55d90add9212f6832c23229e3de5f1c1f9905e8cb07319ea15df73ac" "sleep" "infinity", kill_on_drop: false }`
[INFO] [stdout] dc243a884194afbac0063047d7783bff5609083041ca677f5e7ffb85c1ff9039
[INFO] running `Command { std: "docker" "start" "dc243a884194afbac0063047d7783bff5609083041ca677f5e7ffb85c1ff9039", kill_on_drop: false }`
[INFO] running `Command { std: "docker" "inspect" "dc243a884194afbac0063047d7783bff5609083041ca677f5e7ffb85c1ff9039", kill_on_drop: false }`
[INFO] running `Command { std: "docker" "exec" "-e" "SOURCE_DIR=/opt/rustwide/workdir" "-e" "CARGO_HOME=/opt/rustwide/cargo-home" "-e" "RUSTUP_HOME=/opt/rustwide/rustup-home" "-e" "CARGO_TARGET_DIR=/opt/rustwide/target" "-w" "/opt/rustwide/workdir" "--user" "0:0" "dc243a884194afbac0063047d7783bff5609083041ca677f5e7ffb85c1ff9039" "/opt/rustwide/cargo-home/bin/cargo" "+3154cc1a3e6424e44f438a95007d043ed5ceaaf6" "metadata" "--no-deps" "--format-version=1", kill_on_drop: false }`
[INFO] running `Command { std: "docker" "inspect" "dc243a884194afbac0063047d7783bff5609083041ca677f5e7ffb85c1ff9039", kill_on_drop: false }`
[INFO] running `Command { std: "docker" "exec" "-e" "SOURCE_DIR=/opt/rustwide/workdir" "-e" "CARGO_HOME=/opt/rustwide/cargo-home" "-e" "RUSTUP_HOME=/opt/rustwide/rustup-home" "-e" "CARGO_TARGET_DIR=/opt/rustwide/target" "-e" "CARGO_INCREMENTAL=0" "-e" "RUST_BACKTRACE=full" "-e" "RUSTFLAGS=--cap-lints=forbid -Znext-solver=coherence" "-e" "RUSTDOCFLAGS=--cap-lints=forbid" "-w" "/opt/rustwide/workdir" "--user" "0:0" "dc243a884194afbac0063047d7783bff5609083041ca677f5e7ffb85c1ff9039" "/opt/rustwide/cargo-home/bin/cargo" "+3154cc1a3e6424e44f438a95007d043ed5ceaaf6" "check" "--frozen" "--all" "--all-targets" "--message-format=json", kill_on_drop: false }`
[INFO] [stderr] warning: unused workspace dependency `tokio`
[INFO] [stderr]   --> Cargo.toml:71:25
[INFO] [stderr]    |
[INFO] [stderr] 71 | [workspace.dependencies.tokio]
[INFO] [stderr]    |                         ^^^^^
[INFO] [stderr]    |
[INFO] [stderr]    = note: `cargo::unused_workspace_dependencies` is set to `warn` by default
[INFO] [stderr] help: consider removing the workspace dependency `tokio`
[INFO] [stderr] warning: unused field `repository` in `workspace.package`
[INFO] [stderr]   --> Cargo.toml:96:1
[INFO] [stderr]    |
[INFO] [stderr] 96 | repository = "https://github.com/unfoundbox-crew/agentworth"
[INFO] [stderr]    | ^^^^^^^^^^
[INFO] [stderr]    |
[INFO] [stderr]    = note: `cargo::unused_workspace_package_fields` is set to `warn` by default
[INFO] [stderr] help: consider removing the field `workspace.package.repository`
[INFO] [stderr] warning: workspace (manifest) generated 2 warnings
[INFO] [stderr]     Checking bitflags v2.13.1
[INFO] [stderr]    Compiling libc v0.2.189
[INFO] [stderr]    Compiling serde_json v1.0.151
[INFO] [stderr]    Compiling rustix v1.1.4
[INFO] [stderr]    Compiling syn v3.0.4
[INFO] [stderr]     Checking regex v1.13.1
[INFO] [stderr]     Checking zerocopy v0.8.56
[INFO] [stderr]    Compiling libsqlite3-sys v0.28.0
[INFO] [stderr]     Checking sha2 v0.10.9
[INFO] [stderr]     Checking futures-io v0.3.34
[INFO] [stderr]     Checking hashbrown v0.17.1
[INFO] [stderr]    Compiling ring v0.17.14
[INFO] [stderr]    Compiling hybrid-array v0.4.14
[INFO] [stderr]     Checking unicode-width v0.2.2
[INFO] [stderr]     Checking alloc-no-stdlib v2.0.4
[INFO] [stderr]    Compiling crc32fast v1.5.1
[INFO] [stderr]    Compiling convert_case v0.10.0
[INFO] [stderr]     Checking alloc-stdlib v0.2.4
[INFO] [stderr]     Checking itertools v0.14.0
[INFO] [stderr]    Compiling strum_macros v0.28.0
[INFO] [stderr]     Checking hashbrown v0.16.1
[INFO] [stderr]    Compiling serde_core v1.0.229
[INFO] [stderr]     Checking simd-adler32 v0.3.10
[INFO] [stderr]     Checking indexmap v2.14.1
[INFO] [stderr]    Compiling cfg_aliases v0.2.2
[INFO] [stderr]    Compiling const-oid v0.10.2
[INFO] [stderr]     Checking miniz_oxide v0.9.1
[INFO] [stderr]     Checking compact_str v0.9.1
[INFO] [stderr]     Checking crypto-common v0.2.2
[INFO] [stderr]    Compiling block-buffer v0.12.1
[INFO] [stderr]    Compiling nix v0.31.3
[INFO] [stderr]     Checking lru v0.18.3
[INFO] [stderr]    Compiling derive_more-impl v2.1.1
[INFO] [stderr]     Checking brotli-decompressor v5.0.3
[INFO] [stderr]    Compiling ref-cast v1.0.27
[INFO] [stderr]    Compiling same-file v1.0.6
[INFO] [stderr]    Compiling litrs v1.0.0
[INFO] [stderr]     Checking digest v0.11.3
[INFO] [stderr]    Compiling walkdir v2.5.0
[INFO] [stderr]     Checking flate2 v1.1.10
[INFO] [stderr]    Compiling mime_guess v2.0.5
[INFO] [stderr]     Checking compression-core v0.4.32
[INFO] [stderr]    Compiling mime v0.3.17
[INFO] [stderr]    Compiling sha2 v0.11.0
[INFO] [stderr]    Compiling document-features v0.2.12
[INFO] [stderr]     Checking derive_more v2.1.1
[INFO] [stderr]     Checking clap_builder v4.6.6
[INFO] [stderr]     Checking line-clipping v0.3.8
[INFO] [stderr]     Checking unicode-truncate v2.0.1
[INFO] [stderr]     Checking is-docker v0.2.0
[INFO] [stderr]     Checking dyn-clone v1.0.20
[INFO] [stderr]    Compiling rmcp v3.2.0
[INFO] [stderr]     Checking brotli v8.0.4
[INFO] [stderr]     Checking is-wsl v0.4.0
[INFO] [stderr]     Checking notify-types v2.1.0
[INFO] [stderr]     Checking matchers v0.2.0
[INFO] [stderr]    Compiling pastey v0.2.3
[INFO] [stderr]    Compiling agentworth-cli v0.1.29 (/opt/rustwide/workdir/apps/cli)
[INFO] [stderr]     Checking base64 v0.23.1
[INFO] [stderr]     Checking getrandom v0.4.3
[INFO] [stderr]     Checking errno v0.3.14
[INFO] [stderr]     Checking mio v1.2.2
[INFO] [stderr]     Checking uuid v1.26.0
[INFO] [stderr]     Checking signal-hook-registry v1.4.8
[INFO] [stderr]     Checking parking_lot_core v0.9.12
[INFO] [stderr]     Checking dirs-sys v0.4.1
[INFO] [stderr]     Checking parking_lot v0.12.5
[INFO] [stderr]     Checking socket2 v0.6.5
[INFO] [stderr]     Checking getrandom v0.2.17
[INFO] [stderr]    Compiling rustls v0.23.43
[INFO] [stderr]     Checking signal-hook v0.3.18
[INFO] [stderr]    Compiling rust-embed-utils v8.12.0
[INFO] [stderr]     Checking tempfile v3.27.0
[INFO] [stderr]     Checking strum v0.28.0
[INFO] [stderr]     Checking inotify-sys v0.1.8
[INFO] [stderr]     Checking directories v5.0.1
[INFO] [stderr]     Checking rand_core v0.6.4
[INFO] [stderr]     Checking inotify v0.11.5
[INFO] [stderr]     Checking is_executable v1.0.6
[INFO] [stderr]    Compiling rust-embed-impl v8.12.0
[INFO] [stderr]     Checking shlex v2.0.1
[INFO] [stderr]     Checking signal-hook-mio v0.2.5
[INFO] [stderr]     Checking tracing-subscriber v0.3.23
[INFO] [stderr]     Checking open v5.4.2
[INFO] [stderr]     Checking console v0.15.11
[INFO] [stderr]     Checking crossterm v0.29.0
[INFO] [stderr]     Checking predicates-core v1.0.10
[INFO] [stderr]     Checking float-cmp v0.10.0
[INFO] [stderr]     Checking normalize-line-endings v0.3.0
[INFO] [stderr]     Checking difflib v0.4.0
[INFO] [stderr]     Checking termtree v0.5.1
[INFO] [stderr]    Compiling assert_cmd v2.2.2
[INFO] [stderr]     Checking predicates-tree v1.0.13
[INFO] [stderr]     Checking notify v8.2.0
[INFO] [stderr]     Checking wait-timeout v0.2.1
[INFO] [stderr]     Checking bstr v1.13.1
[INFO] [stderr]     Checking predicates v3.1.4
[INFO] [stderr]     Checking rust-embed v8.12.0
[INFO] [stderr]    Compiling darling_core v0.24.1
[INFO] [stderr]    Compiling serde_derive_internals v0.30.0
[INFO] [stderr]    Compiling serde_derive v1.0.229
[INFO] [stderr]    Compiling tokio-macros v2.7.2
[INFO] [stderr]    Compiling futures-macro v0.3.34
[INFO] [stderr]    Compiling zerovec-derive v0.11.6
[INFO] [stderr]    Compiling displaydoc v0.2.7
[INFO] [stderr]    Compiling thiserror-impl v2.0.20
[INFO] [stderr]    Compiling ref-cast-impl v1.0.27
[INFO] [stderr]    Compiling async-trait v0.1.92
[INFO] [stderr]    Compiling clap_derive v4.6.4
[INFO] [stderr]     Checking rustls-webpki v0.103.15
[INFO] [stderr]     Checking zerotrie v0.2.5
[INFO] [stderr]     Checking tokio v1.53.1
[INFO] [stderr]    Compiling schemars_derive v1.2.2
[INFO] [stderr]     Checking futures-util v0.3.34
[INFO] [stderr]     Checking ahash v0.8.12
[INFO] [stderr]     Checking ppv-lite86 v0.2.21
[INFO] [stderr]     Checking hashbrown v0.14.5
[INFO] [stderr]     Checking zerovec v0.11.8
[INFO] [stderr]     Checking compression-codecs v0.4.38
[INFO] [stderr]     Checking rand_chacha v0.3.1
[INFO] [stderr]     Checking thiserror v2.0.20
[INFO] [stderr]     Checking clap v4.6.6
[INFO] [stderr]     Checking kasuari v0.4.12
[INFO] [stderr]     Checking clap_complete v4.6.9
[INFO] [stderr]     Checking rand v0.8.8
[INFO] [stderr]     Checking hashlink v0.9.1
[INFO] [stderr]     Checking ratatui-core v0.1.2
[INFO] [stderr]     Checking tinystr v0.8.4
[INFO] [stderr]     Checking potential_utf v0.1.6
[INFO] [stderr]     Checking icu_collections v2.3.0
[INFO] [stderr]     Checking icu_locale_core v2.3.0
[INFO] [stderr]     Checking tungstenite v0.24.0
[INFO] [stderr]    Compiling darling_macro v0.24.1
[INFO] [stderr]     Checking serde v1.0.229
[INFO] [stderr]    Compiling darling v0.24.1
[INFO] [stderr]    Compiling instability v0.3.13
[INFO] [stderr]    Compiling rmcp-macros v3.2.0
[INFO] [stderr]     Checking chrono v0.4.45
[INFO] [stderr]     Checking serde_spanned v0.6.9
[INFO] [stderr]     Checking toml_datetime v0.6.11
[INFO] [stderr]     Checking serde_urlencoded v0.7.1
[INFO] [stderr]     Checking toml_edit v0.22.27
[INFO] [stderr]     Checking ratatui-widgets v0.3.2
[INFO] [stderr]     Checking ratatui-crossterm v0.1.2
[INFO] [stderr]     Checking icu_provider v2.3.1
[INFO] [stderr]     Checking icu_normalizer v2.3.0
[INFO] [stderr]     Checking icu_properties v2.3.0
[INFO] [stderr]     Checking futures-executor v0.3.34
[INFO] [stderr]     Checking axum-core v0.4.5
[INFO] [stderr]     Checking tower v0.4.13
[INFO] [stderr]     Checking futures v0.3.34
[INFO] [stderr]     Checking agentworth-schema v0.1.29 (/opt/rustwide/workdir/crates/schema)
[INFO] [stderr]     Checking schemars v1.2.2
[INFO] [stderr]     Checking ratatui v0.30.2
[INFO] [stderr]     Checking toml v0.8.23
[INFO] [stderr]     Checking agentworth-loop v0.1.29 (/opt/rustwide/workdir/crates/loop)
[INFO] [stderr]     Checking idna_adapter v1.2.2
[INFO] [stderr]     Checking idna v1.1.0
[INFO] [stderr]     Checking agentworth-outcomes v0.1.29 (/opt/rustwide/workdir/crates/outcomes)
[INFO] [stderr]     Checking agentworth-adapter-sdk v0.1.29 (/opt/rustwide/workdir/crates/adapter-sdk)
[INFO] [stderr]     Checking url v2.5.8
[INFO] [stderr]     Checking agentworth-redaction v0.1.29 (/opt/rustwide/workdir/crates/redaction)
[INFO] [stderr]     Checking agentworth-export-atif v0.1.29 (/opt/rustwide/workdir/crates/export-atif)
[INFO] [stderr]     Checking hyper v1.11.1
[INFO] [stderr]     Checking tower v0.5.3
[INFO] [stderr]     Checking tokio-util v0.7.19
[INFO] [stderr]     Checking tokio-rustls v0.26.4
[INFO] [stderr]     Checking async-compression v0.4.43
[INFO] [stderr]     Checking tokio-tungstenite v0.24.0
[INFO] [stderr]     Checking process-wrap v9.1.0
[INFO] [stderr]     Checking tower-http v0.6.11
[INFO] [stderr]     Checking tokio-stream v0.1.19
[INFO] [stderr]     Checking tower-http v0.5.2
[INFO] [stderr]     Checking rusqlite v0.31.0
[INFO] [stderr]     Checking hyper-util v0.1.20
[INFO] [stderr]     Checking agentworth-adapters v0.1.29 (/opt/rustwide/workdir/crates/adapters)
[INFO] [stderr]     Checking agentworth-storage v0.1.29 (/opt/rustwide/workdir/crates/storage)
[INFO] [stderr]     Checking hyper-rustls v0.27.9
[INFO] [stderr]     Checking axum v0.7.9
[INFO] [stderr]     Checking reqwest v0.12.28
[INFO] [stderr]     Checking agentworth-scoring v0.1.29 (/opt/rustwide/workdir/crates/scoring)
[INFO] [stderr]     Checking agentworth-core v0.1.29 (/opt/rustwide/workdir/crates/core)
[INFO] [stdout] error: #[derive(RustEmbed)] folder '/opt/rustwide/workdir/apps/cli/../../apps/dashboard/dist' does not exist. cwd: '/opt/rustwide/workdir'
[INFO] [stdout]    --> apps/cli/src/server/static_files.rs:365:1
[INFO] [stdout]     |
[INFO] [stdout] 365 | / /// The dashboard, compiled into the binary. Populated by `npm run build` in
[INFO] [stdout] 366 | | /// apps/dashboard before `cargo build`; empty on a fresh clone, which is why
[INFO] [stdout] 367 | | /// `is_empty()` is checked rather than assumed.
[INFO] [stdout] 368 | | #[derive(RustEmbed)]
[INFO] [stdout] 369 | | #[folder = "../../apps/dashboard/dist"]
[INFO] [stdout] 370 | | struct DashboardAssets;
[INFO] [stdout]     | |_______________________^
[INFO] [stdout] 
[INFO] [stdout] 
[INFO] [stdout] error: #[derive(RustEmbed)] folder '/opt/rustwide/workdir/apps/cli/../../apps/home/dist' does not exist. cwd: '/opt/rustwide/workdir'
[INFO] [stdout]    --> apps/cli/src/server/static_files.rs:405:1
[INFO] [stdout]     |
[INFO] [stdout] 405 | / /// The `apps/home` deck, compiled into the binary the same way the dashboard is (see
[INFO] [stdout] 406 | | /// `DashboardAssets` above). Populated by `npm run build` in apps/home, which emits
[INFO] [stdout] 407 | | /// `apps/home/dist` with `base: '/home/'` baked into every asset URL
[INFO] [stdout] 408 | | /// (`apps/home/vite.config.ts`) -- so this is served under the `/home/` prefix, never at
[INFO] [stdout] ...   |
[INFO] [stdout] 411 | | #[folder = "../../apps/home/dist"]
[INFO] [stdout] 412 | | struct HomeDeckAssets;
[INFO] [stdout]     | |______________________^
[INFO] [stdout] 
[INFO] [stdout] 
[INFO] [stdout] error: #[derive(RustEmbed)] folder '/opt/rustwide/workdir/apps/cli/../../apps/dashboard/dist' does not exist. cwd: '/opt/rustwide/workdir'
[INFO] [stdout]    --> apps/cli/src/server/static_files.rs:365:1
[INFO] [stdout]     |
[INFO] [stdout] 365 | / /// The dashboard, compiled into the binary. Populated by `npm run build` in
[INFO] [stdout] 366 | | /// apps/dashboard before `cargo build`; empty on a fresh clone, which is why
[INFO] [stdout] 367 | | /// `is_empty()` is checked rather than assumed.
[INFO] [stdout] 368 | | #[derive(RustEmbed)]
[INFO] [stdout] 369 | | #[folder = "../../apps/dashboard/dist"]
[INFO] [stdout] 370 | | struct DashboardAssets;
[INFO] [stdout]     | |_______________________^
[INFO] [stdout] 
[INFO] [stdout] 
[INFO] [stdout] error: #[derive(RustEmbed)] folder '/opt/rustwide/workdir/apps/cli/../../apps/home/dist' does not exist. cwd: '/opt/rustwide/workdir'
[INFO] [stdout]    --> apps/cli/src/server/static_files.rs:405:1
[INFO] [stdout]     |
[INFO] [stdout] 405 | / /// The `apps/home` deck, compiled into the binary the same way the dashboard is (see
[INFO] [stdout] 406 | | /// `DashboardAssets` above). Populated by `npm run build` in apps/home, which emits
[INFO] [stdout] 407 | | /// `apps/home/dist` with `base: '/home/'` baked into every asset URL
[INFO] [stdout] 408 | | /// (`apps/home/vite.config.ts`) -- so this is served under the `/home/` prefix, never at
[INFO] [stdout] ...   |
[INFO] [stdout] 411 | | #[folder = "../../apps/home/dist"]
[INFO] [stdout] 412 | | struct HomeDeckAssets;
[INFO] [stdout]     | |______________________^
[INFO] [stdout] 
[INFO] [stdout] 
[INFO] [stdout] error[E0599]: no associated function or constant named `get` found for struct `DashboardAssets` in the current scope
[INFO] [stdout]    --> apps/cli/src/server/static_files.rs:392:22
[INFO] [stdout]     |
[INFO] [stdout] 370 | struct DashboardAssets;
[INFO] [stdout]     | ---------------------- associated function or constant `get` not found for this struct
[INFO] [stdout] ...
[INFO] [stdout] 392 |     DashboardAssets::get("index.html").is_some()
[INFO] [stdout]     |                      ^^^ associated function or constant not found in `DashboardAssets`
[INFO] [stdout]     |
[INFO] [stdout]     = help: items from traits can only be used if the trait is implemented and in scope
[INFO] [stdout]     = note: the following traits define an item `get`, perhaps you need to implement one of them:
[INFO] [stdout]             candidate #1: `Embed`
[INFO] [stdout]             candidate #2: `SliceIndex`
[INFO] [stdout]             candidate #3: `fallible_streaming_iterator::FallibleStreamingIterator`
[INFO] [stdout]             candidate #4: `icu_collections::codepointtrie::cptrie::TypedCodePointTrie`
[INFO] [stdout]             candidate #5: `icu_properties::names::PropertyEnumToValueNameLookup`
[INFO] [stdout]             candidate #6: `icu_provider::baked::DataStore`
[INFO] [stdout]             candidate #7: `itertools::Itertools`
[INFO] [stdout]             candidate #8: `rustls::server::server_conn::StoresServerSessions`
[INFO] [stdout]             candidate #9: `toml_edit::table::TableLike`
[INFO] [stdout] 
[INFO] [stdout] 
[INFO] [stdout] error[E0599]: no associated function or constant named `get` found for struct `DashboardAssets` in the current scope
[INFO] [stdout]    --> apps/cli/src/server/static_files.rs:396:34
[INFO] [stdout]     |
[INFO] [stdout] 370 | struct DashboardAssets;
[INFO] [stdout]     | ---------------------- associated function or constant `get` not found for this struct
[INFO] [stdout] ...
[INFO] [stdout] 396 |     let asset = DashboardAssets::get(path)?;
[INFO] [stdout]     |                                  ^^^ associated function or constant not found in `DashboardAssets`
[INFO] [stdout]     |
[INFO] [stdout]     = help: items from traits can only be used if the trait is implemented and in scope
[INFO] [stdout]     = note: the following traits define an item `get`, perhaps you need to implement one of them:
[INFO] [stdout]             candidate #1: `Embed`
[INFO] [stdout]             candidate #2: `SliceIndex`
[INFO] [stdout]             candidate #3: `fallible_streaming_iterator::FallibleStreamingIterator`
[INFO] [stdout]             candidate #4: `icu_collections::codepointtrie::cptrie::TypedCodePointTrie`
[INFO] [stdout]             candidate #5: `icu_properties::names::PropertyEnumToValueNameLookup`
[INFO] [stdout]             candidate #6: `icu_provider::baked::DataStore`
[INFO] [stdout]             candidate #7: `itertools::Itertools`
[INFO] [stdout]             candidate #8: `rustls::server::server_conn::StoresServerSessions`
[INFO] [stdout]             candidate #9: `toml_edit::table::TableLike`
[INFO] [stdout] 
[INFO] [stdout] 
[INFO] [stdout] error[E0599]: no associated function or constant named `get` found for struct `HomeDeckAssets` in the current scope
[INFO] [stdout]    --> apps/cli/src/server/static_files.rs:418:21
[INFO] [stdout]     |
[INFO] [stdout] 412 | struct HomeDeckAssets;
[INFO] [stdout]     | --------------------- associated function or constant `get` not found for this struct
[INFO] [stdout] ...
[INFO] [stdout] 418 |     HomeDeckAssets::get("index.html").is_some()
[INFO] [stdout]     |                     ^^^ associated function or constant not found in `HomeDeckAssets`
[INFO] [stdout]     |
[INFO] [stdout]     = help: items from traits can only be used if the trait is implemented and in scope
[INFO] [stdout]     = note: the following traits define an item `get`, perhaps you need to implement one of them:
[INFO] [stdout]             candidate #1: `Embed`
[INFO] [stdout]             candidate #2: `SliceIndex`
[INFO] [stdout]             candidate #3: `fallible_streaming_iterator::FallibleStreamingIterator`
[INFO] [stdout]             candidate #4: `icu_collections::codepointtrie::cptrie::TypedCodePointTrie`
[INFO] [stdout]             candidate #5: `icu_properties::names::PropertyEnumToValueNameLookup`
[INFO] [stdout]             candidate #6: `icu_provider::baked::DataStore`
[INFO] [stdout]             candidate #7: `itertools::Itertools`
[INFO] [stdout]             candidate #8: `rustls::server::server_conn::StoresServerSessions`
[INFO] [stdout]             candidate #9: `toml_edit::table::TableLike`
[INFO] [stdout] 
[INFO] [stdout] 
[INFO] [stdout] error[E0599]: no associated function or constant named `get` found for struct `DashboardAssets` in the current scope
[INFO] [stdout]    --> apps/cli/src/server/static_files.rs:392:22
[INFO] [stdout]     |
[INFO] [stdout] 370 | struct DashboardAssets;
[INFO] [stdout]     | ---------------------- associated function or constant `get` not found for this struct
[INFO] [stdout] ...
[INFO] [stdout] 392 |     DashboardAssets::get("index.html").is_some()
[INFO] [stdout]     |                      ^^^ associated function or constant not found in `DashboardAssets`
[INFO] [stdout]     |
[INFO] [stdout]     = help: items from traits can only be used if the trait is implemented and in scope
[INFO] [stdout]     = note: the following traits define an item `get`, perhaps you need to implement one of them:
[INFO] [stdout]             candidate #1: `Embed`
[INFO] [stdout]             candidate #2: `SliceIndex`
[INFO] [stdout]             candidate #3: `fallible_streaming_iterator::FallibleStreamingIterator`
[INFO] [stdout]             candidate #4: `icu_collections::codepointtrie::cptrie::TypedCodePointTrie`
[INFO] [stdout]             candidate #5: `icu_properties::names::PropertyEnumToValueNameLookup`
[INFO] [stdout]             candidate #6: `icu_provider::baked::DataStore`
[INFO] [stdout]             candidate #7: `itertools::Itertools`
[INFO] [stdout]             candidate #8: `rustls::server::server_conn::StoresServerSessions`
[INFO] [stdout]             candidate #9: `toml_edit::table::TableLike`
[INFO] [stdout] 
[INFO] [stdout] 
[INFO] [stdout] error[E0599]: no associated function or constant named `get` found for struct `HomeDeckAssets` in the current scope
[INFO] [stdout]    --> apps/cli/src/server/static_files.rs:422:33
[INFO] [stdout]     |
[INFO] [stdout] 412 | struct HomeDeckAssets;
[INFO] [stdout]     | --------------------- associated function or constant `get` not found for this struct
[INFO] [stdout] ...
[INFO] [stdout] 422 |     let asset = HomeDeckAssets::get(path)?;
[INFO] [stdout]     |                                 ^^^ associated function or constant not found in `HomeDeckAssets`
[INFO] [stdout]     |
[INFO] [stdout]     = help: items from traits can only be used if the trait is implemented and in scope
[INFO] [stdout]     = note: the following traits define an item `get`, perhaps you need to implement one of them:
[INFO] [stdout]             candidate #1: `Embed`
[INFO] [stdout]             candidate #2: `SliceIndex`
[INFO] [stdout]             candidate #3: `fallible_streaming_iterator::FallibleStreamingIterator`
[INFO] [stdout]             candidate #4: `icu_collections::codepointtrie::cptrie::TypedCodePointTrie`
[INFO] [stdout]             candidate #5: `icu_properties::names::PropertyEnumToValueNameLookup`
[INFO] [stdout]             candidate #6: `icu_provider::baked::DataStore`
[INFO] [stdout]             candidate #7: `itertools::Itertools`
[INFO] [stdout]             candidate #8: `rustls::server::server_conn::StoresServerSessions`
[INFO] [stdout]             candidate #9: `toml_edit::table::TableLike`
[INFO] [stdout] 
[INFO] [stdout] 
[INFO] [stdout] error[E0599]: no associated function or constant named `get` found for struct `DashboardAssets` in the current scope
[INFO] [stdout]    --> apps/cli/src/server/static_files.rs:396:34
[INFO] [stdout]     |
[INFO] [stdout] 370 | struct DashboardAssets;
[INFO] [stdout]     | ---------------------- associated function or constant `get` not found for this struct
[INFO] [stdout] ...
[INFO] [stdout] 396 |     let asset = DashboardAssets::get(path)?;
[INFO] [stdout]     |                                  ^^^ associated function or constant not found in `DashboardAssets`
[INFO] [stdout]     |
[INFO] [stdout]     = help: items from traits can only be used if the trait is implemented and in scope
[INFO] [stdout]     = note: the following traits define an item `get`, perhaps you need to implement one of them:
[INFO] [stdout]             candidate #1: `Embed`
[INFO] [stdout]             candidate #2: `SliceIndex`
[INFO] [stdout]             candidate #3: `fallible_streaming_iterator::FallibleStreamingIterator`
[INFO] [stdout]             candidate #4: `icu_collections::codepointtrie::cptrie::TypedCodePointTrie`
[INFO] [stdout]             candidate #5: `icu_properties::names::PropertyEnumToValueNameLookup`
[INFO] [stdout]             candidate #6: `icu_provider::baked::DataStore`
[INFO] [stdout]             candidate #7: `itertools::Itertools`
[INFO] [stdout]             candidate #8: `rustls::server::server_conn::StoresServerSessions`
[INFO] [stdout]             candidate #9: `toml_edit::table::TableLike`
[INFO] [stdout] 
[INFO] [stdout] 
[INFO] [stdout] error[E0599]: no associated function or constant named `get` found for struct `HomeDeckAssets` in the current scope
[INFO] [stdout]    --> apps/cli/src/server/static_files.rs:418:21
[INFO] [stdout]     |
[INFO] [stdout] 412 | struct HomeDeckAssets;
[INFO] [stdout]     | --------------------- associated function or constant `get` not found for this struct
[INFO] [stdout] ...
[INFO] [stdout] 418 |     HomeDeckAssets::get("index.html").is_some()
[INFO] [stdout]     |                     ^^^ associated function or constant not found in `HomeDeckAssets`
[INFO] [stdout]     |
[INFO] [stdout]     = help: items from traits can only be used if the trait is implemented and in scope
[INFO] [stdout]     = note: the following traits define an item `get`, perhaps you need to implement one of them:
[INFO] [stdout]             candidate #1: `Embed`
[INFO] [stdout]             candidate #2: `SliceIndex`
[INFO] [stdout]             candidate #3: `fallible_streaming_iterator::FallibleStreamingIterator`
[INFO] [stdout]             candidate #4: `icu_collections::codepointtrie::cptrie::TypedCodePointTrie`
[INFO] [stdout]             candidate #5: `icu_properties::names::PropertyEnumToValueNameLookup`
[INFO] [stdout]             candidate #6: `icu_provider::baked::DataStore`
[INFO] [stdout]             candidate #7: `itertools::Itertools`
[INFO] [stdout]             candidate #8: `rustls::server::server_conn::StoresServerSessions`
[INFO] [stdout]             candidate #9: `toml_edit::table::TableLike`
[INFO] [stdout] 
[INFO] [stdout] 
[INFO] [stdout] error[E0599]: no associated function or constant named `get` found for struct `HomeDeckAssets` in the current scope
[INFO] [stdout]    --> apps/cli/src/server/static_files.rs:422:33
[INFO] [stdout]     |
[INFO] [stdout] 412 | struct HomeDeckAssets;
[INFO] [stdout]     | --------------------- associated function or constant `get` not found for this struct
[INFO] [stdout] ...
[INFO] [stdout] 422 |     let asset = HomeDeckAssets::get(path)?;
[INFO] [stdout]     |                                 ^^^ associated function or constant not found in `HomeDeckAssets`
[INFO] [stdout]     |
[INFO] [stdout]     = help: items from traits can only be used if the trait is implemented and in scope
[INFO] [stdout]     = note: the following traits define an item `get`, perhaps you need to implement one of them:
[INFO] [stdout]             candidate #1: `Embed`
[INFO] [stdout]             candidate #2: `SliceIndex`
[INFO] [stdout]             candidate #3: `fallible_streaming_iterator::FallibleStreamingIterator`
[INFO] [stdout]             candidate #4: `icu_collections::codepointtrie::cptrie::TypedCodePointTrie`
[INFO] [stdout]             candidate #5: `icu_properties::names::PropertyEnumToValueNameLookup`
[INFO] [stdout]             candidate #6: `icu_provider::baked::DataStore`
[INFO] [stdout]             candidate #7: `itertools::Itertools`
[INFO] [stdout]             candidate #8: `rustls::server::server_conn::StoresServerSessions`
[INFO] [stdout]             candidate #9: `toml_edit::table::TableLike`
[INFO] [stdout] 
[INFO] [stdout] 
[INFO] [stdout] For more information about this error, try `rustc --explain E0599`.
[INFO] [stdout] 
[INFO] [stderr] error: could not compile `agentworth-cli` (lib) due to 6 previous errors
[INFO] [stderr] warning: build failed, waiting for other jobs to finish...
[INFO] [stdout] For more information about this error, try `rustc --explain E0599`.
[INFO] [stdout] 
[INFO] [stderr] error: could not compile `agentworth-cli` (lib test) due to 6 previous errors
[INFO] [stderr] warning: unused dependency `tracing`
[INFO] [stderr]   --> crates/adapter-sdk/Cargo.toml:18:1
[INFO] [stderr]    |
[INFO] [stderr] 18 | tracing.workspace = true
[INFO] [stderr]    | ^^^^^^^
[INFO] [stderr]    |
[INFO] [stderr]    = note: `cargo::unused_dependencies` is set to `warn` by default
[INFO] [stderr] help: consider removing the dependency on `tracing`
[INFO] [stderr] warning: `agentworth-adapter-sdk` (manifest) generated 1 warning
[INFO] [stderr] warning: unused dependency `anyhow`
[INFO] [stderr]   --> crates/outcomes/Cargo.toml:15:1
[INFO] [stderr]    |
[INFO] [stderr] 15 | anyhow.workspace = true
[INFO] [stderr]    | ^^^^^^
[INFO] [stderr]    |
[INFO] [stderr]    = note: `cargo::unused_dependencies` is set to `warn` by default
[INFO] [stderr] help: consider removing the dependency on `anyhow`
[INFO] [stderr] warning: unused dependency `tracing`
[INFO] [stderr]   --> crates/outcomes/Cargo.toml:17:1
[INFO] [stderr]    |
[INFO] [stderr] 17 | tracing.workspace = true
[INFO] [stderr]    | ^^^^^^^
[INFO] [stderr]    |
[INFO] [stderr] help: consider removing the dependency on `tracing`
[INFO] [stderr] warning: `agentworth-outcomes` (manifest) generated 2 warnings
[INFO] [stderr] warning: unused dependency `thiserror`
[INFO] [stderr]   --> crates/schema/Cargo.toml:16:1
[INFO] [stderr]    |
[INFO] [stderr] 16 | thiserror.workspace = true
[INFO] [stderr]    | ^^^^^^^^^
[INFO] [stderr]    |
[INFO] [stderr]    = note: `cargo::unused_dependencies` is set to `warn` by default
[INFO] [stderr] help: consider removing the dependency on `thiserror`
[INFO] [stderr] warning: `agentworth-schema` (manifest) generated 1 warning
[INFO] running `Command { std: "docker" "inspect" "dc243a884194afbac0063047d7783bff5609083041ca677f5e7ffb85c1ff9039", kill_on_drop: false }`
[INFO] running `Command { std: "docker" "rm" "-f" "dc243a884194afbac0063047d7783bff5609083041ca677f5e7ffb85c1ff9039", kill_on_drop: false }`
[INFO] [stdout] dc243a884194afbac0063047d7783bff5609083041ca677f5e7ffb85c1ff9039
