[INFO] cloning repository https://github.com/ulso/pico-io-fruit-jam
[INFO] running `Command { std: "git" "-c" "credential.helper=" "-c" "credential.helper=/workspace/cargo-home/bin/git-credential-null" "clone" "--bare" "https://github.com/ulso/pico-io-fruit-jam" "/workspace/cache/git-repos/https%3A%2F%2Fgithub.com%2Fulso%2Fpico-io-fruit-jam", kill_on_drop: false }`
[INFO] [stderr] Cloning into bare repository '/workspace/cache/git-repos/https%3A%2F%2Fgithub.com%2Fulso%2Fpico-io-fruit-jam'...
[INFO] running `Command { std: "git" "rev-parse" "HEAD", kill_on_drop: false }`
[INFO] [stdout] ae14efc0bd86516ccd8fc2cf704be54fb47e98e4
[INFO] checking ulso/pico-io-fruit-jam against 3154cc1a3e6424e44f438a95007d043ed5ceaaf6+rustflags=-Znext-solver=coherence for pr-133502-30
[INFO] running `Command { std: "git" "clone" "/workspace/cache/git-repos/https%3A%2F%2Fgithub.com%2Fulso%2Fpico-io-fruit-jam" "/workspace/builds/worker-3-tc1/source", kill_on_drop: false }`
[INFO] [stderr] Cloning into '/workspace/builds/worker-3-tc1/source'...
[INFO] [stderr] done.
[INFO] removed /workspace/builds/worker-3-tc1/source/.cargo/config.toml
[INFO] removed /workspace/builds/worker-3-tc1/source/rust-toolchain.toml
[INFO] started tweaking git repo https://github.com/ulso/pico-io-fruit-jam
[INFO] finished tweaking git repo https://github.com/ulso/pico-io-fruit-jam
[INFO] tweaked toml for git repo https://github.com/ulso/pico-io-fruit-jam written to /workspace/builds/worker-3-tc1/source/Cargo.toml
[INFO] validating manifest of git repo https://github.com/ulso/pico-io-fruit-jam on toolchain 3154cc1a3e6424e44f438a95007d043ed5ceaaf6
[INFO] running `Command { std: CARGO_HOME="/workspace/cargo-home" RUSTUP_HOME="/workspace/rustup-home" "/workspace/cargo-home/bin/cargo" "+3154cc1a3e6424e44f438a95007d043ed5ceaaf6" "metadata" "--manifest-path" "Cargo.toml" "--no-deps", kill_on_drop: false }`
[INFO] crate git repo https://github.com/ulso/pico-io-fruit-jam already has a lockfile, it will not be regenerated
[INFO] running `Command { std: CARGO_HOME="/workspace/cargo-home" RUSTUP_HOME="/workspace/rustup-home" "/workspace/cargo-home/bin/cargo" "+3154cc1a3e6424e44f438a95007d043ed5ceaaf6" "fetch" "--manifest-path" "Cargo.toml", kill_on_drop: false }`
[INFO] [stderr]     Updating crates.io index
[INFO] [stderr]     Updating git repository `https://github.com/ulso/embassy-rp-pio-usb-host`
[INFO] [stderr]  Downloading crates ...
[INFO] [stderr]   Downloaded wasmi_collections v1.1.0
[INFO] [stderr]   Downloaded wasmi_core v1.1.0
[INFO] [stderr]   Downloaded wasmi_ir v1.1.0
[INFO] [stderr]   Downloaded usbd-hid-macros v0.10.0
[INFO] [stderr]   Downloaded smart-leds v0.4.0
[INFO] [stderr]   Downloaded ascii-canvas v4.0.0
[INFO] [stderr]   Downloaded pio-proc v0.3.0
[INFO] [stderr]   Downloaded usbd-hid-descriptors v0.10.0
[INFO] [stderr]   Downloaded panic-probe v1.0.0
[INFO] [stderr]   Downloaded hick-trace v0.1.0
[INFO] [stderr]   Downloaded pio-parser v0.3.0
[INFO] [stderr]   Downloaded embedded-hal-async v1.0.0
[INFO] [stderr]   Downloaded smart-leds-trait v0.3.2
[INFO] [stderr]   Downloaded pio-core v0.3.0
[INFO] [stderr]   Downloaded vl53l4cd v0.4.0
[INFO] [stderr]   Downloaded microscpi-macros v0.6.0
[INFO] [stderr]   Downloaded bitfield v0.14.0
[INFO] [stderr]   Downloaded lalrpop-util v0.22.2
[INFO] [stderr]   Downloaded littlefs2-core v0.1.2
[INFO] [stderr]   Downloaded embedded-hal v1.0.0
[INFO] [stderr]   Downloaded usbd-hid v0.10.0
[INFO] [stderr]   Downloaded static_cell v2.1.1
[INFO] [stderr]   Downloaded pio v0.3.0
[INFO] [stderr]   Downloaded defmt-macros v1.1.0
[INFO] [stderr]   Downloaded microscpi v0.6.0
[INFO] [stderr]   Downloaded microscpi-common v0.6.0
[INFO] [stderr]   Downloaded fixed-macro-impl v1.2.0
[INFO] [stderr]   Downloaded term v1.2.1
[INFO] [stderr]   Downloaded defmt v1.1.0
[INFO] [stderr]   Downloaded tinyrlibc v0.5.1
[INFO] [stderr]   Downloaded delog v0.1.8
[INFO] [stderr]   Downloaded leasehund v0.5.2
[INFO] [stderr]   Downloaded usb-device v0.3.2
[INFO] [stderr]   Downloaded embedded-io-async v0.7.0
[INFO] [stderr]   Downloaded embassy-futures v0.1.2
[INFO] [stderr]   Downloaded fixed-macro-types v1.2.0
[INFO] [stderr]   Downloaded const-default v1.0.0
[INFO] [stderr]   Downloaded ssmarshal v1.0.0
[INFO] [stderr]   Downloaded embassy-net-driver-channel v0.4.0
[INFO] [stderr]   Downloaded littlefs2 v0.8.0
[INFO] [stderr]   Downloaded defmt v0.3.100
[INFO] [stderr]   Downloaded embassy-time-driver v0.2.2
[INFO] [stderr]   Downloaded embedded-nal-async v0.9.0
[INFO] [stderr]   Downloaded embedded-hal-bus v0.3.0
[INFO] [stderr]   Downloaded embedded-alloc v0.6.0
[INFO] [stderr]   Downloaded embassy-usb-driver v0.2.2
[INFO] [stderr]   Downloaded embedded-io-async v0.6.1
[INFO] [stderr]   Downloaded embassy-time v0.5.1
[INFO] [stderr]   Downloaded embassy-net-driver v0.2.0
[INFO] [stderr]   Downloaded embedded-storage v0.3.1
[INFO] [stderr]   Downloaded hex-literal v1.1.0
[INFO] [stderr]   Downloaded managed v0.8.0
[INFO] [stderr]   Downloaded embedded-nal v0.9.0
[INFO] [stderr]   Downloaded embedded-io v0.7.1
[INFO] [stderr]   Downloaded svgbobdoc v0.3.0
[INFO] [stderr]   Downloaded embassy-embedded-hal v0.6.0
[INFO] [stderr]   Downloaded fixed-macro v1.2.0
[INFO] [stderr]   Downloaded embassy-executor-macros v0.8.0
[INFO] [stderr]   Downloaded az v1.3.0
[INFO] [stderr]   Downloaded debug-helper v0.3.13
[INFO] [stderr]   Downloaded embedded-hal-nb v1.0.0
[INFO] [stderr]   Downloaded embassy-time-queue-utils v0.3.2
[INFO] [stderr]   Downloaded embassy-executor-timer-queue v0.1.0
[INFO] [stderr]   Downloaded embedded-sdmmc-types v0.1.0
[INFO] [stderr]   Downloaded embedded-storage-async v0.4.1
[INFO] [stderr]   Downloaded embassy-hal-internal v0.5.0
[INFO] [stderr]   Downloaded embassy-hal-internal v0.4.0
[INFO] [stderr]   Downloaded hick-embassy v0.2.0
[INFO] [stderr]   Downloaded linked_list_allocator v0.10.6
[INFO] [stderr]   Downloaded rp2040-boot2 v0.3.0
[INFO] [stderr]   Downloaded generator v0.8.9
[INFO] [stderr]   Downloaded defmt-rtt v1.2.0
[INFO] [stderr]   Downloaded embassy-net v0.9.1
[INFO] [stderr]   Downloaded hick-smoltcp v0.2.0
[INFO] [stderr]   Downloaded bitbybit v2.0.1
[INFO] [stderr]   Downloaded rlsf v0.2.2
[INFO] [stderr]   Downloaded crc-any v2.5.0
[INFO] [stderr]   Downloaded embassy-executor v0.10.0
[INFO] [stderr]   Downloaded embassy-sync v0.8.0
[INFO] [stderr]   Downloaded arbitrary-int v2.1.1
[INFO] [stderr]   Downloaded embassy-usb v0.6.0
[INFO] [stderr]   Downloaded embassy-usb-host v0.1.0
[INFO] [stderr]   Downloaded wasmi v1.1.0
[INFO] [stderr]   Downloaded wasmparser v0.239.0
[INFO] [stderr]   Downloaded embassy-rp v0.10.0
[INFO] [stderr]   Downloaded pure-rust-locales v0.8.2
[INFO] [stderr]   Downloaded lalrpop v0.22.2
[INFO] [stderr]   Downloaded mdns-proto v0.3.0
[INFO] [stderr]   Downloaded fixed v1.31.0
[INFO] [stderr]   Downloaded embedded-sdmmc v0.10.0
[INFO] [stderr]   Downloaded smoltcp v0.13.1
[INFO] [stderr]   Downloaded littlefs2-sys v0.4.0
[INFO] [stderr]   Downloaded rp-pac v7.0.0
[INFO] [stderr]   Downloaded sha2-const-stable v0.1.0
[INFO] running `Command { std: "docker" "create" "-v" "/var/lib/crater-agent-workspace/builds/worker-3-tc1/source:/opt/rustwide/workdir:ro,Z" "-v" "/var/lib/crater-agent-workspace/builds/worker-3-tc1/target:/opt/rustwide/target:rw,Z" "-v" "/var/lib/crater-agent-workspace/cargo-home:/opt/rustwide/cargo-home:ro,Z" "-v" "/var/lib/crater-agent-workspace/rustup-home:/opt/rustwide/rustup-home:ro,Z" "-m" "1610612736" "--network" "none" "ghcr.io/rust-lang/crates-build-env/linux@sha256:77db811e55d90add9212f6832c23229e3de5f1c1f9905e8cb07319ea15df73ac" "sleep" "infinity", kill_on_drop: false }`
[INFO] [stdout] 198059ff5205c6c14e48365af2a3fd5a3bcc9597bc32816137c5614f8e7fc7f5
[INFO] running `Command { std: "docker" "start" "198059ff5205c6c14e48365af2a3fd5a3bcc9597bc32816137c5614f8e7fc7f5", kill_on_drop: false }`
[INFO] running `Command { std: "docker" "inspect" "198059ff5205c6c14e48365af2a3fd5a3bcc9597bc32816137c5614f8e7fc7f5", kill_on_drop: false }`
[INFO] running `Command { std: "docker" "exec" "-e" "SOURCE_DIR=/opt/rustwide/workdir" "-e" "CARGO_HOME=/opt/rustwide/cargo-home" "-e" "RUSTUP_HOME=/opt/rustwide/rustup-home" "-e" "CARGO_TARGET_DIR=/opt/rustwide/target" "-w" "/opt/rustwide/workdir" "--user" "0:0" "198059ff5205c6c14e48365af2a3fd5a3bcc9597bc32816137c5614f8e7fc7f5" "/opt/rustwide/cargo-home/bin/cargo" "+3154cc1a3e6424e44f438a95007d043ed5ceaaf6" "metadata" "--no-deps" "--format-version=1", kill_on_drop: false }`
[INFO] running `Command { std: "docker" "inspect" "198059ff5205c6c14e48365af2a3fd5a3bcc9597bc32816137c5614f8e7fc7f5", kill_on_drop: false }`
[INFO] running `Command { std: "docker" "exec" "-e" "SOURCE_DIR=/opt/rustwide/workdir" "-e" "CARGO_HOME=/opt/rustwide/cargo-home" "-e" "RUSTUP_HOME=/opt/rustwide/rustup-home" "-e" "CARGO_TARGET_DIR=/opt/rustwide/target" "-e" "CARGO_INCREMENTAL=0" "-e" "RUST_BACKTRACE=full" "-e" "RUSTFLAGS=--cap-lints=forbid -Znext-solver=coherence" "-e" "RUSTDOCFLAGS=--cap-lints=forbid" "-w" "/opt/rustwide/workdir" "--user" "0:0" "198059ff5205c6c14e48365af2a3fd5a3bcc9597bc32816137c5614f8e7fc7f5" "/opt/rustwide/cargo-home/bin/cargo" "+3154cc1a3e6424e44f438a95007d043ed5ceaaf6" "check" "--frozen" "--all" "--all-targets" "--message-format=json", kill_on_drop: false }`
[INFO] [stderr]    Compiling proc-macro2 v1.0.106
[INFO] [stderr]    Compiling defmt v1.1.0
[INFO] [stderr]    Compiling defmt-macros v1.1.0
[INFO] [stderr]     Checking critical-section v1.2.0
[INFO] [stderr]     Checking byteorder v1.5.0
[INFO] [stderr]    Compiling zerocopy v0.8.50
[INFO] [stderr]    Compiling thiserror v2.0.18
[INFO] [stderr]    Compiling heapless v0.9.3
[INFO] [stderr]     Checking nb v0.1.3
[INFO] [stderr]     Checking futures-core v0.3.32
[INFO] [stderr]     Checking futures-sink v0.3.32
[INFO] [stderr]    Compiling log v0.4.32
[INFO] [stderr]    Compiling cortex-m v0.7.7
[INFO] [stderr]    Compiling embedded-hal-async v1.0.0
[INFO] [stderr]    Compiling portable-atomic v1.13.1
[INFO] [stderr]     Checking embedded-hal v1.0.0
[INFO] [stderr]    Compiling serde_core v1.0.228
[INFO] [stderr]     Checking embedded-hal v0.2.7
[INFO] [stderr]    Compiling litrs v1.0.0
[INFO] [stderr]    Compiling embassy-time-driver v0.2.2
[INFO] [stderr]    Compiling embassy-sync v0.8.0
[INFO] [stderr]    Compiling memchr v2.8.1
[INFO] [stderr]    Compiling parking_lot_core v0.9.12
[INFO] [stderr]    Compiling regex-syntax v0.8.10
[INFO] [stderr]    Compiling smallvec v1.15.1
[INFO] [stderr]    Compiling crypto-common v0.1.7
[INFO] [stderr]    Compiling serde v1.0.228
[INFO] [stderr]     Checking hash32 v0.3.1
[INFO] [stderr]    Compiling phf_shared v0.11.3
[INFO] [stderr]    Compiling digest v0.10.7
[INFO] [stderr]    Compiling bit-vec v0.8.0
[INFO] [stderr]    Compiling either v1.16.0
[INFO] [stderr]    Compiling fixedbitset v0.5.7
[INFO] [stderr]    Compiling term v1.2.1
[INFO] [stderr]    Compiling ahash v0.8.12
[INFO] [stderr]    Compiling ena v0.14.4
[INFO] [stderr]    Compiling sha3 v0.10.9
[INFO] [stderr]     Checking embassy-futures v0.1.2
[INFO] [stderr]    Compiling once_cell v1.21.4
[INFO] [stderr]    Compiling fixed v1.31.0
[INFO] [stderr]    Compiling itertools v0.14.0
[INFO] [stderr]    Compiling pico-args v0.5.0
[INFO] [stderr]    Compiling heapless v0.8.0
[INFO] [stderr]    Compiling petgraph v0.7.1
[INFO] [stderr]    Compiling unicode-width v0.1.14
[INFO] [stderr]    Compiling embedded-io-async v0.6.1
[INFO] [stderr]    Compiling parking_lot v0.12.5
[INFO] [stderr]    Compiling bit-set v0.8.0
[INFO] [stderr]    Compiling ascii-canvas v4.0.0
[INFO] [stderr]    Compiling quote v1.0.45
[INFO] [stderr]    Compiling aho-corasick v1.1.4
[INFO] [stderr]    Compiling string_cache v0.8.9
[INFO] [stderr]    Compiling syn v2.0.117
[INFO] [stderr]    Compiling syn v1.0.109
[INFO] [stderr]     Checking embedded-io v0.6.1
[INFO] [stderr]    Compiling bitfield v0.14.0
[INFO] [stderr]    Compiling document-features v0.2.12
[INFO] [stderr]    Compiling smoltcp v0.13.1
[INFO] [stderr]    Compiling num-traits v0.2.19
[INFO] [stdout] error[E0425]: cannot find function `__basepri_r` in module `crate::asm::inline`
[INFO] [stdout]   --> /opt/rustwide/cargo-home/registry/src/index.crates.io-1949cf8c6b5b557f/cortex-m-0.7.7/src/register/basepri.rs:6:15
[INFO] [stdout]    |
[INFO] [stdout]  6 |     call_asm!(__basepri_r() -> u8)
[INFO] [stdout]    |               ^^^^^^^^^^^ not found in `crate::asm::inline`
[INFO] [stdout]    |
[INFO] [stdout]   ::: /opt/rustwide/cargo-home/registry/src/index.crates.io-1949cf8c6b5b557f/cortex-m-0.7.7/src/call_asm.rs:11:43
[INFO] [stdout]    |
[INFO] [stdout] 11 |                 () => crate::asm::inline::$func($($args),*),
[INFO] [stdout]    |                                           ----- due to this macro variable
[INFO] [stdout] 
[INFO] [stdout] 
[INFO] [stdout] error[E0425]: cannot find function `__basepri_w` in module `crate::asm::inline`
[INFO] [stdout]   --> /opt/rustwide/cargo-home/registry/src/index.crates.io-1949cf8c6b5b557f/cortex-m-0.7.7/src/register/basepri.rs:22:19
[INFO] [stdout]    |
[INFO] [stdout] 22 |         call_asm!(__basepri_w(basepri: u8));
[INFO] [stdout]    |                   ^^^^^^^^^^^ not found in `crate::asm::inline`
[INFO] [stdout]    |
[INFO] [stdout]   ::: /opt/rustwide/cargo-home/registry/src/index.crates.io-1949cf8c6b5b557f/cortex-m-0.7.7/src/call_asm.rs:11:43
[INFO] [stdout]    |
[INFO] [stdout] 11 |                 () => crate::asm::inline::$func($($args),*),
[INFO] [stdout]    |                                           ----- due to this macro variable
[INFO] [stdout] 
[INFO] [stdout] 
[INFO] [stdout] error[E0425]: cannot find function `__basepri_max` in module `crate::asm::inline`
[INFO] [stdout]   --> /opt/rustwide/cargo-home/registry/src/index.crates.io-1949cf8c6b5b557f/cortex-m-0.7.7/src/register/basepri_max.rs:19:19
[INFO] [stdout]    |
[INFO] [stdout] 19 |         call_asm!(__basepri_max(basepri: u8));
[INFO] [stdout]    |                   ^^^^^^^^^^^^^ not found in `crate::asm::inline`
[INFO] [stdout]    |
[INFO] [stdout]   ::: /opt/rustwide/cargo-home/registry/src/index.crates.io-1949cf8c6b5b557f/cortex-m-0.7.7/src/call_asm.rs:11:43
[INFO] [stdout]    |
[INFO] [stdout] 11 |                 () => crate::asm::inline::$func($($args),*),
[INFO] [stdout]    |                                           ----- due to this macro variable
[INFO] [stdout] 
[INFO] [stdout] 
[INFO] [stdout] error[E0425]: cannot find function `__faultmask_r` in module `crate::asm::inline`
[INFO] [stdout]   --> /opt/rustwide/cargo-home/registry/src/index.crates.io-1949cf8c6b5b557f/cortex-m-0.7.7/src/register/faultmask.rs:29:28
[INFO] [stdout]    |
[INFO] [stdout] 29 |     let r: u32 = call_asm!(__faultmask_r() -> u32);
[INFO] [stdout]    |                            ^^^^^^^^^^^^^ not found in `crate::asm::inline`
[INFO] [stdout]    |
[INFO] [stdout]   ::: /opt/rustwide/cargo-home/registry/src/index.crates.io-1949cf8c6b5b557f/cortex-m-0.7.7/src/call_asm.rs:11:43
[INFO] [stdout]    |
[INFO] [stdout] 11 |                 () => crate::asm::inline::$func($($args),*),
[INFO] [stdout]    |                                           ----- due to this macro variable
[INFO] [stdout] 
[INFO] [stdout] 
[INFO] [stdout] error: invalid register `r0`: unknown register
[INFO] [stdout]    --> /opt/rustwide/cargo-home/registry/src/index.crates.io-1949cf8c6b5b557f/cortex-m-0.7.7/src/../asm/inline.rs:197:24
[INFO] [stdout]     |
[INFO] [stdout] 197 |     asm!("bkpt #0xab", inout("r0") nr, in("r1") arg, options(nomem, nostack, preserves_flags));
[INFO] [stdout]     |                        ^^^^^^^^^^^^^^
[INFO] [stdout] 
[INFO] [stdout] 
[INFO] [stdout] error: invalid register `r1`: unknown register
[INFO] [stdout]    --> /opt/rustwide/cargo-home/registry/src/index.crates.io-1949cf8c6b5b557f/cortex-m-0.7.7/src/../asm/inline.rs:197:40
[INFO] [stdout]     |
[INFO] [stdout] 197 |     asm!("bkpt #0xab", inout("r0") nr, in("r1") arg, options(nomem, nostack, preserves_flags));
[INFO] [stdout]     |                                        ^^^^^^^^^^^^
[INFO] [stdout] 
[INFO] [stdout] 
[INFO] [stderr]    Compiling arrayvec v0.7.6
[INFO] [stderr]    Compiling debug-helper v0.3.13
[INFO] [stderr]    Compiling usbd-hid-descriptors v0.10.0
[INFO] [stdout] For more information about this error, try `rustc --explain E0425`.
[INFO] [stdout] 
[INFO] [stderr] error: could not compile `cortex-m` (lib) due to 6 previous errors
[INFO] [stderr] warning: build failed, waiting for other jobs to finish...
[INFO] running `Command { std: "docker" "inspect" "198059ff5205c6c14e48365af2a3fd5a3bcc9597bc32816137c5614f8e7fc7f5", kill_on_drop: false }`
[INFO] running `Command { std: "docker" "rm" "-f" "198059ff5205c6c14e48365af2a3fd5a3bcc9597bc32816137c5614f8e7fc7f5", kill_on_drop: false }`
[INFO] [stdout] 198059ff5205c6c14e48365af2a3fd5a3bcc9597bc32816137c5614f8e7fc7f5
