[INFO] cloning repository https://github.com/tysen/leptos-chartistry
[INFO] running `Command { std: "git" "-c" "credential.helper=" "-c" "credential.helper=/workspace/cargo-home/bin/git-credential-null" "clone" "--bare" "https://github.com/tysen/leptos-chartistry" "/workspace/cache/git-repos/https%3A%2F%2Fgithub.com%2Ftysen%2Fleptos-chartistry", kill_on_drop: false }`
[INFO] [stderr] Cloning into bare repository '/workspace/cache/git-repos/https%3A%2F%2Fgithub.com%2Ftysen%2Fleptos-chartistry'...
[INFO] running `Command { std: "git" "rev-parse" "HEAD", kill_on_drop: false }`
[INFO] [stdout] b5ce49b8f4b1d73e81ed235cf571f787941ef1c4
[INFO] checking tysen/leptos-chartistry against 3154cc1a3e6424e44f438a95007d043ed5ceaaf6+rustflags=-Znext-solver=coherence for pr-133502-30
[INFO] running `Command { std: "git" "clone" "/workspace/cache/git-repos/https%3A%2F%2Fgithub.com%2Ftysen%2Fleptos-chartistry" "/workspace/builds/worker-0-tc1/source", kill_on_drop: false }`
[INFO] [stderr] Cloning into '/workspace/builds/worker-0-tc1/source'...
[INFO] [stderr] done.
[INFO] started tweaking git repo https://github.com/tysen/leptos-chartistry
[INFO] finished tweaking git repo https://github.com/tysen/leptos-chartistry
[INFO] tweaked toml for git repo https://github.com/tysen/leptos-chartistry written to /workspace/builds/worker-0-tc1/source/Cargo.toml
[INFO] validating manifest of git repo https://github.com/tysen/leptos-chartistry on toolchain 3154cc1a3e6424e44f438a95007d043ed5ceaaf6
[INFO] running `Command { std: CARGO_HOME="/workspace/cargo-home" RUSTUP_HOME="/workspace/rustup-home" "/workspace/cargo-home/bin/cargo" "+3154cc1a3e6424e44f438a95007d043ed5ceaaf6" "metadata" "--manifest-path" "Cargo.toml" "--no-deps", kill_on_drop: false }`
[INFO] crate git repo https://github.com/tysen/leptos-chartistry already has a lockfile, it will not be regenerated
[INFO] running `Command { std: CARGO_HOME="/workspace/cargo-home" RUSTUP_HOME="/workspace/rustup-home" "/workspace/cargo-home/bin/cargo" "+3154cc1a3e6424e44f438a95007d043ed5ceaaf6" "fetch" "--manifest-path" "Cargo.toml", kill_on_drop: false }`
[INFO] [stderr]  Downloading crates ...
[INFO] [stderr]   Downloaded leptos-use v0.18.3
[INFO] [stderr]   Downloaded reactive_stores v0.5.0-beta
[INFO] [stderr]   Downloaded reactive_stores_macro v0.5.0-beta
[INFO] [stderr]   Downloaded leptos v0.9.0-beta
[INFO] [stderr]   Downloaded throw_error v0.4.0-beta
[INFO] [stderr]   Downloaded tachys v0.3.0-beta2
[INFO] [stderr]   Downloaded leptos_dom v0.9.0-beta
[INFO] [stderr]   Downloaded leptos_macro v0.9.0-beta
[INFO] [stderr]   Downloaded serde_qs v1.1.2
[INFO] [stderr]   Downloaded gloo-net v0.7.0
[INFO] [stderr]   Downloaded server_fn_macro v0.9.0-beta
[INFO] [stderr]   Downloaded server_fn_macro_default v0.9.0-beta
[INFO] [stderr]   Downloaded leptos_hot_reload v0.9.0-beta
[INFO] [stderr]   Downloaded hydration_context v0.4.0-beta
[INFO] [stderr]   Downloaded reactive_graph v0.3.0-beta2
[INFO] [stderr]   Downloaded leptos_server v0.9.0-beta2
[INFO] [stderr]   Downloaded gloo-utils v0.3.0
[INFO] [stderr]   Downloaded leptos_config v0.9.0-beta
[INFO] [stderr]   Downloaded server_fn v0.9.0-beta
[INFO] running `Command { std: "docker" "create" "-v" "/var/lib/crater-agent-workspace/builds/worker-0-tc1/source:/opt/rustwide/workdir:ro,Z" "-v" "/var/lib/crater-agent-workspace/builds/worker-0-tc1/target:/opt/rustwide/target:rw,Z" "-v" "/var/lib/crater-agent-workspace/cargo-home:/opt/rustwide/cargo-home:ro,Z" "-v" "/var/lib/crater-agent-workspace/rustup-home:/opt/rustwide/rustup-home:ro,Z" "-m" "1610612736" "--network" "none" "ghcr.io/rust-lang/crates-build-env/linux@sha256:77db811e55d90add9212f6832c23229e3de5f1c1f9905e8cb07319ea15df73ac" "sleep" "infinity", kill_on_drop: false }`
[INFO] [stdout] 553d91e77b726a701aada0fde6a2e34767b70d714095a8ca9759f97a3fa2a5d8
[INFO] running `Command { std: "docker" "start" "553d91e77b726a701aada0fde6a2e34767b70d714095a8ca9759f97a3fa2a5d8", kill_on_drop: false }`
[INFO] running `Command { std: "docker" "inspect" "553d91e77b726a701aada0fde6a2e34767b70d714095a8ca9759f97a3fa2a5d8", kill_on_drop: false }`
[INFO] running `Command { std: "docker" "exec" "-e" "SOURCE_DIR=/opt/rustwide/workdir" "-e" "CARGO_HOME=/opt/rustwide/cargo-home" "-e" "RUSTUP_HOME=/opt/rustwide/rustup-home" "-e" "CARGO_TARGET_DIR=/opt/rustwide/target" "-w" "/opt/rustwide/workdir" "--user" "0:0" "553d91e77b726a701aada0fde6a2e34767b70d714095a8ca9759f97a3fa2a5d8" "/opt/rustwide/cargo-home/bin/cargo" "+3154cc1a3e6424e44f438a95007d043ed5ceaaf6" "metadata" "--no-deps" "--format-version=1", kill_on_drop: false }`
[INFO] running `Command { std: "docker" "inspect" "553d91e77b726a701aada0fde6a2e34767b70d714095a8ca9759f97a3fa2a5d8", kill_on_drop: false }`
[INFO] running `Command { std: "docker" "exec" "-e" "SOURCE_DIR=/opt/rustwide/workdir" "-e" "CARGO_HOME=/opt/rustwide/cargo-home" "-e" "RUSTUP_HOME=/opt/rustwide/rustup-home" "-e" "CARGO_TARGET_DIR=/opt/rustwide/target" "-e" "CARGO_INCREMENTAL=0" "-e" "RUST_BACKTRACE=full" "-e" "RUSTFLAGS=--cap-lints=forbid -Znext-solver=coherence" "-e" "RUSTDOCFLAGS=--cap-lints=forbid" "-w" "/opt/rustwide/workdir" "--user" "0:0" "553d91e77b726a701aada0fde6a2e34767b70d714095a8ca9759f97a3fa2a5d8" "/opt/rustwide/cargo-home/bin/cargo" "+3154cc1a3e6424e44f438a95007d043ed5ceaaf6" "check" "--frozen" "--all" "--all-targets" "--message-format=json", kill_on_drop: false }`
[INFO] [stderr]    Compiling proc-macro2 v1.0.107
[INFO] [stderr]    Compiling quote v1.0.47
[INFO] [stderr]    Compiling unicode-ident v1.0.24
[INFO] [stderr]    Compiling semver v1.0.28
[INFO] [stderr]    Compiling version_check v0.9.5
[INFO] [stderr]    Compiling serde_core v1.0.229
[INFO] [stderr]     Checking pin-project-lite v0.2.17
[INFO] [stderr]     Checking memchr v2.8.3
[INFO] [stderr]    Compiling thiserror v2.0.19
[INFO] [stderr]    Compiling wasm-bindgen-shared v0.2.126
[INFO] [stderr]     Checking futures-core v0.3.33
[INFO] [stderr]    Compiling serde v1.0.229
[INFO] [stderr]     Checking futures-sink v0.3.33
[INFO] [stderr]     Checking futures-task v0.3.33
[INFO] [stderr]    Compiling rustversion v1.0.23
[INFO] [stderr]     Checking slab v0.4.12
[INFO] [stderr]     Checking futures-channel v0.3.33
[INFO] [stderr]     Checking futures-io v0.3.33
[INFO] [stderr]    Compiling bumpalo v3.20.3
[INFO] [stderr]     Checking cfg-if v1.0.4
[INFO] [stderr]     Checking once_cell v1.21.4
[INFO] [stderr]    Compiling unicode-segmentation v1.13.3
[INFO] [stderr]     Checking stable_deref_trait v1.2.1
[INFO] [stderr]    Compiling rustc_version v0.4.1
[INFO] [stderr]     Checking or_poisoned v0.1.0
[INFO] [stderr]     Checking parking v2.2.1
[INFO] [stderr]     Checking equivalent v1.0.2
[INFO] [stderr]    Compiling paste v1.0.15
[INFO] [stderr]     Checking hashbrown v0.17.1
[INFO] [stderr]    Compiling unicode-xid v0.2.6
[INFO] [stderr]    Compiling slotmap v1.1.1
[INFO] [stderr]     Checking send_wrapper v0.6.0
[INFO] [stderr]    Compiling konst_macro_rules v0.2.19
[INFO] [stderr]     Checking itoa v1.0.18
[INFO] [stderr]    Compiling zmij v1.0.23
[INFO] [stderr]     Checking event-listener v5.4.2
[INFO] [stderr]    Compiling proc-macro2-diagnostics v0.10.1
[INFO] [stderr]     Checking litemap v0.8.2
[INFO] [stderr]    Compiling serde_json v1.0.151
[INFO] [stderr]     Checking writeable v0.6.3
[INFO] [stderr]    Compiling icu_properties_data v2.2.0
[INFO] [stderr]     Checking guardian v1.3.0
[INFO] [stderr]    Compiling konst v0.2.20
[INFO] [stderr]    Compiling xxhash-rust v0.8.18
[INFO] [stderr]     Checking event-listener-strategy v0.5.4
[INFO] [stderr]    Compiling icu_normalizer_data v2.2.0
[INFO] [stderr]     Checking async-lock v3.4.2
[INFO] [stderr]     Checking rustc-hash v2.1.3
[INFO] [stderr]     Checking utf8_iter v1.0.4
[INFO] [stderr]    Compiling anyhow v1.0.104
[INFO] [stderr]    Compiling convert_case v0.11.0
[INFO] [stderr]     Checking percent-encoding v2.3.2
[INFO] [stderr]    Compiling smallvec v1.15.2
[INFO] [stderr]     Checking either v1.17.0
[INFO] [stderr]    Compiling camino v1.2.5
[INFO] [stderr]     Checking indexmap v2.14.0
[INFO] [stderr]    Compiling generic-array v0.14.7
[INFO] [stderr]    Compiling typenum v1.20.1
[INFO] [stderr]     Checking itertools v0.14.0
[INFO] [stderr]     Checking bytes v1.12.1
[INFO] [stderr]     Checking either_of v0.1.9
[INFO] [stderr]     Checking throw_error v0.3.1
[INFO] [stderr]    Compiling libc v0.2.189
[INFO] [stderr]    Compiling wasm-bindgen v0.2.126
[INFO] [stderr]    Compiling prettyplease v0.2.37
[INFO] [stderr]     Checking next_tuple v0.1.0
[INFO] [stderr]    Compiling yansi v1.0.1
[INFO] [stderr]     Checking html-escape v0.2.15
[INFO] [stderr]     Checking erased v0.1.2
[INFO] [stderr]     Checking const_str_slice_concat v0.1.0
[INFO] [stderr]     Checking drain_filter_polyfill v0.1.3
[INFO] [stderr]     Checking form_urlencoded v1.2.2
[INFO] [stderr]    Compiling reactive_graph v0.2.14
[INFO] [stderr]    Compiling server_fn_macro v0.8.10
[INFO] [stderr]    Compiling syn v2.0.119
[INFO] [stderr]    Compiling syn v3.0.3
[INFO] [stderr]    Compiling proc-macro-utils v0.10.0
[INFO] [stderr]     Checking throw_error v0.4.0-beta
[INFO] [stderr]     Checking winnow v1.0.4
[INFO] [stderr]    Compiling getrandom v0.4.3
[INFO] [stderr]    Compiling proc-macro-error-attr2 v2.0.0
[INFO] [stderr]    Compiling const_format_proc_macros v0.2.34
[INFO] [stderr]    Compiling same-file v1.0.6
[INFO] [stderr]    Compiling walkdir v2.5.0
[INFO] [stderr]     Checking http v1.5.0
[INFO] [stderr]    Compiling server_fn_macro v0.9.0-beta
[INFO] [stderr]    Compiling reactive_graph v0.3.0-beta2
[INFO] [stderr]    Compiling crypto-common v0.1.7
[INFO] [stderr]    Compiling block-buffer v0.10.4
[INFO] [stderr]     Checking toml_datetime v1.1.1+spec-1.1.0
[INFO] [stderr]     Checking serde_spanned v1.1.1
[INFO] [stderr]    Compiling manyhow-macros v0.11.4
[INFO] [stderr]    Compiling interpolator v0.5.0
[INFO] [stderr]     Checking base64 v0.22.1
[INFO] [stderr]    Compiling collection_literals v1.0.3
[INFO] [stderr]    Compiling const_format v0.2.36
[INFO] [stderr]    Compiling thiserror v1.0.69
[INFO] [stderr]     Checking const-str v1.1.0
[INFO] [stderr]     Checking toml_parser v1.1.3+spec-1.1.0
[INFO] [stderr]    Compiling digest v0.10.7
[INFO] [stderr]     Checking toml v1.1.4+spec-1.1.0
[INFO] [stderr]    Compiling tachys v0.2.18
[INFO] [stderr]    Compiling cpufeatures v0.2.17
[INFO] [stderr]     Checking convert_case v0.6.0
[INFO] [stderr]     Checking pathdiff v0.2.3
[INFO] [stderr]    Compiling sha2 v0.10.9
[INFO] [stderr]    Compiling uuid v1.24.0
[INFO] [stderr]    Compiling convert_case_extras v0.2.0
[INFO] [stderr]    Compiling tachys v0.3.0-beta2
[INFO] [stderr]    Compiling server_fn v0.8.13
[INFO] [stderr]     Checking aho-corasick v1.1.5
[INFO] [stderr]    Compiling strsim v0.11.1
[INFO] [stderr]    Compiling base16 v0.2.1
[INFO] [stderr]    Compiling ident_case v1.0.1
[INFO] [stderr]    Compiling autocfg v1.5.1
[INFO] [stderr]     Checking regex-syntax v0.8.11
[INFO] [stderr]    Compiling fnv v1.0.7
[INFO] [stderr]    Compiling server_fn v0.9.0-beta
[INFO] [stderr]    Compiling leptos_macro v0.8.17
[INFO] [stderr]    Compiling time-core v0.1.9
[INFO] [stderr]     Checking config v0.15.25
[INFO] [stderr]     Checking ryu v1.0.23
[INFO] [stderr]    Compiling num-conv v0.2.2
[INFO] [stderr]     Checking async-once-cell v0.5.4
[INFO] [stderr]    Compiling leptos v0.8.20
[INFO] [stderr]    Compiling leptos_macro v0.9.0-beta
[INFO] [stderr]    Compiling cookie v0.18.1
[INFO] [stderr]    Compiling num-traits v0.2.19
[INFO] [stderr]     Checking deranged v0.5.8
[INFO] [stderr]     Checking powerfmt v0.2.0
[INFO] [stderr]    Compiling time-macros v0.2.32
[INFO] [stderr]    Compiling leptos v0.9.0-beta
[INFO] [stderr]     Checking iana-time-zone v0.1.65
[INFO] [stderr]    Compiling leptos-use v0.18.3
[INFO] [stderr]     Checking lazy_static v1.5.0
[INFO] [stderr]     Checking log v0.4.33
[INFO] [stderr]     Checking chrono v0.4.45
[INFO] [stderr]     Checking time v0.3.55
[INFO] [stderr]    Compiling serde_derive v1.0.229
[INFO] [stderr]    Compiling thiserror-impl v2.0.19
[INFO] [stderr]    Compiling displaydoc v0.2.7
[INFO] [stderr]    Compiling async-trait v0.1.91
[INFO] [stderr]     Checking regex-automata v0.4.18
[INFO] [stderr]    Compiling wasm-bindgen-macro-support v0.2.126
[INFO] [stderr]    Compiling synstructure v0.13.2
[INFO] [stderr]    Compiling proc-macro-error2 v2.0.1
[INFO] [stderr]    Compiling manyhow v0.11.4
[INFO] [stderr]    Compiling darling_core v0.20.11
[INFO] [stderr]    Compiling futures-macro v0.3.33
[INFO] [stderr]    Compiling zerofrom-derive v0.1.7
[INFO] [stderr]    Compiling yoke-derive v0.8.2
[INFO] [stderr]    Compiling zerovec-derive v0.11.3
[INFO] [stderr]    Compiling derive-where v1.6.1
[INFO] [stderr]    Compiling syn_derive v0.2.0
[INFO] [stderr]    Compiling pin-project-internal v1.1.13
[INFO] [stderr]    Compiling quote-use-macros v0.8.4
[INFO] [stderr]    Compiling typed-builder-macro v0.23.2
[INFO] [stderr]    Compiling thiserror-impl v1.0.69
[INFO] [stderr]    Compiling reactive_stores_macro v0.4.3
[INFO] [stderr]    Compiling reactive_stores_macro v0.5.0-beta
[INFO] [stderr]    Compiling quote-use v0.8.4
[INFO] [stderr]    Compiling wasm_split_macros v0.2.2
[INFO] [stderr]    Compiling attribute-derive-macro v0.10.5
[INFO] [stderr]    Compiling server_fn_macro_default v0.8.5
[INFO] [stderr]     Checking regex v1.13.1
[INFO] [stderr]    Compiling server_fn_macro_default v0.9.0-beta
[INFO] [stderr]     Checking futures-util v0.3.33
[INFO] [stderr]     Checking wasm_split_helpers v0.2.3
[INFO] [stderr]     Checking pin-project v1.1.13
[INFO] [stderr]     Checking typed-builder v0.23.2
[INFO] [stderr]     Checking zerofrom v0.1.8
[INFO] [stderr]    Compiling rstml v0.12.1
[INFO] [stderr]    Compiling attribute-derive v0.10.5
[INFO] [stderr]     Checking yoke v0.8.3
[INFO] [stderr]     Checking zerovec v0.11.6
[INFO] [stderr]     Checking zerotrie v0.2.4
[INFO] [stderr]    Compiling darling_macro v0.20.11
[INFO] [stderr]    Compiling darling v0.20.11
[INFO] [stderr]    Compiling default-struct-builder v0.5.1
[INFO] [stderr]     Checking oco_ref v0.2.1
[INFO] [stderr]     Checking codee v0.3.5
[INFO] [stderr]     Checking serde_qs v0.15.0
[INFO] [stderr]     Checking serde_qs v1.1.2
[INFO] [stderr]     Checking leptos_config v0.8.10
[INFO] [stderr]     Checking leptos_hot_reload v0.8.6
[INFO] [stderr]     Checking leptos_hot_reload v0.9.0-beta
[INFO] [stderr]     Checking leptos_config v0.9.0-beta
[INFO] [stderr]     Checking tinystr v0.8.3
[INFO] [stderr]     Checking potential_utf v0.1.5
[INFO] [stderr]     Checking icu_collections v2.2.0
[INFO] [stderr]     Checking icu_locale_core v2.2.0
[INFO] [stderr]     Checking unic-langid-impl v0.9.6
[INFO] [stderr]    Compiling wasm-bindgen-macro v0.2.126
[INFO] [stderr]     Checking unic-langid v0.9.6
[INFO] [stderr]     Checking futures-executor v0.3.33
[INFO] [stderr]     Checking icu_provider v2.2.0
[INFO] [stderr]     Checking futures v0.3.33
[INFO] [stderr]     Checking hydration_context v0.3.1
[INFO] [stderr]     Checking hydration_context v0.4.0-beta
[INFO] [stderr]     Checking icu_normalizer v2.2.0
[INFO] [stderr]     Checking icu_properties v2.2.0
[INFO] [stderr]     Checking js-sys v0.3.103
[INFO] [stderr]     Checking idna_adapter v1.2.2
[INFO] [stderr]     Checking idna v1.1.0
[INFO] [stderr]     Checking url v2.5.8
[INFO] [stderr]     Checking wasm-bindgen-futures v0.4.76
[INFO] [stderr]     Checking web-sys v0.3.103
[INFO] [stderr]     Checking gloo-timers v0.3.0
[INFO] [stderr]     Checking any_spawner v0.3.0
[INFO] [stderr]     Checking reactive_stores v0.4.3
[INFO] [stderr]     Checking reactive_stores v0.5.0-beta
[INFO] [stderr]     Checking wasm-streams v0.5.0
[INFO] [stderr]     Checking gloo-utils v0.2.0
[INFO] [stderr]     Checking gloo-utils v0.3.0
[INFO] [stderr]     Checking gloo-net v0.6.0
[INFO] [stderr]     Checking gloo-net v0.7.0
[INFO] [stderr]     Checking leptos_dom v0.8.8
[INFO] [stderr]     Checking leptos_server v0.8.7
[INFO] [stderr]     Checking leptos_server v0.9.0-beta2
[INFO] [stderr]     Checking leptos_dom v0.9.0-beta
[INFO] [stderr]     Checking leptos-chartistry v0.2.3 (/opt/rustwide/workdir/leptos-chartistry)
[INFO] [stdout] error[E0277]: the trait bound `leptos::prelude::NodeRef<leptos::html::Div>: IntoElementsMaybeSignal<web_sys::Element, _>` is not satisfied
[INFO] [stdout]   --> leptos-chartistry/src/use_watched_node.rs:25:9
[INFO] [stdout]    |
[INFO] [stdout] 24 |     use_resize_observer_with_options(
[INFO] [stdout]    |     -------------------------------- required by a bound introduced by this call
[INFO] [stdout] 25 |         node,
[INFO] [stdout]    |         ^^^^ the trait `IntoElementsMaybeSignalType<web_sys::Element, _>` is not implemented for `leptos::prelude::NodeRef<leptos::html::Div>`
[INFO] [stdout]    |
[INFO] [stdout]    = note: required for `leptos::prelude::NodeRef<leptos::html::Div>` to implement `IntoElementsMaybeSignal<web_sys::Element, _>`
[INFO] [stdout] note: required by a bound in `use_resize_observer_with_options`
[INFO] [stdout]   --> /opt/rustwide/cargo-home/registry/src/index.crates.io-1949cf8c6b5b557f/leptos-use-0.18.3/src/use_resize_observer.rs:81:10
[INFO] [stdout]    |
[INFO] [stdout] 75 | pub fn use_resize_observer_with_options<Els, M, F>(
[INFO] [stdout] ...
[INFO] [stdout] 81 |     Els: IntoElementsMaybeSignal<web_sys::Element, M>,
[INFO] [stdout]    |          ^^^^^^^^^^^^^^^^^^^^^^^^^^^^^^^^^^^^^^^^^^^^ required by this bound in `use_resize_observer_with_options`
[INFO] [stdout] 
[INFO] [stdout] 
[INFO] [stdout] error[E0277]: the trait bound `leptos::prelude::NodeRef<leptos::html::Div>: IntoElementMaybeSignal<EventTarget, _>` is not satisfied
[INFO] [stdout]    --> leptos-chartistry/src/use_watched_node.rs:40:21
[INFO] [stdout]     |
[INFO] [stdout]  40 |             .target(node)
[INFO] [stdout]     |              ------ ^^^^ the trait `IntoElementMaybeSignalType<EventTarget, _>` is not implemented for `leptos::prelude::NodeRef<leptos::html::Div>`
[INFO] [stdout]     |              |
[INFO] [stdout]     |              required by a bound introduced by this call
[INFO] [stdout]     |
[INFO] [stdout]     = note: required for `leptos::prelude::NodeRef<leptos::html::Div>` to implement `IntoElementMaybeSignal<EventTarget, _>`
[INFO] [stdout] note: required by a bound in `UseMouseOptions::<El, M, Ex>::target`
[INFO] [stdout]    --> /opt/rustwide/cargo-home/registry/src/index.crates.io-1949cf8c6b5b557f/leptos-use-0.18.3/src/use_mouse.rs:209:9
[INFO] [stdout]     |
[INFO] [stdout] 205 | #[derive(DefaultBuilder)]
[INFO] [stdout] ...
[INFO] [stdout] 209 |     El: IntoElementMaybeSignal<web_sys::EventTarget, M>,
[INFO] [stdout]     |         ^^^^^^^^^^^^^^^^^^^^^^^^^^^^^^^^^^^^^^^^^^^^^^^ required by this bound in `UseMouseOptions::<El, M, Ex>::target`
[INFO] [stdout] ...
[INFO] [stdout] 216 |     target: El,
[INFO] [stdout]     |
[INFO] [stdout] 
[INFO] [stdout] 
[INFO] [stdout] error[E0599]: the method `coord_type` exists for struct `UseMouseOptions<leptos::prelude::NodeRef<leptos::html::Div>, _, !>`, but its trait bounds were not satisfied
[INFO] [stdout]   --> leptos-chartistry/src/use_watched_node.rs:41:14
[INFO] [stdout]    |
[INFO] [stdout] 39 |         UseMouseOptions::default()
[INFO] [stdout] 40 |             .target(node)
[INFO] [stdout] 41 |             .coord_type(UseMouseCoordType::<Infallible>::Page)
[INFO] [stdout]    |              ^^^^^^^^^^ private field, not a method
[INFO] [stdout]    |
[INFO] [stdout]   ::: /opt/rustwide/cargo-home/registry/src/index.crates.io-1949cf8c6b5b557f/tachys-0.3.0-beta2/src/reactive_graph/node_ref.rs:20:1
[INFO] [stdout]    |
[INFO] [stdout] 20 | pub struct NodeRef<E>(RwSignal<Option<SendWrapper<E::Output>>>)
[INFO] [stdout]    | --------------------- doesn't satisfy `_: IntoElementMaybeSignal<EventTarget, _>` or `_: IntoElementMaybeSignalType<EventTarget, _>`
[INFO] [stdout]    |
[INFO] [stdout]    = note: the following trait bounds were not satisfied:
[INFO] [stdout]            `leptos::prelude::NodeRef<leptos::html::Div>: IntoElementMaybeSignalType<EventTarget, _>`
[INFO] [stdout]            which is required by `leptos::prelude::NodeRef<leptos::html::Div>: IntoElementMaybeSignal<EventTarget, _>`
[INFO] [stdout] 
[INFO] [stdout] 
[INFO] [stdout] error[E0599]: the method `get` exists for struct `reactive_graph::wrappers::read::Signal<f64>`, but its trait bounds were not satisfied
[INFO] [stdout]    --> leptos-chartistry/src/use_watched_node.rs:48:30
[INFO] [stdout]     |
[INFO] [stdout]  48 |         let x = mouse_page.x.get();
[INFO] [stdout]     |                              ^^^ method cannot be called on `reactive_graph::wrappers::read::Signal<f64>` due to unsatisfied trait bounds
[INFO] [stdout]     |
[INFO] [stdout]    ::: /opt/rustwide/cargo-home/registry/src/index.crates.io-1949cf8c6b5b557f/reactive_graph-0.2.14/src/wrappers.rs:452:5
[INFO] [stdout]     |
[INFO] [stdout] 452 |     pub struct Signal<T, S = SyncStorage>
[INFO] [stdout]     |     ------------------------------------- doesn't satisfy 5 bounds
[INFO] [stdout]     |
[INFO] [stdout]     = note: the following trait bounds were not satisfied:
[INFO] [stdout]             `reactive_graph::wrappers::read::Signal<f64>: leptos::prelude::With`
[INFO] [stdout]             which is required by `reactive_graph::wrappers::read::Signal<f64>: leptos::prelude::Get`
[INFO] [stdout]             `reactive_graph::wrappers::read::Signal<f64>: leptos::prelude::Read`
[INFO] [stdout]             which is required by `reactive_graph::wrappers::read::Signal<f64>: leptos::prelude::Get`
[INFO] [stdout]             `reactive_graph::wrappers::read::Signal<f64>: leptos::prelude::Track`
[INFO] [stdout]             which is required by `reactive_graph::wrappers::read::Signal<f64>: leptos::prelude::Get`
[INFO] [stdout]             `reactive_graph::wrappers::read::Signal<f64>: leptos::prelude::ReadUntracked`
[INFO] [stdout]             which is required by `reactive_graph::wrappers::read::Signal<f64>: leptos::prelude::Get`
[INFO] [stdout]     = help: items from traits can only be used if the trait is in scope
[INFO] [stdout] help: trait `Get` which provides `get` is implemented but not in scope; perhaps you want to import it
[INFO] [stdout]     |
[INFO] [stdout]   1 + use reactive_graph::traits::Get;
[INFO] [stdout]     |
[INFO] [stdout] 
[INFO] [stdout] 
[INFO] [stdout] error[E0277]: the trait bound `leptos::prelude::NodeRef<leptos::html::Div>: IntoElementsMaybeSignal<web_sys::Element, _>` is not satisfied
[INFO] [stdout]   --> leptos-chartistry/src/use_watched_node.rs:25:9
[INFO] [stdout]    |
[INFO] [stdout] 24 |     use_resize_observer_with_options(
[INFO] [stdout]    |     -------------------------------- required by a bound introduced by this call
[INFO] [stdout] 25 |         node,
[INFO] [stdout]    |         ^^^^ the trait `IntoElementsMaybeSignalType<web_sys::Element, _>` is not implemented for `leptos::prelude::NodeRef<leptos::html::Div>`
[INFO] [stdout]    |
[INFO] [stdout]    = note: required for `leptos::prelude::NodeRef<leptos::html::Div>` to implement `IntoElementsMaybeSignal<web_sys::Element, _>`
[INFO] [stdout] note: required by a bound in `use_resize_observer_with_options`
[INFO] [stdout]   --> /opt/rustwide/cargo-home/registry/src/index.crates.io-1949cf8c6b5b557f/leptos-use-0.18.3/src/use_resize_observer.rs:81:10
[INFO] [stdout]    |
[INFO] [stdout] 75 | pub fn use_resize_observer_with_options<Els, M, F>(
[INFO] [stdout] ...
[INFO] [stdout] 81 |     Els: IntoElementsMaybeSignal<web_sys::Element, M>,
[INFO] [stdout]    |          ^^^^^^^^^^^^^^^^^^^^^^^^^^^^^^^^^^^^^^^^^^^^ required by this bound in `use_resize_observer_with_options`
[INFO] [stdout] 
[INFO] [stdout] 
[INFO] [stdout] error[E0599]: the method `get` exists for struct `reactive_graph::wrappers::read::Signal<f64>`, but its trait bounds were not satisfied
[INFO] [stdout]    --> leptos-chartistry/src/use_watched_node.rs:49:30
[INFO] [stdout]     |
[INFO] [stdout]  49 |         let y = mouse_page.y.get();
[INFO] [stdout]     |                              ^^^ method cannot be called on `reactive_graph::wrappers::read::Signal<f64>` due to unsatisfied trait bounds
[INFO] [stdout]     |
[INFO] [stdout]    ::: /opt/rustwide/cargo-home/registry/src/index.crates.io-1949cf8c6b5b557f/reactive_graph-0.2.14/src/wrappers.rs:452:5
[INFO] [stdout]     |
[INFO] [stdout] 452 |     pub struct Signal<T, S = SyncStorage>
[INFO] [stdout]     |     ------------------------------------- doesn't satisfy 5 bounds
[INFO] [stdout]     |
[INFO] [stdout]     = note: the following trait bounds were not satisfied:
[INFO] [stdout]             `reactive_graph::wrappers::read::Signal<f64>: leptos::prelude::With`
[INFO] [stdout]             which is required by `reactive_graph::wrappers::read::Signal<f64>: leptos::prelude::Get`
[INFO] [stdout]             `reactive_graph::wrappers::read::Signal<f64>: leptos::prelude::Read`
[INFO] [stdout]             which is required by `reactive_graph::wrappers::read::Signal<f64>: leptos::prelude::Get`
[INFO] [stdout]             `reactive_graph::wrappers::read::Signal<f64>: leptos::prelude::Track`
[INFO] [stdout]             which is required by `reactive_graph::wrappers::read::Signal<f64>: leptos::prelude::Get`
[INFO] [stdout]             `reactive_graph::wrappers::read::Signal<f64>: leptos::prelude::ReadUntracked`
[INFO] [stdout]             which is required by `reactive_graph::wrappers::read::Signal<f64>: leptos::prelude::Get`
[INFO] [stdout]     = help: items from traits can only be used if the trait is in scope
[INFO] [stdout] help: trait `Get` which provides `get` is implemented but not in scope; perhaps you want to import it
[INFO] [stdout]     |
[INFO] [stdout]   1 + use reactive_graph::traits::Get;
[INFO] [stdout]     |
[INFO] [stdout] 
[INFO] [stdout] 
[INFO] [stdout] error[E0277]: the trait bound `leptos::prelude::NodeRef<leptos::html::Div>: IntoElementMaybeSignal<EventTarget, _>` is not satisfied
[INFO] [stdout]    --> leptos-chartistry/src/use_watched_node.rs:56:21
[INFO] [stdout]     |
[INFO] [stdout]  56 |             .target(node)
[INFO] [stdout]     |              ------ ^^^^ the trait `IntoElementMaybeSignalType<EventTarget, _>` is not implemented for `leptos::prelude::NodeRef<leptos::html::Div>`
[INFO] [stdout]     |              |
[INFO] [stdout]     |              required by a bound introduced by this call
[INFO] [stdout]     |
[INFO] [stdout]     = note: required for `leptos::prelude::NodeRef<leptos::html::Div>` to implement `IntoElementMaybeSignal<EventTarget, _>`
[INFO] [stdout] note: required by a bound in `UseMouseOptions::<El, M, Ex>::target`
[INFO] [stdout]    --> /opt/rustwide/cargo-home/registry/src/index.crates.io-1949cf8c6b5b557f/leptos-use-0.18.3/src/use_mouse.rs:209:9
[INFO] [stdout]     |
[INFO] [stdout] 205 | #[derive(DefaultBuilder)]
[INFO] [stdout] ...
[INFO] [stdout] 209 |     El: IntoElementMaybeSignal<web_sys::EventTarget, M>,
[INFO] [stdout]     |         ^^^^^^^^^^^^^^^^^^^^^^^^^^^^^^^^^^^^^^^^^^^^^^^ required by this bound in `UseMouseOptions::<El, M, Ex>::target`
[INFO] [stdout] ...
[INFO] [stdout] 216 |     target: El,
[INFO] [stdout]     |
[INFO] [stdout] 
[INFO] [stdout] 
[INFO] [stdout] error[E0277]: the trait bound `leptos::prelude::NodeRef<leptos::html::Div>: IntoElementMaybeSignal<EventTarget, _>` is not satisfied
[INFO] [stdout]    --> leptos-chartistry/src/use_watched_node.rs:40:21
[INFO] [stdout]     |
[INFO] [stdout]  40 |             .target(node)
[INFO] [stdout]     |              ------ ^^^^ the trait `IntoElementMaybeSignalType<EventTarget, _>` is not implemented for `leptos::prelude::NodeRef<leptos::html::Div>`
[INFO] [stdout]     |              |
[INFO] [stdout]     |              required by a bound introduced by this call
[INFO] [stdout]     |
[INFO] [stdout]     = note: required for `leptos::prelude::NodeRef<leptos::html::Div>` to implement `IntoElementMaybeSignal<EventTarget, _>`
[INFO] [stdout] note: required by a bound in `UseMouseOptions::<El, M, Ex>::target`
[INFO] [stdout]    --> /opt/rustwide/cargo-home/registry/src/index.crates.io-1949cf8c6b5b557f/leptos-use-0.18.3/src/use_mouse.rs:209:9
[INFO] [stdout]     |
[INFO] [stdout] 205 | #[derive(DefaultBuilder)]
[INFO] [stdout] ...
[INFO] [stdout] 209 |     El: IntoElementMaybeSignal<web_sys::EventTarget, M>,
[INFO] [stdout]     |         ^^^^^^^^^^^^^^^^^^^^^^^^^^^^^^^^^^^^^^^^^^^^^^^ required by this bound in `UseMouseOptions::<El, M, Ex>::target`
[INFO] [stdout] ...
[INFO] [stdout] 216 |     target: El,
[INFO] [stdout]     |
[INFO] [stdout] 
[INFO] [stdout] 
[INFO] [stdout] error[E0599]: the method `coord_type` exists for struct `UseMouseOptions<leptos::prelude::NodeRef<leptos::html::Div>, _, !>`, but its trait bounds were not satisfied
[INFO] [stdout]   --> leptos-chartistry/src/use_watched_node.rs:57:14
[INFO] [stdout]    |
[INFO] [stdout] 55 |         UseMouseOptions::default()
[INFO] [stdout] 56 |             .target(node)
[INFO] [stdout] 57 |             .coord_type(UseMouseCoordType::<Infallible>::Client)
[INFO] [stdout]    |              ^^^^^^^^^^ private field, not a method
[INFO] [stdout]    |
[INFO] [stdout]   ::: /opt/rustwide/cargo-home/registry/src/index.crates.io-1949cf8c6b5b557f/tachys-0.3.0-beta2/src/reactive_graph/node_ref.rs:20:1
[INFO] [stdout]    |
[INFO] [stdout] 20 | pub struct NodeRef<E>(RwSignal<Option<SendWrapper<E::Output>>>)
[INFO] [stdout]    | --------------------- doesn't satisfy `_: IntoElementMaybeSignal<EventTarget, _>` or `_: IntoElementMaybeSignalType<EventTarget, _>`
[INFO] [stdout]    |
[INFO] [stdout]    = note: the following trait bounds were not satisfied:
[INFO] [stdout]            `leptos::prelude::NodeRef<leptos::html::Div>: IntoElementMaybeSignalType<EventTarget, _>`
[INFO] [stdout]            which is required by `leptos::prelude::NodeRef<leptos::html::Div>: IntoElementMaybeSignal<EventTarget, _>`
[INFO] [stdout] 
[INFO] [stdout] 
[INFO] [stdout] error[E0599]: the method `get` exists for struct `reactive_graph::wrappers::read::Signal<f64>`, but its trait bounds were not satisfied
[INFO] [stdout]    --> leptos-chartistry/src/use_watched_node.rs:68:32
[INFO] [stdout]     |
[INFO] [stdout]  68 |         let x = mouse_client.x.get() - left;
[INFO] [stdout]     |                                ^^^ method cannot be called on `reactive_graph::wrappers::read::Signal<f64>` due to unsatisfied trait bounds
[INFO] [stdout]     |
[INFO] [stdout]    ::: /opt/rustwide/cargo-home/registry/src/index.crates.io-1949cf8c6b5b557f/reactive_graph-0.2.14/src/wrappers.rs:452:5
[INFO] [stdout]     |
[INFO] [stdout] 452 |     pub struct Signal<T, S = SyncStorage>
[INFO] [stdout]     |     ------------------------------------- doesn't satisfy 5 bounds
[INFO] [stdout]     |
[INFO] [stdout]     = note: the following trait bounds were not satisfied:
[INFO] [stdout]             `reactive_graph::wrappers::read::Signal<f64>: leptos::prelude::With`
[INFO] [stdout]             which is required by `reactive_graph::wrappers::read::Signal<f64>: leptos::prelude::Get`
[INFO] [stdout]             `reactive_graph::wrappers::read::Signal<f64>: leptos::prelude::Read`
[INFO] [stdout]             which is required by `reactive_graph::wrappers::read::Signal<f64>: leptos::prelude::Get`
[INFO] [stdout]             `reactive_graph::wrappers::read::Signal<f64>: leptos::prelude::Track`
[INFO] [stdout]             which is required by `reactive_graph::wrappers::read::Signal<f64>: leptos::prelude::Get`
[INFO] [stdout]             `reactive_graph::wrappers::read::Signal<f64>: leptos::prelude::ReadUntracked`
[INFO] [stdout]             which is required by `reactive_graph::wrappers::read::Signal<f64>: leptos::prelude::Get`
[INFO] [stdout]     = help: items from traits can only be used if the trait is in scope
[INFO] [stdout] help: trait `Get` which provides `get` is implemented but not in scope; perhaps you want to import it
[INFO] [stdout]     |
[INFO] [stdout]   1 + use reactive_graph::traits::Get;
[INFO] [stdout]     |
[INFO] [stdout] 
[INFO] [stdout] 
[INFO] [stdout] error[E0599]: the method `coord_type` exists for struct `UseMouseOptions<leptos::prelude::NodeRef<leptos::html::Div>, _, !>`, but its trait bounds were not satisfied
[INFO] [stdout]   --> leptos-chartistry/src/use_watched_node.rs:41:14
[INFO] [stdout]    |
[INFO] [stdout] 39 |         UseMouseOptions::default()
[INFO] [stdout] 40 |             .target(node)
[INFO] [stdout] 41 |             .coord_type(UseMouseCoordType::<Infallible>::Page)
[INFO] [stdout]    |              ^^^^^^^^^^ private field, not a method
[INFO] [stdout]    |
[INFO] [stdout]   ::: /opt/rustwide/cargo-home/registry/src/index.crates.io-1949cf8c6b5b557f/tachys-0.3.0-beta2/src/reactive_graph/node_ref.rs:20:1
[INFO] [stdout]    |
[INFO] [stdout] 20 | pub struct NodeRef<E>(RwSignal<Option<SendWrapper<E::Output>>>)
[INFO] [stdout]    | --------------------- doesn't satisfy `_: IntoElementMaybeSignal<EventTarget, _>` or `_: IntoElementMaybeSignalType<EventTarget, _>`
[INFO] [stdout]    |
[INFO] [stdout]    = note: the following trait bounds were not satisfied:
[INFO] [stdout]            `leptos::prelude::NodeRef<leptos::html::Div>: IntoElementMaybeSignalType<EventTarget, _>`
[INFO] [stdout]            which is required by `leptos::prelude::NodeRef<leptos::html::Div>: IntoElementMaybeSignal<EventTarget, _>`
[INFO] [stdout] 
[INFO] [stdout] 
[INFO] [stdout] error[E0599]: the method `get` exists for struct `reactive_graph::wrappers::read::Signal<f64>`, but its trait bounds were not satisfied
[INFO] [stdout]    --> leptos-chartistry/src/use_watched_node.rs:69:37
[INFO] [stdout]     |
[INFO] [stdout]  69 |         let y: f64 = mouse_client.y.get() - top;
[INFO] [stdout]     |                                     ^^^ method cannot be called on `reactive_graph::wrappers::read::Signal<f64>` due to unsatisfied trait bounds
[INFO] [stdout]     |
[INFO] [stdout]    ::: /opt/rustwide/cargo-home/registry/src/index.crates.io-1949cf8c6b5b557f/reactive_graph-0.2.14/src/wrappers.rs:452:5
[INFO] [stdout]     |
[INFO] [stdout] 452 |     pub struct Signal<T, S = SyncStorage>
[INFO] [stdout]     |     ------------------------------------- doesn't satisfy 5 bounds
[INFO] [stdout]     |
[INFO] [stdout]     = note: the following trait bounds were not satisfied:
[INFO] [stdout]             `reactive_graph::wrappers::read::Signal<f64>: leptos::prelude::With`
[INFO] [stdout]             which is required by `reactive_graph::wrappers::read::Signal<f64>: leptos::prelude::Get`
[INFO] [stdout]             `reactive_graph::wrappers::read::Signal<f64>: leptos::prelude::Read`
[INFO] [stdout]             which is required by `reactive_graph::wrappers::read::Signal<f64>: leptos::prelude::Get`
[INFO] [stdout]             `reactive_graph::wrappers::read::Signal<f64>: leptos::prelude::Track`
[INFO] [stdout]             which is required by `reactive_graph::wrappers::read::Signal<f64>: leptos::prelude::Get`
[INFO] [stdout]             `reactive_graph::wrappers::read::Signal<f64>: leptos::prelude::ReadUntracked`
[INFO] [stdout]             which is required by `reactive_graph::wrappers::read::Signal<f64>: leptos::prelude::Get`
[INFO] [stdout]     = help: items from traits can only be used if the trait is in scope
[INFO] [stdout] help: trait `Get` which provides `get` is implemented but not in scope; perhaps you want to import it
[INFO] [stdout]     |
[INFO] [stdout]   1 + use reactive_graph::traits::Get;
[INFO] [stdout]     |
[INFO] [stdout] 
[INFO] [stdout] 
[INFO] [stdout] error[E0599]: the method `get` exists for struct `reactive_graph::wrappers::read::Signal<f64>`, but its trait bounds were not satisfied
[INFO] [stdout]    --> leptos-chartistry/src/use_watched_node.rs:48:30
[INFO] [stdout]     |
[INFO] [stdout]  48 |         let x = mouse_page.x.get();
[INFO] [stdout]     |                              ^^^ method cannot be called on `reactive_graph::wrappers::read::Signal<f64>` due to unsatisfied trait bounds
[INFO] [stdout]     |
[INFO] [stdout]    ::: /opt/rustwide/cargo-home/registry/src/index.crates.io-1949cf8c6b5b557f/reactive_graph-0.2.14/src/wrappers.rs:452:5
[INFO] [stdout]     |
[INFO] [stdout] 452 |     pub struct Signal<T, S = SyncStorage>
[INFO] [stdout]     |     ------------------------------------- doesn't satisfy 5 bounds
[INFO] [stdout]     |
[INFO] [stdout]     = note: the following trait bounds were not satisfied:
[INFO] [stdout]             `reactive_graph::wrappers::read::Signal<f64>: leptos::prelude::With`
[INFO] [stdout]             which is required by `reactive_graph::wrappers::read::Signal<f64>: leptos::prelude::Get`
[INFO] [stdout]             `reactive_graph::wrappers::read::Signal<f64>: leptos::prelude::Read`
[INFO] [stdout]             which is required by `reactive_graph::wrappers::read::Signal<f64>: leptos::prelude::Get`
[INFO] [stdout]             `reactive_graph::wrappers::read::Signal<f64>: leptos::prelude::Track`
[INFO] [stdout]             which is required by `reactive_graph::wrappers::read::Signal<f64>: leptos::prelude::Get`
[INFO] [stdout]             `reactive_graph::wrappers::read::Signal<f64>: ReadUntracked`
[INFO] [stdout]             which is required by `reactive_graph::wrappers::read::Signal<f64>: leptos::prelude::Get`
[INFO] [stdout]     = help: items from traits can only be used if the trait is in scope
[INFO] [stdout] help: trait `Get` which provides `get` is implemented but not in scope; perhaps you want to import it
[INFO] [stdout]     |
[INFO] [stdout]   1 + use reactive_graph::traits::Get;
[INFO] [stdout]     |
[INFO] [stdout] 
[INFO] [stdout] 
[INFO] [stdout] error[E0277]: the trait bound `leptos::prelude::NodeRef<leptos::html::Div>: IntoElementMaybeSignal<EventTarget, _>` is not satisfied
[INFO] [stdout]   --> leptos-chartistry/src/use_watched_node.rs:75:38
[INFO] [stdout]    |
[INFO] [stdout] 75 |     let el_hover = use_element_hover(node);
[INFO] [stdout]    |                    ----------------- ^^^^ the trait `IntoElementMaybeSignalType<EventTarget, _>` is not implemented for `leptos::prelude::NodeRef<leptos::html::Div>`
[INFO] [stdout]    |                    |
[INFO] [stdout]    |                    required by a bound introduced by this call
[INFO] [stdout]    |
[INFO] [stdout]    = note: required for `leptos::prelude::NodeRef<leptos::html::Div>` to implement `IntoElementMaybeSignal<EventTarget, _>`
[INFO] [stdout] note: required by a bound in `use_element_hover`
[INFO] [stdout]   --> /opt/rustwide/cargo-home/registry/src/index.crates.io-1949cf8c6b5b557f/leptos-use-0.18.3/src/use_element_hover.rs:40:9
[INFO] [stdout]    |
[INFO] [stdout] 38 | pub fn use_element_hover<El, M>(el: El) -> Signal<bool>
[INFO] [stdout] 39 | where
[INFO] [stdout] 40 |     El: IntoElementMaybeSignal<web_sys::EventTarget, M>,
[INFO] [stdout]    |         ^^^^^^^^^^^^^^^^^^^^^^^^^^^^^^^^^^^^^^^^^^^^^^^ required by this bound in `use_element_hover`
[INFO] [stdout] 
[INFO] [stdout] 
[INFO] [stdout] error[E0599]: the method `get` exists for struct `reactive_graph::wrappers::read::Signal<f64>`, but its trait bounds were not satisfied
[INFO] [stdout]    --> leptos-chartistry/src/use_watched_node.rs:49:30
[INFO] [stdout]     |
[INFO] [stdout]  49 |         let y = mouse_page.y.get();
[INFO] [stdout]     |                              ^^^ method cannot be called on `reactive_graph::wrappers::read::Signal<f64>` due to unsatisfied trait bounds
[INFO] [stdout]     |
[INFO] [stdout]    ::: /opt/rustwide/cargo-home/registry/src/index.crates.io-1949cf8c6b5b557f/reactive_graph-0.2.14/src/wrappers.rs:452:5
[INFO] [stdout]     |
[INFO] [stdout] 452 |     pub struct Signal<T, S = SyncStorage>
[INFO] [stdout]     |     ------------------------------------- doesn't satisfy 5 bounds
[INFO] [stdout]     |
[INFO] [stdout]     = note: the following trait bounds were not satisfied:
[INFO] [stdout]             `reactive_graph::wrappers::read::Signal<f64>: leptos::prelude::With`
[INFO] [stdout]             which is required by `reactive_graph::wrappers::read::Signal<f64>: leptos::prelude::Get`
[INFO] [stdout]             `reactive_graph::wrappers::read::Signal<f64>: leptos::prelude::Read`
[INFO] [stdout]             which is required by `reactive_graph::wrappers::read::Signal<f64>: leptos::prelude::Get`
[INFO] [stdout]             `reactive_graph::wrappers::read::Signal<f64>: leptos::prelude::Track`
[INFO] [stdout]             which is required by `reactive_graph::wrappers::read::Signal<f64>: leptos::prelude::Get`
[INFO] [stdout]             `reactive_graph::wrappers::read::Signal<f64>: ReadUntracked`
[INFO] [stdout]             which is required by `reactive_graph::wrappers::read::Signal<f64>: leptos::prelude::Get`
[INFO] [stdout]     = help: items from traits can only be used if the trait is in scope
[INFO] [stdout] help: trait `Get` which provides `get` is implemented but not in scope; perhaps you want to import it
[INFO] [stdout]     |
[INFO] [stdout]   1 + use reactive_graph::traits::Get;
[INFO] [stdout]     |
[INFO] [stdout] 
[INFO] [stdout] 
[INFO] [stdout] error[E0277]: the trait bound `leptos::prelude::NodeRef<leptos::html::Div>: IntoElementMaybeSignal<EventTarget, _>` is not satisfied
[INFO] [stdout]    --> leptos-chartistry/src/use_watched_node.rs:56:21
[INFO] [stdout]     |
[INFO] [stdout]  56 |             .target(node)
[INFO] [stdout]     |              ------ ^^^^ the trait `IntoElementMaybeSignalType<EventTarget, _>` is not implemented for `leptos::prelude::NodeRef<leptos::html::Div>`
[INFO] [stdout]     |              |
[INFO] [stdout]     |              required by a bound introduced by this call
[INFO] [stdout]     |
[INFO] [stdout]     = note: required for `leptos::prelude::NodeRef<leptos::html::Div>` to implement `IntoElementMaybeSignal<EventTarget, _>`
[INFO] [stdout] note: required by a bound in `UseMouseOptions::<El, M, Ex>::target`
[INFO] [stdout]    --> /opt/rustwide/cargo-home/registry/src/index.crates.io-1949cf8c6b5b557f/leptos-use-0.18.3/src/use_mouse.rs:209:9
[INFO] [stdout]     |
[INFO] [stdout] 205 | #[derive(DefaultBuilder)]
[INFO] [stdout] ...
[INFO] [stdout] 209 |     El: IntoElementMaybeSignal<web_sys::EventTarget, M>,
[INFO] [stdout]     |         ^^^^^^^^^^^^^^^^^^^^^^^^^^^^^^^^^^^^^^^^^^^^^^^ required by this bound in `UseMouseOptions::<El, M, Ex>::target`
[INFO] [stdout] ...
[INFO] [stdout] 216 |     target: El,
[INFO] [stdout]     |
[INFO] [stdout] 
[INFO] [stdout] 
[INFO] [stdout] error[E0599]: the method `get` exists for struct `reactive_graph::wrappers::read::Signal<UseMouseSourceType>`, but its trait bounds were not satisfied
[INFO] [stdout]    --> leptos-chartistry/src/use_watched_node.rs:78:25
[INFO] [stdout]     |
[INFO] [stdout]  78 |         mouse_page_type.get() != UseMouseSourceType::Unset
[INFO] [stdout]     |                         ^^^ method cannot be called due to unsatisfied trait bounds
[INFO] [stdout]     |
[INFO] [stdout]    ::: /opt/rustwide/cargo-home/registry/src/index.crates.io-1949cf8c6b5b557f/reactive_graph-0.2.14/src/wrappers.rs:452:5
[INFO] [stdout]     |
[INFO] [stdout] 452 |     pub struct Signal<T, S = SyncStorage>
[INFO] [stdout]     |     ------------------------------------- doesn't satisfy 5 bounds
[INFO] [stdout]     |
[INFO] [stdout]     = note: the following trait bounds were not satisfied:
[INFO] [stdout]             `reactive_graph::wrappers::read::Signal<UseMouseSourceType>: leptos::prelude::With`
[INFO] [stdout]             which is required by `reactive_graph::wrappers::read::Signal<UseMouseSourceType>: leptos::prelude::Get`
[INFO] [stdout]             `reactive_graph::wrappers::read::Signal<UseMouseSourceType>: leptos::prelude::Read`
[INFO] [stdout]             which is required by `reactive_graph::wrappers::read::Signal<UseMouseSourceType>: leptos::prelude::Get`
[INFO] [stdout]             `reactive_graph::wrappers::read::Signal<UseMouseSourceType>: leptos::prelude::Track`
[INFO] [stdout]             which is required by `reactive_graph::wrappers::read::Signal<UseMouseSourceType>: leptos::prelude::Get`
[INFO] [stdout]             `reactive_graph::wrappers::read::Signal<UseMouseSourceType>: leptos::prelude::ReadUntracked`
[INFO] [stdout]             which is required by `reactive_graph::wrappers::read::Signal<UseMouseSourceType>: leptos::prelude::Get`
[INFO] [stdout]     = help: items from traits can only be used if the trait is in scope
[INFO] [stdout] help: trait `Get` which provides `get` is implemented but not in scope; perhaps you want to import it
[INFO] [stdout]     |
[INFO] [stdout]   1 + use reactive_graph::traits::Get;
[INFO] [stdout]     |
[INFO] [stdout] 
[INFO] [stdout] 
[INFO] [stdout] error[E0599]: the method `coord_type` exists for struct `UseMouseOptions<leptos::prelude::NodeRef<leptos::html::Div>, _, !>`, but its trait bounds were not satisfied
[INFO] [stdout]   --> leptos-chartistry/src/use_watched_node.rs:57:14
[INFO] [stdout]    |
[INFO] [stdout] 55 |         UseMouseOptions::default()
[INFO] [stdout] 56 |             .target(node)
[INFO] [stdout] 57 |             .coord_type(UseMouseCoordType::<Infallible>::Client)
[INFO] [stdout]    |              ^^^^^^^^^^ private field, not a method
[INFO] [stdout]    |
[INFO] [stdout]   ::: /opt/rustwide/cargo-home/registry/src/index.crates.io-1949cf8c6b5b557f/tachys-0.3.0-beta2/src/reactive_graph/node_ref.rs:20:1
[INFO] [stdout]    |
[INFO] [stdout] 20 | pub struct NodeRef<E>(RwSignal<Option<SendWrapper<E::Output>>>)
[INFO] [stdout]    | --------------------- doesn't satisfy `_: IntoElementMaybeSignal<EventTarget, _>` or `_: IntoElementMaybeSignalType<EventTarget, _>`
[INFO] [stdout]    |
[INFO] [stdout]    = note: the following trait bounds were not satisfied:
[INFO] [stdout]            `leptos::prelude::NodeRef<leptos::html::Div>: IntoElementMaybeSignalType<EventTarget, _>`
[INFO] [stdout]            which is required by `leptos::prelude::NodeRef<leptos::html::Div>: IntoElementMaybeSignal<EventTarget, _>`
[INFO] [stdout] 
[INFO] [stdout] 
[INFO] [stdout] error[E0599]: the method `get` exists for struct `reactive_graph::wrappers::read::Signal<bool>`, but its trait bounds were not satisfied
[INFO] [stdout]    --> leptos-chartistry/src/use_watched_node.rs:79:25
[INFO] [stdout]     |
[INFO] [stdout]  79 |             && el_hover.get()
[INFO] [stdout]     |                         ^^^ method cannot be called on `reactive_graph::wrappers::read::Signal<bool>` due to unsatisfied trait bounds
[INFO] [stdout]     |
[INFO] [stdout]    ::: /opt/rustwide/cargo-home/registry/src/index.crates.io-1949cf8c6b5b557f/reactive_graph-0.2.14/src/wrappers.rs:452:5
[INFO] [stdout]     |
[INFO] [stdout] 452 |     pub struct Signal<T, S = SyncStorage>
[INFO] [stdout]     |     ------------------------------------- doesn't satisfy 5 bounds
[INFO] [stdout]     |
[INFO] [stdout]     = note: the following trait bounds were not satisfied:
[INFO] [stdout]             `reactive_graph::wrappers::read::Signal<bool>: leptos::prelude::With`
[INFO] [stdout]             which is required by `reactive_graph::wrappers::read::Signal<bool>: leptos::prelude::Get`
[INFO] [stdout]             `reactive_graph::wrappers::read::Signal<bool>: leptos::prelude::Read`
[INFO] [stdout]             which is required by `reactive_graph::wrappers::read::Signal<bool>: leptos::prelude::Get`
[INFO] [stdout]             `reactive_graph::wrappers::read::Signal<bool>: leptos::prelude::Track`
[INFO] [stdout]             which is required by `reactive_graph::wrappers::read::Signal<bool>: leptos::prelude::Get`
[INFO] [stdout]             `reactive_graph::wrappers::read::Signal<bool>: leptos::prelude::ReadUntracked`
[INFO] [stdout]             which is required by `reactive_graph::wrappers::read::Signal<bool>: leptos::prelude::Get`
[INFO] [stdout]     = help: items from traits can only be used if the trait is in scope
[INFO] [stdout] help: trait `Get` which provides `get` is implemented but not in scope; perhaps you want to import it
[INFO] [stdout]     |
[INFO] [stdout]   1 + use reactive_graph::traits::Get;
[INFO] [stdout]     |
[INFO] [stdout] 
[INFO] [stdout] 
[INFO] [stdout] error[E0599]: the method `get` exists for struct `reactive_graph::wrappers::read::Signal<f64>`, but its trait bounds were not satisfied
[INFO] [stdout]    --> leptos-chartistry/src/use_watched_node.rs:68:32
[INFO] [stdout]     |
[INFO] [stdout]  68 |         let x = mouse_client.x.get() - left;
[INFO] [stdout]     |                                ^^^ method cannot be called on `reactive_graph::wrappers::read::Signal<f64>` due to unsatisfied trait bounds
[INFO] [stdout]     |
[INFO] [stdout]    ::: /opt/rustwide/cargo-home/registry/src/index.crates.io-1949cf8c6b5b557f/reactive_graph-0.2.14/src/wrappers.rs:452:5
[INFO] [stdout]     |
[INFO] [stdout] 452 |     pub struct Signal<T, S = SyncStorage>
[INFO] [stdout]     |     ------------------------------------- doesn't satisfy 5 bounds
[INFO] [stdout]     |
[INFO] [stdout]     = note: the following trait bounds were not satisfied:
[INFO] [stdout]             `reactive_graph::wrappers::read::Signal<f64>: leptos::prelude::With`
[INFO] [stdout]             which is required by `reactive_graph::wrappers::read::Signal<f64>: leptos::prelude::Get`
[INFO] [stdout]             `reactive_graph::wrappers::read::Signal<f64>: leptos::prelude::Read`
[INFO] [stdout]             which is required by `reactive_graph::wrappers::read::Signal<f64>: leptos::prelude::Get`
[INFO] [stdout]             `reactive_graph::wrappers::read::Signal<f64>: leptos::prelude::Track`
[INFO] [stdout]             which is required by `reactive_graph::wrappers::read::Signal<f64>: leptos::prelude::Get`
[INFO] [stdout]             `reactive_graph::wrappers::read::Signal<f64>: ReadUntracked`
[INFO] [stdout]             which is required by `reactive_graph::wrappers::read::Signal<f64>: leptos::prelude::Get`
[INFO] [stdout]     = help: items from traits can only be used if the trait is in scope
[INFO] [stdout] help: trait `Get` which provides `get` is implemented but not in scope; perhaps you want to import it
[INFO] [stdout]     |
[INFO] [stdout]   1 + use reactive_graph::traits::Get;
[INFO] [stdout]     |
[INFO] [stdout] 
[INFO] [stdout] 
[INFO] [stdout] error[E0599]: the method `get` exists for struct `reactive_graph::wrappers::read::Signal<f64>`, but its trait bounds were not satisfied
[INFO] [stdout]    --> leptos-chartistry/src/use_watched_node.rs:69:37
[INFO] [stdout]     |
[INFO] [stdout]  69 |         let y: f64 = mouse_client.y.get() - top;
[INFO] [stdout]     |                                     ^^^ method cannot be called on `reactive_graph::wrappers::read::Signal<f64>` due to unsatisfied trait bounds
[INFO] [stdout]     |
[INFO] [stdout]    ::: /opt/rustwide/cargo-home/registry/src/index.crates.io-1949cf8c6b5b557f/reactive_graph-0.2.14/src/wrappers.rs:452:5
[INFO] [stdout]     |
[INFO] [stdout] 452 |     pub struct Signal<T, S = SyncStorage>
[INFO] [stdout]     |     ------------------------------------- doesn't satisfy 5 bounds
[INFO] [stdout]     |
[INFO] [stdout]     = note: the following trait bounds were not satisfied:
[INFO] [stdout]             `reactive_graph::wrappers::read::Signal<f64>: leptos::prelude::With`
[INFO] [stdout]             which is required by `reactive_graph::wrappers::read::Signal<f64>: leptos::prelude::Get`
[INFO] [stdout]             `reactive_graph::wrappers::read::Signal<f64>: leptos::prelude::Read`
[INFO] [stdout]             which is required by `reactive_graph::wrappers::read::Signal<f64>: leptos::prelude::Get`
[INFO] [stdout]             `reactive_graph::wrappers::read::Signal<f64>: leptos::prelude::Track`
[INFO] [stdout]             which is required by `reactive_graph::wrappers::read::Signal<f64>: leptos::prelude::Get`
[INFO] [stdout]             `reactive_graph::wrappers::read::Signal<f64>: ReadUntracked`
[INFO] [stdout]             which is required by `reactive_graph::wrappers::read::Signal<f64>: leptos::prelude::Get`
[INFO] [stdout]     = help: items from traits can only be used if the trait is in scope
[INFO] [stdout] help: trait `Get` which provides `get` is implemented but not in scope; perhaps you want to import it
[INFO] [stdout]     |
[INFO] [stdout]   1 + use reactive_graph::traits::Get;
[INFO] [stdout]     |
[INFO] [stdout] 
[INFO] [stdout] 
[INFO] [stdout] error[E0277]: the trait bound `leptos::prelude::NodeRef<leptos::html::Div>: IntoElementMaybeSignal<EventTarget, _>` is not satisfied
[INFO] [stdout]   --> leptos-chartistry/src/use_watched_node.rs:75:38
[INFO] [stdout]    |
[INFO] [stdout] 75 |     let el_hover = use_element_hover(node);
[INFO] [stdout]    |                    ----------------- ^^^^ the trait `IntoElementMaybeSignalType<EventTarget, _>` is not implemented for `leptos::prelude::NodeRef<leptos::html::Div>`
[INFO] [stdout]    |                    |
[INFO] [stdout]    |                    required by a bound introduced by this call
[INFO] [stdout]    |
[INFO] [stdout]    = note: required for `leptos::prelude::NodeRef<leptos::html::Div>` to implement `IntoElementMaybeSignal<EventTarget, _>`
[INFO] [stdout] note: required by a bound in `use_element_hover`
[INFO] [stdout]   --> /opt/rustwide/cargo-home/registry/src/index.crates.io-1949cf8c6b5b557f/leptos-use-0.18.3/src/use_element_hover.rs:40:9
[INFO] [stdout]    |
[INFO] [stdout] 38 | pub fn use_element_hover<El, M>(el: El) -> Signal<bool>
[INFO] [stdout] 39 | where
[INFO] [stdout] 40 |     El: IntoElementMaybeSignal<web_sys::EventTarget, M>,
[INFO] [stdout]    |         ^^^^^^^^^^^^^^^^^^^^^^^^^^^^^^^^^^^^^^^^^^^^^^^ required by this bound in `use_element_hover`
[INFO] [stdout] 
[INFO] [stdout] 
[INFO] [stdout] error[E0599]: the method `get` exists for struct `reactive_graph::wrappers::read::Signal<UseMouseSourceType>`, but its trait bounds were not satisfied
[INFO] [stdout]    --> leptos-chartistry/src/use_watched_node.rs:78:25
[INFO] [stdout]     |
[INFO] [stdout]  78 |         mouse_page_type.get() != UseMouseSourceType::Unset
[INFO] [stdout]     |                         ^^^ method cannot be called due to unsatisfied trait bounds
[INFO] [stdout]     |
[INFO] [stdout]    ::: /opt/rustwide/cargo-home/registry/src/index.crates.io-1949cf8c6b5b557f/reactive_graph-0.2.14/src/wrappers.rs:452:5
[INFO] [stdout]     |
[INFO] [stdout] 452 |     pub struct Signal<T, S = SyncStorage>
[INFO] [stdout]     |     ------------------------------------- doesn't satisfy 5 bounds
[INFO] [stdout]     |
[INFO] [stdout]     = note: the following trait bounds were not satisfied:
[INFO] [stdout]             `reactive_graph::wrappers::read::Signal<UseMouseSourceType>: leptos::prelude::With`
[INFO] [stdout]             which is required by `reactive_graph::wrappers::read::Signal<UseMouseSourceType>: leptos::prelude::Get`
[INFO] [stdout]             `reactive_graph::wrappers::read::Signal<UseMouseSourceType>: leptos::prelude::Read`
[INFO] [stdout]             which is required by `reactive_graph::wrappers::read::Signal<UseMouseSourceType>: leptos::prelude::Get`
[INFO] [stdout]             `reactive_graph::wrappers::read::Signal<UseMouseSourceType>: leptos::prelude::Track`
[INFO] [stdout]             which is required by `reactive_graph::wrappers::read::Signal<UseMouseSourceType>: leptos::prelude::Get`
[INFO] [stdout]             `reactive_graph::wrappers::read::Signal<UseMouseSourceType>: ReadUntracked`
[INFO] [stdout]             which is required by `reactive_graph::wrappers::read::Signal<UseMouseSourceType>: leptos::prelude::Get`
[INFO] [stdout]     = help: items from traits can only be used if the trait is in scope
[INFO] [stdout] help: trait `Get` which provides `get` is implemented but not in scope; perhaps you want to import it
[INFO] [stdout]     |
[INFO] [stdout]   1 + use reactive_graph::traits::Get;
[INFO] [stdout]     |
[INFO] [stdout] 
[INFO] [stdout] 
[INFO] [stdout] error[E0599]: the method `get` exists for struct `reactive_graph::wrappers::read::Signal<bool>`, but its trait bounds were not satisfied
[INFO] [stdout]    --> leptos-chartistry/src/use_watched_node.rs:79:25
[INFO] [stdout]     |
[INFO] [stdout]  79 |             && el_hover.get()
[INFO] [stdout]     |                         ^^^ method cannot be called on `reactive_graph::wrappers::read::Signal<bool>` due to unsatisfied trait bounds
[INFO] [stdout]     |
[INFO] [stdout]    ::: /opt/rustwide/cargo-home/registry/src/index.crates.io-1949cf8c6b5b557f/reactive_graph-0.2.14/src/wrappers.rs:452:5
[INFO] [stdout]     |
[INFO] [stdout] 452 |     pub struct Signal<T, S = SyncStorage>
[INFO] [stdout]     |     ------------------------------------- doesn't satisfy 5 bounds
[INFO] [stdout]     |
[INFO] [stdout]     = note: the following trait bounds were not satisfied:
[INFO] [stdout]             `reactive_graph::wrappers::read::Signal<bool>: leptos::prelude::With`
[INFO] [stdout]             which is required by `reactive_graph::wrappers::read::Signal<bool>: leptos::prelude::Get`
[INFO] [stdout]             `reactive_graph::wrappers::read::Signal<bool>: leptos::prelude::Read`
[INFO] [stdout]             which is required by `reactive_graph::wrappers::read::Signal<bool>: leptos::prelude::Get`
[INFO] [stdout]             `reactive_graph::wrappers::read::Signal<bool>: leptos::prelude::Track`
[INFO] [stdout]             which is required by `reactive_graph::wrappers::read::Signal<bool>: leptos::prelude::Get`
[INFO] [stdout]             `reactive_graph::wrappers::read::Signal<bool>: ReadUntracked`
[INFO] [stdout]             which is required by `reactive_graph::wrappers::read::Signal<bool>: leptos::prelude::Get`
[INFO] [stdout]     = help: items from traits can only be used if the trait is in scope
[INFO] [stdout] help: trait `Get` which provides `get` is implemented but not in scope; perhaps you want to import it
[INFO] [stdout]     |
[INFO] [stdout]   1 + use reactive_graph::traits::Get;
[INFO] [stdout]     |
[INFO] [stdout] 
[INFO] [stdout] 
[INFO] [stdout] Some errors have detailed explanations: E0277, E0599.
[INFO] [stdout] 
[INFO] [stdout] For more information about an error, try `rustc --explain E0277`.
[INFO] [stdout] 
[INFO] [stderr] error: could not compile `leptos-chartistry` (lib) due to 12 previous errors
[INFO] [stderr] warning: build failed, waiting for other jobs to finish...
[INFO] [stdout] Some errors have detailed explanations: E0277, E0599.
[INFO] [stdout] 
[INFO] [stdout] For more information about an error, try `rustc --explain E0277`.
[INFO] [stdout] 
[INFO] [stderr] error: could not compile `leptos-chartistry` (lib test) due to 12 previous errors
[INFO] running `Command { std: "docker" "inspect" "553d91e77b726a701aada0fde6a2e34767b70d714095a8ca9759f97a3fa2a5d8", kill_on_drop: false }`
[INFO] running `Command { std: "docker" "rm" "-f" "553d91e77b726a701aada0fde6a2e34767b70d714095a8ca9759f97a3fa2a5d8", kill_on_drop: false }`
[INFO] [stdout] 553d91e77b726a701aada0fde6a2e34767b70d714095a8ca9759f97a3fa2a5d8
