[INFO] cloning repository https://github.com/typerobot/obscura
[INFO] running `Command { std: "git" "-c" "credential.helper=" "-c" "credential.helper=/workspace/cargo-home/bin/git-credential-null" "clone" "--bare" "https://github.com/typerobot/obscura" "/workspace/cache/git-repos/https%3A%2F%2Fgithub.com%2Ftyperobot%2Fobscura", kill_on_drop: false }`
[INFO] [stderr] Cloning into bare repository '/workspace/cache/git-repos/https%3A%2F%2Fgithub.com%2Ftyperobot%2Fobscura'...
[INFO] running `Command { std: "git" "rev-parse" "HEAD", kill_on_drop: false }`
[INFO] [stdout] f449e6fb3183138eb3e80f11fe44af31cefe0fae
[INFO] checking typerobot/obscura/f449e6fb3183138eb3e80f11fe44af31cefe0fae against 3154cc1a3e6424e44f438a95007d043ed5ceaaf6+rustflags=-Znext-solver=coherence for pr-133502-30
[INFO] running `Command { std: "git" "clone" "/workspace/cache/git-repos/https%3A%2F%2Fgithub.com%2Ftyperobot%2Fobscura" "/workspace/builds/worker-4-tc1/source", kill_on_drop: false }`
[INFO] [stderr] Cloning into '/workspace/builds/worker-4-tc1/source'...
[INFO] [stderr] done.
[INFO] removed /workspace/builds/worker-4-tc1/source/.cargo/config.toml
[INFO] started tweaking git repo https://github.com/typerobot/obscura
[INFO] finished tweaking git repo https://github.com/typerobot/obscura
[INFO] tweaked toml for git repo https://github.com/typerobot/obscura written to /workspace/builds/worker-4-tc1/source/Cargo.toml
[INFO] validating manifest of git repo https://github.com/typerobot/obscura on toolchain 3154cc1a3e6424e44f438a95007d043ed5ceaaf6
[INFO] running `Command { std: CARGO_HOME="/workspace/cargo-home" RUSTUP_HOME="/workspace/rustup-home" "/workspace/cargo-home/bin/cargo" "+3154cc1a3e6424e44f438a95007d043ed5ceaaf6" "metadata" "--manifest-path" "Cargo.toml" "--no-deps", kill_on_drop: false }`
[INFO] crate git repo https://github.com/typerobot/obscura already has a lockfile, it will not be regenerated
[INFO] running `Command { std: CARGO_HOME="/workspace/cargo-home" RUSTUP_HOME="/workspace/rustup-home" "/workspace/cargo-home/bin/cargo" "+3154cc1a3e6424e44f438a95007d043ed5ceaaf6" "fetch" "--manifest-path" "Cargo.toml", kill_on_drop: false }`
[INFO] [stderr]     Updating crates.io index
[INFO] [stderr]  Downloading crates ...
[INFO] [stderr]   Downloaded wasm-bindgen-shared v0.2.125
[INFO] [stderr]   Downloaded memchr v2.8.2
[INFO] [stderr]   Downloaded wasm-bindgen-macro v0.2.125
[INFO] [stderr]   Downloaded wreq-util v3.0.0-rc.12
[INFO] [stderr]   Downloaded fslock v0.2.1
[INFO] [stderr]   Downloaded string_cache_codegen v0.6.1
[INFO] [stderr]   Downloaded phf_shared v0.13.1
[INFO] [stderr]   Downloaded cc v1.2.64
[INFO] [stderr]   Downloaded wasm-bindgen v0.2.125
[INFO] [stderr]   Downloaded tokio-btls v0.5.6
[INFO] [stderr]   Downloaded wasm-bindgen-futures v0.4.75
[INFO] [stderr]   Downloaded deno_error_macro v0.6.1
[INFO] [stderr]   Downloaded phf_generator v0.13.1
[INFO] [stderr]   Downloaded gzip-header v1.1.0
[INFO] [stderr]   Downloaded wuff v0.2.8
[INFO] [stderr]   Downloaded phf_codegen v0.13.1
[INFO] [stderr]   Downloaded deno_error v0.6.1
[INFO] [stderr]   Downloaded wasm_dep_analyzer v0.3.0
[INFO] [stderr]   Downloaded deno_path_util v0.4.0
[INFO] [stderr]   Downloaded proc-macro-rules-macros v0.4.0
[INFO] [stderr]   Downloaded compression-core v0.4.32
[INFO] [stderr]   Downloaded tokio-socks v0.5.3
[INFO] [stderr]   Downloaded typed-builder-macro v0.23.2
[INFO] [stderr]   Downloaded servo_arc v0.4.3
[INFO] [stderr]   Downloaded markup5ever v0.39.0
[INFO] [stderr]   Downloaded string_cache v0.9.0
[INFO] [stderr]   Downloaded capacity_builder v0.5.0
[INFO] [stderr]   Downloaded font-types v0.8.4
[INFO] [stderr]   Downloaded web_atoms v0.2.5
[INFO] [stderr]   Downloaded phf v0.13.1
[INFO] [stderr]   Downloaded debugid v0.8.0
[INFO] [stderr]   Downloaded deno_unsync v0.4.4
[INFO] [stderr]   Downloaded sys_traits_macros v0.1.0
[INFO] [stderr]   Downloaded stringcase v0.4.0
[INFO] [stderr]   Downloaded proc-macro-rules v0.4.0
[INFO] [stderr]   Downloaded cooked-waker v5.0.0
[INFO] [stderr]   Downloaded capacity_builder_macros v0.3.0
[INFO] [stderr]   Downloaded az v1.3.0
[INFO] [stderr]   Downloaded wreq-rt v0.2.2-rc.4
[INFO] [stderr]   Downloaded compression-codecs v0.4.38
[INFO] [stderr]   Downloaded typed-builder v0.23.2
[INFO] [stderr]   Downloaded log v0.4.32
[INFO] [stderr]   Downloaded yasna v0.5.2
[INFO] [stderr]   Downloaded arrayvec v0.7.7
[INFO] [stderr]   Downloaded tendril v0.5.1
[INFO] [stderr]   Downloaded self_cell v1.2.2
[INFO] [stderr]   Downloaded sourcemap v9.3.2
[INFO] [stderr]   Downloaded serde_v8 v0.259.0
[INFO] [stderr]   Downloaded sys_traits v0.1.28
[INFO] [stderr]   Downloaded rcgen v0.13.2
[INFO] [stderr]   Downloaded selectors v0.26.0
[INFO] [stderr]   Downloaded cssparser v0.34.0
[INFO] [stderr]   Downloaded rangemap v1.7.1
[INFO] [stderr]   Downloaded unicode-id-start v1.4.0
[INFO] [stderr]   Downloaded uuid v1.23.3
[INFO] [stderr]   Downloaded deno_ops v0.226.0
[INFO] [stderr]   Downloaded wasm-bindgen-macro-support v0.2.125
[INFO] [stderr]   Downloaded wreq-proto v0.2.5
[INFO] [stderr]   Downloaded zerocopy-derive v0.8.52
[INFO] [stderr]   Downloaded ureq v2.12.1
[INFO] [stderr]   Downloaded html5ever v0.39.0
[INFO] [stderr]   Downloaded js-sys v0.3.102
[INFO] [stderr]   Downloaded fontdb v0.16.2
[INFO] [stderr]   Downloaded async-compression v0.4.42
[INFO] [stderr]   Downloaded ttf-parser v0.20.0
[INFO] [stderr]   Downloaded regex v1.12.4
[INFO] [stderr]   Downloaded wreq v6.0.0-rc.29
[INFO] [stderr]   Downloaded http2 v0.5.18
[INFO] [stderr]   Downloaded brotli-decompressor v5.0.1
[INFO] [stderr]   Downloaded btls v0.5.6
[INFO] [stderr]   Downloaded quinn-proto v0.11.15
[INFO] [stderr]   Downloaded swash v0.2.0
[INFO] [stderr]   Downloaded zerocopy v0.8.52
[INFO] [stderr]   Downloaded time v0.3.54
[INFO] [stderr]   Downloaded bindgen v0.71.1
[INFO] [stderr]   Downloaded skrifa v0.26.6
[INFO] [stderr]   Downloaded deno_core v0.350.0
[INFO] [stderr]   Downloaded read-fonts v0.25.3
[INFO] [stderr]   Downloaded web-sys v0.3.102
[INFO] [stderr]   Downloaded brotli v8.0.3
[INFO] [stderr]   Downloaded deno_core_icudata v0.74.0
[INFO] [stderr]   Downloaded btls-sys v0.5.6
[INFO] [stderr]   Downloaded v8 v137.3.0
[INFO] running `Command { std: "docker" "create" "-v" "/var/lib/crater-agent-workspace/builds/worker-4-tc1/source:/opt/rustwide/workdir:ro,Z" "-v" "/var/lib/crater-agent-workspace/builds/worker-4-tc1/target:/opt/rustwide/target:rw,Z" "-v" "/var/lib/crater-agent-workspace/cargo-home:/opt/rustwide/cargo-home:ro,Z" "-v" "/var/lib/crater-agent-workspace/rustup-home:/opt/rustwide/rustup-home:ro,Z" "-m" "1610612736" "--network" "none" "ghcr.io/rust-lang/crates-build-env/linux@sha256:77db811e55d90add9212f6832c23229e3de5f1c1f9905e8cb07319ea15df73ac" "sleep" "infinity", kill_on_drop: false }`
[INFO] [stdout] e794feb0cc5324f4338fcb64f0a33e207162780711e7e5cae633dbd572846f25
[INFO] running `Command { std: "docker" "start" "e794feb0cc5324f4338fcb64f0a33e207162780711e7e5cae633dbd572846f25", kill_on_drop: false }`
[INFO] running `Command { std: "docker" "inspect" "e794feb0cc5324f4338fcb64f0a33e207162780711e7e5cae633dbd572846f25", kill_on_drop: false }`
[INFO] running `Command { std: "docker" "exec" "-e" "SOURCE_DIR=/opt/rustwide/workdir" "-e" "CARGO_HOME=/opt/rustwide/cargo-home" "-e" "RUSTUP_HOME=/opt/rustwide/rustup-home" "-e" "CARGO_TARGET_DIR=/opt/rustwide/target" "-w" "/opt/rustwide/workdir" "--user" "0:0" "e794feb0cc5324f4338fcb64f0a33e207162780711e7e5cae633dbd572846f25" "/opt/rustwide/cargo-home/bin/cargo" "+3154cc1a3e6424e44f438a95007d043ed5ceaaf6" "metadata" "--no-deps" "--format-version=1", kill_on_drop: false }`
[INFO] running `Command { std: "docker" "inspect" "e794feb0cc5324f4338fcb64f0a33e207162780711e7e5cae633dbd572846f25", kill_on_drop: false }`
[INFO] running `Command { std: "docker" "exec" "-e" "SOURCE_DIR=/opt/rustwide/workdir" "-e" "CARGO_HOME=/opt/rustwide/cargo-home" "-e" "RUSTUP_HOME=/opt/rustwide/rustup-home" "-e" "CARGO_TARGET_DIR=/opt/rustwide/target" "-e" "CARGO_INCREMENTAL=0" "-e" "RUST_BACKTRACE=full" "-e" "RUSTFLAGS=--cap-lints=forbid -Znext-solver=coherence" "-e" "RUSTDOCFLAGS=--cap-lints=forbid" "-w" "/opt/rustwide/workdir" "--user" "0:0" "e794feb0cc5324f4338fcb64f0a33e207162780711e7e5cae633dbd572846f25" "/opt/rustwide/cargo-home/bin/cargo" "+3154cc1a3e6424e44f438a95007d043ed5ceaaf6" "check" "--frozen" "--all" "--all-targets" "--message-format=json", kill_on_drop: false }`
[INFO] [stderr]    Compiling proc-macro2 v1.0.106
[INFO] [stderr]    Compiling quote v1.0.45
[INFO] [stderr]    Compiling libc v0.2.186
[INFO] [stderr]    Compiling serde_core v1.0.228
[INFO] [stderr]     Checking stable_deref_trait v1.2.1
[INFO] [stderr]    Compiling serde v1.0.228
[INFO] [stderr]     Checking bytes v1.11.1
[INFO] [stderr]    Compiling thiserror v2.0.18
[INFO] [stderr]    Compiling siphasher v1.0.3
[INFO] [stderr]    Compiling memchr v2.8.2
[INFO] [stderr]    Compiling zmij v1.0.21
[INFO] [stderr]    Compiling rand_core v0.6.4
[INFO] [stderr]    Compiling serde_json v1.0.150
[INFO] [stderr]    Compiling rand v0.8.6
[INFO] [stderr]     Checking log v0.4.32
[INFO] [stderr]     Checking futures-core v0.3.32
[INFO] [stderr]     Checking once_cell v1.21.4
[INFO] [stderr]     Checking bitflags v2.13.0
[INFO] [stderr]    Compiling smallvec v1.15.2
[INFO] [stderr]     Checking futures-sink v0.3.32
[INFO] [stderr]    Compiling litemap v0.8.2
[INFO] [stderr]    Compiling glob v0.3.3
[INFO] [stderr]    Compiling writeable v0.6.3
[INFO] [stderr]    Compiling syn v2.0.117
[INFO] [stderr]     Checking futures-channel v0.3.32
[INFO] [stderr]    Compiling utf8_iter v1.0.4
[INFO] [stderr]    Compiling prettyplease v0.2.37
[INFO] [stderr]     Checking tracing-core v0.1.36
[INFO] [stderr]    Compiling phf_shared v0.11.3
[INFO] [stderr]    Compiling clang-sys v1.8.1
[INFO] [stderr]     Checking getrandom v0.2.17
[INFO] [stderr]     Checking parking_lot_core v0.9.12
[INFO] [stderr]     Checking errno v0.3.14
[INFO] [stderr]     Checking mio v1.2.1
[INFO] [stderr]     Checking signal-hook-registry v1.4.8
[INFO] [stderr]     Checking socket2 v0.6.4
[INFO] [stderr]     Checking parking_lot v0.12.5
[INFO] [stderr]     Checking crypto-common v0.1.7
[INFO] [stderr]    Compiling phf_shared v0.13.1
[INFO] [stderr]     Checking futures-task v0.3.32
[INFO] [stderr]    Compiling either v1.16.0
[INFO] [stderr]     Checking futures-io v0.3.32
[INFO] [stderr]    Compiling minimal-lexical v0.2.1
[INFO] [stderr]    Compiling regex-syntax v0.8.11
[INFO] [stderr]    Compiling fastrand v2.4.1
[INFO] [stderr]     Checking slab v0.4.12
[INFO] [stderr]    Compiling nom v7.1.3
[INFO] [stderr]    Compiling rustix v0.38.44
[INFO] [stderr]    Compiling cc v1.2.64
[INFO] [stderr]    Compiling phf_generator v0.11.3
[INFO] [stderr]    Compiling phf_generator v0.13.1
[INFO] [stderr]    Compiling libloading v0.8.9
[INFO] [stderr]    Compiling icu_normalizer_data v2.2.0
[INFO] [stderr]    Compiling icu_properties_data v2.2.0
[INFO] [stderr]    Compiling hashbrown v0.17.1
[INFO] [stderr]    Compiling bindgen v0.71.1
[INFO] [stderr]    Compiling equivalent v1.0.2
[INFO] [stderr]    Compiling rustc-hash v2.1.2
[INFO] [stderr]    Compiling linux-raw-sys v0.4.15
[INFO] [stderr]    Compiling indexmap v2.14.0
[INFO] [stderr]    Compiling regex-automata v0.4.14
[INFO] [stderr]    Compiling ring v0.17.14
[INFO] [stderr]    Compiling cexpr v0.6.0
[INFO] [stderr]    Compiling itertools v0.13.0
[INFO] [stderr]     Checking http v1.4.2
[INFO] [stderr]    Compiling crc32fast v1.5.0
[INFO] [stderr]    Compiling home v0.5.12
[INFO] [stderr]     Checking new_debug_unreachable v1.0.6
[INFO] [stderr]    Compiling shlex v1.3.0
[INFO] [stderr]    Compiling scopeguard v1.2.0
[INFO] [stderr]    Compiling adler2 v2.0.1
[INFO] [stderr]     Checking simd-adler32 v0.3.9
[INFO] [stderr]    Compiling radium v0.7.0
[INFO] [stderr]    Compiling miniz_oxide v0.8.9
[INFO] [stderr]    Compiling lock_api v0.4.14
[INFO] [stderr]    Compiling gzip-header v1.1.0
[INFO] [stderr]    Compiling phf_codegen v0.13.1
[INFO] [stderr]    Compiling which v6.0.3
[INFO] [stderr]    Compiling string_cache_codegen v0.6.1
[INFO] [stderr]    Compiling regex v1.12.4
[INFO] [stderr]    Compiling fslock v0.2.1
[INFO] [stderr]    Compiling synstructure v0.13.2
[INFO] [stderr]     Checking precomputed-hash v0.1.1
[INFO] [stderr]    Compiling percent-encoding v2.3.2
[INFO] [stderr]    Compiling form_urlencoded v1.2.2
[INFO] [stderr]     Checking rustls-pki-types v1.14.1
[INFO] [stderr]    Compiling web_atoms v0.2.5
[INFO] [stderr]    Compiling getrandom v0.4.2
[INFO] [stderr]     Checking alloc-no-stdlib v2.0.4
[INFO] [stderr]     Checking flate2 v1.1.9
[INFO] [stderr]     Checking alloc-stdlib v0.2.2
[INFO] [stderr]    Compiling zerofrom-derive v0.1.7
[INFO] [stderr]    Compiling yoke-derive v0.8.2
[INFO] [stderr]    Compiling zerovec-derive v0.11.3
[INFO] [stderr]    Compiling displaydoc v0.2.6
[INFO] [stderr]    Compiling tokio-macros v2.7.0
[INFO] [stderr]    Compiling serde_derive v1.0.228
[INFO] [stderr]    Compiling thiserror-impl v2.0.18
[INFO] [stderr]    Compiling futures-macro v0.3.32
[INFO] [stderr]     Checking tokio v1.52.3
[INFO] [stderr]    Compiling tracing-attributes v0.1.31
[INFO] [stderr]     Checking zerofrom v0.1.8
[INFO] [stderr]     Checking yoke v0.8.3
[INFO] [stderr]     Checking zerovec v0.11.6
[INFO] [stderr]     Checking zerotrie v0.2.4
[INFO] [stderr]     Checking tinystr v0.8.3
[INFO] [stderr]     Checking potential_utf v0.1.5
[INFO] [stderr]     Checking icu_locale_core v2.2.0
[INFO] [stderr]     Checking icu_collections v2.2.0
[INFO] [stderr]     Checking futures-util v0.3.32
[INFO] [stderr]    Compiling deno_error_macro v0.6.1
[INFO] [stderr]     Checking tracing v0.1.44
[INFO] [stderr]     Checking icu_provider v2.2.0
[INFO] [stderr]     Checking icu_properties v2.2.0
[INFO] [stderr]     Checking icu_normalizer v2.2.0
[INFO] [stderr]     Checking idna_adapter v1.2.2
[INFO] [stderr]     Checking idna v1.1.0
[INFO] [stderr]     Checking url v2.5.8
[INFO] [stderr]    Compiling sys_traits_macros v0.1.0
[INFO] [stderr]    Compiling phf_macros v0.11.3
[INFO] [stderr]     Checking string_cache v0.9.0
[INFO] [stderr]     Checking phf v0.13.1
[INFO] [stderr]     Checking http-body v1.0.1
[INFO] [stderr]    Compiling phf_codegen v0.11.3
[INFO] [stderr]     Checking dtoa v1.0.11
[INFO] [stderr]     Checking digest v0.10.7
[INFO] [stderr]     Checking dtoa-short v0.3.5
[INFO] [stderr]     Checking phf v0.11.3
[INFO] [stderr]    Compiling num-traits v0.2.19
[INFO] [stderr]    Compiling selectors v0.26.0
[INFO] [stderr]    Compiling cssparser-macros v0.6.1
[INFO] [stderr]     Checking brotli-decompressor v5.0.1
[INFO] [stderr]     Checking tendril v0.5.1
[INFO] [stderr]    Compiling rustls v0.23.40
[INFO] [stderr]     Checking byteorder v1.5.0
[INFO] [stderr]    Compiling anyhow v1.0.103
[INFO] [stderr]    Compiling proc-macro-rules-macros v0.4.0
[INFO] [stderr]     Checking fxhash v0.2.1
[INFO] [stderr]     Checking cssparser v0.34.0
[INFO] [stderr]     Checking markup5ever v0.39.0
[INFO] [stderr]     Checking brotli v8.0.3
[INFO] [stderr]    Compiling v8 v137.3.0
[INFO] [stderr]     Checking rustls-webpki v0.103.13
[INFO] [stderr]    Compiling pin-project-internal v1.1.13
[INFO] [stderr]    Compiling capacity_builder_macros v0.3.0
[INFO] [stderr]    Compiling strum_macros v0.27.2
[INFO] [stderr]    Compiling derive_more v0.99.20
[INFO] [stderr]     Checking block-padding v0.3.3
[INFO] [stderr]     Checking servo_arc v0.4.3
[INFO] [stderr]    Compiling tap v1.0.1
[INFO] [stderr]    Compiling deno_error v0.6.1
[INFO] [stderr]     Checking compression-core v0.4.32
[INFO] [stderr]     Checking hyper v1.10.1
[INFO] [stderr]    Compiling wyz v0.5.1
[INFO] [stderr]     Checking inout v0.1.4
[INFO] [stderr]    Compiling num-integer v0.1.46
[INFO] [stderr]    Compiling proc-macro-rules v0.4.0
[INFO] [stderr]     Checking html5ever v0.39.0
[INFO] [stderr]    Compiling strum v0.27.2
[INFO] [stderr]     Checking sync_wrapper v1.0.2
[INFO] [stderr]    Compiling funty v2.0.0
[INFO] [stderr]    Compiling stringcase v0.4.0
[INFO] [stderr]    Compiling uuid v1.23.3
[INFO] [stderr]    Compiling outref v0.5.2
[INFO] [stderr]    Compiling vsimd v0.8.0
[INFO] [stderr]    Compiling deno_ops v0.226.0
[INFO] [stderr]    Compiling futures-executor v0.3.32
[INFO] [stderr]    Compiling bitvec v1.0.1
[INFO] [stderr]    Compiling debugid v0.8.0
[INFO] [stderr]     Checking compression-codecs v0.4.38
[INFO] [stderr]     Checking hyper-util v0.1.20
[INFO] [stderr]     Checking tower v0.5.3
[INFO] [stderr]     Checking async-compression v0.4.42
[INFO] [stderr]    Compiling base64-simd v0.8.0
[INFO] [stderr]    Compiling num-bigint v0.4.6
[INFO] [stderr]     Checking cipher v0.4.4
[INFO] [stderr]     Checking tokio-util v0.7.18
[INFO] [stderr]     Checking http-body-util v0.1.3
[INFO] [stderr]    Compiling sys_traits v0.1.28
[INFO] [stderr]     Checking webpki-roots v1.0.7
[INFO] [stderr]    Compiling data-encoding v2.11.0
[INFO] [stderr]    Compiling bit-vec v0.8.0
[INFO] [stderr]    Compiling unicode-id-start v1.4.0
[INFO] [stderr]    Compiling if_chain v1.0.3
[INFO] [stderr]     Checking serde_urlencoded v0.7.1
[INFO] [stderr]     Checking rustix v1.1.4
[INFO] [stderr]    Compiling bit-set v0.8.0
[INFO] [stderr]    Compiling deno_path_util v0.4.0
[INFO] [stderr]     Checking tower-http v0.6.11
[INFO] [stderr]    Compiling futures v0.3.32
[INFO] [stderr]     Checking tokio-rustls v0.26.4
[INFO] [stderr]     Checking obscura-dom v0.1.0 (/opt/rustwide/workdir/crates/obscura-dom)
[INFO] [stderr]     Checking hyper-rustls v0.27.9
[INFO] [stderr]    Compiling deno_unsync v0.4.4
[INFO] [stderr]    Compiling wasm_dep_analyzer v0.3.0
[INFO] [stderr]    Compiling pin-project v1.1.13
[INFO] [stderr]    Compiling capacity_builder v0.5.0
[INFO] [stderr]    Compiling bincode v1.3.3
[INFO] [stderr]     Checking universal-hash v0.5.1
[INFO] [stderr]    Compiling sourcemap v9.3.2
[INFO] [stderr] error: failed to run custom build command for `v8 v137.3.0`
[INFO] [stderr] note: To improve backtraces for build dependencies, set the CARGO_PROFILE_DEV_BUILD_OVERRIDE_DEBUG=true environment variable to enable debug information generation.
[INFO] [stderr] 
[INFO] [stderr] Caused by:
[INFO] [stderr]   process didn't exit successfully: `/opt/rustwide/target/debug/build/v8/e81c06b30c292222/out/build_script_build` (exit status: 101)
[INFO] [stderr]   --- stdout
[INFO] [stderr]   cargo:rerun-if-changed=.gn
[INFO] [stderr]   cargo:rerun-if-changed=BUILD.gn
[INFO] [stderr]   cargo:rerun-if-changed=src/binding.cc
[INFO] [stderr]   cargo:rerun-if-env-changed=CCACHE
[INFO] [stderr]   cargo:rerun-if-env-changed=CLANG_BASE_PATH
[INFO] [stderr]   cargo:rerun-if-env-changed=CXXSTDLIB
[INFO] [stderr]   cargo:rerun-if-env-changed=DENO_TRYBUILD
[INFO] [stderr]   cargo:rerun-if-env-changed=DOCS_RS
[INFO] [stderr]   cargo:rerun-if-env-changed=GN
[INFO] [stderr]   cargo:rerun-if-env-changed=GN_ARGS
[INFO] [stderr]   cargo:rerun-if-env-changed=HOST
[INFO] [stderr]   cargo:rerun-if-env-changed=NINJA
[INFO] [stderr]   cargo:rerun-if-env-changed=OUT_DIR
[INFO] [stderr]   cargo:rerun-if-env-changed=RUSTY_V8_ARCHIVE
[INFO] [stderr]   cargo:rerun-if-env-changed=RUSTY_V8_MIRROR
[INFO] [stderr]   cargo:rerun-if-env-changed=RUSTY_V8_SRC_BINDING_PATH
[INFO] [stderr]   cargo:rerun-if-env-changed=SCCACHE
[INFO] [stderr]   cargo:rerun-if-env-changed=V8_FORCE_DEBUG
[INFO] [stderr]   cargo:rerun-if-env-changed=V8_FROM_SOURCE
[INFO] [stderr]   cargo:rerun-if-env-changed=PYTHON
[INFO] [stderr]   cargo:rerun-if-env-changed=DISABLE_CLANG
[INFO] [stderr]   cargo:rerun-if-env-changed=EXTRA_GN_ARGS
[INFO] [stderr]   cargo:rerun-if-env-changed=PRINT_GN_ARGS
[INFO] [stderr]   cargo:rerun-if-env-changed=CARGO_ENCODED_RUSTFLAGS
[INFO] [stderr]   cargo:rustc-link-lib=static=rusty_v8
[INFO] [stderr]   lockfile: "/opt/rustwide/target/debug/build/v8/v8.fslock"
[INFO] [stderr]   cargo:rustc-env=RUSTY_V8_SRC_BINDING_PATH=/opt/rustwide/cargo-home/registry/src/index.crates.io-1949cf8c6b5b557f/v8-137.3.0/gen/src_binding_release_x86_64-unknown-linux-gnu.rs
[INFO] [stderr]   static lib URL: https://github.com/denoland/rusty_v8/releases/download/v137.3.0/librusty_v8_release_x86_64-unknown-linux-gnu.a.gz
[INFO] [stderr]   cargo:rustc-link-search=/opt/rustwide/target/debug/build/gn_out/obj
[INFO] [stderr]   Looking for download in '"/opt/rustwide/cargo-home/.rusty_v8/https___github_com_denoland_rusty_v8_releases_download_v137_3_0_librusty_v8_release_x86_64_unknown_linux_gnu_a_gz"'
[INFO] [stderr]   Downloading (using Python) https://github.com/denoland/rusty_v8/releases/download/v137.3.0/librusty_v8_release_x86_64-unknown-linux-gnu.a.gz
[INFO] [stderr]   Downloading https://github.com/denoland/rusty_v8/releases/download/v137.3.0/librusty_v8_release_x86_64-unknown-linux-gnu.a.gz...
[INFO] [stderr]   <urlopen error [Errno -3] Temporary failure in name resolution>
[INFO] [stderr]   Retrying in 5 s ...
[INFO] [stderr]   Downloading https://github.com/denoland/rusty_v8/releases/download/v137.3.0/librusty_v8_release_x86_64-unknown-linux-gnu.a.gz...
[INFO] [stderr]   <urlopen error [Errno -3] Temporary failure in name resolution>
[INFO] [stderr]   Retrying in 10 s ...
[INFO] [stderr]   Downloading https://github.com/denoland/rusty_v8/releases/download/v137.3.0/librusty_v8_release_x86_64-unknown-linux-gnu.a.gz...
[INFO] [stderr]   <urlopen error [Errno -3] Temporary failure in name resolution>
[INFO] [stderr]   Retrying in 20 s ...
[INFO] [stderr]   Downloading https://github.com/denoland/rusty_v8/releases/download/v137.3.0/librusty_v8_release_x86_64-unknown-linux-gnu.a.gz...
[INFO] [stderr]   <urlopen error [Errno -3] Temporary failure in name resolution>
[INFO] [stderr]   Python downloader failed, trying with curl.
[INFO] [stderr] 
[INFO] [stderr]   --- stderr
[INFO] [stderr]   Traceback (most recent call last):
[INFO] [stderr]     File "/usr/lib/python3.14/urllib/request.py", line 1321, in do_open
[INFO] [stderr]       h.request(req.get_method(), req.selector, req.data, headers,
[INFO] [stderr]       ~~~~~~~~~^^^^^^^^^^^^^^^^^^^^^^^^^^^^^^^^^^^^^^^^^^^^^^^^^^^
[INFO] [stderr]                 encode_chunked=req.has_header('Transfer-encoding'))
[INFO] [stderr]                 ^^^^^^^^^^^^^^^^^^^^^^^^^^^^^^^^^^^^^^^^^^^^^^^^^^^
[INFO] [stderr]     File "/usr/lib/python3.14/http/client.py", line 1367, in request
[INFO] [stderr]       self._send_request(method, url, body, headers, encode_chunked)
[INFO] [stderr]       ~~~~~~~~~~~~~~~~~~^^^^^^^^^^^^^^^^^^^^^^^^^^^^^^^^^^^^^^^^^^^^
[INFO] [stderr]     File "/usr/lib/python3.14/http/client.py", line 1413, in _send_request
[INFO] [stderr]       self.endheaders(body, encode_chunked=encode_chunked)
[INFO] [stderr]       ~~~~~~~~~~~~~~~^^^^^^^^^^^^^^^^^^^^^^^^^^^^^^^^^^^^^
[INFO] [stderr]     File "/usr/lib/python3.14/http/client.py", line 1362, in endheaders
[INFO] [stderr]       self._send_output(message_body, encode_chunked=encode_chunked)
[INFO] [stderr]       ~~~~~~~~~~~~~~~~~^^^^^^^^^^^^^^^^^^^^^^^^^^^^^^^^^^^^^^^^^^^^^
[INFO] [stderr]     File "/usr/lib/python3.14/http/client.py", line 1122, in _send_output
[INFO] [stderr]       self.send(msg)
[INFO] [stderr]       ~~~~~~~~~^^^^^
[INFO] [stderr]     File "/usr/lib/python3.14/http/client.py", line 1066, in send
[INFO] [stderr]       self.connect()
[INFO] [stderr]       ~~~~~~~~~~~~^^
[INFO] [stderr]     File "/usr/lib/python3.14/http/client.py", line 1501, in connect
[INFO] [stderr]       super().connect()
[INFO] [stderr]       ~~~~~~~~~~~~~~~^^
[INFO] [stderr]     File "/usr/lib/python3.14/http/client.py", line 1032, in connect
[INFO] [stderr]       self.sock = self._create_connection(
[INFO] [stderr]                   ~~~~~~~~~~~~~~~~~~~~~~~^
[INFO] [stderr]           (self.host,self.port), self.timeout, self.source_address)
[INFO] [stderr]           ^^^^^^^^^^^^^^^^^^^^^^^^^^^^^^^^^^^^^^^^^^^^^^^^^^^^^^^^^
[INFO] [stderr]     File "/usr/lib/python3.14/socket.py", line 846, in create_connection
[INFO] [stderr]       for res in getaddrinfo(host, port, 0, SOCK_STREAM):
[INFO] [stderr]                  ~~~~~~~~~~~^^^^^^^^^^^^^^^^^^^^^^^^^^^^
[INFO] [stderr]     File "/usr/lib/python3.14/socket.py", line 983, in getaddrinfo
[INFO] [stderr]       for res in _socket.getaddrinfo(host, port, family, type, proto, flags):
[INFO] [stderr]                  ~~~~~~~~~~~~~~~~~~~^^^^^^^^^^^^^^^^^^^^^^^^^^^^^^^^^^^^^^^^
[INFO] [stderr]   socket.gaierror: [Errno -3] Temporary failure in name resolution
[INFO] [stderr] 
[INFO] [stderr]   During handling of the above exception, another exception occurred:
[INFO] [stderr] 
[INFO] [stderr]   Traceback (most recent call last):
[INFO] [stderr]     File "/opt/rustwide/cargo-home/registry/src/index.crates.io-1949cf8c6b5b557f/v8-137.3.0/./tools/download_file.py", line 64, in <module>
[INFO] [stderr]       sys.exit(main())
[INFO] [stderr]                ~~~~^^
[INFO] [stderr]     File "/opt/rustwide/cargo-home/registry/src/index.crates.io-1949cf8c6b5b557f/v8-137.3.0/./tools/download_file.py", line 59, in main
[INFO] [stderr]       DownloadUrl(args.url, f)
[INFO] [stderr]       ~~~~~~~~~~~^^^^^^^^^^^^^
[INFO] [stderr]     File "/opt/rustwide/cargo-home/registry/src/index.crates.io-1949cf8c6b5b557f/v8-137.3.0/./tools/download_file.py", line 45, in DownloadUrl
[INFO] [stderr]       raise e
[INFO] [stderr]     File "/opt/rustwide/cargo-home/registry/src/index.crates.io-1949cf8c6b5b557f/v8-137.3.0/./tools/download_file.py", line 29, in DownloadUrl
[INFO] [stderr]       response = urlopen(url)
[INFO] [stderr]     File "/usr/lib/python3.14/urllib/request.py", line 187, in urlopen
[INFO] [stderr]       return opener.open(url, data, timeout)
[INFO] [stderr]              ~~~~~~~~~~~^^^^^^^^^^^^^^^^^^^^
[INFO] [stderr]     File "/usr/lib/python3.14/urllib/request.py", line 487, in open
[INFO] [stderr]       response = self._open(req, data)
[INFO] [stderr]     File "/usr/lib/python3.14/urllib/request.py", line 504, in _open
[INFO] [stderr]       result = self._call_chain(self.handle_open, protocol, protocol +
[INFO] [stderr]                                 '_open', req)
[INFO] [stderr]     File "/usr/lib/python3.14/urllib/request.py", line 464, in _call_chain
[INFO] [stderr]       result = func(*args)
[INFO] [stderr]     File "/usr/lib/python3.14/urllib/request.py", line 1369, in https_open
[INFO] [stderr]       return self.do_open(http.client.HTTPSConnection, req,
[INFO] [stderr]              ~~~~~~~~~~~~^^^^^^^^^^^^^^^^^^^^^^^^^^^^^^^^^^
[INFO] [stderr]                           context=self._context)
[INFO] [stderr]                           ^^^^^^^^^^^^^^^^^^^^^^
[INFO] [stderr]     File "/usr/lib/python3.14/urllib/request.py", line 1324, in do_open
[INFO] [stderr]       raise URLError(err)
[INFO] [stderr]   urllib.error.URLError: <urlopen error [Errno -3] Temporary failure in name resolution>
[INFO] [stderr] 
[INFO] [stderr]   thread 'main' (2031) panicked at /opt/rustwide/cargo-home/registry/src/index.crates.io-1949cf8c6b5b557f/v8-137.3.0/build.rs:555:3:
[INFO] [stderr]   assertion failed: status.success()
[INFO] [stderr]   stack backtrace:
[INFO] [stderr]      0:     0x5d27eece48c1 - std[3164a59e47d3bde]::backtrace_rs::backtrace::libunwind::trace
[INFO] [stderr]                                  at /rustc/3154cc1a3e6424e44f438a95007d043ed5ceaaf6/library/std/src/../../backtrace/src/backtrace/libunwind.rs:117:9
[INFO] [stderr]      1:     0x5d27eece48c1 - std[3164a59e47d3bde]::backtrace_rs::backtrace::trace_unsynchronized::<std[3164a59e47d3bde]::sys::backtrace::_print_fmt::{closure#1}>
[INFO] [stderr]                                  at /rustc/3154cc1a3e6424e44f438a95007d043ed5ceaaf6/library/std/src/../../backtrace/src/backtrace/mod.rs:66:14
[INFO] [stderr]      2:     0x5d27eece48c1 - std[3164a59e47d3bde]::sys::backtrace::_print_fmt
[INFO] [stderr]                                  at /rustc/3154cc1a3e6424e44f438a95007d043ed5ceaaf6/library/std/src/sys/backtrace.rs:74:9
[INFO] [stderr]      3:     0x5d27eece48c1 - <<std[3164a59e47d3bde]::sys::backtrace::BacktraceLock>::print::DisplayBacktrace as core[934024a1e6126fb4]::fmt::Display>::fmt
[INFO] [stderr]                                  at /rustc/3154cc1a3e6424e44f438a95007d043ed5ceaaf6/library/std/src/sys/backtrace.rs:44:26
[INFO] [stderr]      4:     0x5d27eecfafda - <core[934024a1e6126fb4]::fmt::rt::Argument>::fmt
[INFO] [stderr]                                  at /rustc/3154cc1a3e6424e44f438a95007d043ed5ceaaf6/library/core/src/fmt/rt.rs:152:76
[INFO] [stderr]      5:     0x5d27eecfafda - core[934024a1e6126fb4]::fmt::write
[INFO] [stderr]      6:     0x5d27eece9bfc - core[934024a1e6126fb4]::io::write::default_write_fmt::<std[3164a59e47d3bde]::sys::stdio::unix::Stderr>
[INFO] [stderr]                                  at /rustc/3154cc1a3e6424e44f438a95007d043ed5ceaaf6/library/core/src/io/write.rs:402:11
[INFO] [stderr]      7:     0x5d27eece9bfc - <std[3164a59e47d3bde]::sys::stdio::unix::Stderr as core[934024a1e6126fb4]::io::write::Write>::write_fmt
[INFO] [stderr]                                  at /rustc/3154cc1a3e6424e44f438a95007d043ed5ceaaf6/library/core/src/io/write.rs:335:13
[INFO] [stderr]      8:     0x5d27eecc18e6 - <std[3164a59e47d3bde]::sys::backtrace::BacktraceLock>::print
[INFO] [stderr]                                  at /rustc/3154cc1a3e6424e44f438a95007d043ed5ceaaf6/library/std/src/sys/backtrace.rs:47:9
[INFO] [stderr]      9:     0x5d27eecc18e6 - std[3164a59e47d3bde]::panicking::default_hook::{closure#0}
[INFO] [stderr]                                  at /rustc/3154cc1a3e6424e44f438a95007d043ed5ceaaf6/library/std/src/panicking.rs:289:27
[INFO] [stderr]     10:     0x5d27eecde211 - std[3164a59e47d3bde]::panicking::default_hook
[INFO] [stderr]                                  at /rustc/3154cc1a3e6424e44f438a95007d043ed5ceaaf6/library/std/src/panicking.rs:316:9
[INFO] [stderr]     11:     0x5d27eecde53b - std[3164a59e47d3bde]::panicking::panic_with_hook
[INFO] [stderr]                                  at /rustc/3154cc1a3e6424e44f438a95007d043ed5ceaaf6/library/std/src/panicking.rs:811:13
[INFO] [stderr]     12:     0x5d27eecc19c4 - std[3164a59e47d3bde]::panicking::panic_handler::{closure#0}
[INFO] [stderr]                                  at /rustc/3154cc1a3e6424e44f438a95007d043ed5ceaaf6/library/std/src/panicking.rs:678:13
[INFO] [stderr]     13:     0x5d27eecb9ff9 - std[3164a59e47d3bde]::sys::backtrace::__rust_end_short_backtrace::<std[3164a59e47d3bde]::panicking::panic_handler::{closure#0}, !>
[INFO] [stderr]                                  at /rustc/3154cc1a3e6424e44f438a95007d043ed5ceaaf6/library/std/src/sys/backtrace.rs:182:18
[INFO] [stderr]     14:     0x5d27eecc235d - __rustc[2e7b49d4226056d3]::rust_begin_unwind
[INFO] [stderr]                                  at /rustc/3154cc1a3e6424e44f438a95007d043ed5ceaaf6/library/std/src/panicking.rs:676:5
[INFO] [stderr]     15:     0x5d27eecfb87c - core[934024a1e6126fb4]::panicking::panic_fmt
[INFO] [stderr]                                  at /rustc/3154cc1a3e6424e44f438a95007d043ed5ceaaf6/library/core/src/panicking.rs:80:14
[INFO] [stderr]     16:     0x5d27eecfb842 - core[934024a1e6126fb4]::panicking::panic
[INFO] [stderr]                                  at /rustc/3154cc1a3e6424e44f438a95007d043ed5ceaaf6/library/core/src/panicking.rs:150:5
[INFO] [stderr]     17:     0x5d27ee77996d - build_script_build[443d30ee5d6fc777]::download_file
[INFO] [stderr]     18:     0x5d27ee77e602 - build_script_build[443d30ee5d6fc777]::download_static_lib_binaries
[INFO] [stderr]     19:     0x5d27ee77ff2b - build_script_build[443d30ee5d6fc777]::main
[INFO] [stderr]     20:     0x5d27ee7764eb - <fn() as core[934024a1e6126fb4]::ops::function::FnOnce<()>>::call_once
[INFO] [stderr]     21:     0x5d27ee772a66 - std[3164a59e47d3bde]::sys::backtrace::__rust_begin_short_backtrace::<fn(), ()>
[INFO] [stderr]     22:     0x5d27ee76ce39 - std[3164a59e47d3bde]::rt::lang_start::<()>::{closure#0}
[INFO] [stderr]     23:     0x5d27eecdd348 - <&dyn core[934024a1e6126fb4]::ops::function::Fn<(), Output = i32> + core[934024a1e6126fb4]::marker::Sync + core[934024a1e6126fb4]::panic::unwind_safe::RefUnwindSafe as core[934024a1e6126fb4]::ops::function::FnOnce<()>>::call_once
[INFO] [stderr]                                  at /rustc/3154cc1a3e6424e44f438a95007d043ed5ceaaf6/library/core/src/ops/function.rs:287:21
[INFO] [stderr]     24:     0x5d27eecdd348 - std[3164a59e47d3bde]::panicking::catch_unwind::do_call::<&dyn core[934024a1e6126fb4]::ops::function::Fn<(), Output = i32> + core[934024a1e6126fb4]::marker::Sync + core[934024a1e6126fb4]::panic::unwind_safe::RefUnwindSafe, i32>
[INFO] [stderr]                                  at /rustc/3154cc1a3e6424e44f438a95007d043ed5ceaaf6/library/std/src/panicking.rs:573:43
[INFO] [stderr]     25:     0x5d27eecdd348 - std[3164a59e47d3bde]::panicking::catch_unwind::<i32, &dyn core[934024a1e6126fb4]::ops::function::Fn<(), Output = i32> + core[934024a1e6126fb4]::marker::Sync + core[934024a1e6126fb4]::panic::unwind_safe::RefUnwindSafe>
[INFO] [stderr]                                  at /rustc/3154cc1a3e6424e44f438a95007d043ed5ceaaf6/library/std/src/panicking.rs:541:19
[INFO] [stderr]     26:     0x5d27eecdd348 - std[3164a59e47d3bde]::panic::catch_unwind::<&dyn core[934024a1e6126fb4]::ops::function::Fn<(), Output = i32> + core[934024a1e6126fb4]::marker::Sync + core[934024a1e6126fb4]::panic::unwind_safe::RefUnwindSafe, i32>
[INFO] [stderr]                                  at /rustc/3154cc1a3e6424e44f438a95007d043ed5ceaaf6/library/std/src/panic.rs:359:14
[INFO] [stderr]     27:     0x5d27eecdd348 - std[3164a59e47d3bde]::rt::lang_start_internal::{closure#0}
[INFO] [stderr]                                  at /rustc/3154cc1a3e6424e44f438a95007d043ed5ceaaf6/library/std/src/rt.rs:175:24
[INFO] [stderr]     28:     0x5d27eecdd348 - std[3164a59e47d3bde]::panicking::catch_unwind::do_call::<std[3164a59e47d3bde]::rt::lang_start_internal::{closure#0}, isize>
[INFO] [stderr]                                  at /rustc/3154cc1a3e6424e44f438a95007d043ed5ceaaf6/library/std/src/panicking.rs:573:43
[INFO] [stderr]     29:     0x5d27eecdd348 - std[3164a59e47d3bde]::panicking::catch_unwind::<isize, std[3164a59e47d3bde]::rt::lang_start_internal::{closure#0}>
[INFO] [stderr]                                  at /rustc/3154cc1a3e6424e44f438a95007d043ed5ceaaf6/library/std/src/panicking.rs:541:19
[INFO] [stderr]     30:     0x5d27eecdd348 - std[3164a59e47d3bde]::panic::catch_unwind::<std[3164a59e47d3bde]::rt::lang_start_internal::{closure#0}, isize>
[INFO] [stderr]                                  at /rustc/3154cc1a3e6424e44f438a95007d043ed5ceaaf6/library/std/src/panic.rs:359:14
[INFO] [stderr]     31:     0x5d27eecdd348 - std[3164a59e47d3bde]::rt::lang_start_internal
[INFO] [stderr]                                  at /rustc/3154cc1a3e6424e44f438a95007d043ed5ceaaf6/library/std/src/rt.rs:171:5
[INFO] [stderr]     32:     0x5d27ee76b971 - std[3164a59e47d3bde]::rt::lang_start::<()>
[INFO] [stderr]     33:     0x5d27ee784f65 - main
[INFO] [stderr]     34:     0x71f33b9a3601 - <unknown>
[INFO] [stderr]     35:     0x71f33b9a3718 - __libc_start_main
[INFO] [stderr]     36:     0x5d27ee769065 - _start
[INFO] [stderr]     37:                0x0 - <unknown>
[INFO] [stderr] warning: build failed, waiting for other jobs to finish...
[INFO] running `Command { std: "docker" "inspect" "e794feb0cc5324f4338fcb64f0a33e207162780711e7e5cae633dbd572846f25", kill_on_drop: false }`
[INFO] running `Command { std: "docker" "rm" "-f" "e794feb0cc5324f4338fcb64f0a33e207162780711e7e5cae633dbd572846f25", kill_on_drop: false }`
[INFO] [stdout] e794feb0cc5324f4338fcb64f0a33e207162780711e7e5cae633dbd572846f25
