[INFO] cloning repository https://github.com/tylerlaprade/session-guard
[INFO] running `Command { std: "git" "-c" "credential.helper=" "-c" "credential.helper=/workspace/cargo-home/bin/git-credential-null" "clone" "--bare" "https://github.com/tylerlaprade/session-guard" "/workspace/cache/git-repos/https%3A%2F%2Fgithub.com%2Ftylerlaprade%2Fsession-guard", kill_on_drop: false }`
[INFO] [stderr] Cloning into bare repository '/workspace/cache/git-repos/https%3A%2F%2Fgithub.com%2Ftylerlaprade%2Fsession-guard'...
[INFO] running `Command { std: "git" "rev-parse" "HEAD", kill_on_drop: false }`
[INFO] [stdout] a8947026391514a79a71754b2de0c3598385dd66
[INFO] checking tylerlaprade/session-guard against 3154cc1a3e6424e44f438a95007d043ed5ceaaf6 for pr-133502-30
[INFO] running `Command { std: "git" "clone" "/workspace/cache/git-repos/https%3A%2F%2Fgithub.com%2Ftylerlaprade%2Fsession-guard" "/workspace/builds/worker-2-tc2/source", kill_on_drop: false }`
[INFO] [stderr] Cloning into '/workspace/builds/worker-2-tc2/source'...
[INFO] [stderr] done.
[INFO] started tweaking git repo https://github.com/tylerlaprade/session-guard
[INFO] finished tweaking git repo https://github.com/tylerlaprade/session-guard
[INFO] tweaked toml for git repo https://github.com/tylerlaprade/session-guard written to /workspace/builds/worker-2-tc2/source/Cargo.toml
[INFO] validating manifest of git repo https://github.com/tylerlaprade/session-guard on toolchain 3154cc1a3e6424e44f438a95007d043ed5ceaaf6
[INFO] running `Command { std: CARGO_HOME="/workspace/cargo-home" RUSTUP_HOME="/workspace/rustup-home" "/workspace/cargo-home/bin/cargo" "+3154cc1a3e6424e44f438a95007d043ed5ceaaf6" "metadata" "--manifest-path" "Cargo.toml" "--no-deps", kill_on_drop: false }`
[INFO] crate git repo https://github.com/tylerlaprade/session-guard already has a lockfile, it will not be regenerated
[INFO] running `Command { std: CARGO_HOME="/workspace/cargo-home" RUSTUP_HOME="/workspace/rustup-home" "/workspace/cargo-home/bin/cargo" "+3154cc1a3e6424e44f438a95007d043ed5ceaaf6" "fetch" "--manifest-path" "Cargo.toml", kill_on_drop: false }`
[INFO] [stderr] warning: `package.homepage` is redundant with `package.repository`
[INFO] [stderr]   --> Cargo.toml:29:12
[INFO] [stderr]    |
[INFO] [stderr] 29 | homepage = "https://github.com/tylerlaprade/session-guard"
[INFO] [stderr]    |            ^^^^^^^^^^^^^^^^^^^^^^^^^^^^^^^^^^^^^^^^^^^^^^^
[INFO] [stderr] ...
[INFO] [stderr] 34 | repository = "https://github.com/tylerlaprade/session-guard"
[INFO] [stderr]    |              -----------------------------------------------
[INFO] [stderr]    |
[INFO] [stderr]    = note: `cargo::redundant_homepage` is set to `warn` by default
[INFO] [stderr] help: consider removing `package.homepage`
[INFO] [stderr] warning: `session-guard` (manifest) generated 1 warning
[INFO] running `Command { std: "docker" "create" "-v" "/var/lib/crater-agent-workspace/builds/worker-2-tc2/source:/opt/rustwide/workdir:ro,Z" "-v" "/var/lib/crater-agent-workspace/builds/worker-2-tc2/target:/opt/rustwide/target:rw,Z" "-v" "/var/lib/crater-agent-workspace/cargo-home:/opt/rustwide/cargo-home:ro,Z" "-v" "/var/lib/crater-agent-workspace/rustup-home:/opt/rustwide/rustup-home:ro,Z" "-m" "1610612736" "--network" "none" "ghcr.io/rust-lang/crates-build-env/linux@sha256:77db811e55d90add9212f6832c23229e3de5f1c1f9905e8cb07319ea15df73ac" "sleep" "infinity", kill_on_drop: false }`
[INFO] [stdout] aa045e46f66199498068898f26fabf9acc356afd983a21641a891494f61ba55c
[INFO] running `Command { std: "docker" "start" "aa045e46f66199498068898f26fabf9acc356afd983a21641a891494f61ba55c", kill_on_drop: false }`
[INFO] running `Command { std: "docker" "inspect" "aa045e46f66199498068898f26fabf9acc356afd983a21641a891494f61ba55c", kill_on_drop: false }`
[INFO] running `Command { std: "docker" "exec" "-e" "SOURCE_DIR=/opt/rustwide/workdir" "-e" "CARGO_HOME=/opt/rustwide/cargo-home" "-e" "RUSTUP_HOME=/opt/rustwide/rustup-home" "-e" "CARGO_TARGET_DIR=/opt/rustwide/target" "-w" "/opt/rustwide/workdir" "--user" "0:0" "aa045e46f66199498068898f26fabf9acc356afd983a21641a891494f61ba55c" "/opt/rustwide/cargo-home/bin/cargo" "+3154cc1a3e6424e44f438a95007d043ed5ceaaf6" "metadata" "--no-deps" "--format-version=1", kill_on_drop: false }`
[INFO] running `Command { std: "docker" "inspect" "aa045e46f66199498068898f26fabf9acc356afd983a21641a891494f61ba55c", kill_on_drop: false }`
[INFO] running `Command { std: "docker" "exec" "-e" "SOURCE_DIR=/opt/rustwide/workdir" "-e" "CARGO_HOME=/opt/rustwide/cargo-home" "-e" "RUSTUP_HOME=/opt/rustwide/rustup-home" "-e" "CARGO_TARGET_DIR=/opt/rustwide/target" "-e" "CARGO_INCREMENTAL=0" "-e" "RUST_BACKTRACE=full" "-e" "RUSTFLAGS=--cap-lints=forbid" "-e" "RUSTDOCFLAGS=--cap-lints=forbid" "-w" "/opt/rustwide/workdir" "--user" "0:0" "aa045e46f66199498068898f26fabf9acc356afd983a21641a891494f61ba55c" "/opt/rustwide/cargo-home/bin/cargo" "+3154cc1a3e6424e44f438a95007d043ed5ceaaf6" "check" "--frozen" "--all" "--all-targets" "--message-format=json", kill_on_drop: false }`
[INFO] [stderr] warning: `package.homepage` is redundant with `package.repository`
[INFO] [stderr]   --> Cargo.toml:29:12
[INFO] [stderr]    |
[INFO] [stderr] 29 | homepage = "https://github.com/tylerlaprade/session-guard"
[INFO] [stderr]    |            ^^^^^^^^^^^^^^^^^^^^^^^^^^^^^^^^^^^^^^^^^^^^^^^
[INFO] [stderr] ...
[INFO] [stderr] 34 | repository = "https://github.com/tylerlaprade/session-guard"
[INFO] [stderr]    |              -----------------------------------------------
[INFO] [stderr]    |
[INFO] [stderr]    = note: `cargo::redundant_homepage` is set to `warn` by default
[INFO] [stderr] help: consider removing `package.homepage`
[INFO] [stderr] warning: `session-guard` (manifest) generated 1 warning
[INFO] [stderr]    Compiling syn v2.0.117
[INFO] [stderr]     Checking memchr v2.8.0
[INFO] [stderr]     Checking rustix v1.1.4
[INFO] [stderr]     Checking fs2 v0.4.3
[INFO] [stderr]     Checking serde_json v1.0.149
[INFO] [stderr]     Checking tempfile v3.27.0
[INFO] [stderr]    Compiling serde_derive v1.0.228
[INFO] [stderr]    Compiling clap_derive v4.6.1
[INFO] [stderr]     Checking clap v4.6.1
[INFO] [stderr]     Checking serde v1.0.228
[INFO] [stderr]     Checking toml_datetime v0.6.11
[INFO] [stderr]     Checking serde_spanned v0.6.9
[INFO] [stderr]     Checking chrono v0.4.44
[INFO] [stderr]     Checking toml_edit v0.22.27
[INFO] [stderr]     Checking toml v0.8.23
[INFO] [stderr]     Checking session-guard v0.1.0 (/opt/rustwide/workdir)
[INFO] [stdout] error[E0425]: cannot find type `proc_bsdinfo` in crate `libc`
[INFO] [stdout]    --> src/process.rs:366:50
[INFO] [stdout]     |
[INFO] [stdout] 366 |     let mut info = std::mem::MaybeUninit::<libc::proc_bsdinfo>::zeroed();
[INFO] [stdout]     |                                                  ^^^^^^^^^^^^ not found in `libc`
[INFO] [stdout] 
[INFO] [stdout] 
[INFO] [stdout] error[E0425]: cannot find type `proc_bsdinfo` in crate `libc`
[INFO] [stdout]    --> src/process.rs:366:50
[INFO] [stdout]     |
[INFO] [stdout] 366 |     let mut info = std::mem::MaybeUninit::<libc::proc_bsdinfo>::zeroed();
[INFO] [stdout]     |                                                  ^^^^^^^^^^^^ not found in `libc`
[INFO] [stdout] 
[INFO] [stdout] 
[INFO] [stdout] error[E0425]: cannot find type `proc_bsdinfo` in crate `libc`
[INFO] [stdout]    --> src/process.rs:367:56
[INFO] [stdout]     |
[INFO] [stdout] 367 |     let size = i32::try_from(std::mem::size_of::<libc::proc_bsdinfo>()).ok()?;
[INFO] [stdout]     |                                                        ^^^^^^^^^^^^ not found in `libc`
[INFO] [stdout] 
[INFO] [stdout] 
[INFO] [stdout] error[E0425]: cannot find function `proc_pidinfo` in crate `libc`
[INFO] [stdout]    --> src/process.rs:369:15
[INFO] [stdout]     |
[INFO] [stdout] 369 |         libc::proc_pidinfo(
[INFO] [stdout]     |               ^^^^^^^^^^^^ not found in `libc`
[INFO] [stdout] 
[INFO] [stdout] 
[INFO] [stdout] error[E0425]: cannot find type `proc_bsdinfo` in crate `libc`
[INFO] [stdout]    --> src/process.rs:367:56
[INFO] [stdout]     |
[INFO] [stdout] 367 |     let size = i32::try_from(std::mem::size_of::<libc::proc_bsdinfo>()).ok()?;
[INFO] [stdout]     |                                                        ^^^^^^^^^^^^ not found in `libc`
[INFO] [stdout] 
[INFO] [stdout] 
[INFO] [stdout] error[E0425]: cannot find value `PROC_PIDTBSDINFO` in crate `libc`
[INFO] [stdout]    --> src/process.rs:371:19
[INFO] [stdout]     |
[INFO] [stdout] 371 |             libc::PROC_PIDTBSDINFO,
[INFO] [stdout]     |                   ^^^^^^^^^^^^^^^^ not found in `libc`
[INFO] [stdout] 
[INFO] [stdout] 
[INFO] [stdout] error[E0425]: cannot find function `proc_pidinfo` in crate `libc`
[INFO] [stdout]    --> src/process.rs:369:15
[INFO] [stdout]     |
[INFO] [stdout] 369 |         libc::proc_pidinfo(
[INFO] [stdout]     |               ^^^^^^^^^^^^ not found in `libc`
[INFO] [stdout] 
[INFO] [stdout] 
[INFO] [stdout] error[E0425]: cannot find value `PROC_PIDTBSDINFO` in crate `libc`
[INFO] [stdout]    --> src/process.rs:371:19
[INFO] [stdout]     |
[INFO] [stdout] 371 |             libc::PROC_PIDTBSDINFO,
[INFO] [stdout]     |                   ^^^^^^^^^^^^^^^^ not found in `libc`
[INFO] [stdout] 
[INFO] [stdout] 
[INFO] [stdout] error[E0425]: cannot find function `proc_listchildpids` in crate `libc`
[INFO] [stdout]    --> src/process.rs:384:44
[INFO] [stdout]     |
[INFO] [stdout] 384 |     pid_list(|buffer, size| unsafe { libc::proc_listchildpids(pid, buffer, size) })
[INFO] [stdout]     |                                            ^^^^^^^^^^^^^^^^^^ not found in `libc`
[INFO] [stdout] 
[INFO] [stdout] 
[INFO] [stdout] error[E0425]: cannot find function `proc_listallpids` in crate `libc`
[INFO] [stdout]    --> src/process.rs:388:44
[INFO] [stdout]     |
[INFO] [stdout] 388 |     pid_list(|buffer, size| unsafe { libc::proc_listallpids(buffer, size) })
[INFO] [stdout]     |                                            ^^^^^^^^^^^^^^^^ not found in `libc`
[INFO] [stdout] 
[INFO] [stdout] 
[INFO] [stdout] error[E0425]: cannot find function `proc_name` in crate `libc`
[INFO] [stdout]    --> src/process.rs:392:41
[INFO] [stdout]     |
[INFO] [stdout] 392 |             let length = unsafe { libc::proc_name(pid, buffer.as_mut_ptr().cast(), 64) };
[INFO] [stdout]     |                                         ^^^^^^^^^ not found in `libc`
[INFO] [stdout] 
[INFO] [stdout] 
[INFO] [stdout] error[E0425]: cannot find function `proc_listchildpids` in crate `libc`
[INFO] [stdout]    --> src/process.rs:384:44
[INFO] [stdout]     |
[INFO] [stdout] 384 |     pid_list(|buffer, size| unsafe { libc::proc_listchildpids(pid, buffer, size) })
[INFO] [stdout]     |                                            ^^^^^^^^^^^^^^^^^^ not found in `libc`
[INFO] [stdout] 
[INFO] [stdout] 
[INFO] [stdout] error[E0425]: cannot find function `proc_listallpids` in crate `libc`
[INFO] [stdout]    --> src/process.rs:388:44
[INFO] [stdout]     |
[INFO] [stdout] 388 |     pid_list(|buffer, size| unsafe { libc::proc_listallpids(buffer, size) })
[INFO] [stdout]     |                                            ^^^^^^^^^^^^^^^^ not found in `libc`
[INFO] [stdout] 
[INFO] [stdout] 
[INFO] [stdout] error[E0425]: cannot find function `proc_name` in crate `libc`
[INFO] [stdout]    --> src/process.rs:392:41
[INFO] [stdout]     |
[INFO] [stdout] 392 |             let length = unsafe { libc::proc_name(pid, buffer.as_mut_ptr().cast(), 64) };
[INFO] [stdout]     |                                         ^^^^^^^^^ not found in `libc`
[INFO] [stdout] 
[INFO] [stdout] 
[INFO] [stdout] error[E0425]: cannot find value `MAXCOMLEN` in crate `libc`
[INFO] [stdout]    --> src/process.rs:530:63
[INFO] [stdout]     |
[INFO] [stdout] 530 |         let kernel_name: String = name.chars().take(2 * libc::MAXCOMLEN).collect();
[INFO] [stdout]     |                                                               ^^^^^^^^^ not found in `libc`
[INFO] [stdout] 
[INFO] [stdout] 
[INFO] [stdout] For more information about this error, try `rustc --explain E0425`.
[INFO] [stdout] 
[INFO] [stderr] error: could not compile `session-guard` (bin "session-guard") due to 7 previous errors
[INFO] [stderr] warning: build failed, waiting for other jobs to finish...
[INFO] [stdout] For more information about this error, try `rustc --explain E0425`.
[INFO] [stdout] 
[INFO] [stderr] error: could not compile `session-guard` (bin "session-guard" test) due to 8 previous errors
[INFO] running `Command { std: "docker" "inspect" "aa045e46f66199498068898f26fabf9acc356afd983a21641a891494f61ba55c", kill_on_drop: false }`
[INFO] running `Command { std: "docker" "rm" "-f" "aa045e46f66199498068898f26fabf9acc356afd983a21641a891494f61ba55c", kill_on_drop: false }`
[INFO] [stdout] aa045e46f66199498068898f26fabf9acc356afd983a21641a891494f61ba55c
