[INFO] cloning repository https://github.com/tropicaaal/zynq7000-usbd
[INFO] running `Command { std: "git" "-c" "credential.helper=" "-c" "credential.helper=/workspace/cargo-home/bin/git-credential-null" "clone" "--bare" "https://github.com/tropicaaal/zynq7000-usbd" "/workspace/cache/git-repos/https%3A%2F%2Fgithub.com%2Ftropicaaal%2Fzynq7000-usbd", kill_on_drop: false }`
[INFO] [stderr] Cloning into bare repository '/workspace/cache/git-repos/https%3A%2F%2Fgithub.com%2Ftropicaaal%2Fzynq7000-usbd'...
[INFO] running `Command { std: "git" "rev-parse" "HEAD", kill_on_drop: false }`
[INFO] [stdout] 3ca13d8a15b969c6ac44a74947629a8fd554c582
[INFO] checking tropicaaal/zynq7000-usbd against 3154cc1a3e6424e44f438a95007d043ed5ceaaf6+rustflags=-Znext-solver=coherence for pr-133502-30
[INFO] running `Command { std: "git" "clone" "/workspace/cache/git-repos/https%3A%2F%2Fgithub.com%2Ftropicaaal%2Fzynq7000-usbd" "/workspace/builds/worker-2-tc1/source", kill_on_drop: false }`
[INFO] [stderr] Cloning into '/workspace/builds/worker-2-tc1/source'...
[INFO] [stderr] done.
[INFO] removed /workspace/builds/worker-2-tc1/source/.cargo/config.toml
[INFO] started tweaking git repo https://github.com/tropicaaal/zynq7000-usbd
[INFO] finished tweaking git repo https://github.com/tropicaaal/zynq7000-usbd
[INFO] tweaked toml for git repo https://github.com/tropicaaal/zynq7000-usbd written to /workspace/builds/worker-2-tc1/source/Cargo.toml
[INFO] validating manifest of git repo https://github.com/tropicaaal/zynq7000-usbd on toolchain 3154cc1a3e6424e44f438a95007d043ed5ceaaf6
[INFO] running `Command { std: CARGO_HOME="/workspace/cargo-home" RUSTUP_HOME="/workspace/rustup-home" "/workspace/cargo-home/bin/cargo" "+3154cc1a3e6424e44f438a95007d043ed5ceaaf6" "metadata" "--manifest-path" "Cargo.toml" "--no-deps", kill_on_drop: false }`
[INFO] crate git repo https://github.com/tropicaaal/zynq7000-usbd already has a lockfile, it will not be regenerated
[INFO] running `Command { std: CARGO_HOME="/workspace/cargo-home" RUSTUP_HOME="/workspace/rustup-home" "/workspace/cargo-home/bin/cargo" "+3154cc1a3e6424e44f438a95007d043ed5ceaaf6" "fetch" "--manifest-path" "Cargo.toml", kill_on_drop: false }`
[INFO] [stderr]     Blocking waiting for file lock on package cache
[INFO] [stderr]     Updating crates.io index
[INFO] [stderr]     Updating git repository `https://github.com/us-irs/zynq7000-rs.git`
[INFO] [stderr]     Blocking waiting for file lock on package cache
[INFO] [stderr]  Downloading crates ...
[INFO] [stderr]   Downloaded derive-mmio-macro v0.8.0
[INFO] [stderr]   Downloaded arbitrary-int v2.2.0
[INFO] [stderr]   Downloaded embedded-dma v0.2.0
[INFO] [stderr]   Downloaded fugit v0.5.0
[INFO] [stderr]   Downloaded derive-mmio v0.8.0
[INFO] [stderr]   Downloaded bitbybit v2.0.1
[INFO] [stderr]   Downloaded arm-targets v0.4.3
[INFO] [stderr]   Downloaded raw-buffer v0.1.2
[INFO] [stderr]   Downloaded embedded-sdmmc-types v0.1.0
[INFO] [stderr]   Downloaded aarch32-cpu v0.4.0
[INFO] [stderr]   Downloaded smoltcp v0.14.0
[INFO] running `Command { std: "docker" "create" "-v" "/var/lib/crater-agent-workspace/builds/worker-2-tc1/source:/opt/rustwide/workdir:ro,Z" "-v" "/var/lib/crater-agent-workspace/builds/worker-2-tc1/target:/opt/rustwide/target:rw,Z" "-v" "/var/lib/crater-agent-workspace/cargo-home:/opt/rustwide/cargo-home:ro,Z" "-v" "/var/lib/crater-agent-workspace/rustup-home:/opt/rustwide/rustup-home:ro,Z" "-m" "1610612736" "--network" "none" "ghcr.io/rust-lang/crates-build-env/linux@sha256:77db811e55d90add9212f6832c23229e3de5f1c1f9905e8cb07319ea15df73ac" "sleep" "infinity", kill_on_drop: false }`
[INFO] [stdout] 01b0b87db808e9b684f2d801bd48be8d257184fdb44b4e816d26fb6fba4128d6
[INFO] running `Command { std: "docker" "start" "01b0b87db808e9b684f2d801bd48be8d257184fdb44b4e816d26fb6fba4128d6", kill_on_drop: false }`
[INFO] running `Command { std: "docker" "inspect" "01b0b87db808e9b684f2d801bd48be8d257184fdb44b4e816d26fb6fba4128d6", kill_on_drop: false }`
[INFO] running `Command { std: "docker" "exec" "-e" "SOURCE_DIR=/opt/rustwide/workdir" "-e" "CARGO_HOME=/opt/rustwide/cargo-home" "-e" "RUSTUP_HOME=/opt/rustwide/rustup-home" "-e" "CARGO_TARGET_DIR=/opt/rustwide/target" "-w" "/opt/rustwide/workdir" "--user" "0:0" "01b0b87db808e9b684f2d801bd48be8d257184fdb44b4e816d26fb6fba4128d6" "/opt/rustwide/cargo-home/bin/cargo" "+3154cc1a3e6424e44f438a95007d043ed5ceaaf6" "metadata" "--no-deps" "--format-version=1", kill_on_drop: false }`
[INFO] running `Command { std: "docker" "inspect" "01b0b87db808e9b684f2d801bd48be8d257184fdb44b4e816d26fb6fba4128d6", kill_on_drop: false }`
[INFO] running `Command { std: "docker" "exec" "-e" "SOURCE_DIR=/opt/rustwide/workdir" "-e" "CARGO_HOME=/opt/rustwide/cargo-home" "-e" "RUSTUP_HOME=/opt/rustwide/rustup-home" "-e" "CARGO_TARGET_DIR=/opt/rustwide/target" "-e" "CARGO_INCREMENTAL=0" "-e" "RUST_BACKTRACE=full" "-e" "RUSTFLAGS=--cap-lints=forbid -Znext-solver=coherence" "-e" "RUSTDOCFLAGS=--cap-lints=forbid" "-w" "/opt/rustwide/workdir" "--user" "0:0" "01b0b87db808e9b684f2d801bd48be8d257184fdb44b4e816d26fb6fba4128d6" "/opt/rustwide/cargo-home/bin/cargo" "+3154cc1a3e6424e44f438a95007d043ed5ceaaf6" "check" "--frozen" "--all" "--all-targets" "--message-format=json", kill_on_drop: false }`
[INFO] [stderr]    Compiling syn v2.0.119
[INFO] [stderr]     Checking byteorder v1.5.0
[INFO] [stderr]    Compiling syn v3.0.5
[INFO] [stderr]    Compiling thiserror v2.0.20
[INFO] [stderr]    Compiling heapless v0.9.3
[INFO] [stderr]     Checking arbitrary-int v2.2.0
[INFO] [stderr]     Checking critical-section v1.2.0
[INFO] [stderr]    Compiling arm-targets v0.4.3
[INFO] [stderr]    Compiling heapless v0.8.0
[INFO] [stderr]    Compiling embedded-hal-async v1.0.0
[INFO] [stderr]    Compiling embassy-sync v0.8.0
[INFO] [stderr]     Checking embedded-io v0.7.1
[INFO] [stderr]     Checking gcd v2.3.0
[INFO] [stderr]    Compiling smoltcp v0.14.0
[INFO] [stderr]     Checking embedded-hal v1.0.0
[INFO] [stderr]     Checking embedded-dma v0.2.0
[INFO] [stderr]     Checking once_cell v1.21.4
[INFO] [stderr]     Checking fugit v0.5.0
[INFO] [stderr]     Checking bitflags v1.3.2
[INFO] [stderr]     Checking managed v0.8.0
[INFO] [stderr]     Checking embedded-io-async v0.7.0
[INFO] [stderr]     Checking nb v1.1.0
[INFO] [stderr]     Checking futures-core v0.3.34
[INFO] [stderr]     Checking embedded-hal-nb v1.0.0
[INFO] [stderr]     Checking raw-buffer v0.1.2
[INFO] [stderr]     Checking hash32 v0.3.1
[INFO] [stderr]     Checking static_cell v2.1.1
[INFO] [stderr]     Checking vcell v0.1.3
[INFO] [stderr]     Checking embassy-net-driver v0.2.0
[INFO] [stderr]    Compiling aarch32-cpu v0.4.0
[INFO] [stderr]     Checking z7-clock-calc v0.1.0 (https://github.com/us-irs/zynq7000-rs.git#076c44aa)
[INFO] [stderr]     Checking usb-device v0.3.2
[INFO] [stderr]    Compiling thiserror-impl v2.0.20
[INFO] [stderr]    Compiling bitbybit v2.0.1
[INFO] [stderr]    Compiling num_enum_derive v0.7.6
[INFO] [stderr]    Compiling derive-mmio-macro v0.8.0
[INFO] [stderr]    Compiling delegate v0.13.5
[INFO] [stderr]     Checking num_enum v0.7.6
[INFO] [stderr]     Checking embedded-sdmmc-types v0.1.0
[INFO] [stderr]     Checking derive-mmio v0.8.0
[INFO] [stderr]     Checking zynq7000 v0.6.0 (https://github.com/us-irs/zynq7000-rs.git#076c44aa)
[INFO] [stderr]     Checking zynq7000-hal v0.2.0 (https://github.com/us-irs/zynq7000-rs.git#076c44aa)
[INFO] [stdout] error[E0432]: unresolved import `aarch32_cpu::asm::dsb`
[INFO] [stdout]  --> /opt/rustwide/cargo-home/git/checkouts/zynq7000-rs-6c53df33c9c64b09/076c44a/firmware/zynq7000-hal/src/cache.rs:8:5
[INFO] [stdout]   |
[INFO] [stdout] 8 |     asm::dsb,
[INFO] [stdout]   |     ^^^^^---
[INFO] [stdout]   |          |
[INFO] [stdout]   |          no `dsb` in `asm`
[INFO] [stdout] 
[INFO] [stdout] 
[INFO] [stdout] error[E0432]: unresolved import `aarch32_cpu::mmu`
[INFO] [stdout]   --> /opt/rustwide/cargo-home/git/checkouts/zynq7000-rs-6c53df33c9c64b09/076c44a/firmware/zynq7000-hal/src/mmu.rs:42:18
[INFO] [stdout]    |
[INFO] [stdout] 42 | use aarch32_cpu::mmu::L1Section;
[INFO] [stdout]    |                  ^^^ could not find `mmu` in `aarch32_cpu`
[INFO] [stdout]    |
[INFO] [stdout] note: found an item that was configured out
[INFO] [stdout]   --> /opt/rustwide/cargo-home/registry/src/index.crates.io-1949cf8c6b5b557f/aarch32-cpu-0.4.0/src/lib.rs:25:9
[INFO] [stdout]    |
[INFO] [stdout] 24 | #[cfg(any(test, arm_profile = "a", arm_profile = "legacy"))]
[INFO] [stdout]    |          ------------------------------------------------- the item is gated here
[INFO] [stdout] 25 | pub mod mmu;
[INFO] [stdout]    |         ^^^
[INFO] [stdout] 
[INFO] [stdout] 
[INFO] [stdout] error[E0432]: unresolved imports `aarch32_cpu::asm::dsb`, `aarch32_cpu::asm::isb`, `aarch32_cpu::mmu`
[INFO] [stdout]   --> /opt/rustwide/cargo-home/git/checkouts/zynq7000-rs-6c53df33c9c64b09/076c44a/firmware/zynq7000-hal/src/mmu.rs:44:11
[INFO] [stdout]    |
[INFO] [stdout] 44 |     asm::{dsb, isb},
[INFO] [stdout]    |           ^^^  ^^^ no `isb` in `asm`
[INFO] [stdout]    |           |
[INFO] [stdout]    |           no `dsb` in `asm`
[INFO] [stdout] 45 |     cache::clean_and_invalidate_l1_data_cache,
[INFO] [stdout] 46 |     mmu::SectionAttributes,
[INFO] [stdout]    |     ^^^ could not find `mmu` in `aarch32_cpu`
[INFO] [stdout]    |
[INFO] [stdout] note: found an item that was configured out
[INFO] [stdout]   --> /opt/rustwide/cargo-home/registry/src/index.crates.io-1949cf8c6b5b557f/aarch32-cpu-0.4.0/src/lib.rs:25:9
[INFO] [stdout]    |
[INFO] [stdout] 24 | #[cfg(any(test, arm_profile = "a", arm_profile = "legacy"))]
[INFO] [stdout]    |          ------------------------------------------------- the item is gated here
[INFO] [stdout] 25 | pub mod mmu;
[INFO] [stdout]    |         ^^^
[INFO] [stdout] 
[INFO] [stdout] 
[INFO] [stdout] error[E0432]: unresolved import `aarch32_cpu::mmu`
[INFO] [stdout]    --> /opt/rustwide/cargo-home/git/checkouts/zynq7000-rs-6c53df33c9c64b09/076c44a/firmware/zynq7000-hal/src/mmu.rs:255:22
[INFO] [stdout]     |
[INFO] [stdout] 255 |     use aarch32_cpu::mmu::{
[INFO] [stdout]     |                      ^^^ could not find `mmu` in `aarch32_cpu`
[INFO] [stdout]     |
[INFO] [stdout] note: found an item that was configured out
[INFO] [stdout]    --> /opt/rustwide/cargo-home/registry/src/index.crates.io-1949cf8c6b5b557f/aarch32-cpu-0.4.0/src/lib.rs:25:9
[INFO] [stdout]     |
[INFO] [stdout]  24 | #[cfg(any(test, arm_profile = "a", arm_profile = "legacy"))]
[INFO] [stdout]     |          ------------------------------------------------- the item is gated here
[INFO] [stdout]  25 | pub mod mmu;
[INFO] [stdout]     |         ^^^
[INFO] [stdout] 
[INFO] [stdout] 
[INFO] [stdout] error[E0432]: unresolved import `aarch32_cpu::mmu`
[INFO] [stdout]   --> /opt/rustwide/cargo-home/git/checkouts/zynq7000-rs-6c53df33c9c64b09/076c44a/firmware/zynq7000-hal/src/mmu_table.rs:4:18
[INFO] [stdout]    |
[INFO] [stdout]  4 | use aarch32_cpu::mmu::L1Section;
[INFO] [stdout]    |                  ^^^ could not find `mmu` in `aarch32_cpu`
[INFO] [stdout]    |
[INFO] [stdout] note: found an item that was configured out
[INFO] [stdout]   --> /opt/rustwide/cargo-home/registry/src/index.crates.io-1949cf8c6b5b557f/aarch32-cpu-0.4.0/src/lib.rs:25:9
[INFO] [stdout]    |
[INFO] [stdout] 24 | #[cfg(any(test, arm_profile = "a", arm_profile = "legacy"))]
[INFO] [stdout]    |          ------------------------------------------------- the item is gated here
[INFO] [stdout] 25 | pub mod mmu;
[INFO] [stdout]    |         ^^^
[INFO] [stdout] 
[INFO] [stdout] 
[INFO] [stdout] error[E0425]: cannot find function `dsb` in module `aarch32_cpu::asm`
[INFO] [stdout]    --> /opt/rustwide/cargo-home/git/checkouts/zynq7000-rs-6c53df33c9c64b09/076c44a/firmware/zynq7000-hal/src/mmu.rs:183:23
[INFO] [stdout]     |
[INFO] [stdout] 183 |     aarch32_cpu::asm::dsb();
[INFO] [stdout]     |                       ^^^ not found in `aarch32_cpu::asm`
[INFO] [stdout] 
[INFO] [stdout] 
[INFO] [stdout] error[E0425]: cannot find function `isb` in module `aarch32_cpu::asm`
[INFO] [stdout]    --> /opt/rustwide/cargo-home/git/checkouts/zynq7000-rs-6c53df33c9c64b09/076c44a/firmware/zynq7000-hal/src/mmu.rs:184:23
[INFO] [stdout]     |
[INFO] [stdout] 184 |     aarch32_cpu::asm::isb();
[INFO] [stdout]     |                       ^^^ not found in `aarch32_cpu::asm`
[INFO] [stdout] 
[INFO] [stdout] 
[INFO] [stdout] Some errors have detailed explanations: E0425, E0432.
[INFO] [stdout] 
[INFO] [stdout] For more information about an error, try `rustc --explain E0425`.
[INFO] [stdout] 
[INFO] [stderr] error: could not compile `zynq7000-hal` (lib) due to 7 previous errors
[INFO] running `Command { std: "docker" "inspect" "01b0b87db808e9b684f2d801bd48be8d257184fdb44b4e816d26fb6fba4128d6", kill_on_drop: false }`
[INFO] running `Command { std: "docker" "rm" "-f" "01b0b87db808e9b684f2d801bd48be8d257184fdb44b4e816d26fb6fba4128d6", kill_on_drop: false }`
[INFO] [stdout] 01b0b87db808e9b684f2d801bd48be8d257184fdb44b4e816d26fb6fba4128d6
