[INFO] cloning repository https://github.com/tritiumgg/dcs-eval
[INFO] running `Command { std: "git" "-c" "credential.helper=" "-c" "credential.helper=/workspace/cargo-home/bin/git-credential-null" "clone" "--bare" "https://github.com/tritiumgg/dcs-eval" "/workspace/cache/git-repos/https%3A%2F%2Fgithub.com%2Ftritiumgg%2Fdcs-eval", kill_on_drop: false }`
[INFO] [stderr] Cloning into bare repository '/workspace/cache/git-repos/https%3A%2F%2Fgithub.com%2Ftritiumgg%2Fdcs-eval'...
[INFO] running `Command { std: "git" "rev-parse" "HEAD", kill_on_drop: false }`
[INFO] [stdout] dad80ef175c3bd859e769ce1ebd16607e9330d6c
[INFO] checking tritiumgg/dcs-eval against 3154cc1a3e6424e44f438a95007d043ed5ceaaf6+rustflags=-Znext-solver=coherence for pr-133502-30
[INFO] running `Command { std: "git" "clone" "/workspace/cache/git-repos/https%3A%2F%2Fgithub.com%2Ftritiumgg%2Fdcs-eval" "/workspace/builds/worker-0-tc1/source", kill_on_drop: false }`
[INFO] [stderr] Cloning into '/workspace/builds/worker-0-tc1/source'...
[INFO] [stderr] done.
[INFO] removed /workspace/builds/worker-0-tc1/source/rust-toolchain.toml
[INFO] started tweaking git repo https://github.com/tritiumgg/dcs-eval
[INFO] finished tweaking git repo https://github.com/tritiumgg/dcs-eval
[INFO] tweaked toml for git repo https://github.com/tritiumgg/dcs-eval written to /workspace/builds/worker-0-tc1/source/Cargo.toml
[INFO] validating manifest of git repo https://github.com/tritiumgg/dcs-eval on toolchain 3154cc1a3e6424e44f438a95007d043ed5ceaaf6
[INFO] running `Command { std: CARGO_HOME="/workspace/cargo-home" RUSTUP_HOME="/workspace/rustup-home" "/workspace/cargo-home/bin/cargo" "+3154cc1a3e6424e44f438a95007d043ed5ceaaf6" "metadata" "--manifest-path" "Cargo.toml" "--no-deps", kill_on_drop: false }`
[INFO] crate git repo https://github.com/tritiumgg/dcs-eval already has a lockfile, it will not be regenerated
[INFO] running `Command { std: CARGO_HOME="/workspace/cargo-home" RUSTUP_HOME="/workspace/rustup-home" "/workspace/cargo-home/bin/cargo" "+3154cc1a3e6424e44f438a95007d043ed5ceaaf6" "fetch" "--manifest-path" "Cargo.toml", kill_on_drop: false }`
[INFO] [stderr]     Blocking waiting for file lock on package cache
[INFO] [stderr]     Blocking waiting for file lock on package cache
[INFO] running `Command { std: "docker" "create" "-v" "/var/lib/crater-agent-workspace/builds/worker-0-tc1/source:/opt/rustwide/workdir:ro,Z" "-v" "/var/lib/crater-agent-workspace/builds/worker-0-tc1/target:/opt/rustwide/target:rw,Z" "-v" "/var/lib/crater-agent-workspace/cargo-home:/opt/rustwide/cargo-home:ro,Z" "-v" "/var/lib/crater-agent-workspace/rustup-home:/opt/rustwide/rustup-home:ro,Z" "-m" "1610612736" "--network" "none" "ghcr.io/rust-lang/crates-build-env/linux@sha256:77db811e55d90add9212f6832c23229e3de5f1c1f9905e8cb07319ea15df73ac" "sleep" "infinity", kill_on_drop: false }`
[INFO] [stdout] 3023571329c0119260e565046fd3d02638930fa7be257d0d8abfb16cdeaae14d
[INFO] running `Command { std: "docker" "start" "3023571329c0119260e565046fd3d02638930fa7be257d0d8abfb16cdeaae14d", kill_on_drop: false }`
[INFO] running `Command { std: "docker" "inspect" "3023571329c0119260e565046fd3d02638930fa7be257d0d8abfb16cdeaae14d", kill_on_drop: false }`
[INFO] running `Command { std: "docker" "exec" "-e" "SOURCE_DIR=/opt/rustwide/workdir" "-e" "CARGO_HOME=/opt/rustwide/cargo-home" "-e" "RUSTUP_HOME=/opt/rustwide/rustup-home" "-e" "CARGO_TARGET_DIR=/opt/rustwide/target" "-w" "/opt/rustwide/workdir" "--user" "0:0" "3023571329c0119260e565046fd3d02638930fa7be257d0d8abfb16cdeaae14d" "/opt/rustwide/cargo-home/bin/cargo" "+3154cc1a3e6424e44f438a95007d043ed5ceaaf6" "metadata" "--no-deps" "--format-version=1", kill_on_drop: false }`
[INFO] running `Command { std: "docker" "inspect" "3023571329c0119260e565046fd3d02638930fa7be257d0d8abfb16cdeaae14d", kill_on_drop: false }`
[INFO] running `Command { std: "docker" "exec" "-e" "SOURCE_DIR=/opt/rustwide/workdir" "-e" "CARGO_HOME=/opt/rustwide/cargo-home" "-e" "RUSTUP_HOME=/opt/rustwide/rustup-home" "-e" "CARGO_TARGET_DIR=/opt/rustwide/target" "-e" "CARGO_INCREMENTAL=0" "-e" "RUST_BACKTRACE=full" "-e" "RUSTFLAGS=--cap-lints=forbid -Znext-solver=coherence" "-e" "RUSTDOCFLAGS=--cap-lints=forbid" "-w" "/opt/rustwide/workdir" "--user" "0:0" "3023571329c0119260e565046fd3d02638930fa7be257d0d8abfb16cdeaae14d" "/opt/rustwide/cargo-home/bin/cargo" "+3154cc1a3e6424e44f438a95007d043ed5ceaaf6" "check" "--frozen" "--all" "--all-targets" "--message-format=json", kill_on_drop: false }`
[INFO] [stderr]    Compiling serde_core v1.0.229
[INFO] [stderr]     Checking futures-channel v0.3.34
[INFO] [stderr]    Compiling serde_json v1.0.151
[INFO] [stderr]    Compiling syn v3.0.6
[INFO] [stderr]    Compiling syn v2.0.119
[INFO] [stderr]    Compiling rmcp v3.4.0
[INFO] [stderr]     Checking smallvec v1.16.1
[INFO] [stderr]     Checking dcs-eval v0.1.0 (/opt/rustwide/workdir/crates/dcs-eval)
[INFO] [stderr]     Checking uuid v1.26.1
[INFO] [stderr]     Checking tracing-subscriber v0.3.23
[INFO] [stdout] error[E0433]: cannot find `windows` in `os`
[INFO] [stdout]    --> crates/dcs-eval/src/source.rs:370:18
[INFO] [stdout]     |
[INFO] [stdout] 370 |     use std::os::windows::fs::OpenOptionsExt;
[INFO] [stdout]     |                  ^^^^^^^ could not find `windows` in `os`
[INFO] [stdout]     |
[INFO] [stdout] note: found an item that was configured out
[INFO] [stdout]    --> /rustc/3154cc1a3e6424e44f438a95007d043ed5ceaaf6/library/std/src/os/mod.rs:62:4
[INFO] [stdout]     |
[INFO] [stdout]     = note: the item is gated behind the `windows` feature
[INFO] [stdout] 
[INFO] [stdout] 
[INFO] [stdout] error[E0433]: cannot find `windows` in `os`
[INFO] [stdout]   --> crates/dcs-eval/src/sys.rs:28:14
[INFO] [stdout]    |
[INFO] [stdout] 28 | use std::os::windows::ffi::OsStrExt;
[INFO] [stdout]    |              ^^^^^^^ could not find `windows` in `os`
[INFO] [stdout]    |
[INFO] [stdout] note: found an item that was configured out
[INFO] [stdout]   --> /rustc/3154cc1a3e6424e44f438a95007d043ed5ceaaf6/library/std/src/os/mod.rs:62:4
[INFO] [stdout]    |
[INFO] [stdout]    = note: the item is gated behind the `windows` feature
[INFO] [stdout] 
[INFO] [stdout] 
[INFO] [stdout] error[E0432]: unresolved import `crate::testing::held`
[INFO] [stdout]    --> crates/dcs-eval/src/file.rs:332:35
[INFO] [stdout]     |
[INFO] [stdout] 332 |     use crate::testing::{Sandbox, held, real, slurp, with};
[INFO] [stdout]     |                                   ^^^^ no `held` in `testing`
[INFO] [stdout]     |
[INFO] [stdout] note: found an item that was configured out
[INFO] [stdout]    --> crates/dcs-eval/src/testing.rs:225:15
[INFO] [stdout]     |
[INFO] [stdout] 224 | #[cfg(windows)]
[INFO] [stdout]     |       ------- the item is gated here
[INFO] [stdout] 225 | pub(crate) fn held(path: &Path) -> fs::File {
[INFO] [stdout]     |               ^^^^
[INFO] [stdout] 
[INFO] [stdout] 
[INFO] [stdout] error[E0432]: unresolved imports `crate::testing::junction`, `crate::testing::short_name`
[INFO] [stdout]    --> crates/dcs-eval/src/paths.rs:254:35
[INFO] [stdout]     |
[INFO] [stdout] 254 |     use crate::testing::{Sandbox, junction, short_name};
[INFO] [stdout]     |                                   ^^^^^^^^  ^^^^^^^^^^ no `short_name` in `testing`
[INFO] [stdout]     |                                   |
[INFO] [stdout]     |                                   no `junction` in `testing`
[INFO] [stdout]     |
[INFO] [stdout] note: found an item that was configured out
[INFO] [stdout]    --> crates/dcs-eval/src/testing.rs:123:15
[INFO] [stdout]     |
[INFO] [stdout] 122 | #[cfg(windows)]
[INFO] [stdout]     |       ------- the item is gated here
[INFO] [stdout] 123 | pub(crate) fn junction(link: &Path, target: &Path) {
[INFO] [stdout]     |               ^^^^^^^^
[INFO] [stdout] note: found an item that was configured out
[INFO] [stdout]    --> crates/dcs-eval/src/testing.rs:103:15
[INFO] [stdout]     |
[INFO] [stdout] 102 | #[cfg(windows)]
[INFO] [stdout]     |       ------- the item is gated here
[INFO] [stdout] 103 | pub(crate) fn short_name(path: &Path) -> PathBuf {
[INFO] [stdout]     |               ^^^^^^^^^^
[INFO] [stdout] 
[INFO] [stdout] 
[INFO] [stdout] error[E0432]: unresolved imports `crate::testing::junction`, `crate::testing::short_name`
[INFO] [stdout]    --> crates/dcs-eval/src/readers.rs:582:26
[INFO] [stdout]     |
[INFO] [stdout] 582 |         Sandbox, framed, junction, lines, past_ascii, real, short_name, slurp, with, without,
[INFO] [stdout]     |                          ^^^^^^^^                           ^^^^^^^^^^ no `short_name` in `testing`
[INFO] [stdout]     |                          |
[INFO] [stdout]     |                          no `junction` in `testing`
[INFO] [stdout]     |
[INFO] [stdout] note: found an item that was configured out
[INFO] [stdout]    --> crates/dcs-eval/src/testing.rs:123:15
[INFO] [stdout]     |
[INFO] [stdout] 122 | #[cfg(windows)]
[INFO] [stdout]     |       ------- the item is gated here
[INFO] [stdout] 123 | pub(crate) fn junction(link: &Path, target: &Path) {
[INFO] [stdout]     |               ^^^^^^^^
[INFO] [stdout] note: found an item that was configured out
[INFO] [stdout]    --> crates/dcs-eval/src/testing.rs:103:15
[INFO] [stdout]     |
[INFO] [stdout] 102 | #[cfg(windows)]
[INFO] [stdout]     |       ------- the item is gated here
[INFO] [stdout] 103 | pub(crate) fn short_name(path: &Path) -> PathBuf {
[INFO] [stdout]     |               ^^^^^^^^^^
[INFO] [stdout] 
[INFO] [stdout] 
[INFO] [stdout] error[E0433]: cannot find `windows` in `os`
[INFO] [stdout]    --> crates/dcs-eval/src/source.rs:370:18
[INFO] [stdout]     |
[INFO] [stdout] 370 |     use std::os::windows::fs::OpenOptionsExt;
[INFO] [stdout]     |                  ^^^^^^^ could not find `windows` in `os`
[INFO] [stdout]     |
[INFO] [stdout] note: found an item that was configured out
[INFO] [stdout]    --> /rustc/3154cc1a3e6424e44f438a95007d043ed5ceaaf6/library/std/src/os/mod.rs:62:4
[INFO] [stdout]     |
[INFO] [stdout]     = note: the item is gated behind the `windows` feature
[INFO] [stdout] 
[INFO] [stdout] 
[INFO] [stdout] error[E0432]: unresolved import `crate::testing::sha256sum`
[INFO] [stdout]    --> crates/dcs-eval/src/sha256.rs:173:35
[INFO] [stdout]     |
[INFO] [stdout] 173 |     use crate::testing::{Sandbox, sha256sum};
[INFO] [stdout]     |                                   ^^^^^^^^^ no `sha256sum` in `testing`
[INFO] [stdout]     |
[INFO] [stdout] note: found an item that was configured out
[INFO] [stdout]    --> crates/dcs-eval/src/testing.rs:250:15
[INFO] [stdout]     |
[INFO] [stdout] 249 | #[cfg(windows)]
[INFO] [stdout]     |       ------- the item is gated here
[INFO] [stdout] 250 | pub(crate) fn sha256sum(path: &Path) -> String {
[INFO] [stdout]     |               ^^^^^^^^^
[INFO] [stdout] 
[INFO] [stdout] 
[INFO] [stdout] error[E0432]: unresolved import `crate::testing::sha256sum`
[INFO] [stdout]    --> crates/dcs-eval/src/source.rs:428:41
[INFO] [stdout]     |
[INFO] [stdout] 428 |     use crate::testing::{Sandbox, real, sha256sum, slurp};
[INFO] [stdout]     |                                         ^^^^^^^^^ no `sha256sum` in `testing`
[INFO] [stdout]     |
[INFO] [stdout] note: found an item that was configured out
[INFO] [stdout]    --> crates/dcs-eval/src/testing.rs:250:15
[INFO] [stdout]     |
[INFO] [stdout] 249 | #[cfg(windows)]
[INFO] [stdout]     |       ------- the item is gated here
[INFO] [stdout] 250 | pub(crate) fn sha256sum(path: &Path) -> String {
[INFO] [stdout]     |               ^^^^^^^^^
[INFO] [stdout] 
[INFO] [stdout] 
[INFO] [stdout] error[E0433]: cannot find `windows` in `os`
[INFO] [stdout]   --> crates/dcs-eval/src/sys.rs:28:14
[INFO] [stdout]    |
[INFO] [stdout] 28 | use std::os::windows::ffi::OsStrExt;
[INFO] [stdout]    |              ^^^^^^^ could not find `windows` in `os`
[INFO] [stdout]    |
[INFO] [stdout] note: found an item that was configured out
[INFO] [stdout]   --> /rustc/3154cc1a3e6424e44f438a95007d043ed5ceaaf6/library/std/src/os/mod.rs:62:4
[INFO] [stdout]    |
[INFO] [stdout]    = note: the item is gated behind the `windows` feature
[INFO] [stdout] 
[INFO] [stdout] 
[INFO] [stdout] error[E0432]: unresolved import `crate::testing::a_pid_that_has_exited`
[INFO] [stdout]    --> crates/dcs-eval/src/status.rs:760:35
[INFO] [stdout]     |
[INFO] [stdout] 760 |     use crate::testing::{Sandbox, a_pid_that_has_exited, entries, real, slurp, with};
[INFO] [stdout]     |                                   ^^^^^^^^^^^^^^^^^^^^^ no `a_pid_that_has_exited` in `testing`
[INFO] [stdout]     |
[INFO] [stdout] note: found an item that was configured out
[INFO] [stdout]    --> crates/dcs-eval/src/testing.rs:59:15
[INFO] [stdout]     |
[INFO] [stdout]  58 | #[cfg(windows)]
[INFO] [stdout]     |       ------- the item is gated here
[INFO] [stdout]  59 | pub(crate) fn a_pid_that_has_exited() -> (std::process::Child, u32) {
[INFO] [stdout]     |               ^^^^^^^^^^^^^^^^^^^^^
[INFO] [stdout] 
[INFO] [stdout] 
[INFO] [stdout] error[E0432]: unresolved import `crate::testing::a_pid_that_has_exited`
[INFO] [stdout]    --> crates/dcs-eval/src/sys.rs:815:9
[INFO] [stdout]     |
[INFO] [stdout] 815 |     use crate::testing::a_pid_that_has_exited;
[INFO] [stdout]     |         ^^^^^^^^^^^^^^^^---------------------
[INFO] [stdout]     |                         |
[INFO] [stdout]     |                         no `a_pid_that_has_exited` in `testing`
[INFO] [stdout]     |
[INFO] [stdout] note: found an item that was configured out
[INFO] [stdout]    --> crates/dcs-eval/src/testing.rs:59:15
[INFO] [stdout]     |
[INFO] [stdout]  58 | #[cfg(windows)]
[INFO] [stdout]     |       ------- the item is gated here
[INFO] [stdout]  59 | pub(crate) fn a_pid_that_has_exited() -> (std::process::Child, u32) {
[INFO] [stdout]     |               ^^^^^^^^^^^^^^^^^^^^^
[INFO] [stdout] 
[INFO] [stdout] 
[INFO] [stdout] error[E0432]: unresolved import `crate::testing::a_pid_that_has_exited`
[INFO] [stdout]    --> crates/dcs-eval/src/wait.rs:513:35
[INFO] [stdout]     |
[INFO] [stdout] 513 |     use crate::testing::{Sandbox, a_pid_that_has_exited, entries, slurp};
[INFO] [stdout]     |                                   ^^^^^^^^^^^^^^^^^^^^^ no `a_pid_that_has_exited` in `testing`
[INFO] [stdout]     |
[INFO] [stdout] note: found an item that was configured out
[INFO] [stdout]    --> crates/dcs-eval/src/testing.rs:59:15
[INFO] [stdout]     |
[INFO] [stdout]  58 | #[cfg(windows)]
[INFO] [stdout]     |       ------- the item is gated here
[INFO] [stdout]  59 | pub(crate) fn a_pid_that_has_exited() -> (std::process::Child, u32) {
[INFO] [stdout]     |               ^^^^^^^^^^^^^^^^^^^^^
[INFO] [stdout] 
[INFO] [stdout] 
[INFO] [stdout] error[E0432]: unresolved import `crate::testing::a_pid_that_has_exited`
[INFO] [stdout]    --> crates/dcs-eval/src/watch.rs:174:35
[INFO] [stdout]     |
[INFO] [stdout] 174 |     use crate::testing::{Sandbox, a_pid_that_has_exited};
[INFO] [stdout]     |                                   ^^^^^^^^^^^^^^^^^^^^^ no `a_pid_that_has_exited` in `testing`
[INFO] [stdout]     |
[INFO] [stdout] note: found an item that was configured out
[INFO] [stdout]    --> crates/dcs-eval/src/testing.rs:59:15
[INFO] [stdout]     |
[INFO] [stdout]  58 | #[cfg(windows)]
[INFO] [stdout]     |       ------- the item is gated here
[INFO] [stdout]  59 | pub(crate) fn a_pid_that_has_exited() -> (std::process::Child, u32) {
[INFO] [stdout]     |               ^^^^^^^^^^^^^^^^^^^^^
[INFO] [stdout] 
[INFO] [stdout] 
[INFO] [stdout] error[E0432]: unresolved import `crate::testing::a_pid_that_has_exited`
[INFO] [stdout]   --> crates/dcs-eval/src/e2e.rs:57:31
[INFO] [stdout]    |
[INFO] [stdout] 57 | use crate::testing::{Sandbox, a_pid_that_has_exited};
[INFO] [stdout]    |                               ^^^^^^^^^^^^^^^^^^^^^ no `a_pid_that_has_exited` in `testing`
[INFO] [stdout]    |
[INFO] [stdout] note: found an item that was configured out
[INFO] [stdout]   --> crates/dcs-eval/src/testing.rs:59:15
[INFO] [stdout]    |
[INFO] [stdout] 58 | #[cfg(windows)]
[INFO] [stdout]    |       ------- the item is gated here
[INFO] [stdout] 59 | pub(crate) fn a_pid_that_has_exited() -> (std::process::Child, u32) {
[INFO] [stdout]    |               ^^^^^^^^^^^^^^^^^^^^^
[INFO] [stdout] 
[INFO] [stdout] 
[INFO] [stdout] error[E0425]: cannot find function `sha256sum` in module `crate::testing`
[INFO] [stdout]    --> crates/dcs-eval/src/source.rs:822:29
[INFO] [stdout]     |
[INFO] [stdout] 822 |             crate::testing::sha256sum(&plain),
[INFO] [stdout]     |                             ^^^^^^^^^ not found in `crate::testing`
[INFO] [stdout]     |
[INFO] [stdout] note: found an item that was configured out
[INFO] [stdout]    --> crates/dcs-eval/src/testing.rs:250:15
[INFO] [stdout]     |
[INFO] [stdout] 249 | #[cfg(windows)]
[INFO] [stdout]     |       ------- the item is gated here
[INFO] [stdout] 250 | pub(crate) fn sha256sum(path: &Path) -> String {
[INFO] [stdout]     |               ^^^^^^^^^
[INFO] [stdout] 
[INFO] [stdout] 
[INFO] [stdout] error[E0425]: cannot find function `sha256sum` in module `crate::testing`
[INFO] [stdout]    --> crates/dcs-eval/src/source.rs:836:29
[INFO] [stdout]     |
[INFO] [stdout] 836 |             crate::testing::sha256sum(&marked),
[INFO] [stdout]     |                             ^^^^^^^^^ not found in `crate::testing`
[INFO] [stdout]     |
[INFO] [stdout] note: found an item that was configured out
[INFO] [stdout]    --> crates/dcs-eval/src/testing.rs:250:15
[INFO] [stdout]     |
[INFO] [stdout] 249 | #[cfg(windows)]
[INFO] [stdout]     |       ------- the item is gated here
[INFO] [stdout] 250 | pub(crate) fn sha256sum(path: &Path) -> String {
[INFO] [stdout]     |               ^^^^^^^^^
[INFO] [stdout] 
[INFO] [stdout] 
[INFO] [stdout] error[E0425]: cannot find function `junction` in module `crate::testing`
[INFO] [stdout]     --> crates/dcs-eval/src/source.rs:1094:25
[INFO] [stdout]      |
[INFO] [stdout] 1094 |         crate::testing::junction(admitted.path().as_path(), &elsewhere);
[INFO] [stdout]      |                         ^^^^^^^^ not found in `crate::testing`
[INFO] [stdout]      |
[INFO] [stdout] note: found an item that was configured out
[INFO] [stdout]     --> crates/dcs-eval/src/testing.rs:123:15
[INFO] [stdout]      |
[INFO] [stdout]  122 | #[cfg(windows)]
[INFO] [stdout]      |       ------- the item is gated here
[INFO] [stdout]  123 | pub(crate) fn junction(link: &Path, target: &Path) {
[INFO] [stdout]      |               ^^^^^^^^
[INFO] [stdout] 
[INFO] [stdout] 
[INFO] [stdout] error[E0425]: cannot find function `held` in module `crate::testing`
[INFO] [stdout]     --> crates/dcs-eval/src/standin.rs:1545:39
[INFO] [stdout]      |
[INFO] [stdout] 1545 |         let holding = crate::testing::held(&inside);
[INFO] [stdout]      |                                       ^^^^ not found in `crate::testing`
[INFO] [stdout]      |
[INFO] [stdout] note: found an item that was configured out
[INFO] [stdout]     --> crates/dcs-eval/src/testing.rs:225:15
[INFO] [stdout]      |
[INFO] [stdout]  224 | #[cfg(windows)]
[INFO] [stdout]      |       ------- the item is gated here
[INFO] [stdout]  225 | pub(crate) fn held(path: &Path) -> fs::File {
[INFO] [stdout]      |               ^^^^
[INFO] [stdout] 
[INFO] [stdout] 
[INFO] [stdout] error[E0599]: no method named `custom_flags` found for mutable reference `&mut OpenOptions` in the current scope
[INFO] [stdout]    --> crates/dcs-eval/src/source.rs:378:10
[INFO] [stdout]     |
[INFO] [stdout] 376 |     let file = fs::OpenOptions::new()
[INFO] [stdout] 377 |         .read(true)
[INFO] [stdout] 378 |         .custom_flags(FILE_FLAG_OPEN_REPARSE_POINT)
[INFO] [stdout]     |          ^^^^^^^^^^^^ method not found in `&mut OpenOptions`
[INFO] [stdout]     |
[INFO] [stdout]     = help: items from traits can only be used if the trait is in scope
[INFO] [stdout] help: trait `OpenOptionsExt` which provides `custom_flags` is implemented but not in scope; perhaps you want to import it
[INFO] [stdout]     |
[INFO] [stdout]  16 + use std::os::unix::fs::OpenOptionsExt;
[INFO] [stdout]     |
[INFO] [stdout] 
[INFO] [stdout] 
[INFO] [stdout] error[E0599]: no method named `encode_wide` found for reference `&OsStr` in the current scope
[INFO] [stdout]    --> crates/dcs-eval/src/sys.rs:801:46
[INFO] [stdout]     |
[INFO] [stdout] 801 |     let mut out: Vec<u16> = path.as_os_str().encode_wide().collect();
[INFO] [stdout]     |                                              ^^^^^^^^^^^ method not found in `&OsStr`
[INFO] [stdout] 
[INFO] [stdout] 
[INFO] [stdout] Some errors have detailed explanations: E0433, E0599.
[INFO] [stdout] 
[INFO] [stdout] For more information about an error, try `rustc --explain E0433`.
[INFO] [stdout] 
[INFO] [stderr] error: could not compile `dcs-eval` (lib) due to 4 previous errors
[INFO] [stderr] warning: build failed, waiting for other jobs to finish...
[INFO] [stdout] error[E0599]: no method named `custom_flags` found for mutable reference `&mut OpenOptions` in the current scope
[INFO] [stdout]    --> crates/dcs-eval/src/source.rs:378:10
[INFO] [stdout]     |
[INFO] [stdout] 376 |     let file = fs::OpenOptions::new()
[INFO] [stdout] 377 |         .read(true)
[INFO] [stdout] 378 |         .custom_flags(FILE_FLAG_OPEN_REPARSE_POINT)
[INFO] [stdout]     |          ^^^^^^^^^^^^ method not found in `&mut OpenOptions`
[INFO] [stdout]     |
[INFO] [stdout]     = help: items from traits can only be used if the trait is in scope
[INFO] [stdout] help: trait `OpenOptionsExt` which provides `custom_flags` is implemented but not in scope; perhaps you want to import it
[INFO] [stdout]     |
[INFO] [stdout]  16 + use std::os::unix::fs::OpenOptionsExt;
[INFO] [stdout]     |
[INFO] [stdout] 
[INFO] [stdout] 
[INFO] [stdout] error[E0599]: no method named `encode_wide` found for reference `&OsStr` in the current scope
[INFO] [stdout]    --> crates/dcs-eval/src/sys.rs:801:46
[INFO] [stdout]     |
[INFO] [stdout] 801 |     let mut out: Vec<u16> = path.as_os_str().encode_wide().collect();
[INFO] [stdout]     |                                              ^^^^^^^^^^^ method not found in `&OsStr`
[INFO] [stdout] 
[INFO] [stdout] 
[INFO] [stdout] Some errors have detailed explanations: E0425, E0432, E0433, E0599.
[INFO] [stdout] 
[INFO] [stdout] For more information about an error, try `rustc --explain E0425`.
[INFO] [stdout] 
[INFO] [stderr] error: could not compile `dcs-eval` (lib test) due to 18 previous errors
[INFO] running `Command { std: "docker" "inspect" "3023571329c0119260e565046fd3d02638930fa7be257d0d8abfb16cdeaae14d", kill_on_drop: false }`
[INFO] running `Command { std: "docker" "rm" "-f" "3023571329c0119260e565046fd3d02638930fa7be257d0d8abfb16cdeaae14d", kill_on_drop: false }`
[INFO] [stdout] 3023571329c0119260e565046fd3d02638930fa7be257d0d8abfb16cdeaae14d
