[INFO] cloning repository https://github.com/tpt-solutions/tpt-async
[INFO] running `Command { std: "git" "-c" "credential.helper=" "-c" "credential.helper=/workspace/cargo-home/bin/git-credential-null" "clone" "--bare" "https://github.com/tpt-solutions/tpt-async" "/workspace/cache/git-repos/https%3A%2F%2Fgithub.com%2Ftpt-solutions%2Ftpt-async", kill_on_drop: false }`
[INFO] [stderr] Cloning into bare repository '/workspace/cache/git-repos/https%3A%2F%2Fgithub.com%2Ftpt-solutions%2Ftpt-async'...
[INFO] running `Command { std: "git" "rev-parse" "HEAD", kill_on_drop: false }`
[INFO] [stdout] 23bae862a68a3223e310c2063963903761fbe822
[INFO] checking tpt-solutions/tpt-async against 3154cc1a3e6424e44f438a95007d043ed5ceaaf6 for pr-133502-30
[INFO] running `Command { std: "git" "clone" "/workspace/cache/git-repos/https%3A%2F%2Fgithub.com%2Ftpt-solutions%2Ftpt-async" "/workspace/builds/worker-0-tc2/source", kill_on_drop: false }`
[INFO] [stderr] Cloning into '/workspace/builds/worker-0-tc2/source'...
[INFO] [stderr] done.
[INFO] removed /workspace/builds/worker-0-tc2/source/.cargo/config.toml
[INFO] started tweaking git repo https://github.com/tpt-solutions/tpt-async
[INFO] finished tweaking git repo https://github.com/tpt-solutions/tpt-async
[INFO] tweaked toml for git repo https://github.com/tpt-solutions/tpt-async written to /workspace/builds/worker-0-tc2/source/Cargo.toml
[INFO] validating manifest of git repo https://github.com/tpt-solutions/tpt-async on toolchain 3154cc1a3e6424e44f438a95007d043ed5ceaaf6
[INFO] running `Command { std: CARGO_HOME="/workspace/cargo-home" RUSTUP_HOME="/workspace/rustup-home" "/workspace/cargo-home/bin/cargo" "+3154cc1a3e6424e44f438a95007d043ed5ceaaf6" "metadata" "--manifest-path" "Cargo.toml" "--no-deps", kill_on_drop: false }`
[INFO] crate git repo https://github.com/tpt-solutions/tpt-async already has a lockfile, it will not be regenerated
[INFO] running `Command { std: CARGO_HOME="/workspace/cargo-home" RUSTUP_HOME="/workspace/rustup-home" "/workspace/cargo-home/bin/cargo" "+3154cc1a3e6424e44f438a95007d043ed5ceaaf6" "fetch" "--manifest-path" "Cargo.toml", kill_on_drop: false }`
[INFO] running `Command { std: "docker" "create" "-v" "/var/lib/crater-agent-workspace/builds/worker-0-tc2/source:/opt/rustwide/workdir:ro,Z" "-v" "/var/lib/crater-agent-workspace/builds/worker-0-tc2/target:/opt/rustwide/target:rw,Z" "-v" "/var/lib/crater-agent-workspace/cargo-home:/opt/rustwide/cargo-home:ro,Z" "-v" "/var/lib/crater-agent-workspace/rustup-home:/opt/rustwide/rustup-home:ro,Z" "-m" "1610612736" "--network" "none" "ghcr.io/rust-lang/crates-build-env/linux@sha256:77db811e55d90add9212f6832c23229e3de5f1c1f9905e8cb07319ea15df73ac" "sleep" "infinity", kill_on_drop: false }`
[INFO] [stdout] d74c47e2985b49d6d7187c090b47b1aad7b0a29ab6a744e9c9711691cb1f1101
[INFO] running `Command { std: "docker" "start" "d74c47e2985b49d6d7187c090b47b1aad7b0a29ab6a744e9c9711691cb1f1101", kill_on_drop: false }`
[INFO] running `Command { std: "docker" "inspect" "d74c47e2985b49d6d7187c090b47b1aad7b0a29ab6a744e9c9711691cb1f1101", kill_on_drop: false }`
[INFO] running `Command { std: "docker" "exec" "-e" "SOURCE_DIR=/opt/rustwide/workdir" "-e" "CARGO_HOME=/opt/rustwide/cargo-home" "-e" "RUSTUP_HOME=/opt/rustwide/rustup-home" "-e" "CARGO_TARGET_DIR=/opt/rustwide/target" "-w" "/opt/rustwide/workdir" "--user" "0:0" "d74c47e2985b49d6d7187c090b47b1aad7b0a29ab6a744e9c9711691cb1f1101" "/opt/rustwide/cargo-home/bin/cargo" "+3154cc1a3e6424e44f438a95007d043ed5ceaaf6" "metadata" "--no-deps" "--format-version=1", kill_on_drop: false }`
[INFO] running `Command { std: "docker" "inspect" "d74c47e2985b49d6d7187c090b47b1aad7b0a29ab6a744e9c9711691cb1f1101", kill_on_drop: false }`
[INFO] running `Command { std: "docker" "exec" "-e" "SOURCE_DIR=/opt/rustwide/workdir" "-e" "CARGO_HOME=/opt/rustwide/cargo-home" "-e" "RUSTUP_HOME=/opt/rustwide/rustup-home" "-e" "CARGO_TARGET_DIR=/opt/rustwide/target" "-e" "CARGO_INCREMENTAL=0" "-e" "RUST_BACKTRACE=full" "-e" "RUSTFLAGS=--cap-lints=forbid" "-e" "RUSTDOCFLAGS=--cap-lints=forbid" "-w" "/opt/rustwide/workdir" "--user" "0:0" "d74c47e2985b49d6d7187c090b47b1aad7b0a29ab6a744e9c9711691cb1f1101" "/opt/rustwide/cargo-home/bin/cargo" "+3154cc1a3e6424e44f438a95007d043ed5ceaaf6" "check" "--frozen" "--all" "--all-targets" "--message-format=json", kill_on_drop: false }`
[INFO] [stderr]     Checking spin v0.9.9
[INFO] [stderr]     Checking value-bag v1.14.1
[INFO] [stderr]    Compiling rustls v0.23.45
[INFO] [stderr]    Compiling syn v3.0.5
[INFO] [stderr]    Compiling syn v2.0.119
[INFO] [stderr]    Compiling ring v0.17.14
[INFO] [stderr]     Checking getrandom v0.2.17
[INFO] [stderr]     Checking rustls-pemfile v2.2.0
[INFO] [stderr]     Checking regex-automata v0.4.18
[INFO] [stderr]     Checking itertools v0.10.5
[INFO] [stderr]     Checking clap_builder v4.6.6
[INFO] [stderr]     Checking is-terminal v0.4.17
[INFO] [stderr]     Checking rayon v1.12.0
[INFO] [stderr]     Checking plotters v0.3.7
[INFO] [stderr]     Checking time v0.3.55
[INFO] [stderr]     Checking pem v3.0.6
[INFO] [stderr]     Checking concurrent-queue v2.5.0
[INFO] [stderr]    Compiling rustix v1.1.4
[INFO] [stderr]     Checking tpt-async-core v0.1.0 (/opt/rustwide/workdir/crates/tpt-async-core)
[INFO] [stderr]     Checking tpt-async-timer v0.1.0 (/opt/rustwide/workdir/crates/tpt-async-timer)
[INFO] [stderr]    Compiling crc32fast v1.5.2
[INFO] [stderr]     Checking tpt-async-executor v0.1.0 (/opt/rustwide/workdir/crates/tpt-async-executor)
[INFO] [stderr]     Checking percent-encoding v2.3.2
[INFO] [stderr]     Checking miniz_oxide v0.9.1
[INFO] [stderr]     Checking form_urlencoded v1.2.2
[INFO] [stderr]     Checking async-channel v2.5.0
[INFO] [stderr]     Checking log v0.4.34
[INFO] [stderr]     Checking async-executor v1.14.0
[INFO] [stderr]    Compiling syn v1.0.109
[INFO] [stderr]    Compiling target-tuple v1.0.2
[INFO] [stderr]     Checking async-channel v1.9.0
[INFO] [stderr]     Checking kv-log-macro v1.0.7
[INFO] [stderr]     Checking serde_spanned v1.1.1
[INFO] [stderr]     Checking blocking v1.7.0
[INFO] [stderr]     Checking toml_datetime v1.1.1+spec-1.1.0
[INFO] [stderr]     Checking yasna v0.5.2
[INFO] [stderr]     Checking memchr v2.8.3
[INFO] [stderr]     Checking toml v1.1.6+spec-1.1.0
[INFO] [stderr]     Checking flate2 v1.1.10
[INFO] [stderr]     Checking serde_json v1.0.151
[INFO] [stderr]     Checking xtask v0.1.0 (/opt/rustwide/workdir/xtask)
[INFO] [stderr]     Checking criterion-plot v0.5.0
[INFO] [stderr]     Checking regex v1.13.1
[INFO] [stderr]     Checking clap v4.6.6
[INFO] [stderr]    Compiling tokio-macros v2.7.2
[INFO] [stderr]    Compiling serde_derive v1.0.229
[INFO] [stderr]    Compiling zerovec-derive v0.11.6
[INFO] [stderr]    Compiling displaydoc v0.2.7
[INFO] [stderr]    Compiling futures-macro v0.3.34
[INFO] [stderr]    Compiling async-attributes v1.1.2
[INFO] [stderr]     Checking tpt-async-macros v0.1.0 (/opt/rustwide/workdir/crates/tpt-async-macros)
[INFO] [stderr]     Checking tokio v1.53.1
[INFO] [stderr]     Checking polling v3.11.0
[INFO] [stderr]     Checking async-io v2.6.0
[INFO] [stderr]     Checking futures-util v0.3.34
[INFO] [stderr]    Compiling synstructure v0.13.2
[INFO] [stderr]     Checking async-global-executor v2.4.1
[INFO] [stderr]     Checking rustls-webpki v0.103.15
[INFO] [stderr]     Checking rcgen v0.13.2
[INFO] [stderr]     Checking async-std v1.13.2
[INFO] [stderr]    Compiling zerocopy-derive v0.8.57
[INFO] [stderr]    Compiling zerofrom-derive v0.1.7
[INFO] [stderr]    Compiling yoke-derive v0.8.2
[INFO] [stderr]     Checking tpt-async v0.1.0 (/opt/rustwide/workdir/crates/tpt-async)
[INFO] [stderr]     Checking zerofrom v0.1.8
[INFO] [stderr]     Checking yoke v0.8.3
[INFO] [stderr]     Checking zerovec v0.11.8
[INFO] [stderr]     Checking zerotrie v0.2.5
[INFO] [stderr]     Checking zerocopy v0.8.57
[INFO] [stderr]     Checking serde v1.0.229
[INFO] [stderr]     Checking tinystr v0.8.4
[INFO] [stderr]     Checking potential_utf v0.1.6
[INFO] [stderr]     Checking icu_collections v2.3.0
[INFO] [stderr]     Checking icu_locale_core v2.3.0
[INFO] [stderr]     Checking tinytemplate v1.2.1
[INFO] [stderr]     Checking trybuild v1.0.121
[INFO] [stderr]     Checking icu_provider v2.3.1
[INFO] [stderr]     Checking icu_normalizer v2.3.0
[INFO] [stderr]     Checking icu_properties v2.3.0
[INFO] [stderr]     Checking idna_adapter v1.2.2
[INFO] [stderr]     Checking idna v1.1.0
[INFO] [stderr]     Checking tpt-async-io v0.1.0 (/opt/rustwide/workdir/crates/tpt-async-io)
[INFO] [stderr]     Checking tokio-util v0.7.19
[INFO] [stderr]     Checking hyper v1.11.1
[INFO] [stderr]     Checking tpt-net-tls v0.1.0 (/opt/rustwide/workdir/crates/tpt-net-tls)
[INFO] [stderr]     Checking tpt-async-test v0.1.0 (/opt/rustwide/workdir/crates/tpt-async-test)
[INFO] [stderr]     Checking url v2.5.8
[INFO] [stdout] warning: variable does not need to be mutable
[INFO] [stdout]    --> crates/tpt-async-test/src/lib.rs:370:13
[INFO] [stdout]     |
[INFO] [stdout] 370 |         let mut cx = Context::from_waker(&waker);
[INFO] [stdout]     |             ----^^
[INFO] [stdout]     |             |
[INFO] [stdout]     |             help: remove this `mut`
[INFO] [stdout]     |
[INFO] [stdout]     = note: `#[warn(unused_mut)]` (part of `#[warn(unused)]`) on by default
[INFO] [stdout] 
[INFO] [stdout] 
[INFO] [stdout] warning: unused variable: `cx`
[INFO] [stdout]    --> crates/tpt-async-test/src/lib.rs:370:13
[INFO] [stdout]     |
[INFO] [stdout] 370 |         let mut cx = Context::from_waker(&waker);
[INFO] [stdout]     |             ^^^^^^ help: if this is intentional, prefix it with an underscore: `_cx`
[INFO] [stdout]     |
[INFO] [stdout]     = note: `#[warn(unused_variables)]` (part of `#[warn(unused)]`) on by default
[INFO] [stdout] 
[INFO] [stdout] 
[INFO] [stderr]     Checking tpt-net-http v0.1.0 (/opt/rustwide/workdir/crates/tpt-net-http)
[INFO] [stderr]     Checking h2 v0.4.19
[INFO] [stderr]     Checking ureq v2.12.1
[INFO] [stderr]     Checking tpt-net-ws v0.1.0 (/opt/rustwide/workdir/crates/tpt-net-ws)
[INFO] [stderr]     Checking desktop-examples v0.1.0 (/opt/rustwide/workdir/examples/desktop)
[INFO] [stderr]     Checking hyper-util v0.1.20
[INFO] [stdout] warning: unused import: `tokio::io::AsyncWriteExt`
[INFO] [stdout]    --> crates/tpt-net-ws/tests/echo.rs:145:9
[INFO] [stdout]     |
[INFO] [stdout] 145 |     use tokio::io::AsyncWriteExt as _;
[INFO] [stdout]     |         ^^^^^^^^^^^^^^^^^^^^^^^^
[INFO] [stdout]     |
[INFO] [stdout]     = note: `#[warn(unused_imports)]` (part of `#[warn(unused)]`) on by default
[INFO] [stdout] 
[INFO] [stdout] 
[INFO] [stderr]     Checking half v2.7.1
[INFO] [stderr]     Checking ciborium-ll v0.2.2
[INFO] [stderr]     Checking ciborium v0.2.2
[INFO] [stderr]     Checking criterion v0.5.1
[INFO] [stdout] error[E0432]: unresolved import `tpt_async_io::AsyncStdWriter`
[INFO] [stdout]   --> crates/tpt-async-io/tests/adapters.rs:84:9
[INFO] [stdout]    |
[INFO] [stdout] 84 |     use tpt_async_io::AsyncStdWriter;
[INFO] [stdout]    |         ^^^^^^^^^^^^^^--------------
[INFO] [stdout]    |                       |
[INFO] [stdout]    |                       no `AsyncStdWriter` in the root
[INFO] [stdout]    |
[INFO] [stdout] note: found an item that was configured out
[INFO] [stdout]   --> crates/tpt-async-io/src/lib.rs:49:54
[INFO] [stdout]    |
[INFO] [stdout] 47 | #[cfg(feature = "async-std")]
[INFO] [stdout]    |       --------------------- the item is gated behind the `async-std` feature
[INFO] [stdout] 48 | #[cfg_attr(docsrs, doc(cfg(feature = "async-std")))]
[INFO] [stdout] 49 | pub use adapters::async_std_compat::{AsyncStdReader, AsyncStdWriter};
[INFO] [stdout]    |                                                      ^^^^^^^^^^^^^^
[INFO] [stdout] help: a similar name exists in the module
[INFO] [stdout]    |
[INFO] [stdout] 84 -     use tpt_async_io::AsyncStdWriter;
[INFO] [stdout] 84 +     use tpt_async_io::AsyncWrite;
[INFO] [stdout]    |
[INFO] [stdout] 
[INFO] [stdout] 
[INFO] [stdout] error[E0432]: unresolved import `tpt_net_http::http2`
[INFO] [stdout]   --> crates/tpt-net-http/tests/h2_roundtrip.rs:7:19
[INFO] [stdout]    |
[INFO] [stdout]  7 | use tpt_net_http::http2::{H2Request, Http2Connection, Http2Handler};
[INFO] [stdout]    |                   ^^^^^ could not find `http2` in `tpt_net_http`
[INFO] [stdout]    |
[INFO] [stdout] note: found an item that was configured out
[INFO] [stdout]   --> crates/tpt-net-http/src/lib.rs:49:9
[INFO] [stdout]    |
[INFO] [stdout] 47 | #[cfg(feature = "http2")]
[INFO] [stdout]    |       ----------------- the item is gated behind the `http2` feature
[INFO] [stdout] 48 | #[cfg_attr(docsrs, doc(cfg(feature = "http2")))]
[INFO] [stdout] 49 | pub mod http2;
[INFO] [stdout]    |         ^^^^^
[INFO] [stdout] 
[INFO] [stdout] 
[INFO] [stdout] error[E0433]: cannot find `http2` in `tpt_net_http`
[INFO] [stdout]   --> crates/tpt-net-http/tests/h2_roundtrip.rs:33:23
[INFO] [stdout]    |
[INFO] [stdout] 33 |         tpt_net_http::http2::serve_h2(server_io, Health)
[INFO] [stdout]    |                       ^^^^^ could not find `http2` in `tpt_net_http`
[INFO] [stdout]    |
[INFO] [stdout] note: found an item that was configured out
[INFO] [stdout]   --> crates/tpt-net-http/src/lib.rs:49:9
[INFO] [stdout]    |
[INFO] [stdout] 47 | #[cfg(feature = "http2")]
[INFO] [stdout]    |       ----------------- the item is gated behind the `http2` feature
[INFO] [stdout] 48 | #[cfg_attr(docsrs, doc(cfg(feature = "http2")))]
[INFO] [stdout] 49 | pub mod http2;
[INFO] [stdout]    |         ^^^^^
[INFO] [stdout] 
[INFO] [stdout] 
[INFO] [stdout] error[E0433]: cannot find `http2` in `tpt_net_http`
[INFO] [stdout]   --> crates/tpt-net-http/tests/h2_roundtrip.rs:58:23
[INFO] [stdout]    |
[INFO] [stdout] 58 |         tpt_net_http::http2::serve_h2(server_io, Echo)
[INFO] [stdout]    |                       ^^^^^ could not find `http2` in `tpt_net_http`
[INFO] [stdout]    |
[INFO] [stdout] note: found an item that was configured out
[INFO] [stdout]   --> crates/tpt-net-http/src/lib.rs:49:9
[INFO] [stdout]    |
[INFO] [stdout] 47 | #[cfg(feature = "http2")]
[INFO] [stdout]    |       ----------------- the item is gated behind the `http2` feature
[INFO] [stdout] 48 | #[cfg_attr(docsrs, doc(cfg(feature = "http2")))]
[INFO] [stdout] 49 | pub mod http2;
[INFO] [stdout]    |         ^^^^^
[INFO] [stdout] 
[INFO] [stdout] 
[INFO] [stdout] Some errors have detailed explanations: E0432, E0433.
[INFO] [stdout] 
[INFO] [stdout] For more information about an error, try `rustc --explain E0432`.
[INFO] [stdout] 
[INFO] [stdout] warning: variable does not need to be mutable
[INFO] [stdout]   --> crates/tpt-async-io/tests/adapters.rs:57:9
[INFO] [stdout]    |
[INFO] [stdout] 57 |     let mut raw_fut = pin!(async {
[INFO] [stdout]    |         ----^^^^^^^
[INFO] [stdout]    |         |
[INFO] [stdout]    |         help: remove this `mut`
[INFO] [stdout]    |
[INFO] [stdout]    = note: `#[warn(unused_mut)]` (part of `#[warn(unused)]`) on by default
[INFO] [stdout] 
[INFO] [stdout] 
[INFO] [stdout] For more information about this error, try `rustc --explain E0432`.
[INFO] [stdout] 
[INFO] [stderr] error: could not compile `tpt-net-http` (test "h2_roundtrip") due to 3 previous errors
[INFO] [stderr] warning: build failed, waiting for other jobs to finish...
[INFO] [stderr] error: could not compile `tpt-async-io` (test "adapters") due to 1 previous error; 1 warning emitted
[INFO] running `Command { std: "docker" "inspect" "d74c47e2985b49d6d7187c090b47b1aad7b0a29ab6a744e9c9711691cb1f1101", kill_on_drop: false }`
[INFO] running `Command { std: "docker" "rm" "-f" "d74c47e2985b49d6d7187c090b47b1aad7b0a29ab6a744e9c9711691cb1f1101", kill_on_drop: false }`
[INFO] [stdout] d74c47e2985b49d6d7187c090b47b1aad7b0a29ab6a744e9c9711691cb1f1101
