[INFO] cloning repository https://github.com/townlight/station
[INFO] running `Command { std: "git" "-c" "credential.helper=" "-c" "credential.helper=/workspace/cargo-home/bin/git-credential-null" "clone" "--bare" "https://github.com/townlight/station" "/workspace/cache/git-repos/https%3A%2F%2Fgithub.com%2Ftownlight%2Fstation", kill_on_drop: false }`
[INFO] [stderr] Cloning into bare repository '/workspace/cache/git-repos/https%3A%2F%2Fgithub.com%2Ftownlight%2Fstation'...
[INFO] running `Command { std: "git" "rev-parse" "HEAD", kill_on_drop: false }`
[INFO] [stdout] 871ec344c4d867e430c6c026fd00b9f3e67b9d86
[INFO] checking townlight/station against 3154cc1a3e6424e44f438a95007d043ed5ceaaf6+rustflags=-Znext-solver=coherence for pr-133502-30
[INFO] running `Command { std: "git" "clone" "/workspace/cache/git-repos/https%3A%2F%2Fgithub.com%2Ftownlight%2Fstation" "/workspace/builds/worker-5-tc1/source", kill_on_drop: false }`
[INFO] [stderr] Cloning into '/workspace/builds/worker-5-tc1/source'...
[INFO] [stderr] done.
[INFO] removed /workspace/builds/worker-5-tc1/source/.cargo/config.toml
[INFO] started tweaking git repo https://github.com/townlight/station
[INFO] finished tweaking git repo https://github.com/townlight/station
[INFO] tweaked toml for git repo https://github.com/townlight/station written to /workspace/builds/worker-5-tc1/source/Cargo.toml
[INFO] validating manifest of git repo https://github.com/townlight/station on toolchain 3154cc1a3e6424e44f438a95007d043ed5ceaaf6
[INFO] running `Command { std: CARGO_HOME="/workspace/cargo-home" RUSTUP_HOME="/workspace/rustup-home" "/workspace/cargo-home/bin/cargo" "+3154cc1a3e6424e44f438a95007d043ed5ceaaf6" "metadata" "--manifest-path" "Cargo.toml" "--no-deps", kill_on_drop: false }`
[INFO] crate git repo https://github.com/townlight/station already has a lockfile, it will not be regenerated
[INFO] running `Command { std: CARGO_HOME="/workspace/cargo-home" RUSTUP_HOME="/workspace/rustup-home" "/workspace/cargo-home/bin/cargo" "+3154cc1a3e6424e44f438a95007d043ed5ceaaf6" "fetch" "--manifest-path" "Cargo.toml", kill_on_drop: false }`
[INFO] [stderr] warning: unused workspace dependency `station-analytics`
[INFO] [stderr]   --> Cargo.toml:51:25
[INFO] [stderr]    |
[INFO] [stderr] 51 | [workspace.dependencies.station-analytics]
[INFO] [stderr]    |                         ^^^^^^^^^^^^^^^^^
[INFO] [stderr]    |
[INFO] [stderr]    = note: `cargo::unused_workspace_dependencies` is set to `warn` by default
[INFO] [stderr] help: consider removing the workspace dependency `station-analytics`
[INFO] [stderr] warning: unused workspace dependency `station-contribution`
[INFO] [stderr]   --> Cargo.toml:72:25
[INFO] [stderr]    |
[INFO] [stderr] 72 | [workspace.dependencies.station-contribution]
[INFO] [stderr]    |                         ^^^^^^^^^^^^^^^^^^^^
[INFO] [stderr]    |
[INFO] [stderr] help: consider removing the workspace dependency `station-contribution`
[INFO] [stderr] warning: workspace (manifest) generated 2 warnings
[INFO] [stderr]     Updating crates.io index
[INFO] [stderr]  Downloading crates ...
[INFO] [stderr]   Downloaded gstreamer-video-sys v0.25.3
[INFO] [stderr]   Downloaded muldiv v1.0.1
[INFO] [stderr]   Downloaded gdk-pixbuf-sys v0.22.0
[INFO] [stderr]   Downloaded quoted_printable v0.5.2
[INFO] [stderr]   Downloaded hostname v0.4.2
[INFO] [stderr]   Downloaded atomic_refcell v0.1.14
[INFO] [stderr]   Downloaded option-operations v0.6.1
[INFO] [stderr]   Downloaded kstring v2.0.4
[INFO] [stderr]   Downloaded gdk-pixbuf v0.22.0
[INFO] [stderr]   Downloaded email-encoding v0.4.2
[INFO] [stderr]   Downloaded gstreamer-sys v0.25.2
[INFO] [stderr]   Downloaded gstreamer-pbutils-sys v0.25.2
[INFO] [stderr]   Downloaded windows-service v0.8.1
[INFO] [stderr]   Downloaded gstreamer-base-sys v0.25.3
[INFO] [stderr]   Downloaded gstreamer-pbutils v0.25.2
[INFO] [stderr]   Downloaded gstreamer-audio-sys v0.25.3
[INFO] [stderr]   Downloaded gstreamer-audio v0.25.3
[INFO] [stderr]   Downloaded gstreamer-base v0.25.3
[INFO] [stderr]   Downloaded gstreamer-video v0.25.3
[INFO] [stderr]   Downloaded lettre v0.11.23
[INFO] [stderr]   Downloaded zip v8.6.0
[INFO] [stderr]   Downloaded gstreamer v0.25.3
[INFO] running `Command { std: "docker" "create" "-v" "/var/lib/crater-agent-workspace/builds/worker-5-tc1/source:/opt/rustwide/workdir:ro,Z" "-v" "/var/lib/crater-agent-workspace/builds/worker-5-tc1/target:/opt/rustwide/target:rw,Z" "-v" "/var/lib/crater-agent-workspace/cargo-home:/opt/rustwide/cargo-home:ro,Z" "-v" "/var/lib/crater-agent-workspace/rustup-home:/opt/rustwide/rustup-home:ro,Z" "-m" "1610612736" "--network" "none" "ghcr.io/rust-lang/crates-build-env/linux@sha256:77db811e55d90add9212f6832c23229e3de5f1c1f9905e8cb07319ea15df73ac" "sleep" "infinity", kill_on_drop: false }`
[INFO] [stdout] 29a7efa2f6bf412284567779c7801696d0d90f583894a2ba485de402e14b895c
[INFO] running `Command { std: "docker" "start" "29a7efa2f6bf412284567779c7801696d0d90f583894a2ba485de402e14b895c", kill_on_drop: false }`
[INFO] running `Command { std: "docker" "inspect" "29a7efa2f6bf412284567779c7801696d0d90f583894a2ba485de402e14b895c", kill_on_drop: false }`
[INFO] running `Command { std: "docker" "exec" "-e" "SOURCE_DIR=/opt/rustwide/workdir" "-e" "CARGO_HOME=/opt/rustwide/cargo-home" "-e" "RUSTUP_HOME=/opt/rustwide/rustup-home" "-e" "CARGO_TARGET_DIR=/opt/rustwide/target" "-w" "/opt/rustwide/workdir" "--user" "0:0" "29a7efa2f6bf412284567779c7801696d0d90f583894a2ba485de402e14b895c" "/opt/rustwide/cargo-home/bin/cargo" "+3154cc1a3e6424e44f438a95007d043ed5ceaaf6" "metadata" "--no-deps" "--format-version=1", kill_on_drop: false }`
[INFO] running `Command { std: "docker" "inspect" "29a7efa2f6bf412284567779c7801696d0d90f583894a2ba485de402e14b895c", kill_on_drop: false }`
[INFO] running `Command { std: "docker" "exec" "-e" "SOURCE_DIR=/opt/rustwide/workdir" "-e" "CARGO_HOME=/opt/rustwide/cargo-home" "-e" "RUSTUP_HOME=/opt/rustwide/rustup-home" "-e" "CARGO_TARGET_DIR=/opt/rustwide/target" "-e" "CARGO_INCREMENTAL=0" "-e" "RUST_BACKTRACE=full" "-e" "RUSTFLAGS=--cap-lints=forbid -Znext-solver=coherence" "-e" "RUSTDOCFLAGS=--cap-lints=forbid" "-w" "/opt/rustwide/workdir" "--user" "0:0" "29a7efa2f6bf412284567779c7801696d0d90f583894a2ba485de402e14b895c" "/opt/rustwide/cargo-home/bin/cargo" "+3154cc1a3e6424e44f438a95007d043ed5ceaaf6" "check" "--frozen" "--all" "--all-targets" "--message-format=json", kill_on_drop: false }`
[INFO] [stderr] warning: unused workspace dependency `station-analytics`
[INFO] [stderr]   --> Cargo.toml:51:25
[INFO] [stderr]    |
[INFO] [stderr] 51 | [workspace.dependencies.station-analytics]
[INFO] [stderr]    |                         ^^^^^^^^^^^^^^^^^
[INFO] [stderr]    |
[INFO] [stderr]    = note: `cargo::unused_workspace_dependencies` is set to `warn` by default
[INFO] [stderr] help: consider removing the workspace dependency `station-analytics`
[INFO] [stderr] warning: unused workspace dependency `station-contribution`
[INFO] [stderr]   --> Cargo.toml:72:25
[INFO] [stderr]    |
[INFO] [stderr] 72 | [workspace.dependencies.station-contribution]
[INFO] [stderr]    |                         ^^^^^^^^^^^^^^^^^^^^
[INFO] [stderr]    |
[INFO] [stderr] help: consider removing the workspace dependency `station-contribution`
[INFO] [stderr] warning: workspace (manifest) generated 2 warnings
[INFO] [stderr]    Compiling serde_core v1.0.228
[INFO] [stderr]     Checking memchr v2.8.2
[INFO] [stderr]     Checking typenum v1.20.1
[INFO] [stderr]    Compiling serde_json v1.0.150
[INFO] [stderr]    Compiling cc v1.4.3
[INFO] [stderr]     Checking bitflags v2.13.1
[INFO] [stderr]     Checking base64 v0.23.1
[INFO] [stderr]     Checking windows-link v0.2.1
[INFO] [stderr]     Checking miniz_oxide v0.8.9
[INFO] [stderr]    Compiling num-traits v0.2.19
[INFO] [stderr]     Checking log v0.4.33
[INFO] [stderr]     Checking getrandom v0.2.17
[INFO] [stderr]    Compiling rustls v0.23.43
[INFO] [stderr]    Compiling httparse v1.10.1
[INFO] [stderr]     Checking once_cell v1.21.4
[INFO] [stderr]     Checking http v1.5.0
[INFO] [stderr]     Checking windows-sys v0.61.2
[INFO] [stderr]     Checking rustls-native-certs v0.8.4
[INFO] [stderr]     Checking webpki-roots v1.0.9
[INFO] [stderr]     Checking utf8-zero v0.8.1
[INFO] [stderr]    Compiling curve25519-dalek v4.1.3
[INFO] [stderr]     Checking fdeflate v0.3.7
[INFO] [stderr]     Checking pxfm v0.1.30
[INFO] [stderr]     Checking zune-core v0.4.12
[INFO] [stderr]    Compiling curve25519-dalek-derive v0.1.1
[INFO] [stderr]     Checking bytemuck v1.25.2
[INFO] [stderr]     Checking signature v2.2.0
[INFO] [stderr]     Checking zune-jpeg v0.4.21
[INFO] [stderr]     Checking getrandom v0.4.3
[INFO] [stderr]     Checking ed25519 v2.2.3
[INFO] [stderr]     Checking typed-path v0.12.3
[INFO] [stderr]     Checking semver v1.0.28
[INFO] [stderr]     Checking rand_core v0.6.4
[INFO] [stderr]     Checking jiff v0.2.28
[INFO] [stderr]     Checking station-windows-ipc v0.1.0 (/opt/rustwide/workdir/crates/station-windows-ipc)
[INFO] [stderr]    Compiling syn v3.0.3
[INFO] [stdout] error[E0433]: cannot find `windows` in `os`
[INFO] [stdout]  --> crates/station-windows-ipc/src/lib.rs:4:14
[INFO] [stdout]   |
[INFO] [stdout] 4 | use std::os::windows::ffi::OsStrExt;
[INFO] [stdout]   |              ^^^^^^^ could not find `windows` in `os`
[INFO] [stdout]   |
[INFO] [stdout] note: found an item that was configured out
[INFO] [stdout]  --> /rustc/3154cc1a3e6424e44f438a95007d043ed5ceaaf6/library/std/src/os/mod.rs:62:4
[INFO] [stdout]   |
[INFO] [stdout]   = note: the item is gated behind the `windows` feature
[INFO] [stdout] 
[INFO] [stdout] 
[INFO] [stdout] error[E0433]: cannot find `windows` in `os`
[INFO] [stdout]  --> crates/station-windows-ipc/src/lib.rs:5:14
[INFO] [stdout]   |
[INFO] [stdout] 5 | use std::os::windows::io::{AsRawHandle, FromRawHandle, RawHandle};
[INFO] [stdout]   |              ^^^^^^^ could not find `windows` in `os`
[INFO] [stdout]   |
[INFO] [stdout] note: found an item that was configured out
[INFO] [stdout]  --> /rustc/3154cc1a3e6424e44f438a95007d043ed5ceaaf6/library/std/src/os/mod.rs:62:4
[INFO] [stdout]   |
[INFO] [stdout]   = note: the item is gated behind the `windows` feature
[INFO] [stdout] 
[INFO] [stdout] 
[INFO] [stderr]    Compiling target-lexicon v0.13.5
[INFO] [stderr]    Compiling toml_parser v1.1.3+spec-1.1.0
[INFO] [stderr]     Checking flate2 v1.1.9
[INFO] [stderr]     Checking password-hash v0.5.0
[INFO] [stdout] error[E0599]: no associated function or constant named `from_raw_handle` found for struct `File` in the current scope
[INFO] [stdout]    --> crates/station-windows-ipc/src/lib.rs:274:35
[INFO] [stdout]     |
[INFO] [stdout] 274 |         let file = unsafe { File::from_raw_handle(handle as RawHandle) };
[INFO] [stdout]     |                                   ^^^^^^^^^^^^^^^ associated function or constant not found in `File`
[INFO] [stdout]     |
[INFO] [stdout] note: if you're trying to build a new `File` consider using one of the following associated functions:
[INFO] [stdout]       File::open
[INFO] [stdout]       File::create
[INFO] [stdout]       File::create_new
[INFO] [stdout]    --> /rustc/3154cc1a3e6424e44f438a95007d043ed5ceaaf6/library/std/src/fs.rs:584:4
[INFO] [stdout] help: there is an associated function `from_raw_fd` with a similar name
[INFO] [stdout]     |
[INFO] [stdout] 274 -         let file = unsafe { File::from_raw_handle(handle as RawHandle) };
[INFO] [stdout] 274 +         let file = unsafe { File::from_raw_fd(handle as RawHandle) };
[INFO] [stdout]     |
[INFO] [stdout] 
[INFO] [stdout] 
[INFO] [stdout] error[E0599]: no method named `as_raw_handle` found for struct `File` in the current scope
[INFO] [stdout]    --> crates/station-windows-ipc/src/lib.rs:300:48
[INFO] [stdout]     |
[INFO] [stdout] 300 |                 unsafe { ConnectNamedPipe(file.as_raw_handle() as Handle, ptr::null_mut()) };
[INFO] [stdout]     |                                                ^^^^^^^^^^^^^
[INFO] [stdout]     |
[INFO] [stdout] help: there is a method `as_raw_fd` with a similar name
[INFO] [stdout]     |
[INFO] [stdout] 300 -                 unsafe { ConnectNamedPipe(file.as_raw_handle() as Handle, ptr::null_mut()) };
[INFO] [stdout] 300 +                 unsafe { ConnectNamedPipe(file.as_raw_fd() as Handle, ptr::null_mut()) };
[INFO] [stdout]     |
[INFO] [stdout] 
[INFO] [stdout] 
[INFO] [stdout] error[E0599]: no method named `as_raw_handle` found for struct `File` in the current scope
[INFO] [stdout]    --> crates/station-windows-ipc/src/lib.rs:327:22
[INFO] [stdout]     |
[INFO] [stdout] 327 |                 file.as_raw_handle() as Handle,
[INFO] [stdout]     |                      ^^^^^^^^^^^^^
[INFO] [stdout]     |
[INFO] [stdout] help: there is a method `as_raw_fd` with a similar name
[INFO] [stdout]     |
[INFO] [stdout] 327 -                 file.as_raw_handle() as Handle,
[INFO] [stdout] 327 +                 file.as_raw_fd() as Handle,
[INFO] [stdout]     |
[INFO] [stdout] 
[INFO] [stdout] 
[INFO] [stdout] error[E0599]: no method named `encode_wide` found for reference `&OsStr` in the current scope
[INFO] [stdout]    --> crates/station-windows-ipc/src/lib.rs:460:35
[INFO] [stdout]     |
[INFO] [stdout] 460 |         if executable.as_os_str().encode_wide().any(|unit| unit == 0)
[INFO] [stdout]     |                                   ^^^^^^^^^^^ method not found in `&OsStr`
[INFO] [stdout] 
[INFO] [stdout] 
[INFO] [stdout] error[E0599]: no method named `encode_wide` found for reference `&OsStr` in the current scope
[INFO] [stdout]    --> crates/station-windows-ipc/src/lib.rs:481:35
[INFO] [stdout]     |
[INFO] [stdout] 481 |         if executable.as_os_str().encode_wide().any(|unit| unit == 0)
[INFO] [stdout]     |                                   ^^^^^^^^^^^ method not found in `&OsStr`
[INFO] [stdout] 
[INFO] [stdout] 
[INFO] [stderr]    Compiling serde_spanned v1.1.1
[INFO] [stdout] error[E0599]: no method named `encode_wide` found for reference `&OsStr` in the current scope
[INFO] [stdout]    --> crates/station-windows-ipc/src/lib.rs:890:10
[INFO] [stdout]     |
[INFO] [stdout] 889 |     path.as_os_str()
[INFO] [stdout] 890 |         .encode_wide()
[INFO] [stdout]     |          ^^^^^^^^^^^ method not found in `&OsStr`
[INFO] [stdout] 
[INFO] [stdout] 
[INFO] [stdout] error[E0599]: no associated function or constant named `from_raw_handle` found for struct `File` in the current scope
[INFO] [stdout]     --> crates/station-windows-ipc/src/lib.rs:1000:43
[INFO] [stdout]      |
[INFO] [stdout] 1000 |                 let file = unsafe { File::from_raw_handle(handle as RawHandle) };
[INFO] [stdout]      |                                           ^^^^^^^^^^^^^^^ associated function or constant not found in `File`
[INFO] [stdout]      |
[INFO] [stdout] note: if you're trying to build a new `File` consider using one of the following associated functions:
[INFO] [stdout]       File::open
[INFO] [stdout]       File::create
[INFO] [stdout]       File::create_new
[INFO] [stdout]     --> /rustc/3154cc1a3e6424e44f438a95007d043ed5ceaaf6/library/std/src/fs.rs:584:4
[INFO] [stdout] help: there is an associated function `from_raw_fd` with a similar name
[INFO] [stdout]      |
[INFO] [stdout] 1000 -                 let file = unsafe { File::from_raw_handle(handle as RawHandle) };
[INFO] [stdout] 1000 +                 let file = unsafe { File::from_raw_fd(handle as RawHandle) };
[INFO] [stdout]      |
[INFO] [stdout] 
[INFO] [stdout] 
[INFO] [stdout] error[E0599]: no method named `as_raw_handle` found for struct `File` in the current scope
[INFO] [stdout]     --> crates/station-windows-ipc/src/lib.rs:1028:31
[INFO] [stdout]      |
[INFO] [stdout] 1028 |                     self.file.as_raw_handle() as Handle,
[INFO] [stdout]      |                               ^^^^^^^^^^^^^
[INFO] [stdout]      |
[INFO] [stdout] help: there is a method `as_raw_fd` with a similar name
[INFO] [stdout]      |
[INFO] [stdout] 1028 -                     self.file.as_raw_handle() as Handle,
[INFO] [stdout] 1028 +                     self.file.as_raw_fd() as Handle,
[INFO] [stdout]      |
[INFO] [stdout] 
[INFO] [stdout] 
[INFO] [stdout] error[E0599]: no method named `as_raw_handle` found for struct `File` in the current scope
[INFO] [stdout]     --> crates/station-windows-ipc/src/lib.rs:1073:27
[INFO] [stdout]      |
[INFO] [stdout] 1073 |                 self.file.as_raw_handle() as Handle,
[INFO] [stdout]      |                           ^^^^^^^^^^^^^
[INFO] [stdout]      |
[INFO] [stdout] help: there is a method `as_raw_fd` with a similar name
[INFO] [stdout]      |
[INFO] [stdout] 1073 -                 self.file.as_raw_handle() as Handle,
[INFO] [stdout] 1073 +                 self.file.as_raw_fd() as Handle,
[INFO] [stdout]      |
[INFO] [stdout] 
[INFO] [stdout] 
[INFO] [stdout] error[E0599]: no method named `as_raw_handle` found for struct `File` in the current scope
[INFO] [stdout]     --> crates/station-windows-ipc/src/lib.rs:1157:35
[INFO] [stdout]      |
[INFO] [stdout] 1157 |                         self.file.as_raw_handle() as Handle,
[INFO] [stdout]      |                                   ^^^^^^^^^^^^^
[INFO] [stdout]      |
[INFO] [stdout] help: there is a method `as_raw_fd` with a similar name
[INFO] [stdout]      |
[INFO] [stdout] 1157 -                         self.file.as_raw_handle() as Handle,
[INFO] [stdout] 1157 +                         self.file.as_raw_fd() as Handle,
[INFO] [stdout]      |
[INFO] [stdout] 
[INFO] [stdout] 
[INFO] [stdout] error[E0599]: no method named `as_raw_handle` found for struct `File` in the current scope
[INFO] [stdout]     --> crates/station-windows-ipc/src/lib.rs:1218:27
[INFO] [stdout]      |
[INFO] [stdout] 1218 |                 self.file.as_raw_handle() as Handle,
[INFO] [stdout]      |                           ^^^^^^^^^^^^^
[INFO] [stdout]      |
[INFO] [stdout] help: there is a method `as_raw_fd` with a similar name
[INFO] [stdout]      |
[INFO] [stdout] 1218 -                 self.file.as_raw_handle() as Handle,
[INFO] [stdout] 1218 +                 self.file.as_raw_fd() as Handle,
[INFO] [stdout]      |
[INFO] [stdout] 
[INFO] [stdout] 
[INFO] [stderr]     Checking ureq-proto v0.6.1
[INFO] [stdout] Some errors have detailed explanations: E0433, E0599.
[INFO] [stdout] 
[INFO] [stdout] For more information about an error, try `rustc --explain E0433`.
[INFO] [stdout] 
[INFO] [stderr] error: could not compile `station-windows-ipc` (lib) due to 13 previous errors
[INFO] [stderr] warning: build failed, waiting for other jobs to finish...
[INFO] running `Command { std: "docker" "inspect" "29a7efa2f6bf412284567779c7801696d0d90f583894a2ba485de402e14b895c", kill_on_drop: false }`
[INFO] running `Command { std: "docker" "rm" "-f" "29a7efa2f6bf412284567779c7801696d0d90f583894a2ba485de402e14b895c", kill_on_drop: false }`
[INFO] [stdout] 29a7efa2f6bf412284567779c7801696d0d90f583894a2ba485de402e14b895c
