[INFO] cloning repository https://github.com/tovarsystems/HushSpeak
[INFO] running `Command { std: "git" "-c" "credential.helper=" "-c" "credential.helper=/workspace/cargo-home/bin/git-credential-null" "clone" "--bare" "https://github.com/tovarsystems/HushSpeak" "/workspace/cache/git-repos/https%3A%2F%2Fgithub.com%2Ftovarsystems%2FHushSpeak", kill_on_drop: false }`
[INFO] [stderr] Cloning into bare repository '/workspace/cache/git-repos/https%3A%2F%2Fgithub.com%2Ftovarsystems%2FHushSpeak'...
[INFO] running `Command { std: "git" "rev-parse" "HEAD", kill_on_drop: false }`
[INFO] [stdout] 421a62ba8491453f2effd57cf372a7c0393c1bc1
[INFO] checking tovarsystems/HushSpeak against 3154cc1a3e6424e44f438a95007d043ed5ceaaf6 for pr-133502-30
[INFO] running `Command { std: "git" "clone" "/workspace/cache/git-repos/https%3A%2F%2Fgithub.com%2Ftovarsystems%2FHushSpeak" "/workspace/builds/worker-5-tc2/source", kill_on_drop: false }`
[INFO] [stderr] Cloning into '/workspace/builds/worker-5-tc2/source'...
[INFO] [stderr] done.
[INFO] started tweaking git repo https://github.com/tovarsystems/HushSpeak
[INFO] finished tweaking git repo https://github.com/tovarsystems/HushSpeak
[INFO] tweaked toml for git repo https://github.com/tovarsystems/HushSpeak written to /workspace/builds/worker-5-tc2/source/Cargo.toml
[INFO] validating manifest of git repo https://github.com/tovarsystems/HushSpeak on toolchain 3154cc1a3e6424e44f438a95007d043ed5ceaaf6
[INFO] running `Command { std: CARGO_HOME="/workspace/cargo-home" RUSTUP_HOME="/workspace/rustup-home" "/workspace/cargo-home/bin/cargo" "+3154cc1a3e6424e44f438a95007d043ed5ceaaf6" "metadata" "--manifest-path" "Cargo.toml" "--no-deps", kill_on_drop: false }`
[INFO] crate git repo https://github.com/tovarsystems/HushSpeak already has a lockfile, it will not be regenerated
[INFO] running `Command { std: CARGO_HOME="/workspace/cargo-home" RUSTUP_HOME="/workspace/rustup-home" "/workspace/cargo-home/bin/cargo" "+3154cc1a3e6424e44f438a95007d043ed5ceaaf6" "fetch" "--manifest-path" "Cargo.toml", kill_on_drop: false }`
[INFO] [stderr] warning: Cargo.toml: file `/workspace/builds/worker-5-tc2/source/src/main.rs` found to be present in multiple build targets:
[INFO] [stderr]   * `bin` target `hushspeak`
[INFO] [stderr]   * `bin` target `local-stt`
[INFO] [stderr]   * `bin` target `stt`
[INFO] [stderr] warning: `package.homepage` is redundant with `package.repository`
[INFO] [stderr]   --> Cargo.toml:53:12
[INFO] [stderr]    |
[INFO] [stderr] 53 | homepage = "https://github.com/tovarsystems/HushSpeak"
[INFO] [stderr]    |            ^^^^^^^^^^^^^^^^^^^^^^^^^^^^^^^^^^^^^^^^^^^
[INFO] [stderr] ...
[INFO] [stderr] 58 | repository = "https://github.com/tovarsystems/HushSpeak"
[INFO] [stderr]    |              -------------------------------------------
[INFO] [stderr]    |
[INFO] [stderr]    = note: `cargo::redundant_homepage` is set to `warn` by default
[INFO] [stderr] help: consider removing `package.homepage`
[INFO] [stderr] warning: `hushspeak` (manifest) generated 2 warnings
[INFO] running `Command { std: "docker" "create" "-v" "/var/lib/crater-agent-workspace/builds/worker-5-tc2/source:/opt/rustwide/workdir:ro,Z" "-v" "/var/lib/crater-agent-workspace/builds/worker-5-tc2/target:/opt/rustwide/target:rw,Z" "-v" "/var/lib/crater-agent-workspace/cargo-home:/opt/rustwide/cargo-home:ro,Z" "-v" "/var/lib/crater-agent-workspace/rustup-home:/opt/rustwide/rustup-home:ro,Z" "-m" "1610612736" "--network" "none" "ghcr.io/rust-lang/crates-build-env/linux@sha256:77db811e55d90add9212f6832c23229e3de5f1c1f9905e8cb07319ea15df73ac" "sleep" "infinity", kill_on_drop: false }`
[INFO] [stdout] fad161e7db46ec59eb622d629738bf4d72583b4f915780becdf9a96cc06c939a
[INFO] running `Command { std: "docker" "start" "fad161e7db46ec59eb622d629738bf4d72583b4f915780becdf9a96cc06c939a", kill_on_drop: false }`
[INFO] running `Command { std: "docker" "inspect" "fad161e7db46ec59eb622d629738bf4d72583b4f915780becdf9a96cc06c939a", kill_on_drop: false }`
[INFO] running `Command { std: "docker" "exec" "-e" "SOURCE_DIR=/opt/rustwide/workdir" "-e" "CARGO_HOME=/opt/rustwide/cargo-home" "-e" "RUSTUP_HOME=/opt/rustwide/rustup-home" "-e" "CARGO_TARGET_DIR=/opt/rustwide/target" "-w" "/opt/rustwide/workdir" "--user" "0:0" "fad161e7db46ec59eb622d629738bf4d72583b4f915780becdf9a96cc06c939a" "/opt/rustwide/cargo-home/bin/cargo" "+3154cc1a3e6424e44f438a95007d043ed5ceaaf6" "metadata" "--no-deps" "--format-version=1", kill_on_drop: false }`
[INFO] running `Command { std: "docker" "inspect" "fad161e7db46ec59eb622d629738bf4d72583b4f915780becdf9a96cc06c939a", kill_on_drop: false }`
[INFO] running `Command { std: "docker" "exec" "-e" "SOURCE_DIR=/opt/rustwide/workdir" "-e" "CARGO_HOME=/opt/rustwide/cargo-home" "-e" "RUSTUP_HOME=/opt/rustwide/rustup-home" "-e" "CARGO_TARGET_DIR=/opt/rustwide/target" "-e" "CARGO_INCREMENTAL=0" "-e" "RUST_BACKTRACE=full" "-e" "RUSTFLAGS=--cap-lints=forbid" "-e" "RUSTDOCFLAGS=--cap-lints=forbid" "-w" "/opt/rustwide/workdir" "--user" "0:0" "fad161e7db46ec59eb622d629738bf4d72583b4f915780becdf9a96cc06c939a" "/opt/rustwide/cargo-home/bin/cargo" "+3154cc1a3e6424e44f438a95007d043ed5ceaaf6" "check" "--frozen" "--all" "--all-targets" "--message-format=json", kill_on_drop: false }`
[INFO] [stderr] warning: Cargo.toml: file `/opt/rustwide/workdir/src/main.rs` found to be present in multiple build targets:
[INFO] [stderr]   * `bin` target `hushspeak`
[INFO] [stderr]   * `bin` target `local-stt`
[INFO] [stderr]   * `bin` target `stt`
[INFO] [stderr] warning: `package.homepage` is redundant with `package.repository`
[INFO] [stderr]   --> Cargo.toml:53:12
[INFO] [stderr]    |
[INFO] [stderr] 53 | homepage = "https://github.com/tovarsystems/HushSpeak"
[INFO] [stderr]    |            ^^^^^^^^^^^^^^^^^^^^^^^^^^^^^^^^^^^^^^^^^^^
[INFO] [stderr] ...
[INFO] [stderr] 58 | repository = "https://github.com/tovarsystems/HushSpeak"
[INFO] [stderr]    |              -------------------------------------------
[INFO] [stderr]    |
[INFO] [stderr]    = note: `cargo::redundant_homepage` is set to `warn` by default
[INFO] [stderr] help: consider removing `package.homepage`
[INFO] [stderr] warning: `hushspeak` (manifest) generated 2 warnings
[INFO] [stderr]    Compiling libc v0.2.188
[INFO] [stderr]    Compiling glob v0.3.3
[INFO] [stderr]    Compiling rustix v0.38.44
[INFO] [stderr]    Compiling cc v1.3.0
[INFO] [stderr]    Compiling either v1.16.0
[INFO] [stderr]     Checking smallvec v1.15.2
[INFO] [stderr]    Compiling regex-syntax v0.8.11
[INFO] [stderr]    Compiling linux-raw-sys v0.4.15
[INFO] [stderr]    Compiling libloading v0.8.9
[INFO] [stderr]    Compiling home v0.5.12
[INFO] [stderr]    Compiling bindgen v0.69.5
[INFO] [stderr]    Compiling syn v2.0.119
[INFO] [stderr]    Compiling nom v7.1.3
[INFO] [stderr]     Checking zeroize v1.9.0
[INFO] [stderr]    Compiling rustc-hash v1.1.0
[INFO] [stderr]    Compiling lazy_static v1.5.0
[INFO] [stderr]    Compiling lazycell v1.3.0
[INFO] [stderr]     Checking num-integer v0.1.46
[INFO] [stderr]    Compiling syn v3.0.2
[INFO] [stderr]    Compiling rustix v1.1.4
[INFO] [stderr]     Checking flate2 v1.1.9
[INFO] [stderr]    Compiling alsa-sys v0.3.1
[INFO] [stderr]     Checking rustls-pki-types v1.15.1
[INFO] [stderr]    Compiling itertools v0.12.1
[INFO] [stderr]     Checking core-foundation-sys v0.8.7
[INFO] [stderr]     Checking linux-raw-sys v0.12.1
[INFO] [stderr]    Compiling clang-sys v1.8.1
[INFO] [stderr]     Checking strength_reduce v0.2.4
[INFO] [stderr]    Compiling nix v0.31.3
[INFO] [stderr]     Checking transpose v0.2.3
[INFO] [stderr]     Checking primal-check v0.3.4
[INFO] [stderr]     Checking num-complex v0.4.6
[INFO] [stderr]    Compiling x11 v2.21.0
[INFO] [stderr]    Compiling rustls v0.23.42
[INFO] [stderr]     Checking moxcms v0.8.1
[INFO] [stderr]     Checking png v0.18.1
[INFO] [stderr]     Checking webpki-roots v1.0.9
[INFO] [stderr]    Compiling whisper-rs v0.13.2
[INFO] [stderr]     Checking bytemuck v1.25.2
[INFO] [stderr]    Compiling cpal v0.15.3
[INFO] [stderr]    Compiling cmake v0.1.58
[INFO] [stderr]     Checking rustfft v6.4.1
[INFO] [stderr]    Compiling thiserror v2.0.19
[INFO] [stderr]     Checking x11rb-protocol v0.13.2
[INFO] [stderr]    Compiling regex-automata v0.4.16
[INFO] [stderr]     Checking clap_builder v4.6.2
[INFO] [stderr]     Checking serde_json v1.0.151
[INFO] [stderr]     Checking webpki-roots v0.26.11
[INFO] [stderr]     Checking dasp_sample v0.11.0
[INFO] [stderr]    Compiling ring v0.17.14
[INFO] [stderr]    Compiling evdev-sys v0.2.6
[INFO] [stderr]     Checking block v0.1.6
[INFO] [stderr]     Checking getrandom v0.2.17
[INFO] [stderr]     Checking malloc_buf v0.0.6
[INFO] [stderr]     Checking inotify-sys v0.1.8
[INFO] [stderr]     Checking core-foundation v0.9.4
[INFO] [stderr]    Compiling cexpr v0.6.0
[INFO] [stderr]     Checking parking_lot_core v0.9.12
[INFO] [stderr]    Compiling which v4.4.2
[INFO] [stderr]     Checking alsa v0.9.1
[INFO] [stderr]     Checking evdev-rs v0.4.0
[INFO] [stderr]     Checking core-graphics v0.21.0
[INFO] [stdout] error[E0455]: link kind `framework` is only supported on Apple targets
[INFO] [stdout]   --> /opt/rustwide/cargo-home/registry/src/index.crates.io-1949cf8c6b5b557f/core-graphics-0.21.0/src/color.rs:31:38
[INFO] [stdout]    |
[INFO] [stdout] 31 | #[link(name = "CoreGraphics", kind = "framework")]
[INFO] [stdout]    |                                      ^^^^^^^^^^^
[INFO] [stdout] 
[INFO] [stdout] 
[INFO] [stdout] error[E0455]: link kind `framework` is only supported on Apple targets
[INFO] [stdout]   --> /opt/rustwide/cargo-home/registry/src/index.crates.io-1949cf8c6b5b557f/core-graphics-0.21.0/src/color_space.rs:54:38
[INFO] [stdout]    |
[INFO] [stdout] 54 | #[link(name = "CoreGraphics", kind = "framework")]
[INFO] [stdout]    |                                      ^^^^^^^^^^^
[INFO] [stdout] 
[INFO] [stdout] 
[INFO] [stdout] error[E0455]: link kind `framework` is only supported on Apple targets
[INFO] [stdout]    --> /opt/rustwide/cargo-home/registry/src/index.crates.io-1949cf8c6b5b557f/core-graphics-0.21.0/src/context.rs:642:38
[INFO] [stdout]     |
[INFO] [stdout] 642 | #[link(name = "CoreGraphics", kind = "framework")]
[INFO] [stdout]     |                                      ^^^^^^^^^^^
[INFO] [stdout] 
[INFO] [stdout] 
[INFO] [stdout] error[E0455]: link kind `framework` is only supported on Apple targets
[INFO] [stdout]    --> /opt/rustwide/cargo-home/registry/src/index.crates.io-1949cf8c6b5b557f/core-graphics-0.21.0/src/data_provider.rs:109:38
[INFO] [stdout]     |
[INFO] [stdout] 109 | #[link(name = "CoreGraphics", kind = "framework")]
[INFO] [stdout]     |                                      ^^^^^^^^^^^
[INFO] [stdout] 
[INFO] [stdout] 
[INFO] [stdout] error[E0455]: link kind `framework` is only supported on Apple targets
[INFO] [stdout]    --> /opt/rustwide/cargo-home/registry/src/index.crates.io-1949cf8c6b5b557f/core-graphics-0.21.0/src/font.rs:127:38
[INFO] [stdout]     |
[INFO] [stdout] 127 | #[link(name = "CoreGraphics", kind = "framework")]
[INFO] [stdout]     |                                      ^^^^^^^^^^^
[INFO] [stdout] 
[INFO] [stdout] 
[INFO] [stdout] error[E0455]: link kind `framework` is only supported on Apple targets
[INFO] [stdout]    --> /opt/rustwide/cargo-home/registry/src/index.crates.io-1949cf8c6b5b557f/core-graphics-0.21.0/src/geometry.rs:247:42
[INFO] [stdout]     |
[INFO] [stdout] 247 |     #[link(name = "CoreGraphics", kind = "framework")]
[INFO] [stdout]     |                                          ^^^^^^^^^^^
[INFO] [stdout] 
[INFO] [stdout] 
[INFO] [stdout] error[E0455]: link kind `framework` is only supported on Apple targets
[INFO] [stdout]   --> /opt/rustwide/cargo-home/registry/src/index.crates.io-1949cf8c6b5b557f/core-graphics-0.21.0/src/gradient.rs:57:38
[INFO] [stdout]    |
[INFO] [stdout] 57 | #[link(name = "CoreGraphics", kind = "framework")]
[INFO] [stdout]    |                                      ^^^^^^^^^^^
[INFO] [stdout] 
[INFO] [stdout] 
[INFO] [stdout] error[E0455]: link kind `framework` is only supported on Apple targets
[INFO] [stdout]    --> /opt/rustwide/cargo-home/registry/src/index.crates.io-1949cf8c6b5b557f/core-graphics-0.21.0/src/image.rs:138:38
[INFO] [stdout]     |
[INFO] [stdout] 138 | #[link(name = "CoreGraphics", kind = "framework")]
[INFO] [stdout]     |                                      ^^^^^^^^^^^
[INFO] [stdout] 
[INFO] [stdout] 
[INFO] [stdout] error[E0455]: link kind `framework` is only supported on Apple targets
[INFO] [stdout]    --> /opt/rustwide/cargo-home/registry/src/index.crates.io-1949cf8c6b5b557f/core-graphics-0.21.0/src/path.rs:124:38
[INFO] [stdout]     |
[INFO] [stdout] 124 | #[link(name = "CoreGraphics", kind = "framework")]
[INFO] [stdout]     |                                      ^^^^^^^^^^^
[INFO] [stdout] 
[INFO] [stdout] 
[INFO] [stderr]     Checking parking_lot v0.12.5
[INFO] [stderr]     Checking inotify v0.8.3
[INFO] [stdout] For more information about this error, try `rustc --explain E0455`.
[INFO] [stdout] 
[INFO] [stderr] error: could not compile `core-graphics` (lib) due to 9 previous errors
[INFO] [stderr] warning: build failed, waiting for other jobs to finish...
[INFO] running `Command { std: "docker" "inspect" "fad161e7db46ec59eb622d629738bf4d72583b4f915780becdf9a96cc06c939a", kill_on_drop: false }`
[INFO] running `Command { std: "docker" "rm" "-f" "fad161e7db46ec59eb622d629738bf4d72583b4f915780becdf9a96cc06c939a", kill_on_drop: false }`
[INFO] [stdout] fad161e7db46ec59eb622d629738bf4d72583b4f915780becdf9a96cc06c939a
