[INFO] cloning repository https://github.com/tonystark101-debug/StereoRecordApp
[INFO] running `Command { std: "git" "-c" "credential.helper=" "-c" "credential.helper=/workspace/cargo-home/bin/git-credential-null" "clone" "--bare" "https://github.com/tonystark101-debug/StereoRecordApp" "/workspace/cache/git-repos/https%3A%2F%2Fgithub.com%2Ftonystark101-debug%2FStereoRecordApp", kill_on_drop: false }`
[INFO] [stderr] Cloning into bare repository '/workspace/cache/git-repos/https%3A%2F%2Fgithub.com%2Ftonystark101-debug%2FStereoRecordApp'...
[INFO] running `Command { std: "git" "rev-parse" "HEAD", kill_on_drop: false }`
[INFO] [stdout] 13b0b2d4a00b8d05740ecb43273a05e8c7ea9e0d
[INFO] checking tonystark101-debug/StereoRecordApp against 3154cc1a3e6424e44f438a95007d043ed5ceaaf6 for pr-133502-30
[INFO] running `Command { std: "git" "clone" "/workspace/cache/git-repos/https%3A%2F%2Fgithub.com%2Ftonystark101-debug%2FStereoRecordApp" "/workspace/builds/worker-3-tc2/source", kill_on_drop: false }`
[INFO] [stderr] Cloning into '/workspace/builds/worker-3-tc2/source'...
[INFO] [stderr] done.
[INFO] started tweaking git repo https://github.com/tonystark101-debug/StereoRecordApp
[INFO] finished tweaking git repo https://github.com/tonystark101-debug/StereoRecordApp
[INFO] tweaked toml for git repo https://github.com/tonystark101-debug/StereoRecordApp written to /workspace/builds/worker-3-tc2/source/Cargo.toml
[INFO] validating manifest of git repo https://github.com/tonystark101-debug/StereoRecordApp on toolchain 3154cc1a3e6424e44f438a95007d043ed5ceaaf6
[INFO] running `Command { std: CARGO_HOME="/workspace/cargo-home" RUSTUP_HOME="/workspace/rustup-home" "/workspace/cargo-home/bin/cargo" "+3154cc1a3e6424e44f438a95007d043ed5ceaaf6" "metadata" "--manifest-path" "Cargo.toml" "--no-deps", kill_on_drop: false }`
[INFO] crate git repo https://github.com/tonystark101-debug/StereoRecordApp already has a lockfile, it will not be regenerated
[INFO] running `Command { std: CARGO_HOME="/workspace/cargo-home" RUSTUP_HOME="/workspace/rustup-home" "/workspace/cargo-home/bin/cargo" "+3154cc1a3e6424e44f438a95007d043ed5ceaaf6" "fetch" "--manifest-path" "Cargo.toml", kill_on_drop: false }`
[INFO] running `Command { std: "docker" "create" "-v" "/var/lib/crater-agent-workspace/builds/worker-3-tc2/source:/opt/rustwide/workdir:ro,Z" "-v" "/var/lib/crater-agent-workspace/builds/worker-3-tc2/target:/opt/rustwide/target:rw,Z" "-v" "/var/lib/crater-agent-workspace/cargo-home:/opt/rustwide/cargo-home:ro,Z" "-v" "/var/lib/crater-agent-workspace/rustup-home:/opt/rustwide/rustup-home:ro,Z" "-m" "1610612736" "--network" "none" "ghcr.io/rust-lang/crates-build-env/linux@sha256:77db811e55d90add9212f6832c23229e3de5f1c1f9905e8cb07319ea15df73ac" "sleep" "infinity", kill_on_drop: false }`
[INFO] [stdout] 560de068fb996d4dfe5ce761922a59448a7baac3a8f4ded13c9f14cc377311c7
[INFO] running `Command { std: "docker" "start" "560de068fb996d4dfe5ce761922a59448a7baac3a8f4ded13c9f14cc377311c7", kill_on_drop: false }`
[INFO] running `Command { std: "docker" "inspect" "560de068fb996d4dfe5ce761922a59448a7baac3a8f4ded13c9f14cc377311c7", kill_on_drop: false }`
[INFO] running `Command { std: "docker" "exec" "-e" "SOURCE_DIR=/opt/rustwide/workdir" "-e" "CARGO_HOME=/opt/rustwide/cargo-home" "-e" "RUSTUP_HOME=/opt/rustwide/rustup-home" "-e" "CARGO_TARGET_DIR=/opt/rustwide/target" "-w" "/opt/rustwide/workdir" "--user" "0:0" "560de068fb996d4dfe5ce761922a59448a7baac3a8f4ded13c9f14cc377311c7" "/opt/rustwide/cargo-home/bin/cargo" "+3154cc1a3e6424e44f438a95007d043ed5ceaaf6" "metadata" "--no-deps" "--format-version=1", kill_on_drop: false }`
[INFO] running `Command { std: "docker" "inspect" "560de068fb996d4dfe5ce761922a59448a7baac3a8f4ded13c9f14cc377311c7", kill_on_drop: false }`
[INFO] running `Command { std: "docker" "exec" "-e" "SOURCE_DIR=/opt/rustwide/workdir" "-e" "CARGO_HOME=/opt/rustwide/cargo-home" "-e" "RUSTUP_HOME=/opt/rustwide/rustup-home" "-e" "CARGO_TARGET_DIR=/opt/rustwide/target" "-e" "CARGO_INCREMENTAL=0" "-e" "RUST_BACKTRACE=full" "-e" "RUSTFLAGS=--cap-lints=forbid" "-e" "RUSTDOCFLAGS=--cap-lints=forbid" "-w" "/opt/rustwide/workdir" "--user" "0:0" "560de068fb996d4dfe5ce761922a59448a7baac3a8f4ded13c9f14cc377311c7" "/opt/rustwide/cargo-home/bin/cargo" "+3154cc1a3e6424e44f438a95007d043ed5ceaaf6" "check" "--frozen" "--all" "--all-targets" "--message-format=json", kill_on_drop: false }`
[INFO] [stderr]    Compiling jni-sys v0.3.1
[INFO] [stderr]     Checking cesu8 v1.1.0
[INFO] [stderr]     Checking combine v4.6.8
[INFO] [stderr]    Compiling syn v2.0.119
[INFO] [stderr]    Compiling syn v3.0.5
[INFO] [stderr]    Compiling serde_derive v1.0.229
[INFO] [stderr]    Compiling jni-sys-macros v0.4.1
[INFO] [stderr]    Compiling thiserror-impl v1.0.69
[INFO] [stderr]     Checking jni-sys v0.4.1
[INFO] [stderr]     Checking thiserror v1.0.69
[INFO] [stderr]     Checking serde v1.0.229
[INFO] [stderr]     Checking recorder-core v0.1.0 (/opt/rustwide/workdir/core)
[INFO] [stderr]     Checking jni v0.21.1
[INFO] [stderr]     Checking recorder-ffi v0.1.0 (/opt/rustwide/workdir/ffi)
[INFO] [stdout] error[E0433]: cannot find module or crate `serde_json` in this scope
[INFO] [stdout]    --> ffi/src/lib.rs:167:32
[INFO] [stdout]     |
[INFO] [stdout] 167 |     let policy: Policy = match serde_json::from_str(&policy_text) {
[INFO] [stdout]     |                                ^^^^^^^^^^ use of unresolved module or unlinked crate `serde_json`
[INFO] [stdout]     |
[INFO] [stdout]     = help: if you wanted to use a crate named `serde_json`, use `cargo add serde_json` to add it to your `Cargo.toml`
[INFO] [stdout] 
[INFO] [stdout] 
[INFO] [stdout] error[E0433]: cannot find module or crate `serde_json` in this scope
[INFO] [stdout]    --> ffi/src/lib.rs:174:36
[INFO] [stdout]     |
[INFO] [stdout] 174 |     let manifest: Manifest = match serde_json::from_str(&manifest_text) {
[INFO] [stdout]     |                                    ^^^^^^^^^^ use of unresolved module or unlinked crate `serde_json`
[INFO] [stdout]     |
[INFO] [stdout]     = help: if you wanted to use a crate named `serde_json`, use `cargo add serde_json` to add it to your `Cargo.toml`
[INFO] [stdout] 
[INFO] [stdout] 
[INFO] [stdout] error[E0433]: cannot find module or crate `serde_json` in this scope
[INFO] [stdout]    --> ffi/src/lib.rs:167:32
[INFO] [stdout]     |
[INFO] [stdout] 167 |     let policy: Policy = match serde_json::from_str(&policy_text) {
[INFO] [stdout]     |                                ^^^^^^^^^^ use of unresolved module or unlinked crate `serde_json`
[INFO] [stdout]     |
[INFO] [stdout]     = help: if you wanted to use a crate named `serde_json`, use `cargo add serde_json` to add it to your `Cargo.toml`
[INFO] [stdout] 
[INFO] [stdout] 
[INFO] [stdout] error[E0433]: cannot find module or crate `serde_json` in this scope
[INFO] [stdout]    --> ffi/src/lib.rs:174:36
[INFO] [stdout]     |
[INFO] [stdout] 174 |     let manifest: Manifest = match serde_json::from_str(&manifest_text) {
[INFO] [stdout]     |                                    ^^^^^^^^^^ use of unresolved module or unlinked crate `serde_json`
[INFO] [stdout]     |
[INFO] [stdout]     = help: if you wanted to use a crate named `serde_json`, use `cargo add serde_json` to add it to your `Cargo.toml`
[INFO] [stdout] 
[INFO] [stdout] 
[INFO] [stdout] warning: variable does not need to be mutable
[INFO] [stdout]    --> ffi/src/lib.rs:302:5
[INFO] [stdout]     |
[INFO] [stdout] 302 |     mut env: JNIEnv<'local>,
[INFO] [stdout]     |     ----^^^
[INFO] [stdout]     |     |
[INFO] [stdout]     |     help: remove this `mut`
[INFO] [stdout]     |
[INFO] [stdout]     = note: `#[warn(unused_mut)]` (part of `#[warn(unused)]`) on by default
[INFO] [stdout] 
[INFO] [stdout] 
[INFO] [stdout] warning: variable does not need to be mutable
[INFO] [stdout]    --> ffi/src/lib.rs:332:5
[INFO] [stdout]     |
[INFO] [stdout] 332 |     mut env: JNIEnv<'local>,
[INFO] [stdout]     |     ----^^^
[INFO] [stdout]     |     |
[INFO] [stdout]     |     help: remove this `mut`
[INFO] [stdout] 
[INFO] [stdout] 
[INFO] [stdout] For more information about this error, try `rustc --explain E0433`.
[INFO] [stdout] 
[INFO] [stdout] warning: variable does not need to be mutable
[INFO] [stdout]    --> ffi/src/lib.rs:302:5
[INFO] [stdout]     |
[INFO] [stdout] 302 |     mut env: JNIEnv<'local>,
[INFO] [stdout]     |     ----^^^
[INFO] [stdout]     |     |
[INFO] [stdout]     |     help: remove this `mut`
[INFO] [stdout]     |
[INFO] [stdout]     = note: `#[warn(unused_mut)]` (part of `#[warn(unused)]`) on by default
[INFO] [stdout] 
[INFO] [stdout] 
[INFO] [stdout] warning: variable does not need to be mutable
[INFO] [stdout]    --> ffi/src/lib.rs:332:5
[INFO] [stdout]     |
[INFO] [stdout] 332 |     mut env: JNIEnv<'local>,
[INFO] [stdout]     |     ----^^^
[INFO] [stdout]     |     |
[INFO] [stdout]     |     help: remove this `mut`
[INFO] [stdout] 
[INFO] [stdout] 
[INFO] [stdout] For more information about this error, try `rustc --explain E0433`.
[INFO] [stdout] 
[INFO] [stderr] error: could not compile `recorder-ffi` (lib test) due to 2 previous errors; 2 warnings emitted
[INFO] [stderr] warning: build failed, waiting for other jobs to finish...
[INFO] [stderr] error: could not compile `recorder-ffi` (lib) due to 2 previous errors; 2 warnings emitted
[INFO] running `Command { std: "docker" "inspect" "560de068fb996d4dfe5ce761922a59448a7baac3a8f4ded13c9f14cc377311c7", kill_on_drop: false }`
[INFO] running `Command { std: "docker" "rm" "-f" "560de068fb996d4dfe5ce761922a59448a7baac3a8f4ded13c9f14cc377311c7", kill_on_drop: false }`
[INFO] [stdout] 560de068fb996d4dfe5ce761922a59448a7baac3a8f4ded13c9f14cc377311c7
