[INFO] cloning repository https://github.com/tommarek/MPCHomeControl
[INFO] running `Command { std: "git" "-c" "credential.helper=" "-c" "credential.helper=/workspace/cargo-home/bin/git-credential-null" "clone" "--bare" "https://github.com/tommarek/MPCHomeControl" "/workspace/cache/git-repos/https%3A%2F%2Fgithub.com%2Ftommarek%2FMPCHomeControl", kill_on_drop: false }`
[INFO] [stderr] Cloning into bare repository '/workspace/cache/git-repos/https%3A%2F%2Fgithub.com%2Ftommarek%2FMPCHomeControl'...
[INFO] running `Command { std: "git" "rev-parse" "HEAD", kill_on_drop: false }`
[INFO] [stdout] 84943c98f45188e1cb4966bdd77bf857249b06d6
[INFO] checking tommarek/MPCHomeControl against 3154cc1a3e6424e44f438a95007d043ed5ceaaf6 for pr-133502-30
[INFO] running `Command { std: "git" "clone" "/workspace/cache/git-repos/https%3A%2F%2Fgithub.com%2Ftommarek%2FMPCHomeControl" "/workspace/builds/worker-4-tc2/source", kill_on_drop: false }`
[INFO] [stderr] Cloning into '/workspace/builds/worker-4-tc2/source'...
[INFO] [stderr] done.
[INFO] started tweaking git repo https://github.com/tommarek/MPCHomeControl
[INFO] finished tweaking git repo https://github.com/tommarek/MPCHomeControl
[INFO] tweaked toml for git repo https://github.com/tommarek/MPCHomeControl written to /workspace/builds/worker-4-tc2/source/Cargo.toml
[INFO] validating manifest of git repo https://github.com/tommarek/MPCHomeControl on toolchain 3154cc1a3e6424e44f438a95007d043ed5ceaaf6
[INFO] running `Command { std: CARGO_HOME="/workspace/cargo-home" RUSTUP_HOME="/workspace/rustup-home" "/workspace/cargo-home/bin/cargo" "+3154cc1a3e6424e44f438a95007d043ed5ceaaf6" "metadata" "--manifest-path" "Cargo.toml" "--no-deps", kill_on_drop: false }`
[INFO] crate git repo https://github.com/tommarek/MPCHomeControl already has a lockfile, it will not be regenerated
[INFO] running `Command { std: CARGO_HOME="/workspace/cargo-home" RUSTUP_HOME="/workspace/rustup-home" "/workspace/cargo-home/bin/cargo" "+3154cc1a3e6424e44f438a95007d043ed5ceaaf6" "fetch" "--manifest-path" "Cargo.toml", kill_on_drop: false }`
[INFO] running `Command { std: "docker" "create" "-v" "/var/lib/crater-agent-workspace/builds/worker-4-tc2/source:/opt/rustwide/workdir:ro,Z" "-v" "/var/lib/crater-agent-workspace/builds/worker-4-tc2/target:/opt/rustwide/target:rw,Z" "-v" "/var/lib/crater-agent-workspace/cargo-home:/opt/rustwide/cargo-home:ro,Z" "-v" "/var/lib/crater-agent-workspace/rustup-home:/opt/rustwide/rustup-home:ro,Z" "-m" "1610612736" "--network" "none" "ghcr.io/rust-lang/crates-build-env/linux@sha256:77db811e55d90add9212f6832c23229e3de5f1c1f9905e8cb07319ea15df73ac" "sleep" "infinity", kill_on_drop: false }`
[INFO] [stdout] 4cee4a61db02518a447ffa38ca15fc8f2cda7abd57e6b73d8d3c6b2c98b32110
[INFO] running `Command { std: "docker" "start" "4cee4a61db02518a447ffa38ca15fc8f2cda7abd57e6b73d8d3c6b2c98b32110", kill_on_drop: false }`
[INFO] running `Command { std: "docker" "inspect" "4cee4a61db02518a447ffa38ca15fc8f2cda7abd57e6b73d8d3c6b2c98b32110", kill_on_drop: false }`
[INFO] running `Command { std: "docker" "exec" "-e" "SOURCE_DIR=/opt/rustwide/workdir" "-e" "CARGO_HOME=/opt/rustwide/cargo-home" "-e" "RUSTUP_HOME=/opt/rustwide/rustup-home" "-e" "CARGO_TARGET_DIR=/opt/rustwide/target" "-w" "/opt/rustwide/workdir" "--user" "0:0" "4cee4a61db02518a447ffa38ca15fc8f2cda7abd57e6b73d8d3c6b2c98b32110" "/opt/rustwide/cargo-home/bin/cargo" "+3154cc1a3e6424e44f438a95007d043ed5ceaaf6" "metadata" "--no-deps" "--format-version=1", kill_on_drop: false }`
[INFO] running `Command { std: "docker" "inspect" "4cee4a61db02518a447ffa38ca15fc8f2cda7abd57e6b73d8d3c6b2c98b32110", kill_on_drop: false }`
[INFO] running `Command { std: "docker" "exec" "-e" "SOURCE_DIR=/opt/rustwide/workdir" "-e" "CARGO_HOME=/opt/rustwide/cargo-home" "-e" "RUSTUP_HOME=/opt/rustwide/rustup-home" "-e" "CARGO_TARGET_DIR=/opt/rustwide/target" "-e" "CARGO_INCREMENTAL=0" "-e" "RUST_BACKTRACE=full" "-e" "RUSTFLAGS=--cap-lints=forbid" "-e" "RUSTDOCFLAGS=--cap-lints=forbid" "-w" "/opt/rustwide/workdir" "--user" "0:0" "4cee4a61db02518a447ffa38ca15fc8f2cda7abd57e6b73d8d3c6b2c98b32110" "/opt/rustwide/cargo-home/bin/cargo" "+3154cc1a3e6424e44f438a95007d043ed5ceaaf6" "check" "--frozen" "--all" "--all-targets" "--message-format=json", kill_on_drop: false }`
[INFO] [stderr]    Compiling unicode-ident v1.0.5
[INFO] [stderr]    Compiling autocfg v1.1.0
[INFO] [stderr]    Compiling syn v1.0.103
[INFO] [stderr]     Checking getrandom v0.2.17
[INFO] [stderr]    Compiling thiserror v1.0.37
[INFO] [stderr]    Compiling ring v0.17.14
[INFO] [stderr]     Checking rustls-pki-types v1.14.1
[INFO] [stderr]     Checking ryu v1.0.11
[INFO] [stderr]    Compiling proc-macro2 v1.0.106
[INFO] [stderr]     Checking futures-sink v0.3.32
[INFO] [stderr]     Checking mio v1.2.1
[INFO] [stderr]     Checking socket2 v0.6.4
[INFO] [stderr]    Compiling serde_json v1.0.99
[INFO] [stderr]    Compiling rustls v0.22.4
[INFO] [stderr]     Checking iana-time-zone v0.1.53
[INFO] [stderr]    Compiling ucd-trie v0.1.5
[INFO] [stderr]    Compiling version_check v0.9.4
[INFO] [stderr]    Compiling num-traits v0.2.19
[INFO] [stderr]    Compiling quote v1.0.46
[INFO] [stderr]    Compiling slab v0.4.7
[INFO] [stderr]    Compiling once_cell v1.15.0
[INFO] [stderr]    Compiling anyhow v1.0.66
[INFO] [stderr]     Checking openssl-probe v0.1.5
[INFO] [stderr]    Compiling syn v2.0.118
[INFO] [stderr]     Checking tinyvec_macros v0.1.0
[INFO] [stderr]     Checking tinyvec v1.6.0
[INFO] [stderr]     Checking futures-util v0.3.32
[INFO] [stderr]     Checking percent-encoding v2.2.0
[INFO] [stderr]     Checking unicode-bidi v0.3.8
[INFO] [stderr]     Checking form_urlencoded v1.1.0
[INFO] [stderr]     Checking rustls-pemfile v2.2.0
[INFO] [stderr]    Compiling memchr v2.5.0
[INFO] [stderr]    Compiling typenum v1.15.0
[INFO] [stderr]    Compiling pkg-config v0.3.25
[INFO] [stderr]     Checking unicode-normalization v0.1.22
[INFO] [stderr]     Checking rustls-native-certs v0.7.3
[INFO] [stderr]     Checking flume v0.11.1
[INFO] [stderr]     Checking idna v0.3.0
[INFO] [stderr]    Compiling generic-array v0.14.6
[INFO] [stderr]     Checking simd-adler32 v0.3.9
[INFO] [stderr]     Checking crc32fast v1.5.0
[INFO] [stderr]     Checking miniz_oxide v0.8.9
[INFO] [stderr]     Checking url v2.3.1
[INFO] [stderr]     Checking webpki-roots v1.0.8
[INFO] [stderr]     Checking webpki-roots v0.26.11
[INFO] [stderr]    Compiling openssl-sys v0.9.77
[INFO] [stderr]     Checking flate2 v1.1.9
[INFO] [stderr]    Compiling libz-sys v1.1.8
[INFO] [stderr]     Checking tracing-core v0.1.30
[INFO] [stderr]    Compiling libnghttp2-sys v0.1.7+1.45.0
[INFO] [stderr]    Compiling libc v0.2.186
[INFO] [stderr]     Checking ppv-lite86 v0.2.16
[INFO] [stderr]    Compiling regex-syntax v0.7.5
[INFO] [stderr]    Compiling nom v7.1.3
[INFO] [stderr]     Checking http-body v1.0.1
[INFO] [stderr]     Checking crypto-common v0.1.6
[INFO] [stderr]     Checking block-buffer v0.10.3
[INFO] [stderr]    Compiling curl-sys v0.4.56+curl-7.83.1
[INFO] [stderr]    Compiling libloading v0.8.9
[INFO] [stderr]    Compiling either v1.8.0
[INFO] [stderr]    Compiling itertools v0.10.5
[INFO] [stderr]     Checking rustls-webpki v0.102.8
[INFO] [stderr]    Compiling regex-automata v0.3.7
[INFO] [stderr]    Compiling clang-sys v1.9.1
[INFO] [stderr]    Compiling cexpr v0.6.0
[INFO] [stderr]    Compiling prettyplease v0.2.37
[INFO] [stderr]    Compiling serde_derive v1.0.228
[INFO] [stderr]    Compiling tokio-macros v2.7.0
[INFO] [stderr]     Checking digest v0.10.7
[INFO] [stderr]    Compiling regex v1.9.4
[INFO] [stderr]     Checking tokio v1.52.3
[INFO] [stderr]     Checking getrandom v0.3.4
[INFO] [stderr]     Checking phf_shared v0.12.1
[INFO] [stderr]     Checking futures-channel v0.3.32
[INFO] [stderr]     Checking mime v0.3.16
[INFO] [stderr]    Compiling thiserror-impl v1.0.37
[INFO] [stderr]    Compiling tracing-attributes v0.1.23
[INFO] [stderr]    Compiling pin-project-internal v1.0.12
[INFO] [stderr]    Compiling chrono-tz v0.10.4
[INFO] [stderr]     Checking fastrand v1.8.0
[INFO] [stderr]    Compiling bindgen v0.72.1
[INFO] [stderr]    Compiling pest v2.4.0
[INFO] [stderr]     Checking tracing v0.1.37
[INFO] [stderr]     Checking pin-project v1.0.12
[INFO] [stderr]     Checking phf v0.12.1
[INFO] [stderr]     Checking rand_core v0.9.5
[INFO] [stderr]    Compiling async-trait v0.1.89
[INFO] [stderr]    Compiling proc-macro-error-attr v1.0.4
[INFO] [stderr]    Compiling cmake v0.1.58
[INFO] [stderr]    Compiling pest_meta v2.4.0
[INFO] [stderr]     Checking cache-padded v1.2.0
[INFO] [stderr]     Checking concurrent-queue v1.2.4
[INFO] [stderr]     Checking rand_chacha v0.9.0
[INFO] [stderr]     Checking http-body-util v0.1.3
[INFO] [stderr]    Compiling proc-macro-error v1.0.4
[INFO] [stderr]    Compiling num-integer v0.1.45
[INFO] [stderr]     Checking serde v1.0.228
[INFO] [stderr]    Compiling polling v2.4.0
[INFO] [stderr]     Checking cpufeatures v0.2.5
[INFO] [stderr]     Checking bytemuck v1.25.0
[INFO] [stderr]    Compiling pest_generator v2.4.0
[INFO] [stderr]    Compiling curl v0.4.44
[INFO] [stderr]    Compiling crossbeam-utils v0.8.12
[INFO] [stderr]    Compiling encoding_rs v0.8.31
[INFO] [stderr]     Checking byteorder v1.4.3
[INFO] [stderr]     Checking chrono v0.4.45
[INFO] [stderr]     Checking futures-io v0.3.25
[INFO] [stderr]     Checking serde_urlencoded v0.7.1
[INFO] [stderr]    Compiling pest_derive v2.4.0
[INFO] [stderr]     Checking async-channel v1.7.1
[INFO] [stderr]     Checking json5 v0.4.1
[INFO] [stderr]     Checking stringprep v0.1.5
[INFO] [stderr]     Checking safe_arch v0.7.4
[INFO] [stderr]     Checking sha2 v0.10.9
[INFO] [stderr]     Checking axum-core v0.4.5
[INFO] [stderr]     Checking rand v0.9.4
[INFO] [stderr]     Checking ureq v2.9.7
[INFO] [stderr]     Checking hmac v0.12.1
[INFO] [stderr]     Checking md-5 v0.10.6
[INFO] [stderr]    Compiling indexmap v1.9.2
[INFO] [stderr]     Checking controller_common v0.1.0 (/opt/rustwide/workdir/controllers/common)
[INFO] [stderr]     Checking controller_protocol v0.1.0 (/opt/rustwide/workdir/controllers/protocol)
[INFO] [stderr]    Compiling matrixmultiply v0.3.10
[INFO] [stderr]     Checking tokio-rustls v0.25.0
[INFO] [stderr]     Checking tower v0.4.13
[INFO] [stderr]     Checking hyper v1.10.1
[INFO] [stderr]     Checking rumqttc v0.24.0
[INFO] [stderr]     Checking tower v0.5.3
[INFO] [stderr]     Checking rand_core v0.6.4
[INFO] [stderr]     Checking serde_path_to_error v0.1.20
[INFO] [stderr]     Checking hyper-util v0.1.7
[INFO] [stderr]     Checking socket2 v0.4.7
[INFO] [stderr]     Checking regex-automata v0.1.10
[INFO] [stderr]     Checking matchit v0.7.3
[INFO] [stderr]     Checking waker-fn v1.1.0
[INFO] [stderr]     Checking fallible-iterator v0.2.0
[INFO] [stderr]     Checking parking v2.0.0
[INFO] [stderr]    Compiling isahc v1.7.2
[INFO] [stderr]     Checking futures-lite v1.12.0
[INFO] [stderr]     Checking bstr v0.2.17
[INFO] [stderr]     Checking chacha20 v0.10.1
[INFO] [stderr]     Checking postgres-protocol v0.6.10
[INFO] [stderr]     Checking mqtt_common v0.1.0 (/opt/rustwide/workdir/adapters/mqtt-common)
[INFO] [stderr]     Checking wide v0.7.33
[INFO] [stderr]     Checking axum v0.7.9
[INFO] [stderr]     Checking parking_lot_core v0.9.12
[INFO] [stderr]     Checking sluice v0.5.5
[INFO] [stderr]     Checking getrandom v0.4.3
[INFO] [stderr]     Checking tracing-futures v0.2.5
[INFO] [stderr]     Checking http v0.2.8
[INFO] [stderr]     Checking csv-core v0.1.10
[INFO] [stderr]     Checking approx v0.5.1
[INFO] [stderr]    Compiling highs-sys v1.15.0
[INFO] [stderr]     Checking num-complex v0.4.6
[INFO] [stderr]     Checking rawpointer v0.2.1
[INFO] [stderr]     Checking itoa v0.4.8
[INFO] [stderr]     Checking castaway v0.1.2
[INFO] [stderr]     Checking remove_dir_all v0.5.3
[INFO] [stderr]     Checking tempfile v3.3.0
[INFO] [stderr]     Checking csv v1.1.6
[INFO] [stderr]     Checking simba v0.9.1
[INFO] [stderr]     Checking phf v0.13.1
[INFO] [stderr]     Checking rand v0.10.1
[INFO] [stderr]     Checking parking_lot v0.12.5
[INFO] [stderr]     Checking num-rational v0.4.2
[INFO] [stderr]    Compiling test-case-core v3.1.0
[INFO] [stderr]     Checking postgres-types v0.2.13
[INFO] [stderr]     Checking rand_chacha v0.3.1
[INFO] [stderr]     Checking tokio-util v0.7.18
[INFO] [stderr]    Compiling structmeta-derive v0.1.5
[INFO] [stderr]    Compiling nalgebra-macros v0.2.2
[INFO] [stderr]     Checking whoami v2.1.2
[INFO] [stderr]     Checking wait-timeout v0.2.0
[INFO] [stderr]    Compiling mpc_home_control v0.1.0 (/opt/rustwide/workdir)
[INFO] [stderr]     Checking bit-vec v0.6.3
[INFO] [stderr]     Checking influxrs v2.0.1
[INFO] [stderr]     Checking bit-set v0.5.3
[INFO] [stderr]     Checking tokio-postgres v0.7.17
[INFO] [stderr]     Checking rusty-fork v0.3.0
[INFO] [stderr]    Compiling structmeta v0.1.5
[INFO] [stderr]     Checking petgraph v0.6.2
[INFO] [stderr]    Compiling test-case-macros v3.1.0
[INFO] [stderr]     Checking rand v0.8.5
[INFO] [stderr]     Checking rand_xorshift v0.3.0
[INFO] [stderr]     Checking spa v0.3.0
[INFO] [stderr]     Checking multimap v0.9.0
[INFO] [stderr]     Checking uom v0.34.0
[INFO] [stderr]     Checking regex-syntax v0.6.27
[INFO] [stderr]     Checking test-case v3.1.0
[INFO] [stderr]    Compiling test-strategy v0.2.1
[INFO] [stderr]     Checking assert_matches v1.5.0
[INFO] [stderr]     Checking mpc-controller-growatt v0.1.0 (/opt/rustwide/workdir/controllers/growatt)
[INFO] [stderr]     Checking mpc-scraper-solcast v0.1.0 (/opt/rustwide/workdir/scrapers/solcast)
[INFO] [stderr]     Checking nalgebra v0.33.3
[INFO] [stderr]     Checking mpc-adapter-mqtt-bridge v0.1.0 (/opt/rustwide/workdir/adapters/mqtt-bridge)
[INFO] [stderr]     Checking mpc-plan-publisher v0.1.0 (/opt/rustwide/workdir/controllers/publisher)
[INFO] [stderr]     Checking mpc-controller-boiler v0.1.0 (/opt/rustwide/workdir/controllers/boiler)
[INFO] [stderr]     Checking proptest v1.0.0
[INFO] [stderr]     Checking mpc-controller-loxone v0.1.0 (/opt/rustwide/workdir/controllers/loxone)
[INFO] [stderr]     Checking mpc-adapter-mqtt-source v0.1.0 (/opt/rustwide/workdir/adapters/mqtt-source)
[INFO] [stderr]     Checking mpc-scraper-openmeteo v0.1.0 (/opt/rustwide/workdir/scrapers/openmeteo)
[INFO] [stderr] error: could not compile `nalgebra` (lib)
[INFO] [stderr] 
[INFO] [stderr] Caused by:
[INFO] [stderr]   process didn't exit successfully: `/opt/rustwide/rustup-home/toolchains/3154cc1a3e6424e44f438a95007d043ed5ceaaf6/bin/rustc --crate-name nalgebra --edition=2018 /opt/rustwide/cargo-home/registry/src/index.crates.io-1949cf8c6b5b557f/nalgebra-0.33.3/src/lib.rs --error-format=json --json=diagnostic-rendered-ansi,artifacts,future-incompat,unused-externs-silent --crate-type lib --emit=dep-info,metadata -C opt-level=3 -C embed-bitcode=no -C debuginfo=2 -C debug-assertions=on --cfg 'feature="default"' --cfg 'feature="macros"' --cfg 'feature="matrixmultiply"' --cfg 'feature="nalgebra-macros"' --cfg 'feature="std"' --check-cfg 'cfg(docsrs,test)' --check-cfg 'cfg(feature, values("alga", "alloc", "arbitrary", "bytemuck", "compare", "convert-bytemuck", "convert-glam014", "convert-glam015", "convert-glam016", "convert-glam017", "convert-glam018", "convert-glam019", "convert-glam020", "convert-glam021", "convert-glam022", "convert-glam023", "convert-glam024", "convert-glam025", "convert-glam027", "convert-glam028", "convert-glam029", "convert-glam030", "convert-mint", "debug", "default", "glam014", "glam015", "glam016", "glam017", "glam018", "glam019", "glam020", "glam021", "glam022", "glam023", "glam024", "glam025", "glam027", "glam028", "glam029", "glam030", "io", "libm", "libm-force", "macros", "matrixcompare-core", "matrixmultiply", "mint", "nalgebra-macros", "pest", "pest_derive", "proptest", "proptest-support", "quickcheck", "rand", "rand-no-std", "rand-package", "rand_distr", "rayon", "rkyv", "rkyv-safe-deser", "rkyv-serialize", "rkyv-serialize-no-std", "serde", "serde-serialize", "serde-serialize-no-std", "slow-tests", "sparse", "std"))' -C metadata=85bb779e63e74feb -C extra-filename=-68fa6ca16be8dd65 --out-dir /opt/rustwide/target/debug/build/nalgebra/68fa6ca16be8dd65/out -L dependency=/opt/rustwide/target/debug/build/approx/2b6f3711b048430a/out -L dependency=/opt/rustwide/target/debug/build/bytemuck/8c7b3eddc18c84c9/out -L dependency=/opt/rustwide/target/debug/build/num-complex/fffcf255ca2d6f52/out -L dependency=/opt/rustwide/target/debug/build/num-integer/edaf5d73ef794bb7/out -L dependency=/opt/rustwide/target/debug/build/num-traits/b64029e248594953/out -L dependency=/opt/rustwide/target/debug/build/paste/c5e5e8a2bd161c29/out -L dependency=/opt/rustwide/target/debug/build/rawpointer/1161d966db9d7afd/out -L dependency=/opt/rustwide/target/debug/build/safe_arch/6b5043594606cc69/out -L dependency=/opt/rustwide/target/debug/build/wide/b207c96f36afbdad/out --extern approx=/opt/rustwide/target/debug/build/approx/2b6f3711b048430a/out/libapprox-2b6f3711b048430a.rmeta --extern matrixmultiply=/opt/rustwide/target/debug/build/matrixmultiply/5d3658b612537598/out/libmatrixmultiply-5d3658b612537598.rmeta --extern nalgebra_macros=/opt/rustwide/target/debug/build/nalgebra-macros/ea158885031e17dd/out/libnalgebra_macros-ea158885031e17dd.so --extern num_complex=/opt/rustwide/target/debug/build/num-complex/fffcf255ca2d6f52/out/libnum_complex-fffcf255ca2d6f52.rmeta --extern num_rational=/opt/rustwide/target/debug/build/num-rational/a3ffe5f453ffd295/out/libnum_rational-a3ffe5f453ffd295.rmeta --extern num_traits=/opt/rustwide/target/debug/build/num-traits/b64029e248594953/out/libnum_traits-b64029e248594953.rmeta --extern simba=/opt/rustwide/target/debug/build/simba/c637b7a34e07de04/out/libsimba-c637b7a34e07de04.rmeta --extern typenum=/opt/rustwide/target/debug/build/typenum/54d716dbda7e40e6/out/libtypenum-54d716dbda7e40e6.rmeta --cap-lints allow --cap-lints=forbid --force-warn=unused_crate_dependencies` (signal: 9, SIGKILL: kill)
[INFO] [stderr] warning: build failed, waiting for other jobs to finish...
[INFO] [stderr] error: could not compile `uom` (lib)
[INFO] [stderr] 
[INFO] [stderr] Caused by:
[INFO] [stderr]   process didn't exit successfully: `/opt/rustwide/rustup-home/toolchains/3154cc1a3e6424e44f438a95007d043ed5ceaaf6/bin/rustc --crate-name uom --edition=2018 /opt/rustwide/cargo-home/registry/src/index.crates.io-1949cf8c6b5b557f/uom-0.34.0/src/lib.rs --error-format=json --json=diagnostic-rendered-ansi,artifacts,future-incompat,unused-externs-silent --crate-type lib --emit=dep-info,metadata -C embed-bitcode=no -C debuginfo=2 --cfg 'feature="autoconvert"' --cfg 'feature="default"' --cfg 'feature="f32"' --cfg 'feature="f64"' --cfg 'feature="serde"' --cfg 'feature="si"' --cfg 'feature="std"' --cfg 'feature="use_serde"' --check-cfg 'cfg(docsrs,test)' --check-cfg 'cfg(feature, values("autoconvert", "bigint", "bigint-support", "bigrational", "biguint", "complex-support", "complex32", "complex64", "default", "f32", "f64", "i128", "i16", "i32", "i64", "i8", "isize", "num-bigint", "num-complex", "num-rational", "rational", "rational-support", "rational32", "rational64", "serde", "si", "std", "try-from", "u128", "u16", "u32", "u64", "u8", "use_serde", "usize"))' -C metadata=71d090a2f5f23d18 -C extra-filename=-8222ace36818367e --out-dir /opt/rustwide/target/debug/build/uom/8222ace36818367e/out -L dependency=/opt/rustwide/target/debug/build/serde_core/3c925aec2ec92997/out -L dependency=/opt/rustwide/target/debug/build/serde_derive/1271d99957bd3151/out --extern num_traits=/opt/rustwide/target/debug/build/num-traits/b64029e248594953/out/libnum_traits-b64029e248594953.rmeta --extern serde=/opt/rustwide/target/debug/build/serde/0e9d5aec41387267/out/libserde-0e9d5aec41387267.rmeta --extern typenum=/opt/rustwide/target/debug/build/typenum/54d716dbda7e40e6/out/libtypenum-54d716dbda7e40e6.rmeta --cap-lints allow --cap-lints=forbid --force-warn=unused_crate_dependencies` (signal: 9, SIGKILL: kill)
[INFO] [stderr] error: failed to run custom build command for `highs-sys v1.15.0`
[INFO] [stderr] note: To improve backtraces for build dependencies, set the CARGO_PROFILE_DEV_BUILD_OVERRIDE_DEBUG=true environment variable to enable debug information generation.
[INFO] [stderr] 
[INFO] [stderr] Caused by:
[INFO] [stderr]   process didn't exit successfully: `/opt/rustwide/target/debug/build/highs-sys/53c9e776104ded00/out/build_script_build` (exit status: 101)
[INFO] [stderr]   --- stdout
[INFO] [stderr]   cargo:rerun-if-env-changed=CARGO_CFG_TARGET_FEATURE
[INFO] [stderr]   CMAKE_TOOLCHAIN_FILE_x86_64-unknown-linux-gnu = None
[INFO] [stderr]   CMAKE_TOOLCHAIN_FILE_x86_64_unknown_linux_gnu = None
[INFO] [stderr]   HOST_CMAKE_TOOLCHAIN_FILE = None
[INFO] [stderr]   CMAKE_TOOLCHAIN_FILE = None
[INFO] [stderr]   CMAKE_GENERATOR_x86_64-unknown-linux-gnu = None
[INFO] [stderr]   CMAKE_GENERATOR_x86_64_unknown_linux_gnu = None
[INFO] [stderr]   HOST_CMAKE_GENERATOR = None
[INFO] [stderr]   CMAKE_GENERATOR = None
[INFO] [stderr]   CMAKE_PREFIX_PATH_x86_64-unknown-linux-gnu = None
[INFO] [stderr]   CMAKE_PREFIX_PATH_x86_64_unknown_linux_gnu = None
[INFO] [stderr]   HOST_CMAKE_PREFIX_PATH = None
[INFO] [stderr]   CMAKE_PREFIX_PATH = None
[INFO] [stderr]   CMAKE_x86_64-unknown-linux-gnu = None
[INFO] [stderr]   CMAKE_x86_64_unknown_linux_gnu = None
[INFO] [stderr]   HOST_CMAKE = None
[INFO] [stderr]   CMAKE = None
[INFO] [stderr]   -- HIGHS_VCPKG: OFF
[INFO] [stderr]   -- The CXX compiler identification is GNU 15.2.0
[INFO] [stderr]   -- The C compiler identification is GNU 15.2.0
[INFO] [stderr]   -- Detecting CXX compiler ABI info
[INFO] [stderr]   -- Detecting CXX compiler ABI info - done
[INFO] [stderr]   -- Check for working CXX compiler: /usr/bin/c++ - skipped
[INFO] [stderr]   -- Detecting CXX compile features
[INFO] [stderr]   -- Detecting CXX compile features - done
[INFO] [stderr]   -- Detecting C compiler ABI info
[INFO] [stderr]   -- Detecting C compiler ABI info - done
[INFO] [stderr]   -- Check for working C compiler: /usr/bin/cc - skipped
[INFO] [stderr]   -- Detecting C compile features
[INFO] [stderr]   -- Detecting C compile features - done
[INFO] [stderr]   -- HIGHS version: 1.15.0
[INFO] [stderr]   -- Git hash: n/a
[INFO] [stderr]   -- Build C++ library: ON
[INFO] [stderr]   -- Build C++ executable: OFF
[INFO] [stderr]   -- Build shared extras library: ON
[INFO] [stderr]   -- Build Fortran: OFF
[INFO] [stderr]   -- Build CSharp: OFF
[INFO] [stderr]   -- Build HIPO: OFF
[INFO] [stderr]   -- Build all tests: OFF
[INFO] [stderr]   -- ZLIB: OFF
[INFO] [stderr]   -- Build examples: OFF
[INFO] [stderr]   -- Build pdlp with GPU: OFF
[INFO] [stderr]   -- Use FindCUDAConf: OFF
[INFO] [stderr]   -- Build GPU with delayed loading: OFF
[INFO] [stderr]   -- Build OpenBLAS: OFF
[INFO] [stderr]   -- Build type: Release
[INFO] [stderr]   -- Looking for C++ include sys/types.h
[INFO] [stderr]   -- Looking for C++ include sys/types.h - found
[INFO] [stderr]   -- Looking for C++ include stdint.h
[INFO] [stderr]   -- Looking for C++ include stdint.h - found
[INFO] [stderr]   -- Looking for C++ include stddef.h
[INFO] [stderr]   -- Looking for C++ include stddef.h - found
[INFO] [stderr]   -- Check size of long
[INFO] [stderr]   -- Check size of long - done
[INFO] [stderr]   -- Found long size: 8
[INFO] [stderr]   -- Check size of long long
[INFO] [stderr]   -- Check size of long long - done
[INFO] [stderr]   -- Found long long size: 8
[INFO] [stderr]   -- Check size of int64_t
[INFO] [stderr]   -- Check size of int64_t - done
[INFO] [stderr]   -- Found int64_t size: 8
[INFO] [stderr]   -- Check size of unsigned long
[INFO] [stderr]   -- Check size of unsigned long - done
[INFO] [stderr]   -- Found unsigned long size: 8
[INFO] [stderr]   -- Check size of unsigned long long
[INFO] [stderr]   -- Check size of unsigned long long - done
[INFO] [stderr]   -- Found unsigned long long size: 8
[INFO] [stderr]   -- Check size of uint64_t
[INFO] [stderr]   -- Check size of uint64_t - done
[INFO] [stderr]   -- Found uint64_t size: 8
[INFO] [stderr]   -- Check size of int *
[INFO] [stderr]   -- Check size of int * - done
[INFO] [stderr]   -- Found int * size: 8
[INFO] [stderr]   -- IPO / LTO supported by compiler: YES
[INFO] [stderr]   -- IPO / LTO: FALSE as requested by user
[INFO] [stderr]   -- Performing Test HIGHS_HAVE_MM_PAUSE
[INFO] [stderr]   -- Performing Test HIGHS_HAVE_MM_PAUSE - Success
[INFO] [stderr]   -- Performing Test HIGHS_HAVE_BUILTIN_CLZ
[INFO] [stderr]   -- Performing Test HIGHS_HAVE_BUILTIN_CLZ - Success
[INFO] [stderr]   -- Performing Test COMPILER_SUPPORTS_POPCNT
[INFO] [stderr]   -- Performing Test COMPILER_SUPPORTS_POPCNT - Success
[INFO] [stderr]   -- FAST_BUILD set to on.
[INFO] [stderr]   -- Build C++ example: OFF
[INFO] [stderr]   -- Build CSharp example: OFF
[INFO] [stderr]   -- Build dotnet package: OFF
[INFO] [stderr]   -- Performing Test COMPILER_SUPPORTS_INVALID_OFFSET
[INFO] [stderr]   -- Performing Test COMPILER_SUPPORTS_INVALID_OFFSET - Success
[INFO] [stderr]   -- No CSharp support
[INFO] [stderr]   -- Performing Test CMAKE_HAVE_LIBC_PTHREAD
[INFO] [stderr]   -- Performing Test CMAKE_HAVE_LIBC_PTHREAD - Success
[INFO] [stderr]   -- Found Threads: TRUE
[INFO] [stderr]   -- Performing Test HAVE_CXX_ATOMICS_WITHOUT_LIB
[INFO] [stderr]   -- Performing Test HAVE_CXX_ATOMICS_WITHOUT_LIB - Success
[INFO] [stderr]   -- Performing Test HAVE_CXX_ATOMICS64_WITHOUT_LIB
[INFO] [stderr]   -- Performing Test HAVE_CXX_ATOMICS64_WITHOUT_LIB - Success
[INFO] [stderr]   -- Performing Test COMPILER_HAS_HIDDEN_VISIBILITY
[INFO] [stderr]   -- Performing Test COMPILER_HAS_HIDDEN_VISIBILITY - Success
[INFO] [stderr]   -- Performing Test COMPILER_HAS_HIDDEN_INLINE_VISIBILITY
[INFO] [stderr]   -- Performing Test COMPILER_HAS_HIDDEN_INLINE_VISIBILITY - Success
[INFO] [stderr]   -- Performing Test COMPILER_HAS_DEPRECATED_ATTR
[INFO] [stderr]   -- Performing Test COMPILER_HAS_DEPRECATED_ATTR - Success
[INFO] [stderr]   -- .Net: Use .Net Framework 2.1 support: ON
[INFO] [stderr]   -- Configuring highs_extras version 1.15.0
[INFO] [stderr]   -- Configuring done (40.6s)
[INFO] [stderr]   -- Generating done (1.3s)
[INFO] [stderr]   -- Build files have been written to: /opt/rustwide/target/debug/build/highs-sys/cf6e3a9b2009e1fa/out/build
[INFO] [stderr]   [  0%] Building CXX object highs/CMakeFiles/highs.dir/interfaces/highs_c_api.cpp.o
[INFO] [stderr]   [  1%] Building CXX object extern/CMakeFiles/highs_extras.dir/HighsExtrasApi.cpp.o
[INFO] [stderr]   [  1%] Building CXX object highs/CMakeFiles/highs.dir/io/Filereader.cpp.o
[INFO] [stderr]   [  2%] Building CXX object highs/CMakeFiles/highs.dir/io/FilereaderLp.cpp.o
[INFO] [stderr]   [  2%] Building CXX object extern/CMakeFiles/highs_extras.dir/HighsExtrasExternalDeps.cpp.o
[INFO] [stderr]   [  3%] Linking CXX shared library ../lib/libhighs_extras.so
[INFO] [stderr]   [  3%] Built target highs_extras
[INFO] [stderr]   [  3%] Building CXX object highs/CMakeFiles/highs.dir/io/FilereaderMps.cpp.o
[INFO] [stderr]   [  4%] Building CXX object highs/CMakeFiles/highs.dir/io/HighsIO.cpp.o
[INFO] [stderr]   [  4%] Building CXX object highs/CMakeFiles/highs.dir/io/HMpsFF.cpp.o
[INFO] [stderr]   [  5%] Building CXX object highs/CMakeFiles/highs.dir/io/HMPSIO.cpp.o
[INFO] [stderr]   [  5%] Building CXX object highs/CMakeFiles/highs.dir/io/LoadOptions.cpp.o
[INFO] [stderr]   [  6%] Building CXX object highs/CMakeFiles/highs.dir/io/filereaderlp/reader.cpp.o
[INFO] [stderr]   [  6%] Building CXX object highs/CMakeFiles/highs.dir/ipm/IpxWrapper.cpp.o
[INFO] [stderr]   [  7%] Building CXX object highs/CMakeFiles/highs.dir/lp_data/Highs.cpp.o
[INFO] [stderr]   [  7%] Building CXX object highs/CMakeFiles/highs.dir/lp_data/HighsCallback.cpp.o
[INFO] [stderr]   [  7%] Building CXX object highs/CMakeFiles/highs.dir/lp_data/HighsDebug.cpp.o
[INFO] [stderr]   [  8%] Building CXX object highs/CMakeFiles/highs.dir/lp_data/HighsIis.cpp.o
[INFO] [stderr]   [  8%] Building CXX object highs/CMakeFiles/highs.dir/lp_data/HighsInfo.cpp.o
[INFO] [stderr]   [  9%] Building CXX object highs/CMakeFiles/highs.dir/lp_data/HighsInfoDebug.cpp.o
[INFO] [stderr]   [  9%] Building CXX object highs/CMakeFiles/highs.dir/lp_data/HighsDeprecated.cpp.o
[INFO] [stderr]   [ 10%] Building CXX object highs/CMakeFiles/highs.dir/lp_data/HighsInterface.cpp.o
[INFO] [stderr]   [ 10%] Building CXX object highs/CMakeFiles/highs.dir/lp_data/HighsLp.cpp.o
[INFO] [stderr]   [ 11%] Building CXX object highs/CMakeFiles/highs.dir/lp_data/HighsLpUtils.cpp.o
[INFO] [stderr] 
[INFO] [stderr]   --- stderr
[INFO] [stderr]   running: cd "/opt/rustwide/target/debug/build/highs-sys/cf6e3a9b2009e1fa/out/build" && CMAKE_PREFIX_PATH="" LC_ALL="C" "cmake" "/opt/rustwide/cargo-home/registry/src/index.crates.io-1949cf8c6b5b557f/highs-sys-1.15.0/HiGHS" "-B" "/opt/rustwide/target/debug/build/highs-sys/cf6e3a9b2009e1fa/out/build" "-DBUILD_CXX_EXE=OFF" "-DBUILD_EXAMPLES=OFF" "-DFAST_BUILD=ON" "-DBUILD_SHARED_LIBS=OFF" "-DCMAKE_MSVC_RUNTIME_LIBRARY=MultiThreadedDLL" "-DCMAKE_INTERPROCEDURAL_OPTIMIZATION=FALSE" "-DZLIB=OFF" "-DCMAKE_INSTALL_PREFIX=/opt/rustwide/target/debug/build/highs-sys/cf6e3a9b2009e1fa/out" "-DCMAKE_C_FLAGS= -ffunction-sections -fdata-sections -fPIC -m64 -w" "-DCMAKE_C_COMPILER=/usr/bin/cc" "-DCMAKE_CXX_FLAGS= -ffunction-sections -fdata-sections -fPIC -m64 -w" "-DCMAKE_CXX_COMPILER=/usr/bin/c++" "-DCMAKE_ASM_FLAGS= -ffunction-sections -fdata-sections -fPIC -m64 -w" "-DCMAKE_ASM_COMPILER=/usr/bin/cc" "-DCMAKE_BUILD_TYPE=Release"
[INFO] [stderr]   CMake Warning:
[INFO] [stderr]     Manually-specified variables were not used by the project:
[INFO] [stderr] 
[INFO] [stderr]       CMAKE_ASM_COMPILER
[INFO] [stderr]       CMAKE_ASM_FLAGS
[INFO] [stderr] 
[INFO] [stderr] 
[INFO] [stderr]   running: cd "/opt/rustwide/target/debug/build/highs-sys/cf6e3a9b2009e1fa/out/build" && LC_ALL="C" MAKEFLAGS="-j --jobserver-fds=4,5 --jobserver-auth=4,5" "cmake" "--build" "/opt/rustwide/target/debug/build/highs-sys/cf6e3a9b2009e1fa/out/build" "--target" "install" "--config" "Release"
[INFO] [stderr]   c++: fatal error: Killed signal terminated program cc1plus
[INFO] [stderr]   compilation terminated.
[INFO] [stderr]   gmake[2]: *** [highs/CMakeFiles/highs.dir/build.make:205: highs/CMakeFiles/highs.dir/ipm/IpxWrapper.cpp.o] Error 1
[INFO] [stderr]   gmake[2]: *** Waiting for unfinished jobs....
[INFO] [stderr]   gmake[1]: *** [CMakeFiles/Makefile2:1122: highs/CMakeFiles/highs.dir/all] Error 2
[INFO] [stderr]   gmake: *** [Makefile:166: all] Error 2
[INFO] [stderr] 
[INFO] [stderr]   thread 'main' (2154) panicked at /opt/rustwide/cargo-home/registry/src/index.crates.io-1949cf8c6b5b557f/cmake-0.1.58/src/lib.rs:1132:5:
[INFO] [stderr] 
[INFO] [stderr]   command did not execute successfully, got: exit status: 2
[INFO] [stderr] 
[INFO] [stderr]   build script failed, must exit now
[INFO] [stderr]   stack backtrace:
[INFO] [stderr]      0:     0x6049228108a1 - std[3164a59e47d3bde]::backtrace_rs::backtrace::libunwind::trace
[INFO] [stderr]                                  at /rustc/3154cc1a3e6424e44f438a95007d043ed5ceaaf6/library/std/src/../../backtrace/src/backtrace/libunwind.rs:117:9
[INFO] [stderr]      1:     0x6049228108a1 - std[3164a59e47d3bde]::backtrace_rs::backtrace::trace_unsynchronized::<std[3164a59e47d3bde]::sys::backtrace::_print_fmt::{closure#1}>
[INFO] [stderr]                                  at /rustc/3154cc1a3e6424e44f438a95007d043ed5ceaaf6/library/std/src/../../backtrace/src/backtrace/mod.rs:66:14
[INFO] [stderr]      2:     0x6049228108a1 - std[3164a59e47d3bde]::sys::backtrace::_print_fmt
[INFO] [stderr]                                  at /rustc/3154cc1a3e6424e44f438a95007d043ed5ceaaf6/library/std/src/sys/backtrace.rs:74:9
[INFO] [stderr]      3:     0x6049228108a1 - <<std[3164a59e47d3bde]::sys::backtrace::BacktraceLock>::print::DisplayBacktrace as core[934024a1e6126fb4]::fmt::Display>::fmt
[INFO] [stderr]                                  at /rustc/3154cc1a3e6424e44f438a95007d043ed5ceaaf6/library/std/src/sys/backtrace.rs:44:26
[INFO] [stderr]      4:     0x6049228288da - <core[934024a1e6126fb4]::fmt::rt::Argument>::fmt
[INFO] [stderr]                                  at /rustc/3154cc1a3e6424e44f438a95007d043ed5ceaaf6/library/core/src/fmt/rt.rs:152:76
[INFO] [stderr]      5:     0x6049228288da - core[934024a1e6126fb4]::fmt::write
[INFO] [stderr]      6:     0x604922816c5c - core[934024a1e6126fb4]::io::write::default_write_fmt::<std[3164a59e47d3bde]::sys::stdio::unix::Stderr>
[INFO] [stderr]                                  at /rustc/3154cc1a3e6424e44f438a95007d043ed5ceaaf6/library/core/src/io/write.rs:402:11
[INFO] [stderr]      7:     0x604922816c5c - <std[3164a59e47d3bde]::sys::stdio::unix::Stderr as core[934024a1e6126fb4]::io::write::Write>::write_fmt
[INFO] [stderr]                                  at /rustc/3154cc1a3e6424e44f438a95007d043ed5ceaaf6/library/core/src/io/write.rs:335:13
[INFO] [stderr]      8:     0x6049227ed416 - <std[3164a59e47d3bde]::sys::backtrace::BacktraceLock>::print
[INFO] [stderr]                                  at /rustc/3154cc1a3e6424e44f438a95007d043ed5ceaaf6/library/std/src/sys/backtrace.rs:47:9
[INFO] [stderr]      9:     0x6049227ed416 - std[3164a59e47d3bde]::panicking::default_hook::{closure#0}
[INFO] [stderr]                                  at /rustc/3154cc1a3e6424e44f438a95007d043ed5ceaaf6/library/std/src/panicking.rs:289:27
[INFO] [stderr]     10:     0x60492280a5a1 - std[3164a59e47d3bde]::panicking::default_hook
[INFO] [stderr]                                  at /rustc/3154cc1a3e6424e44f438a95007d043ed5ceaaf6/library/std/src/panicking.rs:316:9
[INFO] [stderr]     11:     0x60492280a8cb - std[3164a59e47d3bde]::panicking::panic_with_hook
[INFO] [stderr]                                  at /rustc/3154cc1a3e6424e44f438a95007d043ed5ceaaf6/library/std/src/panicking.rs:811:13
[INFO] [stderr]     12:     0x6049227ed4c2 - std[3164a59e47d3bde]::panicking::panic_handler::{closure#0}
[INFO] [stderr]                                  at /rustc/3154cc1a3e6424e44f438a95007d043ed5ceaaf6/library/std/src/panicking.rs:685:13
[INFO] [stderr]     13:     0x6049227e6019 - std[3164a59e47d3bde]::sys::backtrace::__rust_end_short_backtrace::<std[3164a59e47d3bde]::panicking::panic_handler::{closure#0}, !>
[INFO] [stderr]                                  at /rustc/3154cc1a3e6424e44f438a95007d043ed5ceaaf6/library/std/src/sys/backtrace.rs:182:18
[INFO] [stderr]     14:     0x6049227edcfd - __rustc[2e7b49d4226056d3]::rust_begin_unwind
[INFO] [stderr]                                  at /rustc/3154cc1a3e6424e44f438a95007d043ed5ceaaf6/library/std/src/panicking.rs:676:5
[INFO] [stderr]     15:     0x60492282917c - core[934024a1e6126fb4]::panicking::panic_fmt
[INFO] [stderr]                                  at /rustc/3154cc1a3e6424e44f438a95007d043ed5ceaaf6/library/core/src/panicking.rs:80:14
[INFO] [stderr]     16:     0x604922777ce7 - cmake[967a1e21c24c906a]::fail
[INFO] [stderr]     17:     0x604922777973 - cmake[967a1e21c24c906a]::run
[INFO] [stderr]     18:     0x60492277d955 - <cmake[967a1e21c24c906a]::Config>::build
[INFO] [stderr]     19:     0x60492225f970 - build_script_build[f409c9394f770a29]::build
[INFO] [stderr]     20:     0x60492225f55d - build_script_build[f409c9394f770a29]::main
[INFO] [stderr]     21:     0x604922261b63 - <fn() as core[934024a1e6126fb4]::ops::function::FnOnce<()>>::call_once
[INFO] [stderr]     22:     0x60492225eb8e - std[3164a59e47d3bde]::sys::backtrace::__rust_begin_short_backtrace::<fn(), ()>
[INFO] [stderr]     23:     0x60492225f2d9 - std[3164a59e47d3bde]::rt::lang_start::<()>::{closure#0}
[INFO] [stderr]     24:     0x604922809898 - <&dyn core[934024a1e6126fb4]::ops::function::Fn<(), Output = i32> + core[934024a1e6126fb4]::marker::Sync + core[934024a1e6126fb4]::panic::unwind_safe::RefUnwindSafe as core[934024a1e6126fb4]::ops::function::FnOnce<()>>::call_once
[INFO] [stderr]                                  at /rustc/3154cc1a3e6424e44f438a95007d043ed5ceaaf6/library/core/src/ops/function.rs:287:21
[INFO] [stderr]     25:     0x604922809898 - std[3164a59e47d3bde]::panicking::catch_unwind::do_call::<&dyn core[934024a1e6126fb4]::ops::function::Fn<(), Output = i32> + core[934024a1e6126fb4]::marker::Sync + core[934024a1e6126fb4]::panic::unwind_safe::RefUnwindSafe, i32>
[INFO] [stderr]                                  at /rustc/3154cc1a3e6424e44f438a95007d043ed5ceaaf6/library/std/src/panicking.rs:573:43
[INFO] [stderr]     26:     0x604922809898 - std[3164a59e47d3bde]::panicking::catch_unwind::<i32, &dyn core[934024a1e6126fb4]::ops::function::Fn<(), Output = i32> + core[934024a1e6126fb4]::marker::Sync + core[934024a1e6126fb4]::panic::unwind_safe::RefUnwindSafe>
[INFO] [stderr]                                  at /rustc/3154cc1a3e6424e44f438a95007d043ed5ceaaf6/library/std/src/panicking.rs:541:19
[INFO] [stderr]     27:     0x604922809898 - std[3164a59e47d3bde]::panic::catch_unwind::<&dyn core[934024a1e6126fb4]::ops::function::Fn<(), Output = i32> + core[934024a1e6126fb4]::marker::Sync + core[934024a1e6126fb4]::panic::unwind_safe::RefUnwindSafe, i32>
[INFO] [stderr]                                  at /rustc/3154cc1a3e6424e44f438a95007d043ed5ceaaf6/library/std/src/panic.rs:359:14
[INFO] [stderr]     28:     0x604922809898 - std[3164a59e47d3bde]::rt::lang_start_internal::{closure#0}
[INFO] [stderr]                                  at /rustc/3154cc1a3e6424e44f438a95007d043ed5ceaaf6/library/std/src/rt.rs:175:24
[INFO] [stderr]     29:     0x604922809898 - std[3164a59e47d3bde]::panicking::catch_unwind::do_call::<std[3164a59e47d3bde]::rt::lang_start_internal::{closure#0}, isize>
[INFO] [stderr]                                  at /rustc/3154cc1a3e6424e44f438a95007d043ed5ceaaf6/library/std/src/panicking.rs:573:43
[INFO] [stderr]     30:     0x604922809898 - std[3164a59e47d3bde]::panicking::catch_unwind::<isize, std[3164a59e47d3bde]::rt::lang_start_internal::{closure#0}>
[INFO] [stderr]                                  at /rustc/3154cc1a3e6424e44f438a95007d043ed5ceaaf6/library/std/src/panicking.rs:541:19
[INFO] [stderr]     31:     0x604922809898 - std[3164a59e47d3bde]::panic::catch_unwind::<std[3164a59e47d3bde]::rt::lang_start_internal::{closure#0}, isize>
[INFO] [stderr]                                  at /rustc/3154cc1a3e6424e44f438a95007d043ed5ceaaf6/library/std/src/panic.rs:359:14
[INFO] [stderr]     32:     0x604922809898 - std[3164a59e47d3bde]::rt::lang_start_internal
[INFO] [stderr]                                  at /rustc/3154cc1a3e6424e44f438a95007d043ed5ceaaf6/library/std/src/rt.rs:171:5
[INFO] [stderr]     33:     0x60492225eb81 - std[3164a59e47d3bde]::rt::lang_start::<()>
[INFO] [stderr]     34:     0x604922261dc5 - main
[INFO] [stderr]     35:     0x7d54fc687601 - <unknown>
[INFO] [stderr]     36:     0x7d54fc687718 - __libc_start_main
[INFO] [stderr]     37:     0x60492225bec5 - _start
[INFO] [stderr]     38:                0x0 - <unknown>
[INFO] running `Command { std: "docker" "inspect" "4cee4a61db02518a447ffa38ca15fc8f2cda7abd57e6b73d8d3c6b2c98b32110", kill_on_drop: false }`
[INFO] running `Command { std: "docker" "rm" "-f" "4cee4a61db02518a447ffa38ca15fc8f2cda7abd57e6b73d8d3c6b2c98b32110", kill_on_drop: false }`
[INFO] [stdout] 4cee4a61db02518a447ffa38ca15fc8f2cda7abd57e6b73d8d3c6b2c98b32110
