[INFO] cloning repository https://github.com/tomcmot/voxcell
[INFO] running `Command { std: "git" "-c" "credential.helper=" "-c" "credential.helper=/workspace/cargo-home/bin/git-credential-null" "clone" "--bare" "https://github.com/tomcmot/voxcell" "/workspace/cache/git-repos/https%3A%2F%2Fgithub.com%2Ftomcmot%2Fvoxcell", kill_on_drop: false }`
[INFO] [stderr] Cloning into bare repository '/workspace/cache/git-repos/https%3A%2F%2Fgithub.com%2Ftomcmot%2Fvoxcell'...
[INFO] running `Command { std: "git" "rev-parse" "HEAD", kill_on_drop: false }`
[INFO] [stdout] 6008dfe935f9a66f4c55e1a5b995d569f6f997c0
[INFO] checking tomcmot/voxcell against 3154cc1a3e6424e44f438a95007d043ed5ceaaf6 for pr-133502-30
[INFO] running `Command { std: "git" "clone" "/workspace/cache/git-repos/https%3A%2F%2Fgithub.com%2Ftomcmot%2Fvoxcell" "/workspace/builds/worker-0-tc2/source", kill_on_drop: false }`
[INFO] [stderr] Cloning into '/workspace/builds/worker-0-tc2/source'...
[INFO] [stderr] done.
[INFO] started tweaking git repo https://github.com/tomcmot/voxcell
[INFO] finished tweaking git repo https://github.com/tomcmot/voxcell
[INFO] tweaked toml for git repo https://github.com/tomcmot/voxcell written to /workspace/builds/worker-0-tc2/source/Cargo.toml
[INFO] validating manifest of git repo https://github.com/tomcmot/voxcell on toolchain 3154cc1a3e6424e44f438a95007d043ed5ceaaf6
[INFO] running `Command { std: CARGO_HOME="/workspace/cargo-home" RUSTUP_HOME="/workspace/rustup-home" "/workspace/cargo-home/bin/cargo" "+3154cc1a3e6424e44f438a95007d043ed5ceaaf6" "metadata" "--manifest-path" "Cargo.toml" "--no-deps", kill_on_drop: false }`
[INFO] crate git repo https://github.com/tomcmot/voxcell already has a lockfile, it will not be regenerated
[INFO] running `Command { std: CARGO_HOME="/workspace/cargo-home" RUSTUP_HOME="/workspace/rustup-home" "/workspace/cargo-home/bin/cargo" "+3154cc1a3e6424e44f438a95007d043ed5ceaaf6" "fetch" "--manifest-path" "Cargo.toml", kill_on_drop: false }`
[INFO] running `Command { std: "docker" "create" "-v" "/var/lib/crater-agent-workspace/builds/worker-0-tc2/source:/opt/rustwide/workdir:ro,Z" "-v" "/var/lib/crater-agent-workspace/builds/worker-0-tc2/target:/opt/rustwide/target:rw,Z" "-v" "/var/lib/crater-agent-workspace/cargo-home:/opt/rustwide/cargo-home:ro,Z" "-v" "/var/lib/crater-agent-workspace/rustup-home:/opt/rustwide/rustup-home:ro,Z" "-m" "1610612736" "--network" "none" "ghcr.io/rust-lang/crates-build-env/linux@sha256:77db811e55d90add9212f6832c23229e3de5f1c1f9905e8cb07319ea15df73ac" "sleep" "infinity", kill_on_drop: false }`
[INFO] [stdout] d9668d70c4c7e504c373248da3e9ac68b68506c2ffc6e83def899e3c6a45dbc2
[INFO] running `Command { std: "docker" "start" "d9668d70c4c7e504c373248da3e9ac68b68506c2ffc6e83def899e3c6a45dbc2", kill_on_drop: false }`
[INFO] running `Command { std: "docker" "inspect" "d9668d70c4c7e504c373248da3e9ac68b68506c2ffc6e83def899e3c6a45dbc2", kill_on_drop: false }`
[INFO] running `Command { std: "docker" "exec" "-e" "SOURCE_DIR=/opt/rustwide/workdir" "-e" "CARGO_HOME=/opt/rustwide/cargo-home" "-e" "RUSTUP_HOME=/opt/rustwide/rustup-home" "-e" "CARGO_TARGET_DIR=/opt/rustwide/target" "-w" "/opt/rustwide/workdir" "--user" "0:0" "d9668d70c4c7e504c373248da3e9ac68b68506c2ffc6e83def899e3c6a45dbc2" "/opt/rustwide/cargo-home/bin/cargo" "+3154cc1a3e6424e44f438a95007d043ed5ceaaf6" "metadata" "--no-deps" "--format-version=1", kill_on_drop: false }`
[INFO] running `Command { std: "docker" "inspect" "d9668d70c4c7e504c373248da3e9ac68b68506c2ffc6e83def899e3c6a45dbc2", kill_on_drop: false }`
[INFO] running `Command { std: "docker" "exec" "-e" "SOURCE_DIR=/opt/rustwide/workdir" "-e" "CARGO_HOME=/opt/rustwide/cargo-home" "-e" "RUSTUP_HOME=/opt/rustwide/rustup-home" "-e" "CARGO_TARGET_DIR=/opt/rustwide/target" "-e" "CARGO_INCREMENTAL=0" "-e" "RUST_BACKTRACE=full" "-e" "RUSTFLAGS=--cap-lints=forbid" "-e" "RUSTDOCFLAGS=--cap-lints=forbid" "-w" "/opt/rustwide/workdir" "--user" "0:0" "d9668d70c4c7e504c373248da3e9ac68b68506c2ffc6e83def899e3c6a45dbc2" "/opt/rustwide/cargo-home/bin/cargo" "+3154cc1a3e6424e44f438a95007d043ed5ceaaf6" "check" "--frozen" "--all" "--all-targets" "--message-format=json", kill_on_drop: false }`
[INFO] [stderr]    Compiling proc-macro2 v1.0.106
[INFO] [stderr]    Compiling quote v1.0.46
[INFO] [stderr]    Compiling unicode-ident v1.0.24
[INFO] [stderr]     Checking cfg-if v1.0.4
[INFO] [stderr]    Compiling libc v0.2.186
[INFO] [stderr]    Compiling shlex v2.0.1
[INFO] [stderr]    Compiling pkg-config v0.3.33
[INFO] [stderr]    Compiling find-msvc-tools v0.1.9
[INFO] [stderr]    Compiling autocfg v1.5.1
[INFO] [stderr]    Compiling crossbeam-utils v0.8.22
[INFO] [stderr]    Compiling cc v1.2.66
[INFO] [stderr]    Compiling crossbeam-epoch v0.9.20
[INFO] [stderr]    Compiling crossbeam-deque v0.8.7
[INFO] [stderr]    Compiling vcpkg v0.2.15
[INFO] [stderr]    Compiling rayon-core v1.13.0
[INFO] [stderr]    Compiling num-traits v0.2.19
[INFO] [stderr]     Checking simd-adler32 v0.3.9
[INFO] [stderr]    Compiling anyhow v1.0.103
[INFO] [stderr]    Compiling roxmltree v0.20.0
[INFO] [stderr]     Checking memchr v2.8.2
[INFO] [stderr]    Compiling syn v2.0.118
[INFO] [stderr]    Compiling cmake v0.1.58
[INFO] [stderr]     Checking either v1.16.0
[INFO] [stderr]    Compiling sdl3-sys v0.6.7+SDL-3.4.12
[INFO] [stderr]     Checking num-integer v0.1.46
[INFO] [stderr]    Compiling thiserror v2.0.18
[INFO] [stderr]    Compiling zerocopy v0.8.53
[INFO] [stderr]     Checking arrayvec v0.7.8
[INFO] [stderr]    Compiling crc32fast v1.5.0
[INFO] [stderr]     Checking num-bigint v0.4.8
[INFO] [stderr]     Checking stable_deref_trait v1.2.1
[INFO] [stderr]     Checking adler2 v2.0.1
[INFO] [stderr]     Checking smallvec v1.15.2
[INFO] [stderr]     Checking as-slice v0.2.1
[INFO] [stderr]     Checking miniz_oxide v0.8.9
[INFO] [stderr]     Checking rayon v1.12.0
[INFO] [stderr]    Compiling link-cplusplus v1.0.12
[INFO] [stderr]    Compiling shaderc-sys v0.10.1
[INFO] [stderr]    Compiling av-scenechange v0.14.1
[INFO] [stderr]    Compiling parking_lot_core v0.9.12
[INFO] [stderr]    Compiling paste v1.0.15
[INFO] [stderr]     Checking log v0.4.33
[INFO] [stderr]    Compiling built v0.8.1
[INFO] [stderr]    Compiling imgui-sys v0.12.0
[INFO] [stderr]     Checking aligned v0.4.3
[INFO] [stderr]     Checking no_std_io2 v0.9.4
[INFO] [stderr]     Checking nom v8.0.0
[INFO] [stderr]    Compiling rav1e v0.8.1
[INFO] [stderr]    Compiling pastey v0.1.1
[INFO] [stderr]     Checking bitflags v2.13.0
[INFO] [stderr]     Checking num-rational v0.4.2
[INFO] [stderr]     Checking y4m v0.8.0
[INFO] [stderr]     Checking quick-error v2.0.1
[INFO] [stderr]     Checking scopeguard v1.2.0
[INFO] [stderr]     Checking lock_api v0.4.14
[INFO] [stderr]     Checking bitstream-io v4.10.0
[INFO] [stderr]     Checking flate2 v1.1.9
[INFO] [stderr]     Checking itertools v0.14.0
[INFO] [stderr]    Compiling simd_helpers v0.1.0
[INFO] [stderr]     Checking new_debug_unreachable v1.0.6
[INFO] [stderr]     Checking rand_core v0.10.1
[INFO] [stderr]     Checking chlorine v1.0.13
[INFO] [stderr]     Checking rand_core v0.6.4
[INFO] [stderr]     Checking imgref v1.12.2
[INFO] [stderr]     Checking maybe-rayon v0.1.1
[INFO] [stderr]    Compiling getrandom v0.4.3
[INFO] [stderr]     Checking mint v0.5.9
[INFO] [stderr]     Checking zune-core v0.5.1
[INFO] [stderr]     Checking weezl v0.1.12
[INFO] [stderr]    Compiling noop_proc_macro v0.3.0
[INFO] [stderr]     Checking zune-jpeg v0.5.15
[INFO] [stderr]     Checking loop9 v0.1.5
[INFO] [stderr]     Checking parking_lot v0.12.5
[INFO] [stderr]    Compiling sdl3 v0.18.4
[INFO] [stderr]     Checking avif-serialize v0.8.9
[INFO] [stderr]     Checking zune-inflate v0.2.54
[INFO] [stderr]     Checking fdeflate v0.3.7
[INFO] [stderr]     Checking pxfm v0.1.30
[INFO] [stderr]     Checking color_quant v1.1.0
[INFO] [stderr]     Checking rgb v0.8.53
[INFO] [stderr]     Checking byteorder-lite v0.1.0
[INFO] [stderr]     Checking bytemuck v1.25.0
[INFO] [stderr]     Checking bitflags v1.3.2
[INFO] [stderr]     Checking lebe v0.5.3
[INFO] [stderr] error: could not compile `syn` (lib)
[INFO] [stderr] 
[INFO] [stderr] Caused by:
[INFO] [stderr]   process didn't exit successfully: `/opt/rustwide/rustup-home/toolchains/3154cc1a3e6424e44f438a95007d043ed5ceaaf6/bin/rustc --crate-name syn --edition=2021 /opt/rustwide/cargo-home/registry/src/index.crates.io-1949cf8c6b5b557f/syn-2.0.118/src/lib.rs --error-format=json --json=diagnostic-rendered-ansi,artifacts,future-incompat,unused-externs-silent --crate-type lib --emit=dep-info,metadata,link -Z embed-metadata=no -C embed-bitcode=no --cfg 'feature="clone-impls"' --cfg 'feature="default"' --cfg 'feature="derive"' --cfg 'feature="extra-traits"' --cfg 'feature="full"' --cfg 'feature="parsing"' --cfg 'feature="printing"' --cfg 'feature="proc-macro"' --check-cfg 'cfg(docsrs,test)' --check-cfg 'cfg(feature, values("clone-impls", "default", "derive", "extra-traits", "fold", "full", "parsing", "printing", "proc-macro", "test", "visit", "visit-mut"))' -C metadata=cf3ac31aa7f9ef16 -C extra-filename=-9b29b07ac67c8fba --out-dir /opt/rustwide/target/debug/build/syn/9b29b07ac67c8fba/out -L dependency=/opt/rustwide/target/debug/build/proc-macro2/d4cb564e807a9cd7/out -L dependency=/opt/rustwide/target/debug/build/unicode-ident/8c98a1a0e58216a9/out --extern proc_macro2=/opt/rustwide/target/debug/build/proc-macro2/d4cb564e807a9cd7/out/libproc_macro2-d4cb564e807a9cd7.rmeta --extern quote=/opt/rustwide/target/debug/build/quote/12a774c18bdf157c/out/libquote-12a774c18bdf157c.rmeta --extern unicode_ident=/opt/rustwide/target/debug/build/unicode-ident/8c98a1a0e58216a9/out/libunicode_ident-8c98a1a0e58216a9.rmeta --cap-lints allow --cap-lints=forbid --force-warn=unused_crate_dependencies` (signal: 9, SIGKILL: kill)
[INFO] [stderr] warning: build failed, waiting for other jobs to finish...
[INFO] [stderr] warning: imgui-sys@0.12.0: c++: fatal error: Killed signal terminated program cc1plus
[INFO] [stderr] warning: imgui-sys@0.12.0: compilation terminated.
[INFO] [stderr] error: failed to run custom build command for `imgui-sys v0.12.0`
[INFO] [stderr] note: To improve backtraces for build dependencies, set the CARGO_PROFILE_DEV_BUILD_OVERRIDE_DEBUG=true environment variable to enable debug information generation.
[INFO] [stderr] 
[INFO] [stderr] Caused by:
[INFO] [stderr]   process didn't exit successfully: `/opt/rustwide/target/debug/build/imgui-sys/5663521bde6f0a76/out/build_script_build` (exit status: 1)
[INFO] [stderr]   --- stdout
[INFO] [stderr]   cargo:THIRD_PARTY=/opt/rustwide/cargo-home/registry/src/index.crates.io-1949cf8c6b5b557f/imgui-sys-0.12.0/third-party
[INFO] [stderr]   cargo:DEFINE_IMGUI_USE_WCHAR32=
[INFO] [stderr]   cargo:DEFINE_CIMGUI_NO_EXPORT=
[INFO] [stderr]   cargo:DEFINE_IMGUI_DISABLE_WIN32_FUNCTIONS=
[INFO] [stderr]   cargo:DEFINE_IMGUI_DISABLE_OSX_FUNCTIONS=
[INFO] [stderr]   cargo:THIRD_PARTY=/opt/rustwide/cargo-home/registry/src/index.crates.io-1949cf8c6b5b557f/imgui-sys-0.12.0/third-party/imgui-master
[INFO] [stderr]   cargo:rerun-if-env-changed=CXX_x86_64-unknown-linux-gnu
[INFO] [stderr]   CXX_x86_64-unknown-linux-gnu = None
[INFO] [stderr]   cargo:rerun-if-env-changed=CXX_x86_64_unknown_linux_gnu
[INFO] [stderr]   CXX_x86_64_unknown_linux_gnu = None
[INFO] [stderr]   cargo:rerun-if-env-changed=HOST_CXX
[INFO] [stderr]   HOST_CXX = None
[INFO] [stderr]   cargo:rerun-if-env-changed=CXX
[INFO] [stderr]   CXX = None
[INFO] [stderr]   cargo:rerun-if-env-changed=CC_ENABLE_DEBUG_OUTPUT
[INFO] [stderr]   cargo:rerun-if-env-changed=CRATE_CC_NO_DEFAULTS
[INFO] [stderr]   CRATE_CC_NO_DEFAULTS = None
[INFO] [stderr]   cargo:rerun-if-env-changed=CXXFLAGS
[INFO] [stderr]   CXXFLAGS = None
[INFO] [stderr]   cargo:rerun-if-env-changed=HOST_CXXFLAGS
[INFO] [stderr]   HOST_CXXFLAGS = None
[INFO] [stderr]   cargo:rerun-if-env-changed=CXXFLAGS_x86_64_unknown_linux_gnu
[INFO] [stderr]   CXXFLAGS_x86_64_unknown_linux_gnu = None
[INFO] [stderr]   cargo:rerun-if-env-changed=CXXFLAGS_x86_64-unknown-linux-gnu
[INFO] [stderr]   CXXFLAGS_x86_64-unknown-linux-gnu = None
[INFO] [stderr]   cargo:rerun-if-env-changed=CC_ENABLE_DEBUG_OUTPUT
[INFO] [stderr]   cargo:rerun-if-env-changed=CRATE_CC_NO_DEFAULTS
[INFO] [stderr]   CRATE_CC_NO_DEFAULTS = None
[INFO] [stderr]   cargo:rerun-if-env-changed=CXXFLAGS
[INFO] [stderr]   CXXFLAGS = None
[INFO] [stderr]   cargo:rerun-if-env-changed=HOST_CXXFLAGS
[INFO] [stderr]   HOST_CXXFLAGS = None
[INFO] [stderr]   cargo:rerun-if-env-changed=CXXFLAGS_x86_64_unknown_linux_gnu
[INFO] [stderr]   CXXFLAGS_x86_64_unknown_linux_gnu = None
[INFO] [stderr]   cargo:rerun-if-env-changed=CXXFLAGS_x86_64-unknown-linux-gnu
[INFO] [stderr]   CXXFLAGS_x86_64-unknown-linux-gnu = None
[INFO] [stderr]   cargo:rerun-if-env-changed=CC_FORCE_DISABLE
[INFO] [stderr]   CC_FORCE_DISABLE = None
[INFO] [stderr]   cargo:rerun-if-env-changed=CXX_x86_64-unknown-linux-gnu
[INFO] [stderr]   CXX_x86_64-unknown-linux-gnu = None
[INFO] [stderr]   cargo:rerun-if-env-changed=CXX_x86_64_unknown_linux_gnu
[INFO] [stderr]   CXX_x86_64_unknown_linux_gnu = None
[INFO] [stderr]   cargo:rerun-if-env-changed=HOST_CXX
[INFO] [stderr]   HOST_CXX = None
[INFO] [stderr]   cargo:rerun-if-env-changed=CXX
[INFO] [stderr]   CXX = None
[INFO] [stderr]   cargo:rerun-if-env-changed=CRATE_CC_NO_DEFAULTS
[INFO] [stderr]   CRATE_CC_NO_DEFAULTS = None
[INFO] [stderr]   cargo:rerun-if-env-changed=CXXFLAGS
[INFO] [stderr]   CXXFLAGS = None
[INFO] [stderr]   cargo:rerun-if-env-changed=HOST_CXXFLAGS
[INFO] [stderr]   HOST_CXXFLAGS = None
[INFO] [stderr]   cargo:rerun-if-env-changed=CXXFLAGS_x86_64_unknown_linux_gnu
[INFO] [stderr]   CXXFLAGS_x86_64_unknown_linux_gnu = None
[INFO] [stderr]   cargo:rerun-if-env-changed=CXXFLAGS_x86_64-unknown-linux-gnu
[INFO] [stderr]   CXXFLAGS_x86_64-unknown-linux-gnu = None
[INFO] [stderr]   cargo:warning=c++: fatal error: Killed signal terminated program cc1plus
[INFO] [stderr]   cargo:warning=compilation terminated.
[INFO] [stderr] 
[INFO] [stderr]   --- stderr
[INFO] [stderr] 
[INFO] [stderr] 
[INFO] [stderr]   error occurred in cc-rs: command did not execute successfully (status code exit status: 1): LC_ALL="C" "c++" "-O0" "-ffunction-sections" "-fdata-sections" "-fPIC" "-g" "-gdwarf-4" "-fno-omit-frame-pointer" "-m64" "-w" "-fno-exceptions" "-fno-rtti" "-std=c++11" "-DIMGUI_USE_WCHAR32" "-DCIMGUI_NO_EXPORT" "-DIMGUI_DISABLE_WIN32_FUNCTIONS" "-DIMGUI_DISABLE_OSX_FUNCTIONS" "-o" "/opt/rustwide/target/debug/build/imgui-sys/3ff9157b1e72b373/out/97cc2182c72ccc3b-include_imgui_master.o" "-c" "include_imgui_master.cpp"
[INFO] [stderr] 
[INFO] [stderr] 
[INFO] [stderr] warning: shaderc-sys@0.10.1: shaderc: searching for native shaderc libraries on system;  use '--features build-from-source' to force building from source code
[INFO] [stderr] warning: shaderc-sys@0.10.1: shaderc: cannot find native shaderc library on system; falling back to build from source
[INFO] [stderr] error: failed to run custom build command for `shaderc-sys v0.10.1`
[INFO] [stderr] note: To improve backtraces for build dependencies, set the CARGO_PROFILE_DEV_BUILD_OVERRIDE_DEBUG=true environment variable to enable debug information generation.
[INFO] [stderr] 
[INFO] [stderr] Caused by:
[INFO] [stderr]   process didn't exit successfully: `/opt/rustwide/target/debug/build/shaderc-sys/6ebe956d2967b15b/out/build_script_build` (exit status: 101)
[INFO] [stderr]   --- stdout
[INFO] [stderr]   cargo:rerun-if-env-changed=SHADERC_NO_PKG_CONFIG
[INFO] [stderr]   cargo:rerun-if-env-changed=PKG_CONFIG_x86_64-unknown-linux-gnu
[INFO] [stderr]   cargo:rerun-if-env-changed=PKG_CONFIG_x86_64_unknown_linux_gnu
[INFO] [stderr]   cargo:rerun-if-env-changed=HOST_PKG_CONFIG
[INFO] [stderr]   cargo:rerun-if-env-changed=PKG_CONFIG
[INFO] [stderr]   cargo:rerun-if-env-changed=SHADERC_STATIC
[INFO] [stderr]   cargo:rerun-if-env-changed=SHADERC_DYNAMIC
[INFO] [stderr]   cargo:rerun-if-env-changed=PKG_CONFIG_ALL_STATIC
[INFO] [stderr]   cargo:rerun-if-env-changed=PKG_CONFIG_ALL_DYNAMIC
[INFO] [stderr]   cargo:rerun-if-env-changed=PKG_CONFIG_PATH_x86_64-unknown-linux-gnu
[INFO] [stderr]   cargo:rerun-if-env-changed=PKG_CONFIG_PATH_x86_64_unknown_linux_gnu
[INFO] [stderr]   cargo:rerun-if-env-changed=HOST_PKG_CONFIG_PATH
[INFO] [stderr]   cargo:rerun-if-env-changed=PKG_CONFIG_PATH
[INFO] [stderr]   cargo:rerun-if-env-changed=PKG_CONFIG_LIBDIR_x86_64-unknown-linux-gnu
[INFO] [stderr]   cargo:rerun-if-env-changed=PKG_CONFIG_LIBDIR_x86_64_unknown_linux_gnu
[INFO] [stderr]   cargo:rerun-if-env-changed=HOST_PKG_CONFIG_LIBDIR
[INFO] [stderr]   cargo:rerun-if-env-changed=PKG_CONFIG_LIBDIR
[INFO] [stderr]   cargo:rerun-if-env-changed=PKG_CONFIG_SYSROOT_DIR_x86_64-unknown-linux-gnu
[INFO] [stderr]   cargo:rerun-if-env-changed=PKG_CONFIG_SYSROOT_DIR_x86_64_unknown_linux_gnu
[INFO] [stderr]   cargo:rerun-if-env-changed=HOST_PKG_CONFIG_SYSROOT_DIR
[INFO] [stderr]   cargo:rerun-if-env-changed=PKG_CONFIG_SYSROOT_DIR
[INFO] [stderr]   cargo:warning=shaderc: searching for native shaderc libraries on system;  use '--features build-from-source' to force building from source code
[INFO] [stderr]   cargo:warning=shaderc: cannot find native shaderc library on system; falling back to build from source
[INFO] [stderr]   CMAKE_TOOLCHAIN_FILE_x86_64-unknown-linux-gnu = None
[INFO] [stderr]   CMAKE_TOOLCHAIN_FILE_x86_64_unknown_linux_gnu = None
[INFO] [stderr]   HOST_CMAKE_TOOLCHAIN_FILE = None
[INFO] [stderr]   CMAKE_TOOLCHAIN_FILE = None
[INFO] [stderr]   CMAKE_PREFIX_PATH_x86_64-unknown-linux-gnu = None
[INFO] [stderr]   CMAKE_PREFIX_PATH_x86_64_unknown_linux_gnu = None
[INFO] [stderr]   HOST_CMAKE_PREFIX_PATH = None
[INFO] [stderr]   CMAKE_PREFIX_PATH = None
[INFO] [stderr]   CMAKE_x86_64-unknown-linux-gnu = None
[INFO] [stderr]   CMAKE_x86_64_unknown_linux_gnu = None
[INFO] [stderr]   HOST_CMAKE = None
[INFO] [stderr]   CMAKE = None
[INFO] [stderr]   -- The C compiler identification is GNU 15.2.0
[INFO] [stderr]   -- The CXX compiler identification is GNU 15.2.0
[INFO] [stderr]   -- Detecting C compiler ABI info
[INFO] [stderr]   -- Detecting C compiler ABI info - done
[INFO] [stderr]   -- Check for working C compiler: /usr/bin/cc - skipped
[INFO] [stderr]   -- Detecting C compile features
[INFO] [stderr]   -- Detecting C compile features - done
[INFO] [stderr]   -- Detecting CXX compiler ABI info
[INFO] [stderr]   -- Detecting CXX compiler ABI info - done
[INFO] [stderr]   -- Check for working CXX compiler: /usr/bin/c++ - skipped
[INFO] [stderr]   -- Detecting CXX compile features
[INFO] [stderr]   -- Detecting CXX compile features - done
[INFO] [stderr]   -- Found Python3: /usr/bin/python3 (found version "3.14.4") found components: Interpreter
[INFO] [stderr]   -- optimizer enabled
[INFO] [stderr]   -- Performing Test CMAKE_HAVE_LIBC_PTHREAD
[INFO] [stderr]   -- Performing Test CMAKE_HAVE_LIBC_PTHREAD - Success
[INFO] [stderr]   -- Found Threads: TRUE
[INFO] [stderr]   -- Shaderc: build type is "Release".
[INFO] [stderr]   -- Configuring Shaderc to avoid building tests.
[INFO] [stderr]   -- Configuring Shaderc to build examples.
[INFO] [stderr]   -- Configuring Shaderc to build executables.
[INFO] [stderr]   -- Configuring Shaderc to check copyrights.
[INFO] [stderr]   -- asciidoctor was not found - no documentation will be generated
[INFO] [stderr]   -- Found Python: /usr/bin/python3 (found version "3.14.4") found components: Interpreter
[INFO] [stderr]   -- Performing Test COMPILER_SUPPORTS_FALLTHROUGH_WARNING
[INFO] [stderr]   -- Performing Test COMPILER_SUPPORTS_FALLTHROUGH_WARNING - Success
[INFO] [stderr]   -- Performing Test COMPILER_SUPPORTS_EXTRA_SEMI_WARNING
[INFO] [stderr]   -- Performing Test COMPILER_SUPPORTS_EXTRA_SEMI_WARNING - Success
[INFO] [stderr]   -- Performing Test COMPILER_SUPPORTS_PIC
[INFO] [stderr]   -- Performing Test COMPILER_SUPPORTS_PIC - Success
[INFO] [stderr]   -- Configuring done (10.9s)
[INFO] [stderr]   -- Generating done (1.5s)
[INFO] [stderr]   -- Build files have been written to: /opt/rustwide/target/debug/build/shaderc-sys/0a95da94b99a0836/out/build
[INFO] [stderr]   [1/412] Building CXX object glslang/glslang/CMakeFiles/GenericCodeGen.dir/stub.cpp.o
[INFO] [stderr]   [2/412] Update build-version.inc in the Shaderc build directory (if necessary).
[INFO] [stderr]   [3/412] Building CXX object glslang/glslang/CMakeFiles/MachineIndependent.dir/stub.cpp.o
[INFO] [stderr]   [4/412] Generate tables based on the SPIR-V XML registry.
[INFO] [stderr]   [5/412] Generate language specific header for DebugInfo.
[INFO] [stderr]   [6/412] Generate language specific header for NonSemanticShaderDebugInfo100.
[INFO] [stderr]   [7/412] Generate language specific header for OpenCLDebugInfo100.
[INFO] [stderr]   [8/412] Update build-version.inc in the SPIRV-Tools build directory (if necessary).
[INFO] [stderr]   [9/412] Generating SPIRV-Tools-shared.pc
[INFO] [stderr]   [10/412] Generating SPIRV-Tools.pc
[INFO] [stderr]   [11/412] Building CXX object glslang/glslang/OSDependent/Unix/CMakeFiles/OSDependent.dir/__/__/stub.cpp.o
[INFO] [stderr]   [12/412] cd /opt/rustwide/target/debug/build/shaderc-sys/0a95da94b99a0836/out/build/shaderc && /usr/bin/cmake -DCHANGES_FILE=/opt/rustwide/cargo-home/registry/src/index.crates.io-1949cf8c6b5b557f/shaderc-sys-0.10.1/build/shaderc/CHANGES -DTEMPLATE_FILE=/opt/rustwide/cargo-home/registry/src/index.crates.io-1949cf8c6b5b557f/shaderc-sys-0.10.1/build/shaderc/cmake/shaderc.pc.in -DOUT_FILE=/opt/rustwide/target/debug/build/shaderc-sys/0a95da94b99a0836/out/build/shaderc/shaderc.pc -DCMAKE_INSTALL_PREFIX=/opt/rustwide/target/debug/build/shaderc-sys/0a95da94b99a0836/out -DCMAKE_INSTALL_LIBDIR=lib -DCMAKE_INSTALL_INCLUDEDIR=include -DLIBS=-lshaderc_shared -P /opt/rustwide/cargo-home/registry/src/index.crates.io-1949cf8c6b5b557f/shaderc-sys-0.10.1/build/shaderc/cmake/write_pkg_config.cmake
[INFO] [stderr]   [13/412] cd /opt/rustwide/target/debug/build/shaderc-sys/0a95da94b99a0836/out/build/shaderc && /usr/bin/cmake -DCHANGES_FILE=/opt/rustwide/cargo-home/registry/src/index.crates.io-1949cf8c6b5b557f/shaderc-sys-0.10.1/build/shaderc/CHANGES -DTEMPLATE_FILE=/opt/rustwide/cargo-home/registry/src/index.crates.io-1949cf8c6b5b557f/shaderc-sys-0.10.1/build/shaderc/cmake/shaderc_static.pc.in -DOUT_FILE=/opt/rustwide/target/debug/build/shaderc-sys/0a95da94b99a0836/out/build/shaderc/shaderc_static.pc -DCMAKE_INSTALL_PREFIX=/opt/rustwide/target/debug/build/shaderc-sys/0a95da94b99a0836/out -DCMAKE_INSTALL_LIBDIR=lib -DCMAKE_INSTALL_INCLUDEDIR=include -DLIBS=-lshaderc\ \ -lshaderc_util -P /opt/rustwide/cargo-home/registry/src/index.crates.io-1949cf8c6b5b557f/shaderc-sys-0.10.1/build/shaderc/cmake/write_pkg_config.cmake
[INFO] [stderr]   [14/412] Linking CXX static library glslang/glslang/libGenericCodeGen.a
[INFO] [stderr]   [15/412] Linking CXX static library glslang/glslang/libMachineIndependent.a
[INFO] [stderr]   [16/412] cd /opt/rustwide/target/debug/build/shaderc-sys/0a95da94b99a0836/out/build/shaderc && /usr/bin/cmake -DCHANGES_FILE=/opt/rustwide/cargo-home/registry/src/index.crates.io-1949cf8c6b5b557f/shaderc-sys-0.10.1/build/shaderc/CHANGES -DTEMPLATE_FILE=/opt/rustwide/cargo-home/registry/src/index.crates.io-1949cf8c6b5b557f/shaderc-sys-0.10.1/build/shaderc/cmake/shaderc_combined.pc.in -DOUT_FILE=/opt/rustwide/target/debug/build/shaderc-sys/0a95da94b99a0836/out/build/shaderc/shaderc_combined.pc -DCMAKE_INSTALL_PREFIX=/opt/rustwide/target/debug/build/shaderc-sys/0a95da94b99a0836/out -DCMAKE_INSTALL_LIBDIR=lib -DCMAKE_INSTALL_INCLUDEDIR=include -DLIBS=-lshaderc_combined -P /opt/rustwide/cargo-home/registry/src/index.crates.io-1949cf8c6b5b557f/shaderc-sys-0.10.1/build/shaderc/cmake/write_pkg_config.cmake
[INFO] [stderr]   [17/412] Check copyright
[INFO] [stderr]   [18/412] Linking CXX static library glslang/glslang/OSDependent/Unix/libOSDependent.a
[INFO] [stderr]   [19/412] Generate grammar tables
[INFO] [stderr]   [20/412] Building CXX object glslang/glslang/CMakeFiles/glslang-default-resource-limits.dir/ResourceLimits/resource_limits_c.cpp.o
[INFO] [stderr]   [21/412] Building CXX object spirv-tools/source/CMakeFiles/SPIRV-Tools-static.dir/diagnostic.cpp.o
[INFO] [stderr]   [22/412] Building CXX object spirv-tools/source/CMakeFiles/SPIRV-Tools-static.dir/util/string_utils.cpp.o
[INFO] [stderr]   [23/412] Building CXX object spirv-tools/source/CMakeFiles/SPIRV-Tools-static.dir/util/bit_vector.cpp.o
[INFO] [stderr]   [24/412] Building CXX object spirv-tools/source/CMakeFiles/SPIRV-Tools-static.dir/assembly_grammar.cpp.o
[INFO] [stderr]   [25/412] Building CXX object glslang/glslang/CMakeFiles/glslang-default-resource-limits.dir/ResourceLimits/ResourceLimits.cpp.o
[INFO] [stderr]   [26/412] Building CXX object spirv-tools/source/CMakeFiles/SPIRV-Tools-static.dir/ext_inst.cpp.o
[INFO] [stderr]   [27/412] Building CXX object spirv-tools/source/CMakeFiles/SPIRV-Tools-static.dir/libspirv.cpp.o
[INFO] [stderr]   [28/412] Building CXX object spirv-tools/source/CMakeFiles/SPIRV-Tools-static.dir/extensions.cpp.o
[INFO] [stderr]   [29/412] Building CXX object spirv-tools/source/CMakeFiles/SPIRV-Tools-static.dir/opcode.cpp.o
[INFO] [stderr]   [30/412] Building CXX object spirv-tools/source/CMakeFiles/SPIRV-Tools-static.dir/software_version.cpp.o
[INFO] [stderr]   [31/412] Building CXX object spirv-tools/source/CMakeFiles/SPIRV-Tools-static.dir/spirv_endian.cpp.o
[INFO] [stderr]   [32/412] Building CXX object spirv-tools/source/CMakeFiles/SPIRV-Tools-static.dir/print.cpp.o
[INFO] [stderr]   [33/412] Building CXX object spirv-tools/source/CMakeFiles/SPIRV-Tools-static.dir/spirv_optimizer_options.cpp.o
[INFO] [stderr]   [34/412] Building CXX object spirv-tools/source/CMakeFiles/SPIRV-Tools-static.dir/spirv_fuzzer_options.cpp.o
[INFO] [stderr]   [35/412] Building CXX object spirv-tools/source/CMakeFiles/SPIRV-Tools-static.dir/spirv_reducer_options.cpp.o
[INFO] [stderr]   [36/412] Building CXX object spirv-tools/source/CMakeFiles/SPIRV-Tools-static.dir/spirv_validator_options.cpp.o
[INFO] [stderr]   [37/412] Building CXX object spirv-tools/source/CMakeFiles/SPIRV-Tools-static.dir/parsed_operand.cpp.o
[INFO] [stderr]   [38/412] Building CXX object spirv-tools/source/CMakeFiles/SPIRV-Tools-static.dir/operand.cpp.o
[INFO] [stderr]   [39/412] Building CXX object spirv-tools/source/CMakeFiles/SPIRV-Tools-static.dir/name_mapper.cpp.o
[INFO] [stderr]   [40/412] Building CXX object spirv-tools/source/CMakeFiles/SPIRV-Tools-static.dir/binary.cpp.o
[INFO] [stderr]   [41/412] Building CXX object spirv-tools/source/CMakeFiles/SPIRV-Tools-static.dir/spirv_target_env.cpp.o
[INFO] [stderr]   [42/412] Building CXX object spirv-tools/source/CMakeFiles/SPIRV-Tools-static.dir/disassemble.cpp.o
[INFO] [stderr]   [43/412] Building CXX object spirv-tools/source/CMakeFiles/SPIRV-Tools-static.dir/to_string.cpp.o
[INFO] [stderr]   [44/412] Building CXX object spirv-tools/source/CMakeFiles/SPIRV-Tools-static.dir/table.cpp.o
[INFO] [stderr]   [45/412] Building CXX object spirv-tools/source/CMakeFiles/SPIRV-Tools-static.dir/util/parse_number.cpp.o
[INFO] [stderr]   [46/412] Building CXX object spirv-tools/source/CMakeFiles/SPIRV-Tools-static.dir/table2.cpp.o
[INFO] [stderr]   [47/412] Building CXX object spirv-tools/source/CMakeFiles/SPIRV-Tools-static.dir/val/validate_adjacency.cpp.o
[INFO] [stderr]   [48/412] Building CXX object spirv-tools/source/CMakeFiles/SPIRV-Tools-static.dir/text_handler.cpp.o
[INFO] [stderr]   [49/412] Building CXX object spirv-tools/source/CMakeFiles/SPIRV-Tools-static.dir/text.cpp.o
[INFO] [stderr]   [50/412] Building CXX object spirv-tools/source/CMakeFiles/SPIRV-Tools-static.dir/val/validate_annotation.cpp.o
[INFO] [stderr]   [51/412] Building CXX object spirv-tools/source/CMakeFiles/SPIRV-Tools-static.dir/val/validate_barriers.cpp.o
[INFO] [stderr]   [52/412] Building CXX object spirv-tools/source/CMakeFiles/SPIRV-Tools-static.dir/val/validate_arithmetics.cpp.o
[INFO] [stderr]   [53/412] Building CXX object spirv-tools/source/CMakeFiles/SPIRV-Tools-static.dir/val/validate_bitwise.cpp.o
[INFO] [stderr]   [54/412] Building CXX object spirv-tools/source/CMakeFiles/SPIRV-Tools-static.dir/val/validate_atomics.cpp.o
[INFO] [stderr]   [55/412] Building CXX object spirv-tools/source/CMakeFiles/SPIRV-Tools-static.dir/val/validate.cpp.o
[INFO] [stderr]   [56/412] Building CXX object spirv-tools/source/CMakeFiles/SPIRV-Tools-static.dir/val/validate_composites.cpp.o
[INFO] [stderr]   [57/412] Building CXX object spirv-tools/source/CMakeFiles/SPIRV-Tools-static.dir/val/validate_capability.cpp.o
[INFO] [stderr]   [58/412] Building CXX object spirv-tools/source/CMakeFiles/SPIRV-Tools-static.dir/val/validate_constants.cpp.o
[INFO] [stderr]   [59/412] Building CXX object spirv-tools/source/CMakeFiles/SPIRV-Tools-static.dir/val/validate_debug.cpp.o
[INFO] [stderr]   [60/412] Building CXX object spirv-tools/source/CMakeFiles/SPIRV-Tools-static.dir/val/validate_derivatives.cpp.o
[INFO] [stderr]   [61/412] Building CXX object spirv-tools/source/CMakeFiles/SPIRV-Tools-static.dir/val/validate_conversion.cpp.o
[INFO] [stderr]   [62/412] Building CXX object spirv-tools/source/CMakeFiles/SPIRV-Tools-static.dir/val/validate_execution_limitations.cpp.o
[INFO] [stderr]   [63/412] Building CXX object spirv-tools/source/CMakeFiles/SPIRV-Tools-static.dir/val/validate_cfg.cpp.o
[INFO] [stderr]   FAILED: [code=1] spirv-tools/source/CMakeFiles/SPIRV-Tools-static.dir/val/validate_cfg.cpp.o 
[INFO] [stderr]   /usr/bin/c++ -DSPIRV_COLOR_TERMINAL -DSPIRV_TIMER_ENABLED -I/opt/rustwide/cargo-home/registry/src/index.crates.io-1949cf8c6b5b557f/shaderc-sys-0.10.1/build/spirv-tools -I/opt/rustwide/cargo-home/registry/src/index.crates.io-1949cf8c6b5b557f/shaderc-sys-0.10.1/build/spirv-tools/include -I/opt/rustwide/target/debug/build/shaderc-sys/0a95da94b99a0836/out/build/spirv-tools -I/opt/rustwide/cargo-home/registry/src/index.crates.io-1949cf8c6b5b557f/shaderc-sys-0.10.1/build/spirv-headers/include -ffunction-sections -fdata-sections -fPIC -m64 -w -O3 -DNDEBUG -std=c++17 -fPIC -fno-rtti -Wall -Wextra -Wnon-virtual-dtor -Wno-missing-field-initializers -Wno-long-long -Wshadow -Wundef -Wconversion -Wno-sign-conversion -fno-exceptions -MD -MT spirv-tools/source/CMakeFiles/SPIRV-Tools-static.dir/val/validate_cfg.cpp.o -MF spirv-tools/source/CMakeFiles/SPIRV-Tools-static.dir/val/validate_cfg.cpp.o.d -o spirv-tools/source/CMakeFiles/SPIRV-Tools-static.dir/val/validate_cfg.cpp.o -c /opt/rustwide/cargo-home/registry/src/index.crates.io-1949cf8c6b5b557f/shaderc-sys-0.10.1/build/spirv-tools/source/val/validate_cfg.cpp
[INFO] [stderr]   c++: fatal error: Killed signal terminated program cc1plus
[INFO] [stderr]   compilation terminated.
[INFO] [stderr]   [64/412] Building CXX object spirv-tools/source/CMakeFiles/SPIRV-Tools-static.dir/val/validate_builtins.cpp.o
[INFO] [stderr]   FAILED: [code=1] spirv-tools/source/CMakeFiles/SPIRV-Tools-static.dir/val/validate_builtins.cpp.o 
[INFO] [stderr]   /usr/bin/c++ -DSPIRV_COLOR_TERMINAL -DSPIRV_TIMER_ENABLED -I/opt/rustwide/cargo-home/registry/src/index.crates.io-1949cf8c6b5b557f/shaderc-sys-0.10.1/build/spirv-tools -I/opt/rustwide/cargo-home/registry/src/index.crates.io-1949cf8c6b5b557f/shaderc-sys-0.10.1/build/spirv-tools/include -I/opt/rustwide/target/debug/build/shaderc-sys/0a95da94b99a0836/out/build/spirv-tools -I/opt/rustwide/cargo-home/registry/src/index.crates.io-1949cf8c6b5b557f/shaderc-sys-0.10.1/build/spirv-headers/include -ffunction-sections -fdata-sections -fPIC -m64 -w -O3 -DNDEBUG -std=c++17 -fPIC -fno-rtti -Wall -Wextra -Wnon-virtual-dtor -Wno-missing-field-initializers -Wno-long-long -Wshadow -Wundef -Wconversion -Wno-sign-conversion -fno-exceptions -MD -MT spirv-tools/source/CMakeFiles/SPIRV-Tools-static.dir/val/validate_builtins.cpp.o -MF spirv-tools/source/CMakeFiles/SPIRV-Tools-static.dir/val/validate_builtins.cpp.o.d -o spirv-tools/source/CMakeFiles/SPIRV-Tools-static.dir/val/validate_builtins.cpp.o -c /opt/rustwide/cargo-home/registry/src/index.crates.io-1949cf8c6b5b557f/shaderc-sys-0.10.1/build/spirv-tools/source/val/validate_builtins.cpp
[INFO] [stderr]   c++: fatal error: Killed signal terminated program cc1plus
[INFO] [stderr]   compilation terminated.
[INFO] [stderr]   [65/412] Building CXX object spirv-tools/source/CMakeFiles/SPIRV-Tools-static.dir/val/validate_function.cpp.o
[INFO] [stderr]   [66/412] Building CXX object spirv-tools/source/CMakeFiles/SPIRV-Tools-static.dir/val/validate_id.cpp.o
[INFO] [stderr]   [67/412] Building CXX object spirv-tools/source/CMakeFiles/SPIRV-Tools-static.dir/val/validate_image.cpp.o
[INFO] [stderr]   [68/412] Building CXX object spirv-tools/source/CMakeFiles/SPIRV-Tools-static.dir/val/validate_interfaces.cpp.o
[INFO] [stderr]   [69/412] Building CXX object spirv-tools/source/CMakeFiles/SPIRV-Tools-static.dir/val/validate_decorations.cpp.o
[INFO] [stderr]   [70/412] Building CXX object spirv-tools/source/CMakeFiles/SPIRV-Tools-static.dir/val/validate_extensions.cpp.o
[INFO] [stderr]   ninja: build stopped: subcommand failed.
[INFO] [stderr] 
[INFO] [stderr]   --- stderr
[INFO] [stderr]   running: cd "/opt/rustwide/target/debug/build/shaderc-sys/0a95da94b99a0836/out/build" && CMAKE_PREFIX_PATH="" LC_ALL="C" "cmake" "/opt/rustwide/cargo-home/registry/src/index.crates.io-1949cf8c6b5b557f/shaderc-sys-0.10.1/build" "-B" "/opt/rustwide/target/debug/build/shaderc-sys/0a95da94b99a0836/out/build" "-G" "Ninja" "-DCMAKE_INSTALL_LIBDIR=lib" "-DCMAKE_POSITION_INDEPENDENT_CODE=ON" "-DENABLE_SPVREMAPPER=OFF" "-DENABLE_GLSLANG_BINARIES=OFF" "-DSHADERC_SKIP_TESTS=ON" "-DSPIRV_SKIP_EXECUTABLES=ON" "-DSPIRV_WERROR=OFF" "-DCMAKE_INSTALL_PREFIX=/opt/rustwide/target/debug/build/shaderc-sys/0a95da94b99a0836/out" "-DCMAKE_C_FLAGS= -ffunction-sections -fdata-sections -fPIC -m64 -w" "-DCMAKE_C_COMPILER=/usr/bin/cc" "-DCMAKE_CXX_FLAGS= -ffunction-sections -fdata-sections -fPIC -m64 -w" "-DCMAKE_CXX_COMPILER=/usr/bin/c++" "-DCMAKE_ASM_FLAGS= -ffunction-sections -fdata-sections -fPIC -m64 -w" "-DCMAKE_ASM_COMPILER=/usr/bin/cc" "-DCMAKE_BUILD_TYPE=Release"
[INFO] [stderr]   CMake Warning:
[INFO] [stderr]     Manually-specified variables were not used by the project:
[INFO] [stderr] 
[INFO] [stderr]       CMAKE_ASM_COMPILER
[INFO] [stderr]       CMAKE_ASM_FLAGS
[INFO] [stderr] 
[INFO] [stderr] 
[INFO] [stderr]   running: cd "/opt/rustwide/target/debug/build/shaderc-sys/0a95da94b99a0836/out/build" && LC_ALL="C" "cmake" "--build" "/opt/rustwide/target/debug/build/shaderc-sys/0a95da94b99a0836/out/build" "--target" "install" "--config" "Release" "--parallel" "8"
[INFO] [stderr] 
[INFO] [stderr]   thread 'main' (698) panicked at /opt/rustwide/cargo-home/registry/src/index.crates.io-1949cf8c6b5b557f/cmake-0.1.58/src/lib.rs:1132:5:
[INFO] [stderr] 
[INFO] [stderr]   command did not execute successfully, got: exit status: 1
[INFO] [stderr] 
[INFO] [stderr]   build script failed, must exit now
[INFO] [stderr]   stack backtrace:
[INFO] [stderr]      0:     0x56616893d121 - std[3164a59e47d3bde]::backtrace_rs::backtrace::libunwind::trace
[INFO] [stderr]                                  at /rustc/3154cc1a3e6424e44f438a95007d043ed5ceaaf6/library/std/src/../../backtrace/src/backtrace/libunwind.rs:117:9
[INFO] [stderr]      1:     0x56616893d121 - std[3164a59e47d3bde]::backtrace_rs::backtrace::trace_unsynchronized::<std[3164a59e47d3bde]::sys::backtrace::_print_fmt::{closure#1}>
[INFO] [stderr]                                  at /rustc/3154cc1a3e6424e44f438a95007d043ed5ceaaf6/library/std/src/../../backtrace/src/backtrace/mod.rs:66:14
[INFO] [stderr]      2:     0x56616893d121 - std[3164a59e47d3bde]::sys::backtrace::_print_fmt
[INFO] [stderr]                                  at /rustc/3154cc1a3e6424e44f438a95007d043ed5ceaaf6/library/std/src/sys/backtrace.rs:74:9
[INFO] [stderr]      3:     0x56616893d121 - <<std[3164a59e47d3bde]::sys::backtrace::BacktraceLock>::print::DisplayBacktrace as core[934024a1e6126fb4]::fmt::Display>::fmt
[INFO] [stderr]                                  at /rustc/3154cc1a3e6424e44f438a95007d043ed5ceaaf6/library/std/src/sys/backtrace.rs:44:26
[INFO] [stderr]      4:     0x56616895168a - <core[934024a1e6126fb4]::fmt::rt::Argument>::fmt
[INFO] [stderr]                                  at /rustc/3154cc1a3e6424e44f438a95007d043ed5ceaaf6/library/core/src/fmt/rt.rs:152:76
[INFO] [stderr]      5:     0x56616895168a - core[934024a1e6126fb4]::fmt::write
[INFO] [stderr]      6:     0x566168942b7c - core[934024a1e6126fb4]::io::write::default_write_fmt::<std[3164a59e47d3bde]::sys::stdio::unix::Stderr>
[INFO] [stderr]                                  at /rustc/3154cc1a3e6424e44f438a95007d043ed5ceaaf6/library/core/src/io/write.rs:402:11
[INFO] [stderr]      7:     0x566168942b7c - <std[3164a59e47d3bde]::sys::stdio::unix::Stderr as core[934024a1e6126fb4]::io::write::Write>::write_fmt
[INFO] [stderr]                                  at /rustc/3154cc1a3e6424e44f438a95007d043ed5ceaaf6/library/core/src/io/write.rs:335:13
[INFO] [stderr]      8:     0x56616891bc26 - <std[3164a59e47d3bde]::sys::backtrace::BacktraceLock>::print
[INFO] [stderr]                                  at /rustc/3154cc1a3e6424e44f438a95007d043ed5ceaaf6/library/std/src/sys/backtrace.rs:47:9
[INFO] [stderr]      9:     0x56616891bc26 - std[3164a59e47d3bde]::panicking::default_hook::{closure#0}
[INFO] [stderr]                                  at /rustc/3154cc1a3e6424e44f438a95007d043ed5ceaaf6/library/std/src/panicking.rs:289:27
[INFO] [stderr]     10:     0x566168937961 - std[3164a59e47d3bde]::panicking::default_hook
[INFO] [stderr]                                  at /rustc/3154cc1a3e6424e44f438a95007d043ed5ceaaf6/library/std/src/panicking.rs:316:9
[INFO] [stderr]     11:     0x566168937b1b - std[3164a59e47d3bde]::panicking::panic_with_hook
[INFO] [stderr]                                  at /rustc/3154cc1a3e6424e44f438a95007d043ed5ceaaf6/library/std/src/panicking.rs:811:13
[INFO] [stderr]     12:     0x56616891bcd2 - std[3164a59e47d3bde]::panicking::panic_handler::{closure#0}
[INFO] [stderr]                                  at /rustc/3154cc1a3e6424e44f438a95007d043ed5ceaaf6/library/std/src/panicking.rs:685:13
[INFO] [stderr]     13:     0x5661689147e9 - std[3164a59e47d3bde]::sys::backtrace::__rust_end_short_backtrace::<std[3164a59e47d3bde]::panicking::panic_handler::{closure#0}, !>
[INFO] [stderr]                                  at /rustc/3154cc1a3e6424e44f438a95007d043ed5ceaaf6/library/std/src/sys/backtrace.rs:182:18
[INFO] [stderr]     14:     0x56616891c4bd - __rustc[2e7b49d4226056d3]::rust_begin_unwind
[INFO] [stderr]                                  at /rustc/3154cc1a3e6424e44f438a95007d043ed5ceaaf6/library/std/src/panicking.rs:676:5
[INFO] [stderr]     15:     0x566168951e7c - core[934024a1e6126fb4]::panicking::panic_fmt
[INFO] [stderr]                                  at /rustc/3154cc1a3e6424e44f438a95007d043ed5ceaaf6/library/core/src/panicking.rs:80:14
[INFO] [stderr]     16:     0x5661688a7187 - cmake[7ae842f83b228043]::fail
[INFO] [stderr]     17:     0x5661688a6e13 - cmake[7ae842f83b228043]::run
[INFO] [stderr]     18:     0x5661688acde5 - <cmake[7ae842f83b228043]::Config>::build
[INFO] [stderr]     19:     0x56616885843f - build_script_build[bf6758bcd27ee]::build_shaderc_unix
[INFO] [stderr]     20:     0x566168857b58 - build_script_build[bf6758bcd27ee]::build_from_source
[INFO] [stderr]     21:     0x56616885afe0 - build_script_build[bf6758bcd27ee]::main
[INFO] [stderr]     22:     0x56616885c193 - <fn() as core[934024a1e6126fb4]::ops::function::FnOnce<()>>::call_once
[INFO] [stderr]     23:     0x5661688517ee - std[3164a59e47d3bde]::sys::backtrace::__rust_begin_short_backtrace::<fn(), ()>
[INFO] [stderr]     24:     0x5661688519f9 - std[3164a59e47d3bde]::rt::lang_start::<()>::{closure#0}
[INFO] [stderr]     25:     0x566168936c68 - <&dyn core[934024a1e6126fb4]::ops::function::Fn<(), Output = i32> + core[934024a1e6126fb4]::marker::Sync + core[934024a1e6126fb4]::panic::unwind_safe::RefUnwindSafe as core[934024a1e6126fb4]::ops::function::FnOnce<()>>::call_once
[INFO] [stderr]                                  at /rustc/3154cc1a3e6424e44f438a95007d043ed5ceaaf6/library/core/src/ops/function.rs:287:21
[INFO] [stderr]     26:     0x566168936c68 - std[3164a59e47d3bde]::panicking::catch_unwind::do_call::<&dyn core[934024a1e6126fb4]::ops::function::Fn<(), Output = i32> + core[934024a1e6126fb4]::marker::Sync + core[934024a1e6126fb4]::panic::unwind_safe::RefUnwindSafe, i32>
[INFO] [stderr]                                  at /rustc/3154cc1a3e6424e44f438a95007d043ed5ceaaf6/library/std/src/panicking.rs:573:43
[INFO] [stderr]     27:     0x566168936c68 - std[3164a59e47d3bde]::panicking::catch_unwind::<i32, &dyn core[934024a1e6126fb4]::ops::function::Fn<(), Output = i32> + core[934024a1e6126fb4]::marker::Sync + core[934024a1e6126fb4]::panic::unwind_safe::RefUnwindSafe>
[INFO] [stderr]                                  at /rustc/3154cc1a3e6424e44f438a95007d043ed5ceaaf6/library/std/src/panicking.rs:541:19
[INFO] [stderr]     28:     0x566168936c68 - std[3164a59e47d3bde]::panic::catch_unwind::<&dyn core[934024a1e6126fb4]::ops::function::Fn<(), Output = i32> + core[934024a1e6126fb4]::marker::Sync + core[934024a1e6126fb4]::panic::unwind_safe::RefUnwindSafe, i32>
[INFO] [stderr]                                  at /rustc/3154cc1a3e6424e44f438a95007d043ed5ceaaf6/library/std/src/panic.rs:359:14
[INFO] [stderr]     29:     0x566168936c68 - std[3164a59e47d3bde]::rt::lang_start_internal::{closure#0}
[INFO] [stderr]                                  at /rustc/3154cc1a3e6424e44f438a95007d043ed5ceaaf6/library/std/src/rt.rs:175:24
[INFO] [stderr]     30:     0x566168936c68 - std[3164a59e47d3bde]::panicking::catch_unwind::do_call::<std[3164a59e47d3bde]::rt::lang_start_internal::{closure#0}, isize>
[INFO] [stderr]                                  at /rustc/3154cc1a3e6424e44f438a95007d043ed5ceaaf6/library/std/src/panicking.rs:573:43
[INFO] [stderr]     31:     0x566168936c68 - std[3164a59e47d3bde]::panicking::catch_unwind::<isize, std[3164a59e47d3bde]::rt::lang_start_internal::{closure#0}>
[INFO] [stderr]                                  at /rustc/3154cc1a3e6424e44f438a95007d043ed5ceaaf6/library/std/src/panicking.rs:541:19
[INFO] [stderr]     32:     0x566168936c68 - std[3164a59e47d3bde]::panic::catch_unwind::<std[3164a59e47d3bde]::rt::lang_start_internal::{closure#0}, isize>
[INFO] [stderr]                                  at /rustc/3154cc1a3e6424e44f438a95007d043ed5ceaaf6/library/std/src/panic.rs:359:14
[INFO] [stderr]     33:     0x566168936c68 - std[3164a59e47d3bde]::rt::lang_start_internal
[INFO] [stderr]                                  at /rustc/3154cc1a3e6424e44f438a95007d043ed5ceaaf6/library/std/src/rt.rs:171:5
[INFO] [stderr]     34:     0x5661688517e1 - std[3164a59e47d3bde]::rt::lang_start::<()>
[INFO] [stderr]     35:     0x56616885c2c5 - main
[INFO] [stderr]     36:     0x79980565a601 - <unknown>
[INFO] [stderr]     37:     0x79980565a718 - __libc_start_main
[INFO] [stderr]     38:     0x56616884ed65 - _start
[INFO] [stderr]     39:                0x0 - <unknown>
[INFO] running `Command { std: "docker" "inspect" "d9668d70c4c7e504c373248da3e9ac68b68506c2ffc6e83def899e3c6a45dbc2", kill_on_drop: false }`
[INFO] running `Command { std: "docker" "rm" "-f" "d9668d70c4c7e504c373248da3e9ac68b68506c2ffc6e83def899e3c6a45dbc2", kill_on_drop: false }`
[INFO] [stdout] d9668d70c4c7e504c373248da3e9ac68b68506c2ffc6e83def899e3c6a45dbc2
