[INFO] cloning repository https://github.com/tomcatzh/mypassword
[INFO] running `Command { std: "git" "-c" "credential.helper=" "-c" "credential.helper=/workspace/cargo-home/bin/git-credential-null" "clone" "--bare" "https://github.com/tomcatzh/mypassword" "/workspace/cache/git-repos/https%3A%2F%2Fgithub.com%2Ftomcatzh%2Fmypassword", kill_on_drop: false }`
[INFO] [stderr] Cloning into bare repository '/workspace/cache/git-repos/https%3A%2F%2Fgithub.com%2Ftomcatzh%2Fmypassword'...
[INFO] running `Command { std: "git" "rev-parse" "HEAD", kill_on_drop: false }`
[INFO] [stdout] ef25c9163e666848b073f968d1c05cdea7d5ef36
[INFO] checking tomcatzh/mypassword against 3154cc1a3e6424e44f438a95007d043ed5ceaaf6 for pr-133502-30
[INFO] running `Command { std: "git" "clone" "/workspace/cache/git-repos/https%3A%2F%2Fgithub.com%2Ftomcatzh%2Fmypassword" "/workspace/builds/worker-1-tc2/source", kill_on_drop: false }`
[INFO] [stderr] Cloning into '/workspace/builds/worker-1-tc2/source'...
[INFO] [stderr] done.
[INFO] removed /workspace/builds/worker-1-tc2/source/rust-toolchain.toml
[INFO] started tweaking git repo https://github.com/tomcatzh/mypassword
[INFO] finished tweaking git repo https://github.com/tomcatzh/mypassword
[INFO] tweaked toml for git repo https://github.com/tomcatzh/mypassword written to /workspace/builds/worker-1-tc2/source/Cargo.toml
[INFO] validating manifest of git repo https://github.com/tomcatzh/mypassword on toolchain 3154cc1a3e6424e44f438a95007d043ed5ceaaf6
[INFO] running `Command { std: CARGO_HOME="/workspace/cargo-home" RUSTUP_HOME="/workspace/rustup-home" "/workspace/cargo-home/bin/cargo" "+3154cc1a3e6424e44f438a95007d043ed5ceaaf6" "metadata" "--manifest-path" "Cargo.toml" "--no-deps", kill_on_drop: false }`
[INFO] crate git repo https://github.com/tomcatzh/mypassword already has a lockfile, it will not be regenerated
[INFO] running `Command { std: CARGO_HOME="/workspace/cargo-home" RUSTUP_HOME="/workspace/rustup-home" "/workspace/cargo-home/bin/cargo" "+3154cc1a3e6424e44f438a95007d043ed5ceaaf6" "fetch" "--manifest-path" "Cargo.toml", kill_on_drop: false }`
[INFO] running `Command { std: "docker" "create" "-v" "/var/lib/crater-agent-workspace/builds/worker-1-tc2/source:/opt/rustwide/workdir:ro,Z" "-v" "/var/lib/crater-agent-workspace/builds/worker-1-tc2/target:/opt/rustwide/target:rw,Z" "-v" "/var/lib/crater-agent-workspace/cargo-home:/opt/rustwide/cargo-home:ro,Z" "-v" "/var/lib/crater-agent-workspace/rustup-home:/opt/rustwide/rustup-home:ro,Z" "-m" "1610612736" "--network" "none" "ghcr.io/rust-lang/crates-build-env/linux@sha256:77db811e55d90add9212f6832c23229e3de5f1c1f9905e8cb07319ea15df73ac" "sleep" "infinity", kill_on_drop: false }`
[INFO] [stdout] 9e49624f53006453dbf5d9263ce0f74861342c1512892a6a6748859bebfc4566
[INFO] running `Command { std: "docker" "start" "9e49624f53006453dbf5d9263ce0f74861342c1512892a6a6748859bebfc4566", kill_on_drop: false }`
[INFO] running `Command { std: "docker" "inspect" "9e49624f53006453dbf5d9263ce0f74861342c1512892a6a6748859bebfc4566", kill_on_drop: false }`
[INFO] running `Command { std: "docker" "exec" "-e" "SOURCE_DIR=/opt/rustwide/workdir" "-e" "CARGO_HOME=/opt/rustwide/cargo-home" "-e" "RUSTUP_HOME=/opt/rustwide/rustup-home" "-e" "CARGO_TARGET_DIR=/opt/rustwide/target" "-w" "/opt/rustwide/workdir" "--user" "0:0" "9e49624f53006453dbf5d9263ce0f74861342c1512892a6a6748859bebfc4566" "/opt/rustwide/cargo-home/bin/cargo" "+3154cc1a3e6424e44f438a95007d043ed5ceaaf6" "metadata" "--no-deps" "--format-version=1", kill_on_drop: false }`
[INFO] running `Command { std: "docker" "inspect" "9e49624f53006453dbf5d9263ce0f74861342c1512892a6a6748859bebfc4566", kill_on_drop: false }`
[INFO] running `Command { std: "docker" "exec" "-e" "SOURCE_DIR=/opt/rustwide/workdir" "-e" "CARGO_HOME=/opt/rustwide/cargo-home" "-e" "RUSTUP_HOME=/opt/rustwide/rustup-home" "-e" "CARGO_TARGET_DIR=/opt/rustwide/target" "-e" "CARGO_INCREMENTAL=0" "-e" "RUST_BACKTRACE=full" "-e" "RUSTFLAGS=--cap-lints=forbid" "-e" "RUSTDOCFLAGS=--cap-lints=forbid" "-w" "/opt/rustwide/workdir" "--user" "0:0" "9e49624f53006453dbf5d9263ce0f74861342c1512892a6a6748859bebfc4566" "/opt/rustwide/cargo-home/bin/cargo" "+3154cc1a3e6424e44f438a95007d043ed5ceaaf6" "check" "--frozen" "--all" "--all-targets" "--message-format=json", kill_on_drop: false }`
[INFO] [stderr]    Compiling zeroize_derive v1.5.0
[INFO] [stderr]    Compiling syn v3.0.3
[INFO] [stderr]     Checking subtle v2.6.1
[INFO] [stderr]    Compiling cc v1.4.3
[INFO] [stderr]     Checking getrandom v0.2.17
[INFO] [stderr]    Compiling serde_json v1.0.151
[INFO] [stderr]     Checking smallvec v1.15.2
[INFO] [stderr]     Checking getrandom v0.4.3
[INFO] [stderr]     Checking tracing v0.1.44
[INFO] [stderr]     Checking data-encoding v2.11.1
[INFO] [stderr]     Checking ryu-js v1.0.3
[INFO] [stderr]     Checking regex-automata v0.4.18
[INFO] [stderr]     Checking clap_builder v4.6.6
[INFO] [stderr]     Checking tracing-log v0.2.0
[INFO] [stderr]    Compiling curve25519-dalek-derive v0.1.1
[INFO] [stderr]     Checking serde_path_to_error v0.1.20
[INFO] [stderr]     Checking uuid v1.24.1
[INFO] [stderr]    Compiling axum-macros v0.5.1
[INFO] [stderr]     Checking rand_core v0.6.4
[INFO] [stderr]     Checking hashbrown v0.17.1
[INFO] [stderr]    Compiling curve25519-dalek v4.1.3
[INFO] [stderr]     Checking keccak v0.2.1
[INFO] [stderr]     Checking axum-core v0.5.6
[INFO] [stderr]    Compiling curve25519-dalek v5.0.0
[INFO] [stderr]     Checking crypto-common v0.1.7
[INFO] [stderr]    Compiling mime_guess v2.0.5
[INFO] [stderr]     Checking digest v0.10.7
[INFO] [stderr]     Checking zeroize v1.9.0
[INFO] [stderr]    Compiling cpufeatures v0.3.0
[INFO] [stderr]    Compiling mime v0.3.17
[INFO] [stderr]    Compiling sha2 v0.11.0
[INFO] [stderr]     Checking tempfile v3.27.0
[INFO] [stderr]     Checking inout v0.1.4
[INFO] [stderr]     Checking hybrid-array v0.4.14
[INFO] [stderr]     Checking rustls-pki-types v1.15.1
[INFO] [stderr]     Checking sponge-cursor v0.1.0
[INFO] [stderr]     Checking sha2 v0.10.9
[INFO] [stderr]     Checking sha1 v0.10.7
[INFO] [stderr]     Checking hmac v0.12.1
[INFO] [stderr]     Checking cipher v0.4.4
[INFO] [stderr]     Checking webpki-roots v1.0.9
[INFO] [stderr]     Checking rustls-native-certs v0.8.4
[INFO] [stderr]     Checking hashlink v0.12.1
[INFO] [stderr]     Checking universal-hash v0.5.1
[INFO] [stderr]     Checking webpki-roots v0.26.11
[INFO] [stderr]     Checking password-hash v0.5.0
[INFO] [stderr]     Checking poly1305 v0.8.0
[INFO] [stderr]     Checking chacha20 v0.9.1
[INFO] [stderr]     Checking x25519-dalek v3.0.0
[INFO] [stderr]     Checking blake2 v0.10.6
[INFO] [stderr]     Checking aead v0.5.2
[INFO] [stderr]     Checking hkdf v0.12.4
[INFO] [stderr]     Checking serde_spanned v1.1.1
[INFO] [stderr]     Checking toml_datetime v0.7.5+spec-1.1.0
[INFO] [stderr]     Checking winnow v0.7.15
[INFO] [stderr]     Checking chacha20poly1305 v0.10.1
[INFO] [stderr]    Compiling rust-embed-utils v8.12.0
[INFO] [stderr]    Compiling rust-embed-impl v8.12.0
[INFO] [stderr]     Checking argon2 v0.5.3
[INFO] [stderr]    Compiling ring v0.17.14
[INFO] [stderr]    Compiling libsqlite3-sys v0.38.2
[INFO] [stderr]     Checking matchers v0.2.0
[INFO] [stderr]     Checking tracing-subscriber v0.3.23
[INFO] [stderr]     Checking crypto-common v0.2.2
[INFO] [stderr]     Checking block-buffer v0.12.1
[INFO] [stderr]     Checking inout v0.2.2
[INFO] [stderr]     Checking module-lattice v0.2.3
[INFO] [stderr]     Checking ed25519-dalek v2.2.0
[INFO] [stderr]     Checking digest v0.11.3
[INFO] [stderr]     Checking kem v0.3.0
[INFO] [stderr]     Checking universal-hash v0.6.1
[INFO] [stderr]     Checking cipher v0.5.2
[INFO] [stderr]     Checking aead v0.6.1
[INFO] [stderr]     Checking poly1305 v0.9.1
[INFO] [stderr]     Checking sha3 v0.11.0
[INFO] [stderr]     Checking hmac v0.13.0
[INFO] [stderr]     Checking sha3 v0.12.0
[INFO] [stderr]     Checking shake v0.1.0
[INFO] [stderr]     Checking turboshake v0.7.1
[INFO] [stderr]     Checking hkdf v0.13.0
[INFO] [stderr]     Checking chacha20 v0.10.1
[INFO] [stderr]     Checking chacha20poly1305 v0.11.0
[INFO] [stderr]     Checking ml-kem v0.3.2
[INFO] [stderr]    Compiling serde_derive v1.0.229
[INFO] [stderr]    Compiling zerovec-derive v0.11.4
[INFO] [stderr]    Compiling displaydoc v0.2.7
[INFO] [stderr]    Compiling tokio-macros v2.7.2
[INFO] [stderr]    Compiling futures-macro v0.3.34
[INFO] [stderr]    Compiling thiserror-impl v2.0.20
[INFO] [stderr]    Compiling clap_derive v4.6.4
[INFO] [stderr]     Checking x-wing v0.1.0
[INFO] [stderr]     Checking toml v0.9.12+spec-1.1.0
[INFO] [stderr]     Checking hpke v0.14.0
[INFO] [stderr]     Checking rust-embed v8.12.0
[INFO] [stderr]    Compiling rustls v0.23.43
[INFO] [stderr]     Checking zerotrie v0.2.5
[INFO] [stderr]     Checking tokio v1.53.1
[INFO] [stderr]     Checking futures-util v0.3.34
[INFO] [stderr]     Checking zerovec v0.11.7
[INFO] [stderr]     Checking thiserror v2.0.20
[INFO] [stderr]     Checking tinystr v0.8.4
[INFO] [stderr]     Checking potential_utf v0.1.6
[INFO] [stderr]     Checking icu_collections v2.3.0
[INFO] [stderr]     Checking icu_locale_core v2.3.0
[INFO] [stderr]     Checking clap v4.6.6
[INFO] [stderr]     Checking rustls-webpki v0.103.14
[INFO] [stderr]     Checking icu_provider v2.3.0
[INFO] [stderr]     Checking icu_normalizer v2.3.0
[INFO] [stderr]     Checking icu_properties v2.3.0
[INFO] [stderr]     Checking serde v1.0.229
[INFO] [stderr]     Checking serde_urlencoded v0.7.1
[INFO] [stderr]     Checking serde_json_canonicalizer v0.3.2
[INFO] [stderr]     Checking secrecy v0.10.3
[INFO] [stderr]     Checking mypassword-agent-contract v0.1.0 (/opt/rustwide/workdir/crates/agent-contract)
[INFO] [stderr]     Checking mypassword-relay-wire v0.1.0 (/opt/rustwide/workdir/crates/relay-wire)
[INFO] [stderr]     Checking idna_adapter v1.2.2
[INFO] [stderr]     Checking idna v1.1.0
[INFO] [stderr]     Checking url v2.5.8
[INFO] [stderr]     Checking tungstenite v0.29.0
[INFO] [stderr]     Checking hyper v1.11.0
[INFO] [stderr]     Checking tokio-rustls v0.26.4
[INFO] [stderr]     Checking tower v0.5.3
[INFO] [stderr]     Checking tokio-util v0.7.19
[INFO] [stderr]     Checking tokio-tungstenite v0.29.0
[INFO] [stderr]     Checking tower-http v0.6.11
[INFO] [stderr]     Checking hyper-util v0.1.20
[INFO] [stderr]     Checking axum v0.8.9
[INFO] [stderr]     Checking hyper-rustls v0.27.9
[INFO] [stderr]     Checking reqwest v0.12.28
[INFO] [stderr]     Checking rusqlite v0.40.2
[INFO] [stderr]     Checking mypassword-broker v0.1.0 (/opt/rustwide/workdir/mypassword-broker)
[INFO] [stderr]     Checking embedded-spa v0.1.1 (https://github.com/tomcatzh/embedded-spa?tag=v0.1.1#46786935)
[INFO] [stderr]     Checking mypassword-relay v0.1.0 (/opt/rustwide/workdir/mypassword-relay)
[INFO] [stderr]     Checking mypassword-core v0.1.0 (/opt/rustwide/workdir/mypassword-core)
[INFO] [stderr]     Checking mypassword-web v0.1.0 (/opt/rustwide/workdir/mypassword-web)
[INFO] [stdout] error: #[derive(RustEmbed)] folder '/opt/rustwide/workdir/mypassword-web/frontend/dist/' does not exist. cwd: '/opt/rustwide/workdir'
[INFO] [stdout]   --> mypassword-web/src/lib.rs:44:1
[INFO] [stdout]    |
[INFO] [stdout] 44 | / #[folder = "frontend/dist/"]
[INFO] [stdout] 45 | | struct FrontendAssets;
[INFO] [stdout]    | |______________________^
[INFO] [stdout] 
[INFO] [stdout] 
[INFO] [stdout] error: #[derive(RustEmbed)] folder '/opt/rustwide/workdir/mypassword-web/frontend/dist/' does not exist. cwd: '/opt/rustwide/workdir'
[INFO] [stdout]   --> mypassword-web/src/lib.rs:44:1
[INFO] [stdout]    |
[INFO] [stdout] 44 | / #[folder = "frontend/dist/"]
[INFO] [stdout] 45 | | struct FrontendAssets;
[INFO] [stdout]    | |______________________^
[INFO] [stdout] 
[INFO] [stdout] 
[INFO] [stdout] error[E0599]: the method `serve` exists for struct `Arc<EmbeddedSpa<FrontendAssets>>`, but its trait bounds were not satisfied
[INFO] [stdout]    --> mypassword-web/src/lib.rs:252:15
[INFO] [stdout]     |
[INFO] [stdout]  45 | struct FrontendAssets;
[INFO] [stdout]     | --------------------- doesn't satisfy `FrontendAssets: Embed`
[INFO] [stdout] ...
[INFO] [stdout] 252 |     state.spa.serve(request)
[INFO] [stdout]     |               ^^^^^ method cannot be called on `Arc<EmbeddedSpa<FrontendAssets>>` due to unsatisfied trait bounds
[INFO] [stdout]     |
[INFO] [stdout]     = note: the following trait bounds were not satisfied:
[INFO] [stdout]             `FrontendAssets: Embed`
[INFO] [stdout] note: the trait `Embed` must be implemented
[INFO] [stdout]    --> /opt/rustwide/cargo-home/registry/src/index.crates.io-1949cf8c6b5b557f/rust-embed-8.12.0/src/lib.rs:35:1
[INFO] [stdout]     |
[INFO] [stdout]  35 | pub trait RustEmbed {
[INFO] [stdout]     | ^^^^^^^^^^^^^^^^^^^
[INFO] [stdout] 
[INFO] [stdout] 
[INFO] [stdout] error[E0599]: the method `serve` exists for struct `Arc<EmbeddedSpa<FrontendAssets>>`, but its trait bounds were not satisfied
[INFO] [stdout]    --> mypassword-web/src/lib.rs:252:15
[INFO] [stdout]     |
[INFO] [stdout]  45 | struct FrontendAssets;
[INFO] [stdout]     | --------------------- doesn't satisfy `FrontendAssets: Embed`
[INFO] [stdout] ...
[INFO] [stdout] 252 |     state.spa.serve(request)
[INFO] [stdout]     |               ^^^^^ method cannot be called on `Arc<EmbeddedSpa<FrontendAssets>>` due to unsatisfied trait bounds
[INFO] [stdout]     |
[INFO] [stdout]     = note: the following trait bounds were not satisfied:
[INFO] [stdout]             `FrontendAssets: Embed`
[INFO] [stdout] note: the trait `Embed` must be implemented
[INFO] [stdout]    --> /opt/rustwide/cargo-home/registry/src/index.crates.io-1949cf8c6b5b557f/rust-embed-8.12.0/src/lib.rs:35:1
[INFO] [stdout]     |
[INFO] [stdout]  35 | pub trait RustEmbed {
[INFO] [stdout]     | ^^^^^^^^^^^^^^^^^^^
[INFO] [stdout] 
[INFO] [stdout] 
[INFO] [stdout] error[E0277]: the trait bound `FrontendAssets: Embed` is not satisfied
[INFO] [stdout]    --> mypassword-web/src/lib.rs:69:19
[INFO] [stdout]     |
[INFO] [stdout]  69 |           let spa = EmbeddedSpa::new(
[INFO] [stdout]     |  ___________________^
[INFO] [stdout]  70 | |             EmbeddedSpaConfig::default()
[INFO] [stdout]  71 | |                 .with_index_cache_control("no-store")
[INFO] [stdout]  72 | |                 .with_content_security_policy(Some(CSP)),
[INFO] [stdout]  73 | |         )
[INFO] [stdout]     | |_________^ unsatisfied trait bound
[INFO] [stdout]     |
[INFO] [stdout] help: the trait `Embed` is not implemented for `FrontendAssets`
[INFO] [stdout]    --> mypassword-web/src/lib.rs:45:1
[INFO] [stdout]     |
[INFO] [stdout]  45 | struct FrontendAssets;
[INFO] [stdout]     | ^^^^^^^^^^^^^^^^^^^^^
[INFO] [stdout] help: the trait `Embed` is implemented for `DocsAssets`
[INFO] [stdout]    --> mypassword-web/src/lib.rs:47:10
[INFO] [stdout]     |
[INFO] [stdout]  47 | #[derive(RustEmbed)]
[INFO] [stdout]     |          ^^^^^^^^^
[INFO] [stdout] note: required by a bound in `EmbeddedSpa::<A>::new`
[INFO] [stdout]    --> /opt/rustwide/cargo-home/git/checkouts/embedded-spa-87e6c77df99b816a/4678693/src/lib.rs:126:8
[INFO] [stdout]     |
[INFO] [stdout] 124 | impl<A> EmbeddedSpa<A>
[INFO] [stdout] 125 | where
[INFO] [stdout] 126 |     A: RustEmbed,
[INFO] [stdout]     |        ^^^^^^^^^ required by this bound in `EmbeddedSpa::<A>::new`
[INFO] [stdout] ...
[INFO] [stdout] 129 |     pub fn new(config: EmbeddedSpaConfig) -> Result<Self, EmbeddedSpaError> {
[INFO] [stdout]     = note: this error originates in the derive macro `RustEmbed` (in Nightly builds, run with -Z macro-backtrace for more info)
[INFO] [stdout] 
[INFO] [stdout] 
[INFO] [stdout] error[E0277]: the trait bound `FrontendAssets: Embed` is not satisfied
[INFO] [stdout]    --> mypassword-web/src/lib.rs:69:19
[INFO] [stdout]     |
[INFO] [stdout]  69 |           let spa = EmbeddedSpa::new(
[INFO] [stdout]     |  ___________________^
[INFO] [stdout]  70 | |             EmbeddedSpaConfig::default()
[INFO] [stdout]  71 | |                 .with_index_cache_control("no-store")
[INFO] [stdout]  72 | |                 .with_content_security_policy(Some(CSP)),
[INFO] [stdout]  73 | |         )
[INFO] [stdout]     | |_________^ unsatisfied trait bound
[INFO] [stdout]     |
[INFO] [stdout] help: the trait `Embed` is not implemented for `FrontendAssets`
[INFO] [stdout]    --> mypassword-web/src/lib.rs:45:1
[INFO] [stdout]     |
[INFO] [stdout]  45 | struct FrontendAssets;
[INFO] [stdout]     | ^^^^^^^^^^^^^^^^^^^^^
[INFO] [stdout] help: the trait `Embed` is implemented for `DocsAssets`
[INFO] [stdout]    --> mypassword-web/src/lib.rs:47:10
[INFO] [stdout]     |
[INFO] [stdout]  47 | #[derive(RustEmbed)]
[INFO] [stdout]     |          ^^^^^^^^^
[INFO] [stdout] note: required by a bound in `EmbeddedSpa::<A>::new`
[INFO] [stdout]    --> /opt/rustwide/cargo-home/git/checkouts/embedded-spa-87e6c77df99b816a/4678693/src/lib.rs:126:8
[INFO] [stdout]     |
[INFO] [stdout] 124 | impl<A> EmbeddedSpa<A>
[INFO] [stdout] 125 | where
[INFO] [stdout] 126 |     A: RustEmbed,
[INFO] [stdout]     |        ^^^^^^^^^ required by this bound in `EmbeddedSpa::<A>::new`
[INFO] [stdout] ...
[INFO] [stdout] 129 |     pub fn new(config: EmbeddedSpaConfig) -> Result<Self, EmbeddedSpaError> {
[INFO] [stdout]     = note: this error originates in the derive macro `RustEmbed` (in Nightly builds, run with -Z macro-backtrace for more info)
[INFO] [stdout] 
[INFO] [stdout] 
[INFO] [stdout] Some errors have detailed explanations: E0277, E0599.
[INFO] [stdout] 
[INFO] [stdout] For more information about an error, try `rustc --explain E0277`.
[INFO] [stdout] 
[INFO] [stderr] error: could not compile `mypassword-web` (lib) due to 3 previous errors
[INFO] [stderr] warning: build failed, waiting for other jobs to finish...
[INFO] [stdout] Some errors have detailed explanations: E0277, E0599.
[INFO] [stdout] 
[INFO] [stdout] For more information about an error, try `rustc --explain E0277`.
[INFO] [stdout] 
[INFO] [stderr] error: could not compile `mypassword-web` (lib test) due to 3 previous errors
[INFO] [stderr] warning: unused dependency `mypassword-agent-contract`
[INFO] [stderr]   --> mypassword-broker/Cargo.toml:35:1
[INFO] [stderr]    |
[INFO] [stderr] 35 | mypassword-agent-contract = { path = "../crates/agent-contract" }
[INFO] [stderr]    | ^^^^^^^^^^^^^^^^^^^^^^^^^^^^^^^^^^^^^^^^^^^^^^^^^^^^^^^^^^^^^^^^^
[INFO] [stderr]    |
[INFO] [stderr]    = note: `cargo::unused_dependencies` is set to `warn` by default
[INFO] [stderr] help: consider removing the dependency on `mypassword-agent-contract`
[INFO] [stderr] warning: `mypassword-broker` (manifest) generated 1 warning
[INFO] running `Command { std: "docker" "inspect" "9e49624f53006453dbf5d9263ce0f74861342c1512892a6a6748859bebfc4566", kill_on_drop: false }`
[INFO] running `Command { std: "docker" "rm" "-f" "9e49624f53006453dbf5d9263ce0f74861342c1512892a6a6748859bebfc4566", kill_on_drop: false }`
[INFO] [stdout] 9e49624f53006453dbf5d9263ce0f74861342c1512892a6a6748859bebfc4566
