[INFO] cloning repository https://github.com/tomcatzh/flowsplice-rust
[INFO] running `Command { std: "git" "-c" "credential.helper=" "-c" "credential.helper=/workspace/cargo-home/bin/git-credential-null" "clone" "--bare" "https://github.com/tomcatzh/flowsplice-rust" "/workspace/cache/git-repos/https%3A%2F%2Fgithub.com%2Ftomcatzh%2Fflowsplice-rust", kill_on_drop: false }`
[INFO] [stderr] Cloning into bare repository '/workspace/cache/git-repos/https%3A%2F%2Fgithub.com%2Ftomcatzh%2Fflowsplice-rust'...
[INFO] running `Command { std: "git" "rev-parse" "HEAD", kill_on_drop: false }`
[INFO] [stdout] e67e0ec087e3a03f19c530fe69fdc9398e4fb9ec
[INFO] checking tomcatzh/flowsplice-rust against 3154cc1a3e6424e44f438a95007d043ed5ceaaf6+rustflags=-Znext-solver=coherence for pr-133502-30
[INFO] running `Command { std: "git" "clone" "/workspace/cache/git-repos/https%3A%2F%2Fgithub.com%2Ftomcatzh%2Fflowsplice-rust" "/workspace/builds/worker-5-tc1/source", kill_on_drop: false }`
[INFO] [stderr] Cloning into '/workspace/builds/worker-5-tc1/source'...
[INFO] [stderr] done.
[INFO] removed /workspace/builds/worker-5-tc1/source/rust-toolchain.toml
[INFO] started tweaking git repo https://github.com/tomcatzh/flowsplice-rust
[INFO] finished tweaking git repo https://github.com/tomcatzh/flowsplice-rust
[INFO] tweaked toml for git repo https://github.com/tomcatzh/flowsplice-rust written to /workspace/builds/worker-5-tc1/source/Cargo.toml
[INFO] validating manifest of git repo https://github.com/tomcatzh/flowsplice-rust on toolchain 3154cc1a3e6424e44f438a95007d043ed5ceaaf6
[INFO] running `Command { std: CARGO_HOME="/workspace/cargo-home" RUSTUP_HOME="/workspace/rustup-home" "/workspace/cargo-home/bin/cargo" "+3154cc1a3e6424e44f438a95007d043ed5ceaaf6" "metadata" "--manifest-path" "Cargo.toml" "--no-deps", kill_on_drop: false }`
[INFO] crate git repo https://github.com/tomcatzh/flowsplice-rust already has a lockfile, it will not be regenerated
[INFO] running `Command { std: CARGO_HOME="/workspace/cargo-home" RUSTUP_HOME="/workspace/rustup-home" "/workspace/cargo-home/bin/cargo" "+3154cc1a3e6424e44f438a95007d043ed5ceaaf6" "fetch" "--manifest-path" "Cargo.toml", kill_on_drop: false }`
[INFO] [stderr] warning: unused workspace dependency `flowsplice-pty-home`
[INFO] [stderr]   --> Cargo.toml:59:25
[INFO] [stderr]    |
[INFO] [stderr] 59 | [workspace.dependencies.flowsplice-pty-home]
[INFO] [stderr]    |                         ^^^^^^^^^^^^^^^^^^^
[INFO] [stderr]    |
[INFO] [stderr]    = note: `cargo::unused_workspace_dependencies` is set to `warn` by default
[INFO] [stderr] help: consider removing the workspace dependency `flowsplice-pty-home`
[INFO] [stderr] warning: unused workspace dependency `futures-util`
[INFO] [stderr]   --> Cargo.toml:23:1
[INFO] [stderr]    |
[INFO] [stderr] 23 | futures-util = "0.3"
[INFO] [stderr]    | ^^^^^^^^^^^^
[INFO] [stderr]    |
[INFO] [stderr] help: consider removing the workspace dependency `futures-util`
[INFO] [stderr] warning: workspace (manifest) generated 2 warnings
[INFO] [stderr]     Updating git repository `https://github.com/tomcatzh/embedded-spa`
[INFO] [stderr]     Updating crates.io index
[INFO] [stderr]  Downloading crates ...
[INFO] [stderr]   Downloaded rtoolbox v0.0.5
[INFO] [stderr]   Downloaded tokio-splice v0.2.1
[INFO] [stderr]   Downloaded redb v4.2.0
[INFO] running `Command { std: "docker" "create" "-v" "/var/lib/crater-agent-workspace/builds/worker-5-tc1/source:/opt/rustwide/workdir:ro,Z" "-v" "/var/lib/crater-agent-workspace/builds/worker-5-tc1/target:/opt/rustwide/target:rw,Z" "-v" "/var/lib/crater-agent-workspace/cargo-home:/opt/rustwide/cargo-home:ro,Z" "-v" "/var/lib/crater-agent-workspace/rustup-home:/opt/rustwide/rustup-home:ro,Z" "-m" "1610612736" "--network" "none" "ghcr.io/rust-lang/crates-build-env/linux@sha256:77db811e55d90add9212f6832c23229e3de5f1c1f9905e8cb07319ea15df73ac" "sleep" "infinity", kill_on_drop: false }`
[INFO] [stdout] 5c067033f10f5d8e1e2545906a465d99754af085c53abf6bc6a636ea4013bdb9
[INFO] running `Command { std: "docker" "start" "5c067033f10f5d8e1e2545906a465d99754af085c53abf6bc6a636ea4013bdb9", kill_on_drop: false }`
[INFO] running `Command { std: "docker" "inspect" "5c067033f10f5d8e1e2545906a465d99754af085c53abf6bc6a636ea4013bdb9", kill_on_drop: false }`
[INFO] running `Command { std: "docker" "exec" "-e" "SOURCE_DIR=/opt/rustwide/workdir" "-e" "CARGO_HOME=/opt/rustwide/cargo-home" "-e" "RUSTUP_HOME=/opt/rustwide/rustup-home" "-e" "CARGO_TARGET_DIR=/opt/rustwide/target" "-w" "/opt/rustwide/workdir" "--user" "0:0" "5c067033f10f5d8e1e2545906a465d99754af085c53abf6bc6a636ea4013bdb9" "/opt/rustwide/cargo-home/bin/cargo" "+3154cc1a3e6424e44f438a95007d043ed5ceaaf6" "metadata" "--no-deps" "--format-version=1", kill_on_drop: false }`
[INFO] running `Command { std: "docker" "inspect" "5c067033f10f5d8e1e2545906a465d99754af085c53abf6bc6a636ea4013bdb9", kill_on_drop: false }`
[INFO] running `Command { std: "docker" "exec" "-e" "SOURCE_DIR=/opt/rustwide/workdir" "-e" "CARGO_HOME=/opt/rustwide/cargo-home" "-e" "RUSTUP_HOME=/opt/rustwide/rustup-home" "-e" "CARGO_TARGET_DIR=/opt/rustwide/target" "-e" "CARGO_INCREMENTAL=0" "-e" "RUST_BACKTRACE=full" "-e" "RUSTFLAGS=--cap-lints=forbid -Znext-solver=coherence" "-e" "RUSTDOCFLAGS=--cap-lints=forbid" "-w" "/opt/rustwide/workdir" "--user" "0:0" "5c067033f10f5d8e1e2545906a465d99754af085c53abf6bc6a636ea4013bdb9" "/opt/rustwide/cargo-home/bin/cargo" "+3154cc1a3e6424e44f438a95007d043ed5ceaaf6" "check" "--frozen" "--all" "--all-targets" "--message-format=json", kill_on_drop: false }`
[INFO] [stderr] warning: unused workspace dependency `flowsplice-pty-home`
[INFO] [stderr]   --> Cargo.toml:59:25
[INFO] [stderr]    |
[INFO] [stderr] 59 | [workspace.dependencies.flowsplice-pty-home]
[INFO] [stderr]    |                         ^^^^^^^^^^^^^^^^^^^
[INFO] [stderr]    |
[INFO] [stderr]    = note: `cargo::unused_workspace_dependencies` is set to `warn` by default
[INFO] [stderr] help: consider removing the workspace dependency `flowsplice-pty-home`
[INFO] [stderr] warning: unused workspace dependency `futures-util`
[INFO] [stderr]   --> Cargo.toml:23:1
[INFO] [stderr]    |
[INFO] [stderr] 23 | futures-util = "0.3"
[INFO] [stderr]    | ^^^^^^^^^^^^
[INFO] [stderr]    |
[INFO] [stderr] help: consider removing the workspace dependency `futures-util`
[INFO] [stderr] warning: workspace (manifest) generated 2 warnings
[INFO] [stderr]    Compiling serde v1.0.229
[INFO] [stderr]     Checking zeroize v1.9.0
[INFO] [stderr]    Compiling num-traits v0.2.19
[INFO] [stderr]    Compiling aws-lc-rs v1.18.0
[INFO] [stderr]    Compiling syn v2.0.119
[INFO] [stderr]     Checking parking_lot_core v0.9.12
[INFO] [stderr]    Compiling serde_derive v1.0.229
[INFO] [stderr]    Compiling cc v1.4.3
[INFO] [stderr]    Compiling tokio-macros v2.7.2
[INFO] [stderr]    Compiling thiserror-impl v2.0.20
[INFO] [stderr]     Checking serde_json v1.0.151
[INFO] [stderr]     Checking uuid v1.24.1
[INFO] [stderr]     Checking untrusted v0.7.1
[INFO] [stderr]     Checking nom v7.1.3
[INFO] [stderr]    Compiling displaydoc v0.2.7
[INFO] [stderr]    Compiling oid-registry v0.8.1
[INFO] [stderr]    Compiling rustix v1.1.4
[INFO] [stderr]    Compiling rustls v0.23.43
[INFO] [stderr]     Checking toml v0.9.12+spec-1.1.0
[INFO] [stderr]     Checking generic-array v0.14.7
[INFO] [stderr]     Checking rustls-pki-types v1.15.1
[INFO] [stderr]     Checking parking_lot v0.12.5
[INFO] [stderr]     Checking clap_builder v4.6.6
[INFO] [stderr]    Compiling clap_derive v4.6.4
[INFO] [stderr]    Compiling redb v4.2.0
[INFO] [stderr]     Checking pem v3.0.6
[INFO] [stderr]     Checking yasna v0.6.0
[INFO] [stderr]     Checking pem-rfc7468 v0.7.0
[INFO] [stderr]     Checking crypto-common v0.1.7
[INFO] [stderr]     Checking block-padding v0.3.3
[INFO] [stderr]     Checking block-buffer v0.10.4
[INFO] [stderr]     Checking inout v0.1.4
[INFO] [stderr]     Checking der v0.7.10
[INFO] [stderr]     Checking digest v0.10.7
[INFO] [stderr]     Checking regex-automata v0.4.18
[INFO] [stderr]     Checking cipher v0.4.4
[INFO] [stderr]     Checking getrandom v0.2.17
[INFO] [stderr]     Checking hmac v0.12.1
[INFO] [stderr]     Checking num-integer v0.1.47
[INFO] [stderr]     Checking pbkdf2 v0.12.2
[INFO] [stderr]     Checking sha2 v0.10.9
[INFO] [stderr]     Checking salsa20 v0.10.2
[INFO] [stderr]     Checking cbc v0.1.2
[INFO] [stderr]     Checking aes v0.8.4
[INFO] [stderr]     Checking rand_core v0.6.4
[INFO] [stderr]     Checking rtoolbox v0.0.5
[INFO] [stderr]     Checking futures-channel v0.3.34
[INFO] [stderr]     Checking rpassword v7.5.4
[INFO] [stderr]     Checking num-bigint v0.4.8
[INFO] [stderr]     Checking thiserror v2.0.20
[INFO] [stderr]     Checking futures-task v0.3.34
[INFO] [stderr]    Compiling cmake v0.1.58
[INFO] [stderr]     Checking scrypt v0.11.0
[INFO] [stderr]     Checking slab v0.4.12
[INFO] [stderr]     Checking serde_path_to_error v0.1.20
[INFO] [stderr]    Compiling digest v0.11.3
[INFO] [stderr]     Checking futures-util v0.3.34
[INFO] [stderr]    Compiling mime_guess v2.0.5
[INFO] [stderr]    Compiling sha2 v0.11.0
[INFO] [stderr]     Checking unicase v2.9.0
[INFO] [stderr]    Compiling nix v0.28.0
[INFO] [stderr]     Checking spki v0.7.3
[INFO] [stderr]     Checking rusticata-macros v4.1.0
[INFO] [stderr]     Checking pkcs5 v0.7.1
[INFO] [stderr]    Compiling jni-macros v0.22.4
[INFO] [stderr]     Checking serial2 v0.2.38
[INFO] [stderr]     Checking pkcs8 v0.10.2
[INFO] [stderr]    Compiling simdutf8 v0.1.5
[INFO] [stderr]    Compiling aws-lc-sys v0.44.0
[INFO] [stderr]    Compiling flowsplice-pty-codec v0.4.1 (/opt/rustwide/workdir/pty/codec)
[INFO] [stderr]    Compiling jni v0.22.4
[INFO] [stderr]     Checking simd_cesu8 v1.2.0
[INFO] [stderr]     Checking rust-embed-utils v8.12.0
[INFO] [stderr]     Checking matchers v0.2.0
[INFO] [stderr]     Checking clap v4.6.6
[INFO] [stderr]     Checking tempfile v3.27.0
[INFO] [stderr]     Checking bytes v1.12.1
[INFO] [stderr]     Checking serde_urlencoded v0.7.1
[INFO] [stderr]     Checking tokio v1.53.1
[INFO] [stderr]     Checking http v1.5.0
[INFO] [stderr]     Checking combine v4.6.7
[INFO] [stderr]     Checking http-body v1.1.0
[INFO] [stderr]     Checking http-body-util v0.1.5
[INFO] [stderr]    Compiling synstructure v0.13.2
[INFO] [stderr]    Compiling asn1-rs-impl v0.2.0
[INFO] [stderr]    Compiling tracing-attributes v0.1.31
[INFO] [stderr]    Compiling asn1-rs-derive v0.6.0
[INFO] [stderr]    Compiling rust-embed-impl v8.12.0
[INFO] [stderr]    Compiling thiserror-impl v1.0.69
[INFO] [stderr]    Compiling jni-sys-macros v0.4.1
[INFO] [stderr]     Checking jni-sys v0.4.1
[INFO] [stderr]     Checking rust-embed v8.12.0
[INFO] [stderr]     Checking asn1-rs v0.7.2
[INFO] [stderr]     Checking tracing v0.1.44
[INFO] [stderr]     Checking thiserror v1.0.69
[INFO] [stderr]     Checking tracing-subscriber v0.3.23
[INFO] [stderr]     Checking axum-core v0.5.6
[INFO] [stderr]     Checking filedescriptor v0.8.3
[INFO] [stderr]     Checking portable-pty v0.9.0
[INFO] [stderr]     Checking der-parser v10.0.0
[INFO] [stderr]     Checking hyper v1.11.0
[INFO] [stderr]     Checking tower v0.5.3
[INFO] [stderr]     Checking tokio-splice v0.2.1
[INFO] [stderr]     Checking flowsplice-foobar v0.4.1 (/opt/rustwide/workdir/foobar)
[INFO] [stderr]     Checking hyper-util v0.1.20
[INFO] [stderr]     Checking axum v0.8.9
[INFO] [stderr]     Checking flowsplice-pty-protocol v0.4.1 (/opt/rustwide/workdir/pty/protocol)
[INFO] [stderr]     Checking embedded-spa v0.1.1 (https://github.com/tomcatzh/embedded-spa?tag=v0.1.1#46786935)
[INFO] [stderr]     Checking rustls-webpki v0.103.14
[INFO] [stderr]     Checking x509-parser v0.18.1
[INFO] [stderr]     Checking rcgen v0.14.9
[INFO] [stderr]     Checking tokio-rustls v0.26.4
[INFO] [stderr]     Checking flowsplice-core v0.4.1 (/opt/rustwide/workdir/internal/flowsplice-core)
[INFO] [stderr]     Checking flowsplice-storage v0.4.1 (/opt/rustwide/workdir/internal/flowsplice-storage)
[INFO] [stderr]     Checking flowsplice-enrollment v0.4.1 (/opt/rustwide/workdir/internal/flowsplice-enrollment)
[INFO] [stderr]     Checking flowsplice-transport v0.4.1 (/opt/rustwide/workdir/internal/flowsplice-transport)
[INFO] [stderr]     Checking flowsplice-home-core v0.4.1 (/opt/rustwide/workdir/crates/flowsplice-home-core)
[INFO] [stderr]     Checking flowsplice-relay v0.4.1 (/opt/rustwide/workdir/relay)
[INFO] [stderr]     Checking flowsplice-travel-core v0.4.1 (/opt/rustwide/workdir/crates/flowsplice-travel-core)
[INFO] [stderr]     Checking flowsplice-server v0.4.1 (/opt/rustwide/workdir/server)
[INFO] [stdout] error: #[derive(RustEmbed)] folder '/opt/rustwide/workdir/crates/flowsplice-travel-core/../../travelagent/web/dist/' does not exist. cwd: '/opt/rustwide/workdir'
[INFO] [stdout]    --> crates/flowsplice-travel-core/src/lib.rs:113:1
[INFO] [stdout]     |
[INFO] [stdout] 113 | / #[folder = "../../travelagent/web/dist/"]
[INFO] [stdout] 114 | | #[cfg(feature = "frontend")]
[INFO] [stdout] 115 | | struct WebAssets;
[INFO] [stdout]     | |_________________^
[INFO] [stdout] 
[INFO] [stdout] 
[INFO] [stdout] error: #[derive(RustEmbed)] folder '/opt/rustwide/workdir/crates/flowsplice-travel-core/../../travelagent/web/dist/' does not exist. cwd: '/opt/rustwide/workdir'
[INFO] [stdout]    --> crates/flowsplice-travel-core/src/lib.rs:113:1
[INFO] [stdout]     |
[INFO] [stdout] 113 | / #[folder = "../../travelagent/web/dist/"]
[INFO] [stdout] 114 | | #[cfg(feature = "frontend")]
[INFO] [stdout] 115 | | struct WebAssets;
[INFO] [stdout]     | |_________________^
[INFO] [stdout] 
[INFO] [stdout] 
[INFO] [stderr]     Checking flowsplice-pty-home v0.4.1 (/opt/rustwide/workdir/pty/home)
[INFO] [stderr]     Checking flowsplice-homeagent v0.4.1 (/opt/rustwide/workdir/homeagent)
[INFO] [stdout] error: #[derive(RustEmbed)] folder '/opt/rustwide/workdir/homeagent/web/dist/' does not exist. cwd: '/opt/rustwide/workdir'
[INFO] [stdout]    --> homeagent/src/main.rs:103:1
[INFO] [stdout]     |
[INFO] [stdout] 103 | / #[folder = "web/dist/"]
[INFO] [stdout] 104 | | struct WebAssets;
[INFO] [stdout]     | |_________________^
[INFO] [stdout] 
[INFO] [stdout] 
[INFO] [stdout] error: #[derive(RustEmbed)] folder '/opt/rustwide/workdir/homeagent/web/dist/' does not exist. cwd: '/opt/rustwide/workdir'
[INFO] [stdout]    --> homeagent/src/main.rs:103:1
[INFO] [stdout]     |
[INFO] [stdout] 103 | / #[folder = "web/dist/"]
[INFO] [stdout] 104 | | struct WebAssets;
[INFO] [stdout]     | |_________________^
[INFO] [stdout] 
[INFO] [stdout] 
[INFO] [stdout] error[E0599]: the method `serve` exists for struct `LazyLock<EmbeddedSpa<WebAssets>>`, but its trait bounds were not satisfied
[INFO] [stdout]     --> homeagent/src/main.rs:2907:9
[INFO] [stdout]      |
[INFO] [stdout]  104 | struct WebAssets;
[INFO] [stdout]      | ---------------- doesn't satisfy `WebAssets: Embed`
[INFO] [stdout] ...
[INFO] [stdout] 2907 |     SPA.serve(request)
[INFO] [stdout]      |         ^^^^^ method cannot be called on `LazyLock<EmbeddedSpa<WebAssets>>` due to unsatisfied trait bounds
[INFO] [stdout]      |
[INFO] [stdout]      = note: the following trait bounds were not satisfied:
[INFO] [stdout]              `WebAssets: Embed`
[INFO] [stdout] note: the trait `Embed` must be implemented
[INFO] [stdout]     --> /opt/rustwide/cargo-home/registry/src/index.crates.io-1949cf8c6b5b557f/rust-embed-8.12.0/src/lib.rs:35:1
[INFO] [stdout]      |
[INFO] [stdout]   35 | pub trait RustEmbed {
[INFO] [stdout]      | ^^^^^^^^^^^^^^^^^^^
[INFO] [stdout] 
[INFO] [stdout] 
[INFO] [stdout] error[E0277]: the trait bound `WebAssets: Embed` is not satisfied
[INFO] [stdout]    --> homeagent/src/main.rs:107:5
[INFO] [stdout]     |
[INFO] [stdout] 107 |     EmbeddedSpa::new(EmbeddedSpaConfig::default())
[INFO] [stdout]     |     ^^^^^^^^^^^^^^^^^^^^^^^^^^^^^^^^^^^^^^^^^^^^^^ unsatisfied trait bound
[INFO] [stdout]     |
[INFO] [stdout] help: the trait `Embed` is not implemented for `WebAssets`
[INFO] [stdout]    --> homeagent/src/main.rs:104:1
[INFO] [stdout]     |
[INFO] [stdout] 104 | struct WebAssets;
[INFO] [stdout]     | ^^^^^^^^^^^^^^^^
[INFO] [stdout] note: required by a bound in `EmbeddedSpa::<A>::new`
[INFO] [stdout]    --> /opt/rustwide/cargo-home/git/checkouts/embedded-spa-87e6c77df99b816a/4678693/src/lib.rs:126:8
[INFO] [stdout]     |
[INFO] [stdout] 124 | impl<A> EmbeddedSpa<A>
[INFO] [stdout] 125 | where
[INFO] [stdout] 126 |     A: RustEmbed,
[INFO] [stdout]     |        ^^^^^^^^^ required by this bound in `EmbeddedSpa::<A>::new`
[INFO] [stdout] ...
[INFO] [stdout] 129 |     pub fn new(config: EmbeddedSpaConfig) -> Result<Self, EmbeddedSpaError> {
[INFO] [stdout]     |
[INFO] [stdout] 
[INFO] [stdout] 
[INFO] [stdout] error[E0599]: the method `serve` exists for struct `LazyLock<EmbeddedSpa<WebAssets>>`, but its trait bounds were not satisfied
[INFO] [stdout]     --> homeagent/src/main.rs:2907:9
[INFO] [stdout]      |
[INFO] [stdout]  104 | struct WebAssets;
[INFO] [stdout]      | ---------------- doesn't satisfy `WebAssets: Embed`
[INFO] [stdout] ...
[INFO] [stdout] 2907 |     SPA.serve(request)
[INFO] [stdout]      |         ^^^^^ method cannot be called on `LazyLock<EmbeddedSpa<WebAssets>>` due to unsatisfied trait bounds
[INFO] [stdout]      |
[INFO] [stdout]      = note: the following trait bounds were not satisfied:
[INFO] [stdout]              `WebAssets: Embed`
[INFO] [stdout] note: the trait `Embed` must be implemented
[INFO] [stdout]     --> /opt/rustwide/cargo-home/registry/src/index.crates.io-1949cf8c6b5b557f/rust-embed-8.12.0/src/lib.rs:35:1
[INFO] [stdout]      |
[INFO] [stdout]   35 | pub trait RustEmbed {
[INFO] [stdout]      | ^^^^^^^^^^^^^^^^^^^
[INFO] [stdout] 
[INFO] [stdout] 
[INFO] [stdout] error[E0277]: the trait bound `WebAssets: Embed` is not satisfied
[INFO] [stdout]    --> homeagent/src/main.rs:107:5
[INFO] [stdout]     |
[INFO] [stdout] 107 |     EmbeddedSpa::new(EmbeddedSpaConfig::default())
[INFO] [stdout]     |     ^^^^^^^^^^^^^^^^^^^^^^^^^^^^^^^^^^^^^^^^^^^^^^ unsatisfied trait bound
[INFO] [stdout]     |
[INFO] [stdout] help: the trait `Embed` is not implemented for `WebAssets`
[INFO] [stdout]    --> homeagent/src/main.rs:104:1
[INFO] [stdout]     |
[INFO] [stdout] 104 | struct WebAssets;
[INFO] [stdout]     | ^^^^^^^^^^^^^^^^
[INFO] [stdout] note: required by a bound in `EmbeddedSpa::<A>::new`
[INFO] [stdout]    --> /opt/rustwide/cargo-home/git/checkouts/embedded-spa-87e6c77df99b816a/4678693/src/lib.rs:126:8
[INFO] [stdout]     |
[INFO] [stdout] 124 | impl<A> EmbeddedSpa<A>
[INFO] [stdout] 125 | where
[INFO] [stdout] 126 |     A: RustEmbed,
[INFO] [stdout]     |        ^^^^^^^^^ required by this bound in `EmbeddedSpa::<A>::new`
[INFO] [stdout] ...
[INFO] [stdout] 129 |     pub fn new(config: EmbeddedSpaConfig) -> Result<Self, EmbeddedSpaError> {
[INFO] [stdout]     |
[INFO] [stdout] 
[INFO] [stdout] 
[INFO] [stdout] Some errors have detailed explanations: E0277, E0599.
[INFO] [stdout] 
[INFO] [stdout] For more information about an error, try `rustc --explain E0277`.
[INFO] [stdout] 
[INFO] [stderr] error: could not compile `flowsplice-homeagent` (bin "flowsplice-homeagent" test) due to 3 previous errors
[INFO] [stderr] warning: build failed, waiting for other jobs to finish...
[INFO] [stdout] error[E0599]: the method `serve` exists for struct `LazyLock<EmbeddedSpa<WebAssets>>`, but its trait bounds were not satisfied
[INFO] [stdout]     --> crates/flowsplice-travel-core/src/lib.rs:5411:9
[INFO] [stdout]      |
[INFO] [stdout]  115 | struct WebAssets;
[INFO] [stdout]      | ---------------- doesn't satisfy `WebAssets: Embed`
[INFO] [stdout] ...
[INFO] [stdout] 5411 |     SPA.serve(request)
[INFO] [stdout]      |         ^^^^^ method cannot be called on `LazyLock<EmbeddedSpa<WebAssets>>` due to unsatisfied trait bounds
[INFO] [stdout]      |
[INFO] [stdout]      = note: the following trait bounds were not satisfied:
[INFO] [stdout]              `WebAssets: Embed`
[INFO] [stdout] note: the trait `Embed` must be implemented
[INFO] [stdout]     --> /opt/rustwide/cargo-home/registry/src/index.crates.io-1949cf8c6b5b557f/rust-embed-8.12.0/src/lib.rs:35:1
[INFO] [stdout]      |
[INFO] [stdout]   35 | pub trait RustEmbed {
[INFO] [stdout]      | ^^^^^^^^^^^^^^^^^^^
[INFO] [stdout] 
[INFO] [stdout] 
[INFO] [stdout] Some errors have detailed explanations: E0277, E0599.
[INFO] [stdout] 
[INFO] [stdout] For more information about an error, try `rustc --explain E0277`.
[INFO] [stdout] 
[INFO] [stderr] error: could not compile `flowsplice-homeagent` (bin "flowsplice-homeagent") due to 3 previous errors
[INFO] [stdout] error[E0277]: the trait bound `WebAssets: Embed` is not satisfied
[INFO] [stdout]    --> crates/flowsplice-travel-core/src/lib.rs:119:5
[INFO] [stdout]     |
[INFO] [stdout] 119 |     EmbeddedSpa::new(EmbeddedSpaConfig::default())
[INFO] [stdout]     |     ^^^^^^^^^^^^^^^^^^^^^^^^^^^^^^^^^^^^^^^^^^^^^^ unsatisfied trait bound
[INFO] [stdout]     |
[INFO] [stdout] help: the trait `Embed` is not implemented for `WebAssets`
[INFO] [stdout]    --> crates/flowsplice-travel-core/src/lib.rs:115:1
[INFO] [stdout]     |
[INFO] [stdout] 115 | struct WebAssets;
[INFO] [stdout]     | ^^^^^^^^^^^^^^^^
[INFO] [stdout] note: required by a bound in `EmbeddedSpa::<A>::new`
[INFO] [stdout]    --> /opt/rustwide/cargo-home/git/checkouts/embedded-spa-87e6c77df99b816a/4678693/src/lib.rs:126:8
[INFO] [stdout]     |
[INFO] [stdout] 124 | impl<A> EmbeddedSpa<A>
[INFO] [stdout] 125 | where
[INFO] [stdout] 126 |     A: RustEmbed,
[INFO] [stdout]     |        ^^^^^^^^^ required by this bound in `EmbeddedSpa::<A>::new`
[INFO] [stdout] ...
[INFO] [stdout] 129 |     pub fn new(config: EmbeddedSpaConfig) -> Result<Self, EmbeddedSpaError> {
[INFO] [stdout]     |
[INFO] [stdout] 
[INFO] [stdout] 
[INFO] [stdout] error[E0599]: the method `serve` exists for struct `LazyLock<EmbeddedSpa<WebAssets>>`, but its trait bounds were not satisfied
[INFO] [stdout]     --> crates/flowsplice-travel-core/src/lib.rs:5411:9
[INFO] [stdout]      |
[INFO] [stdout]  115 | struct WebAssets;
[INFO] [stdout]      | ---------------- doesn't satisfy `WebAssets: Embed`
[INFO] [stdout] ...
[INFO] [stdout] 5411 |     SPA.serve(request)
[INFO] [stdout]      |         ^^^^^ method cannot be called on `LazyLock<EmbeddedSpa<WebAssets>>` due to unsatisfied trait bounds
[INFO] [stdout]      |
[INFO] [stdout]      = note: the following trait bounds were not satisfied:
[INFO] [stdout]              `WebAssets: Embed`
[INFO] [stdout] note: the trait `Embed` must be implemented
[INFO] [stdout]     --> /opt/rustwide/cargo-home/registry/src/index.crates.io-1949cf8c6b5b557f/rust-embed-8.12.0/src/lib.rs:35:1
[INFO] [stdout]      |
[INFO] [stdout]   35 | pub trait RustEmbed {
[INFO] [stdout]      | ^^^^^^^^^^^^^^^^^^^
[INFO] [stdout] 
[INFO] [stdout] 
[INFO] [stdout] error[E0277]: the trait bound `WebAssets: Embed` is not satisfied
[INFO] [stdout]    --> crates/flowsplice-travel-core/src/lib.rs:119:5
[INFO] [stdout]     |
[INFO] [stdout] 119 |     EmbeddedSpa::new(EmbeddedSpaConfig::default())
[INFO] [stdout]     |     ^^^^^^^^^^^^^^^^^^^^^^^^^^^^^^^^^^^^^^^^^^^^^^ unsatisfied trait bound
[INFO] [stdout]     |
[INFO] [stdout] help: the trait `Embed` is not implemented for `WebAssets`
[INFO] [stdout]    --> crates/flowsplice-travel-core/src/lib.rs:115:1
[INFO] [stdout]     |
[INFO] [stdout] 115 | struct WebAssets;
[INFO] [stdout]     | ^^^^^^^^^^^^^^^^
[INFO] [stdout] note: required by a bound in `EmbeddedSpa::<A>::new`
[INFO] [stdout]    --> /opt/rustwide/cargo-home/git/checkouts/embedded-spa-87e6c77df99b816a/4678693/src/lib.rs:126:8
[INFO] [stdout]     |
[INFO] [stdout] 124 | impl<A> EmbeddedSpa<A>
[INFO] [stdout] 125 | where
[INFO] [stdout] 126 |     A: RustEmbed,
[INFO] [stdout]     |        ^^^^^^^^^ required by this bound in `EmbeddedSpa::<A>::new`
[INFO] [stdout] ...
[INFO] [stdout] 129 |     pub fn new(config: EmbeddedSpaConfig) -> Result<Self, EmbeddedSpaError> {
[INFO] [stdout]     |
[INFO] [stdout] 
[INFO] [stdout] 
[INFO] [stdout] Some errors have detailed explanations: E0277, E0599.
[INFO] [stdout] 
[INFO] [stdout] For more information about an error, try `rustc --explain E0277`.
[INFO] [stdout] 
[INFO] [stderr] error: could not compile `flowsplice-travel-core` (lib) due to 3 previous errors
[INFO] [stdout] Some errors have detailed explanations: E0277, E0599.
[INFO] [stdout] 
[INFO] [stdout] For more information about an error, try `rustc --explain E0277`.
[INFO] [stdout] 
[INFO] [stderr] error: could not compile `flowsplice-travel-core` (lib test) due to 3 previous errors
[INFO] running `Command { std: "docker" "inspect" "5c067033f10f5d8e1e2545906a465d99754af085c53abf6bc6a636ea4013bdb9", kill_on_drop: false }`
[INFO] running `Command { std: "docker" "rm" "-f" "5c067033f10f5d8e1e2545906a465d99754af085c53abf6bc6a636ea4013bdb9", kill_on_drop: false }`
[INFO] [stdout] 5c067033f10f5d8e1e2545906a465d99754af085c53abf6bc6a636ea4013bdb9
