[INFO] cloning repository https://github.com/tomato64/libnvram-rs
[INFO] running `Command { std: "git" "-c" "credential.helper=" "-c" "credential.helper=/workspace/cargo-home/bin/git-credential-null" "clone" "--bare" "https://github.com/tomato64/libnvram-rs" "/workspace/cache/git-repos/https%3A%2F%2Fgithub.com%2Ftomato64%2Flibnvram-rs", kill_on_drop: false }`
[INFO] [stderr] Cloning into bare repository '/workspace/cache/git-repos/https%3A%2F%2Fgithub.com%2Ftomato64%2Flibnvram-rs'...
[INFO] running `Command { std: "git" "rev-parse" "HEAD", kill_on_drop: false }`
[INFO] [stdout] 237bd43725d147dca646071827a31d8d2ad374ad
[INFO] checking tomato64/libnvram-rs against 3154cc1a3e6424e44f438a95007d043ed5ceaaf6 for pr-133502-30
[INFO] running `Command { std: "git" "clone" "/workspace/cache/git-repos/https%3A%2F%2Fgithub.com%2Ftomato64%2Flibnvram-rs" "/workspace/builds/worker-3-tc2/source", kill_on_drop: false }`
[INFO] [stderr] Cloning into '/workspace/builds/worker-3-tc2/source'...
[INFO] [stderr] done.
[INFO] started tweaking git repo https://github.com/tomato64/libnvram-rs
[INFO] finished tweaking git repo https://github.com/tomato64/libnvram-rs
[INFO] tweaked toml for git repo https://github.com/tomato64/libnvram-rs written to /workspace/builds/worker-3-tc2/source/Cargo.toml
[INFO] validating manifest of git repo https://github.com/tomato64/libnvram-rs on toolchain 3154cc1a3e6424e44f438a95007d043ed5ceaaf6
[INFO] running `Command { std: CARGO_HOME="/workspace/cargo-home" RUSTUP_HOME="/workspace/rustup-home" "/workspace/cargo-home/bin/cargo" "+3154cc1a3e6424e44f438a95007d043ed5ceaaf6" "metadata" "--manifest-path" "Cargo.toml" "--no-deps", kill_on_drop: false }`
[INFO] crate git repo https://github.com/tomato64/libnvram-rs already has a lockfile, it will not be regenerated
[INFO] running `Command { std: CARGO_HOME="/workspace/cargo-home" RUSTUP_HOME="/workspace/rustup-home" "/workspace/cargo-home/bin/cargo" "+3154cc1a3e6424e44f438a95007d043ed5ceaaf6" "fetch" "--manifest-path" "Cargo.toml", kill_on_drop: false }`
[INFO] running `Command { std: "docker" "create" "-v" "/var/lib/crater-agent-workspace/builds/worker-3-tc2/source:/opt/rustwide/workdir:ro,Z" "-v" "/var/lib/crater-agent-workspace/builds/worker-3-tc2/target:/opt/rustwide/target:rw,Z" "-v" "/var/lib/crater-agent-workspace/cargo-home:/opt/rustwide/cargo-home:ro,Z" "-v" "/var/lib/crater-agent-workspace/rustup-home:/opt/rustwide/rustup-home:ro,Z" "-m" "1610612736" "--network" "none" "ghcr.io/rust-lang/crates-build-env/linux@sha256:77db811e55d90add9212f6832c23229e3de5f1c1f9905e8cb07319ea15df73ac" "sleep" "infinity", kill_on_drop: false }`
[INFO] [stdout] 5ac591cf3fa4091bbe573928491cd263c0c024c97d9b6bf40952535ba840df96
[INFO] running `Command { std: "docker" "start" "5ac591cf3fa4091bbe573928491cd263c0c024c97d9b6bf40952535ba840df96", kill_on_drop: false }`
[INFO] running `Command { std: "docker" "inspect" "5ac591cf3fa4091bbe573928491cd263c0c024c97d9b6bf40952535ba840df96", kill_on_drop: false }`
[INFO] running `Command { std: "docker" "exec" "-e" "SOURCE_DIR=/opt/rustwide/workdir" "-e" "CARGO_HOME=/opt/rustwide/cargo-home" "-e" "RUSTUP_HOME=/opt/rustwide/rustup-home" "-e" "CARGO_TARGET_DIR=/opt/rustwide/target" "-w" "/opt/rustwide/workdir" "--user" "0:0" "5ac591cf3fa4091bbe573928491cd263c0c024c97d9b6bf40952535ba840df96" "/opt/rustwide/cargo-home/bin/cargo" "+3154cc1a3e6424e44f438a95007d043ed5ceaaf6" "metadata" "--no-deps" "--format-version=1", kill_on_drop: false }`
[INFO] running `Command { std: "docker" "inspect" "5ac591cf3fa4091bbe573928491cd263c0c024c97d9b6bf40952535ba840df96", kill_on_drop: false }`
[INFO] running `Command { std: "docker" "exec" "-e" "SOURCE_DIR=/opt/rustwide/workdir" "-e" "CARGO_HOME=/opt/rustwide/cargo-home" "-e" "RUSTUP_HOME=/opt/rustwide/rustup-home" "-e" "CARGO_TARGET_DIR=/opt/rustwide/target" "-e" "CARGO_INCREMENTAL=0" "-e" "RUST_BACKTRACE=full" "-e" "RUSTFLAGS=--cap-lints=forbid" "-e" "RUSTDOCFLAGS=--cap-lints=forbid" "-w" "/opt/rustwide/workdir" "--user" "0:0" "5ac591cf3fa4091bbe573928491cd263c0c024c97d9b6bf40952535ba840df96" "/opt/rustwide/cargo-home/bin/cargo" "+3154cc1a3e6424e44f438a95007d043ed5ceaaf6" "check" "--frozen" "--all" "--all-targets" "--message-format=json", kill_on_drop: false }`
[INFO] [stderr]    Compiling libc v0.2.189
[INFO] [stderr]     Checking nvram v0.1.0 (/opt/rustwide/workdir)
[INFO] [stdout] error[E0425]: cannot find function `__set_paths` in crate `nvram`
[INFO] [stdout]    --> tests/common/mod.rs:23:16
[INFO] [stdout]     |
[INFO] [stdout]  23 |         nvram::__set_paths(root.to_str().unwrap(), &shm);
[INFO] [stdout]     |                ^^^^^^^^^^^ not found in `nvram`
[INFO] [stdout]     |
[INFO] [stdout] note: found an item that was configured out
[INFO] [stdout]    --> src/lib.rs:341:8
[INFO] [stdout]     |
[INFO] [stdout] 339 | #[cfg(feature = "testing")]
[INFO] [stdout]     |       ------------------- the item is gated behind the `testing` feature
[INFO] [stdout] 340 | #[doc(hidden)]
[INFO] [stdout] 341 | pub fn __set_paths(root: &str, shm: &str) {
[INFO] [stdout]     |        ^^^^^^^^^^^
[INFO] [stdout] 
[INFO] [stdout] 
[INFO] [stdout] error[E0425]: cannot find function `__set_paths` in crate `nvram`
[INFO] [stdout]    --> tests/common/mod.rs:43:16
[INFO] [stdout]     |
[INFO] [stdout]  43 |         nvram::__set_paths(root.to_str().unwrap(), &shm);
[INFO] [stdout]     |                ^^^^^^^^^^^ not found in `nvram`
[INFO] [stdout]     |
[INFO] [stdout] note: found an item that was configured out
[INFO] [stdout]    --> src/lib.rs:341:8
[INFO] [stdout]     |
[INFO] [stdout] 339 | #[cfg(feature = "testing")]
[INFO] [stdout]     |       ------------------- the item is gated behind the `testing` feature
[INFO] [stdout] 340 | #[doc(hidden)]
[INFO] [stdout] 341 | pub fn __set_paths(root: &str, shm: &str) {
[INFO] [stdout]     |        ^^^^^^^^^^^
[INFO] [stdout] 
[INFO] [stdout] 
[INFO] [stdout] error[E0425]: cannot find function `__remove_semaphores` in crate `nvram`
[INFO] [stdout]    --> tests/common/mod.rs:99:16
[INFO] [stdout]     |
[INFO] [stdout]  99 |         nvram::__remove_semaphores();
[INFO] [stdout]     |                ^^^^^^^^^^^^^^^^^^^ not found in `nvram`
[INFO] [stdout]     |
[INFO] [stdout] note: found an item that was configured out
[INFO] [stdout]    --> src/lib.rs:367:8
[INFO] [stdout]     |
[INFO] [stdout] 365 | #[cfg(feature = "testing")]
[INFO] [stdout]     |       ------------------- the item is gated behind the `testing` feature
[INFO] [stdout] 366 | #[doc(hidden)]
[INFO] [stdout] 367 | pub fn __remove_semaphores() {
[INFO] [stdout]     |        ^^^^^^^^^^^^^^^^^^^
[INFO] [stdout] 
[INFO] [stdout] 
[INFO] [stdout] error[E0425]: cannot find function `__set_paths` in crate `nvram`
[INFO] [stdout]    --> tests/common/mod.rs:23:16
[INFO] [stdout]     |
[INFO] [stdout]  23 |         nvram::__set_paths(root.to_str().unwrap(), &shm);
[INFO] [stdout]     |                ^^^^^^^^^^^ not found in `nvram`
[INFO] [stdout]     |
[INFO] [stdout] note: found an item that was configured out
[INFO] [stdout]    --> src/lib.rs:341:8
[INFO] [stdout]     |
[INFO] [stdout] 339 | #[cfg(feature = "testing")]
[INFO] [stdout]     |       ------------------- the item is gated behind the `testing` feature
[INFO] [stdout] 340 | #[doc(hidden)]
[INFO] [stdout] 341 | pub fn __set_paths(root: &str, shm: &str) {
[INFO] [stdout]     |        ^^^^^^^^^^^
[INFO] [stdout] 
[INFO] [stdout] 
[INFO] [stdout] error[E0425]: cannot find function `__set_paths` in crate `nvram`
[INFO] [stdout]    --> tests/common/mod.rs:43:16
[INFO] [stdout]     |
[INFO] [stdout]  43 |         nvram::__set_paths(root.to_str().unwrap(), &shm);
[INFO] [stdout]     |                ^^^^^^^^^^^ not found in `nvram`
[INFO] [stdout]     |
[INFO] [stdout] note: found an item that was configured out
[INFO] [stdout]    --> src/lib.rs:341:8
[INFO] [stdout]     |
[INFO] [stdout] 339 | #[cfg(feature = "testing")]
[INFO] [stdout]     |       ------------------- the item is gated behind the `testing` feature
[INFO] [stdout] 340 | #[doc(hidden)]
[INFO] [stdout] 341 | pub fn __set_paths(root: &str, shm: &str) {
[INFO] [stdout]     |        ^^^^^^^^^^^
[INFO] [stdout] 
[INFO] [stdout] 
[INFO] [stdout] error[E0425]: cannot find function `__remove_semaphores` in crate `nvram`
[INFO] [stdout]    --> tests/common/mod.rs:99:16
[INFO] [stdout]     |
[INFO] [stdout]  99 |         nvram::__remove_semaphores();
[INFO] [stdout]     |                ^^^^^^^^^^^^^^^^^^^ not found in `nvram`
[INFO] [stdout]     |
[INFO] [stdout] note: found an item that was configured out
[INFO] [stdout]    --> src/lib.rs:367:8
[INFO] [stdout]     |
[INFO] [stdout] 365 | #[cfg(feature = "testing")]
[INFO] [stdout]     |       ------------------- the item is gated behind the `testing` feature
[INFO] [stdout] 366 | #[doc(hidden)]
[INFO] [stdout] 367 | pub fn __remove_semaphores() {
[INFO] [stdout]     |        ^^^^^^^^^^^^^^^^^^^
[INFO] [stdout] 
[INFO] [stdout] 
[INFO] [stdout] error[E0425]: cannot find function `__set_paths` in crate `nvram`
[INFO] [stdout]    --> tests/common/mod.rs:23:16
[INFO] [stdout]     |
[INFO] [stdout]  23 |         nvram::__set_paths(root.to_str().unwrap(), &shm);
[INFO] [stdout]     |                ^^^^^^^^^^^ not found in `nvram`
[INFO] [stdout]     |
[INFO] [stdout] note: found an item that was configured out
[INFO] [stdout]    --> src/lib.rs:341:8
[INFO] [stdout]     |
[INFO] [stdout] 339 | #[cfg(feature = "testing")]
[INFO] [stdout]     |       ------------------- the item is gated behind the `testing` feature
[INFO] [stdout] 340 | #[doc(hidden)]
[INFO] [stdout] 341 | pub fn __set_paths(root: &str, shm: &str) {
[INFO] [stdout]     |        ^^^^^^^^^^^
[INFO] [stdout] 
[INFO] [stdout] 
[INFO] [stdout] error[E0425]: cannot find function `__set_paths` in crate `nvram`
[INFO] [stdout]    --> tests/common/mod.rs:43:16
[INFO] [stdout]     |
[INFO] [stdout]  43 |         nvram::__set_paths(root.to_str().unwrap(), &shm);
[INFO] [stdout]     |                ^^^^^^^^^^^ not found in `nvram`
[INFO] [stdout]     |
[INFO] [stdout] note: found an item that was configured out
[INFO] [stdout]    --> src/lib.rs:341:8
[INFO] [stdout]     |
[INFO] [stdout] 339 | #[cfg(feature = "testing")]
[INFO] [stdout]     |       ------------------- the item is gated behind the `testing` feature
[INFO] [stdout] 340 | #[doc(hidden)]
[INFO] [stdout] 341 | pub fn __set_paths(root: &str, shm: &str) {
[INFO] [stdout]     |        ^^^^^^^^^^^
[INFO] [stdout] 
[INFO] [stdout] 
[INFO] [stdout] error[E0425]: cannot find function `__remove_semaphores` in crate `nvram`
[INFO] [stdout]    --> tests/common/mod.rs:99:16
[INFO] [stdout]     |
[INFO] [stdout]  99 |         nvram::__remove_semaphores();
[INFO] [stdout]     |                ^^^^^^^^^^^^^^^^^^^ not found in `nvram`
[INFO] [stdout]     |
[INFO] [stdout] note: found an item that was configured out
[INFO] [stdout]    --> src/lib.rs:367:8
[INFO] [stdout]     |
[INFO] [stdout] 365 | #[cfg(feature = "testing")]
[INFO] [stdout]     |       ------------------- the item is gated behind the `testing` feature
[INFO] [stdout] 366 | #[doc(hidden)]
[INFO] [stdout] 367 | pub fn __remove_semaphores() {
[INFO] [stdout]     |        ^^^^^^^^^^^^^^^^^^^
[INFO] [stdout] 
[INFO] [stdout] 
[INFO] [stdout] error[E0425]: cannot find function `__set_paths` in crate `nvram`
[INFO] [stdout]    --> tests/common/mod.rs:23:16
[INFO] [stdout]     |
[INFO] [stdout]  23 |         nvram::__set_paths(root.to_str().unwrap(), &shm);
[INFO] [stdout]     |                ^^^^^^^^^^^ not found in `nvram`
[INFO] [stdout]     |
[INFO] [stdout] note: found an item that was configured out
[INFO] [stdout]    --> src/lib.rs:341:8
[INFO] [stdout]     |
[INFO] [stdout] 339 | #[cfg(feature = "testing")]
[INFO] [stdout]     |       ------------------- the item is gated behind the `testing` feature
[INFO] [stdout] 340 | #[doc(hidden)]
[INFO] [stdout] 341 | pub fn __set_paths(root: &str, shm: &str) {
[INFO] [stdout]     |        ^^^^^^^^^^^
[INFO] [stdout] 
[INFO] [stdout] 
[INFO] [stdout] error[E0425]: cannot find function `__set_paths` in crate `nvram`
[INFO] [stdout]    --> tests/common/mod.rs:43:16
[INFO] [stdout]     |
[INFO] [stdout]  43 |         nvram::__set_paths(root.to_str().unwrap(), &shm);
[INFO] [stdout]     |                ^^^^^^^^^^^ not found in `nvram`
[INFO] [stdout]     |
[INFO] [stdout] note: found an item that was configured out
[INFO] [stdout]    --> src/lib.rs:341:8
[INFO] [stdout]     |
[INFO] [stdout] 339 | #[cfg(feature = "testing")]
[INFO] [stdout]     |       ------------------- the item is gated behind the `testing` feature
[INFO] [stdout] 340 | #[doc(hidden)]
[INFO] [stdout] 341 | pub fn __set_paths(root: &str, shm: &str) {
[INFO] [stdout]     |        ^^^^^^^^^^^
[INFO] [stdout] 
[INFO] [stdout] 
[INFO] [stdout] error[E0425]: cannot find function `__remove_semaphores` in crate `nvram`
[INFO] [stdout]    --> tests/common/mod.rs:99:16
[INFO] [stdout]     |
[INFO] [stdout]  99 |         nvram::__remove_semaphores();
[INFO] [stdout]     |                ^^^^^^^^^^^^^^^^^^^ not found in `nvram`
[INFO] [stdout]     |
[INFO] [stdout] note: found an item that was configured out
[INFO] [stdout]    --> src/lib.rs:367:8
[INFO] [stdout]     |
[INFO] [stdout] 365 | #[cfg(feature = "testing")]
[INFO] [stdout]     |       ------------------- the item is gated behind the `testing` feature
[INFO] [stdout] 366 | #[doc(hidden)]
[INFO] [stdout] 367 | pub fn __remove_semaphores() {
[INFO] [stdout]     |        ^^^^^^^^^^^^^^^^^^^
[INFO] [stdout] 
[INFO] [stdout] 
[INFO] [stdout] error[E0425]: cannot find function `__set_paths` in crate `nvram`
[INFO] [stdout]    --> tests/contract.rs:323:12
[INFO] [stdout]     |
[INFO] [stdout] 323 |     nvram::__set_paths(root.to_str().unwrap(), "/no/such/segment");
[INFO] [stdout]     |            ^^^^^^^^^^^ not found in `nvram`
[INFO] [stdout]     |
[INFO] [stdout] note: found an item that was configured out
[INFO] [stdout]    --> src/lib.rs:341:8
[INFO] [stdout]     |
[INFO] [stdout] 339 | #[cfg(feature = "testing")]
[INFO] [stdout]     |       ------------------- the item is gated behind the `testing` feature
[INFO] [stdout] 340 | #[doc(hidden)]
[INFO] [stdout] 341 | pub fn __set_paths(root: &str, shm: &str) {
[INFO] [stdout]     |        ^^^^^^^^^^^
[INFO] [stdout] 
[INFO] [stdout] 
[INFO] [stdout] error[E0425]: cannot find function `__degraded` in crate `nvram`
[INFO] [stdout]    --> tests/contract.rs:326:20
[INFO] [stdout]     |
[INFO] [stdout] 326 |     assert!(nvram::__degraded(), "expected the degraded path");
[INFO] [stdout]     |                    ^^^^^^^^^^ not found in `nvram`
[INFO] [stdout]     |
[INFO] [stdout] note: found an item that was configured out
[INFO] [stdout]    --> src/lib.rs:334:8
[INFO] [stdout]     |
[INFO] [stdout] 332 | #[cfg(feature = "testing")]
[INFO] [stdout]     |       ------------------- the item is gated behind the `testing` feature
[INFO] [stdout] 333 | #[doc(hidden)]
[INFO] [stdout] 334 | pub fn __degraded() -> bool {
[INFO] [stdout]     |        ^^^^^^^^^^
[INFO] [stdout] 
[INFO] [stdout] 
[INFO] [stdout] error[E0425]: cannot find function `__set_paths` in crate `nvram`
[INFO] [stdout]    --> tests/common/mod.rs:23:16
[INFO] [stdout]     |
[INFO] [stdout]  23 |         nvram::__set_paths(root.to_str().unwrap(), &shm);
[INFO] [stdout]     |                ^^^^^^^^^^^ not found in `nvram`
[INFO] [stdout]     |
[INFO] [stdout] note: found an item that was configured out
[INFO] [stdout]    --> src/lib.rs:341:8
[INFO] [stdout]     |
[INFO] [stdout] 339 | #[cfg(feature = "testing")]
[INFO] [stdout]     |       ------------------- the item is gated behind the `testing` feature
[INFO] [stdout] 340 | #[doc(hidden)]
[INFO] [stdout] 341 | pub fn __set_paths(root: &str, shm: &str) {
[INFO] [stdout]     |        ^^^^^^^^^^^
[INFO] [stdout] 
[INFO] [stdout] 
[INFO] [stdout] error[E0425]: cannot find function `__set_paths` in crate `nvram`
[INFO] [stdout]    --> tests/common/mod.rs:43:16
[INFO] [stdout]     |
[INFO] [stdout]  43 |         nvram::__set_paths(root.to_str().unwrap(), &shm);
[INFO] [stdout]     |                ^^^^^^^^^^^ not found in `nvram`
[INFO] [stdout]     |
[INFO] [stdout] note: found an item that was configured out
[INFO] [stdout]    --> src/lib.rs:341:8
[INFO] [stdout]     |
[INFO] [stdout] 339 | #[cfg(feature = "testing")]
[INFO] [stdout]     |       ------------------- the item is gated behind the `testing` feature
[INFO] [stdout] 340 | #[doc(hidden)]
[INFO] [stdout] 341 | pub fn __set_paths(root: &str, shm: &str) {
[INFO] [stdout]     |        ^^^^^^^^^^^
[INFO] [stdout] 
[INFO] [stdout] 
[INFO] [stdout] error[E0425]: cannot find function `__remove_semaphores` in crate `nvram`
[INFO] [stdout]    --> tests/common/mod.rs:99:16
[INFO] [stdout]     |
[INFO] [stdout]  99 |         nvram::__remove_semaphores();
[INFO] [stdout]     |                ^^^^^^^^^^^^^^^^^^^ not found in `nvram`
[INFO] [stdout]     |
[INFO] [stdout] note: found an item that was configured out
[INFO] [stdout]    --> src/lib.rs:367:8
[INFO] [stdout]     |
[INFO] [stdout] 365 | #[cfg(feature = "testing")]
[INFO] [stdout]     |       ------------------- the item is gated behind the `testing` feature
[INFO] [stdout] 366 | #[doc(hidden)]
[INFO] [stdout] 367 | pub fn __remove_semaphores() {
[INFO] [stdout]     |        ^^^^^^^^^^^^^^^^^^^
[INFO] [stdout] 
[INFO] [stdout] 
[INFO] [stdout] error[E0425]: cannot find function `__poison_slot` in crate `nvram`
[INFO] [stdout]    --> tests/writer_death.rs:28:20
[INFO] [stdout]     |
[INFO] [stdout]  28 |     assert!(nvram::__poison_slot("wan_proto"), "expected a segment");
[INFO] [stdout]     |                    ^^^^^^^^^^^^^ not found in `nvram`
[INFO] [stdout]     |
[INFO] [stdout] note: found an item that was configured out
[INFO] [stdout]    --> src/lib.rs:358:8
[INFO] [stdout]     |
[INFO] [stdout] 356 | #[cfg(feature = "testing")]
[INFO] [stdout]     |       ------------------- the item is gated behind the `testing` feature
[INFO] [stdout] 357 | #[doc(hidden)]
[INFO] [stdout] 358 | pub fn __poison_slot(name: &str) -> bool {
[INFO] [stdout]     |        ^^^^^^^^^^^^^
[INFO] [stdout] 
[INFO] [stdout] 
[INFO] [stdout] error[E0425]: cannot find function `__poison_slot` in crate `nvram`
[INFO] [stdout]    --> tests/writer_death.rs:43:20
[INFO] [stdout]     |
[INFO] [stdout]  43 |     assert!(nvram::__poison_slot("lan_ipaddr"));
[INFO] [stdout]     |                    ^^^^^^^^^^^^^ not found in `nvram`
[INFO] [stdout]     |
[INFO] [stdout] note: found an item that was configured out
[INFO] [stdout]    --> src/lib.rs:358:8
[INFO] [stdout]     |
[INFO] [stdout] 356 | #[cfg(feature = "testing")]
[INFO] [stdout]     |       ------------------- the item is gated behind the `testing` feature
[INFO] [stdout] 357 | #[doc(hidden)]
[INFO] [stdout] 358 | pub fn __poison_slot(name: &str) -> bool {
[INFO] [stdout]     |        ^^^^^^^^^^^^^
[INFO] [stdout] 
[INFO] [stdout] 
[INFO] [stdout] error[E0425]: cannot find function `__poison_slot` in crate `nvram`
[INFO] [stdout]    --> tests/writer_death.rs:71:24
[INFO] [stdout]     |
[INFO] [stdout]  71 |         assert!(nvram::__poison_slot(&format!("var{}", i)));
[INFO] [stdout]     |                        ^^^^^^^^^^^^^ not found in `nvram`
[INFO] [stdout]     |
[INFO] [stdout] note: found an item that was configured out
[INFO] [stdout]    --> src/lib.rs:358:8
[INFO] [stdout]     |
[INFO] [stdout] 356 | #[cfg(feature = "testing")]
[INFO] [stdout]     |       ------------------- the item is gated behind the `testing` feature
[INFO] [stdout] 357 | #[doc(hidden)]
[INFO] [stdout] 358 | pub fn __poison_slot(name: &str) -> bool {
[INFO] [stdout]     |        ^^^^^^^^^^^^^
[INFO] [stdout] 
[INFO] [stdout] 
[INFO] [stdout] error[E0425]: cannot find function `__poison_slot` in crate `nvram`
[INFO] [stdout]    --> tests/writer_death.rs:92:20
[INFO] [stdout]     |
[INFO] [stdout]  92 |     assert!(nvram::__poison_slot("wan_proto"));
[INFO] [stdout]     |                    ^^^^^^^^^^^^^ not found in `nvram`
[INFO] [stdout]     |
[INFO] [stdout] note: found an item that was configured out
[INFO] [stdout]    --> src/lib.rs:358:8
[INFO] [stdout]     |
[INFO] [stdout] 356 | #[cfg(feature = "testing")]
[INFO] [stdout]     |       ------------------- the item is gated behind the `testing` feature
[INFO] [stdout] 357 | #[doc(hidden)]
[INFO] [stdout] 358 | pub fn __poison_slot(name: &str) -> bool {
[INFO] [stdout]     |        ^^^^^^^^^^^^^
[INFO] [stdout] 
[INFO] [stdout] 
[INFO] [stdout] error[E0425]: cannot find function `__set_paths` in crate `nvram`
[INFO] [stdout]    --> tests/common/mod.rs:23:16
[INFO] [stdout]     |
[INFO] [stdout]  23 |         nvram::__set_paths(root.to_str().unwrap(), &shm);
[INFO] [stdout]     |                ^^^^^^^^^^^ not found in `nvram`
[INFO] [stdout]     |
[INFO] [stdout] note: found an item that was configured out
[INFO] [stdout]    --> src/lib.rs:341:8
[INFO] [stdout]     |
[INFO] [stdout] 339 | #[cfg(feature = "testing")]
[INFO] [stdout]     |       ------------------- the item is gated behind the `testing` feature
[INFO] [stdout] 340 | #[doc(hidden)]
[INFO] [stdout] 341 | pub fn __set_paths(root: &str, shm: &str) {
[INFO] [stdout]     |        ^^^^^^^^^^^
[INFO] [stdout] 
[INFO] [stdout] 
[INFO] [stdout] error[E0425]: cannot find function `__set_paths` in crate `nvram`
[INFO] [stdout]    --> tests/common/mod.rs:43:16
[INFO] [stdout]     |
[INFO] [stdout]  43 |         nvram::__set_paths(root.to_str().unwrap(), &shm);
[INFO] [stdout]     |                ^^^^^^^^^^^ not found in `nvram`
[INFO] [stdout]     |
[INFO] [stdout] note: found an item that was configured out
[INFO] [stdout]    --> src/lib.rs:341:8
[INFO] [stdout]     |
[INFO] [stdout] 339 | #[cfg(feature = "testing")]
[INFO] [stdout]     |       ------------------- the item is gated behind the `testing` feature
[INFO] [stdout] 340 | #[doc(hidden)]
[INFO] [stdout] 341 | pub fn __set_paths(root: &str, shm: &str) {
[INFO] [stdout]     |        ^^^^^^^^^^^
[INFO] [stdout] 
[INFO] [stdout] 
[INFO] [stdout] error[E0425]: cannot find function `__remove_semaphores` in crate `nvram`
[INFO] [stdout]    --> tests/common/mod.rs:99:16
[INFO] [stdout]     |
[INFO] [stdout]  99 |         nvram::__remove_semaphores();
[INFO] [stdout]     |                ^^^^^^^^^^^^^^^^^^^ not found in `nvram`
[INFO] [stdout]     |
[INFO] [stdout] note: found an item that was configured out
[INFO] [stdout]    --> src/lib.rs:367:8
[INFO] [stdout]     |
[INFO] [stdout] 365 | #[cfg(feature = "testing")]
[INFO] [stdout]     |       ------------------- the item is gated behind the `testing` feature
[INFO] [stdout] 366 | #[doc(hidden)]
[INFO] [stdout] 367 | pub fn __remove_semaphores() {
[INFO] [stdout]     |        ^^^^^^^^^^^^^^^^^^^
[INFO] [stdout] 
[INFO] [stdout] 
[INFO] [stdout] error[E0425]: cannot find function `__degraded` in crate `nvram`
[INFO] [stdout]    --> tests/multiprocess.rs:324:20
[INFO] [stdout]     |
[INFO] [stdout] 324 |     assert!(nvram::__degraded(), "no segment yet");
[INFO] [stdout]     |                    ^^^^^^^^^^ not found in `nvram`
[INFO] [stdout]     |
[INFO] [stdout] note: found an item that was configured out
[INFO] [stdout]    --> src/lib.rs:334:8
[INFO] [stdout]     |
[INFO] [stdout] 332 | #[cfg(feature = "testing")]
[INFO] [stdout]     |       ------------------- the item is gated behind the `testing` feature
[INFO] [stdout] 333 | #[doc(hidden)]
[INFO] [stdout] 334 | pub fn __degraded() -> bool {
[INFO] [stdout]     |        ^^^^^^^^^^
[INFO] [stdout] 
[INFO] [stdout] 
[INFO] [stdout] error[E0425]: cannot find function `__degraded` in crate `nvram`
[INFO] [stdout]    --> tests/multiprocess.rs:333:20
[INFO] [stdout]     |
[INFO] [stdout] 333 |         if !nvram::__degraded() {
[INFO] [stdout]     |                    ^^^^^^^^^^ not found in `nvram`
[INFO] [stdout]     |
[INFO] [stdout] note: found an item that was configured out
[INFO] [stdout]    --> src/lib.rs:334:8
[INFO] [stdout]     |
[INFO] [stdout] 332 | #[cfg(feature = "testing")]
[INFO] [stdout]     |       ------------------- the item is gated behind the `testing` feature
[INFO] [stdout] 333 | #[doc(hidden)]
[INFO] [stdout] 334 | pub fn __degraded() -> bool {
[INFO] [stdout]     |        ^^^^^^^^^^
[INFO] [stdout] 
[INFO] [stdout] 
[INFO] [stdout] error[E0425]: cannot find function `__degraded` in crate `nvram`
[INFO] [stdout]    --> tests/multiprocess.rs:338:17
[INFO] [stdout]     |
[INFO] [stdout] 338 |         !nvram::__degraded(),
[INFO] [stdout]     |                 ^^^^^^^^^^ not found in `nvram`
[INFO] [stdout]     |
[INFO] [stdout] note: found an item that was configured out
[INFO] [stdout]    --> src/lib.rs:334:8
[INFO] [stdout]     |
[INFO] [stdout] 332 | #[cfg(feature = "testing")]
[INFO] [stdout]     |       ------------------- the item is gated behind the `testing` feature
[INFO] [stdout] 333 | #[doc(hidden)]
[INFO] [stdout] 334 | pub fn __degraded() -> bool {
[INFO] [stdout]     |        ^^^^^^^^^^
[INFO] [stdout] 
[INFO] [stdout] 
[INFO] [stdout] error[E0425]: cannot find function `__degraded` in crate `nvram`
[INFO] [stdout]    --> tests/multiprocess.rs:362:16
[INFO] [stdout]     |
[INFO] [stdout] 362 |         nvram::__degraded(),
[INFO] [stdout]     |                ^^^^^^^^^^ not found in `nvram`
[INFO] [stdout]     |
[INFO] [stdout] note: found an item that was configured out
[INFO] [stdout]    --> src/lib.rs:334:8
[INFO] [stdout]     |
[INFO] [stdout] 332 | #[cfg(feature = "testing")]
[INFO] [stdout]     |       ------------------- the item is gated behind the `testing` feature
[INFO] [stdout] 333 | #[doc(hidden)]
[INFO] [stdout] 334 | pub fn __degraded() -> bool {
[INFO] [stdout]     |        ^^^^^^^^^^
[INFO] [stdout] 
[INFO] [stdout] 
[INFO] [stdout] warning: unused variable: `s`
[INFO] [stdout]   --> tests/repro_capacity.rs:43:9
[INFO] [stdout]    |
[INFO] [stdout] 43 |     let s = Scratch::new("cap-fit");
[INFO] [stdout]    |         ^ help: if this is intentional, prefix it with an underscore: `_s`
[INFO] [stdout]    |
[INFO] [stdout]    = note: `#[warn(unused_variables)]` (part of `#[warn(unused)]`) on by default
[INFO] [stdout] 
[INFO] [stdout] 
[INFO] [stdout] For more information about this error, try `rustc --explain E0425`.
[INFO] [stdout] 
[INFO] [stdout] error[E0425]: cannot find function `__set_paths` in crate `nvram`
[INFO] [stdout]    --> tests/common/mod.rs:23:16
[INFO] [stdout]     |
[INFO] [stdout]  23 |         nvram::__set_paths(root.to_str().unwrap(), &shm);
[INFO] [stdout]     |                ^^^^^^^^^^^ not found in `nvram`
[INFO] [stdout]     |
[INFO] [stdout] note: found an item that was configured out
[INFO] [stdout]    --> src/lib.rs:341:8
[INFO] [stdout]     |
[INFO] [stdout] 339 | #[cfg(feature = "testing")]
[INFO] [stdout]     |       ------------------- the item is gated behind the `testing` feature
[INFO] [stdout] 340 | #[doc(hidden)]
[INFO] [stdout] 341 | pub fn __set_paths(root: &str, shm: &str) {
[INFO] [stdout]     |        ^^^^^^^^^^^
[INFO] [stdout] 
[INFO] [stdout] 
[INFO] [stdout] error[E0425]: cannot find function `__set_paths` in crate `nvram`
[INFO] [stdout]    --> tests/common/mod.rs:43:16
[INFO] [stdout]     |
[INFO] [stdout]  43 |         nvram::__set_paths(root.to_str().unwrap(), &shm);
[INFO] [stdout]     |                ^^^^^^^^^^^ not found in `nvram`
[INFO] [stdout]     |
[INFO] [stdout] note: found an item that was configured out
[INFO] [stdout]    --> src/lib.rs:341:8
[INFO] [stdout]     |
[INFO] [stdout] 339 | #[cfg(feature = "testing")]
[INFO] [stdout]     |       ------------------- the item is gated behind the `testing` feature
[INFO] [stdout] 340 | #[doc(hidden)]
[INFO] [stdout] 341 | pub fn __set_paths(root: &str, shm: &str) {
[INFO] [stdout]     |        ^^^^^^^^^^^
[INFO] [stdout] 
[INFO] [stdout] 
[INFO] [stdout] error[E0425]: cannot find function `__remove_semaphores` in crate `nvram`
[INFO] [stdout]    --> tests/common/mod.rs:99:16
[INFO] [stdout]     |
[INFO] [stdout]  99 |         nvram::__remove_semaphores();
[INFO] [stdout]     |                ^^^^^^^^^^^^^^^^^^^ not found in `nvram`
[INFO] [stdout]     |
[INFO] [stdout] note: found an item that was configured out
[INFO] [stdout]    --> src/lib.rs:367:8
[INFO] [stdout]     |
[INFO] [stdout] 365 | #[cfg(feature = "testing")]
[INFO] [stdout]     |       ------------------- the item is gated behind the `testing` feature
[INFO] [stdout] 366 | #[doc(hidden)]
[INFO] [stdout] 367 | pub fn __remove_semaphores() {
[INFO] [stdout]     |        ^^^^^^^^^^^^^^^^^^^
[INFO] [stdout] 
[INFO] [stdout] 
[INFO] [stderr] error: could not compile `nvram` (test "dirty_behaviour") due to 3 previous errors
[INFO] [stderr] warning: build failed, waiting for other jobs to finish...
[INFO] [stdout] For more information about this error, try `rustc --explain E0425`.
[INFO] [stdout] 
[INFO] [stderr] error: could not compile `nvram` (test "repro_capacity") due to 3 previous errors; 1 warning emitted
[INFO] [stdout] error[E0425]: cannot find function `__set_paths` in crate `nvram`
[INFO] [stdout]    --> tests/common/mod.rs:23:16
[INFO] [stdout]     |
[INFO] [stdout]  23 |         nvram::__set_paths(root.to_str().unwrap(), &shm);
[INFO] [stdout]     |                ^^^^^^^^^^^ not found in `nvram`
[INFO] [stdout]     |
[INFO] [stdout] note: found an item that was configured out
[INFO] [stdout]    --> src/lib.rs:341:8
[INFO] [stdout]     |
[INFO] [stdout] 339 | #[cfg(feature = "testing")]
[INFO] [stdout]     |       ------------------- the item is gated behind the `testing` feature
[INFO] [stdout] 340 | #[doc(hidden)]
[INFO] [stdout] 341 | pub fn __set_paths(root: &str, shm: &str) {
[INFO] [stdout]     |        ^^^^^^^^^^^
[INFO] [stdout] 
[INFO] [stdout] 
[INFO] [stdout] error[E0425]: cannot find function `__set_paths` in crate `nvram`
[INFO] [stdout]    --> tests/common/mod.rs:23:16
[INFO] [stdout]     |
[INFO] [stdout]  23 |         nvram::__set_paths(root.to_str().unwrap(), &shm);
[INFO] [stdout]     |                ^^^^^^^^^^^ not found in `nvram`
[INFO] [stdout]     |
[INFO] [stdout] note: found an item that was configured out
[INFO] [stdout]    --> src/lib.rs:341:8
[INFO] [stdout]     |
[INFO] [stdout] 339 | #[cfg(feature = "testing")]
[INFO] [stdout]     |       ------------------- the item is gated behind the `testing` feature
[INFO] [stdout] 340 | #[doc(hidden)]
[INFO] [stdout] 341 | pub fn __set_paths(root: &str, shm: &str) {
[INFO] [stdout]     |        ^^^^^^^^^^^
[INFO] [stdout] 
[INFO] [stdout] 
[INFO] [stdout] error[E0425]: cannot find function `__set_paths` in crate `nvram`
[INFO] [stdout]    --> tests/common/mod.rs:43:16
[INFO] [stdout]     |
[INFO] [stdout]  43 |         nvram::__set_paths(root.to_str().unwrap(), &shm);
[INFO] [stdout]     |                ^^^^^^^^^^^ not found in `nvram`
[INFO] [stdout]     |
[INFO] [stdout] note: found an item that was configured out
[INFO] [stdout]    --> src/lib.rs:341:8
[INFO] [stdout]     |
[INFO] [stdout] 339 | #[cfg(feature = "testing")]
[INFO] [stdout]     |       ------------------- the item is gated behind the `testing` feature
[INFO] [stdout] 340 | #[doc(hidden)]
[INFO] [stdout] 341 | pub fn __set_paths(root: &str, shm: &str) {
[INFO] [stdout]     |        ^^^^^^^^^^^
[INFO] [stdout] 
[INFO] [stdout] 
[INFO] [stdout] error[E0425]: cannot find function `__remove_semaphores` in crate `nvram`
[INFO] [stdout]    --> tests/common/mod.rs:99:16
[INFO] [stdout]     |
[INFO] [stdout]  99 |         nvram::__remove_semaphores();
[INFO] [stdout]     |                ^^^^^^^^^^^^^^^^^^^ not found in `nvram`
[INFO] [stdout]     |
[INFO] [stdout] note: found an item that was configured out
[INFO] [stdout]    --> src/lib.rs:367:8
[INFO] [stdout]     |
[INFO] [stdout] 365 | #[cfg(feature = "testing")]
[INFO] [stdout]     |       ------------------- the item is gated behind the `testing` feature
[INFO] [stdout] 366 | #[doc(hidden)]
[INFO] [stdout] 367 | pub fn __remove_semaphores() {
[INFO] [stdout]     |        ^^^^^^^^^^^^^^^^^^^
[INFO] [stdout] 
[INFO] [stdout] 
[INFO] [stdout] error[E0425]: cannot find function `__set_paths` in crate `nvram`
[INFO] [stdout]    --> tests/common/mod.rs:43:16
[INFO] [stdout]     |
[INFO] [stdout]  43 |         nvram::__set_paths(root.to_str().unwrap(), &shm);
[INFO] [stdout]     |                ^^^^^^^^^^^ not found in `nvram`
[INFO] [stdout]     |
[INFO] [stdout] note: found an item that was configured out
[INFO] [stdout]    --> src/lib.rs:341:8
[INFO] [stdout]     |
[INFO] [stdout] 339 | #[cfg(feature = "testing")]
[INFO] [stdout]     |       ------------------- the item is gated behind the `testing` feature
[INFO] [stdout] 340 | #[doc(hidden)]
[INFO] [stdout] 341 | pub fn __set_paths(root: &str, shm: &str) {
[INFO] [stdout]     |        ^^^^^^^^^^^
[INFO] [stdout] 
[INFO] [stdout] 
[INFO] [stdout] For more information about this error, try `rustc --explain E0425`.
[INFO] [stdout] 
[INFO] [stdout] error[E0425]: cannot find function `__set_paths` in crate `nvram`
[INFO] [stdout]    --> tests/common/mod.rs:23:16
[INFO] [stdout]     |
[INFO] [stdout]  23 |         nvram::__set_paths(root.to_str().unwrap(), &shm);
[INFO] [stdout]     |                ^^^^^^^^^^^ not found in `nvram`
[INFO] [stdout]     |
[INFO] [stdout] note: found an item that was configured out
[INFO] [stdout]    --> src/lib.rs:341:8
[INFO] [stdout]     |
[INFO] [stdout] 339 | #[cfg(feature = "testing")]
[INFO] [stdout]     |       ------------------- the item is gated behind the `testing` feature
[INFO] [stdout] 340 | #[doc(hidden)]
[INFO] [stdout] 341 | pub fn __set_paths(root: &str, shm: &str) {
[INFO] [stdout]     |        ^^^^^^^^^^^
[INFO] [stdout] 
[INFO] [stdout] 
[INFO] [stdout] error[E0425]: cannot find function `__remove_semaphores` in crate `nvram`
[INFO] [stdout]    --> tests/common/mod.rs:99:16
[INFO] [stdout]     |
[INFO] [stdout]  99 |         nvram::__remove_semaphores();
[INFO] [stdout]     |                ^^^^^^^^^^^^^^^^^^^ not found in `nvram`
[INFO] [stdout]     |
[INFO] [stdout] note: found an item that was configured out
[INFO] [stdout]    --> src/lib.rs:367:8
[INFO] [stdout]     |
[INFO] [stdout] 365 | #[cfg(feature = "testing")]
[INFO] [stdout]     |       ------------------- the item is gated behind the `testing` feature
[INFO] [stdout] 366 | #[doc(hidden)]
[INFO] [stdout] 367 | pub fn __remove_semaphores() {
[INFO] [stdout]     |        ^^^^^^^^^^^^^^^^^^^
[INFO] [stdout] 
[INFO] [stdout] 
[INFO] [stdout] error[E0425]: cannot find function `__set_paths` in crate `nvram`
[INFO] [stdout]    --> tests/common/mod.rs:43:16
[INFO] [stdout]     |
[INFO] [stdout]  43 |         nvram::__set_paths(root.to_str().unwrap(), &shm);
[INFO] [stdout]     |                ^^^^^^^^^^^ not found in `nvram`
[INFO] [stdout]     |
[INFO] [stdout] note: found an item that was configured out
[INFO] [stdout]    --> src/lib.rs:341:8
[INFO] [stdout]     |
[INFO] [stdout] 339 | #[cfg(feature = "testing")]
[INFO] [stdout]     |       ------------------- the item is gated behind the `testing` feature
[INFO] [stdout] 340 | #[doc(hidden)]
[INFO] [stdout] 341 | pub fn __set_paths(root: &str, shm: &str) {
[INFO] [stdout]     |        ^^^^^^^^^^^
[INFO] [stdout] 
[INFO] [stdout] 
[INFO] [stdout] error[E0425]: cannot find function `__degraded` in crate `nvram`
[INFO] [stdout]    --> tests/key_names.rs:127:20
[INFO] [stdout]     |
[INFO] [stdout] 127 |     assert!(nvram::__degraded());
[INFO] [stdout]     |                    ^^^^^^^^^^ not found in `nvram`
[INFO] [stdout]     |
[INFO] [stdout] note: found an item that was configured out
[INFO] [stdout]    --> src/lib.rs:334:8
[INFO] [stdout]     |
[INFO] [stdout] 332 | #[cfg(feature = "testing")]
[INFO] [stdout]     |       ------------------- the item is gated behind the `testing` feature
[INFO] [stdout] 333 | #[doc(hidden)]
[INFO] [stdout] 334 | pub fn __degraded() -> bool {
[INFO] [stdout]     |        ^^^^^^^^^^
[INFO] [stdout] 
[INFO] [stdout] 
[INFO] [stdout] error[E0425]: cannot find function `__remove_semaphores` in crate `nvram`
[INFO] [stdout]    --> tests/common/mod.rs:99:16
[INFO] [stdout]     |
[INFO] [stdout]  99 |         nvram::__remove_semaphores();
[INFO] [stdout]     |                ^^^^^^^^^^^^^^^^^^^ not found in `nvram`
[INFO] [stdout]     |
[INFO] [stdout] note: found an item that was configured out
[INFO] [stdout]    --> src/lib.rs:367:8
[INFO] [stdout]     |
[INFO] [stdout] 365 | #[cfg(feature = "testing")]
[INFO] [stdout]     |       ------------------- the item is gated behind the `testing` feature
[INFO] [stdout] 366 | #[doc(hidden)]
[INFO] [stdout] 367 | pub fn __remove_semaphores() {
[INFO] [stdout]     |        ^^^^^^^^^^^^^^^^^^^
[INFO] [stdout] 
[INFO] [stdout] 
[INFO] [stdout] error[E0425]: cannot find value `MAX_KEY_LEN` in crate `nvram`
[INFO] [stdout]    --> tests/key_names.rs:145:37
[INFO] [stdout]     |
[INFO] [stdout] 145 |     let longest = "k".repeat(nvram::MAX_KEY_LEN);
[INFO] [stdout]     |                                     ^^^^^^^^^^^ not found in `nvram`
[INFO] [stdout]     |
[INFO] [stdout] note: found an item that was configured out
[INFO] [stdout]    --> src/lib.rs:374:11
[INFO] [stdout]     |
[INFO] [stdout] 372 | #[cfg(feature = "testing")]
[INFO] [stdout]     |       ------------------- the item is gated behind the `testing` feature
[INFO] [stdout] 373 | #[doc(hidden)]
[INFO] [stdout] 374 | pub const MAX_KEY_LEN: usize = disk::MAX_KEY_LEN;
[INFO] [stdout]     |           ^^^^^^^^^^^
[INFO] [stdout] 
[INFO] [stdout] 
[INFO] [stdout] error[E0425]: cannot find value `MAX_KEY_LEN` in crate `nvram`
[INFO] [stdout]    --> tests/key_names.rs:148:38
[INFO] [stdout]     |
[INFO] [stdout] 148 |     let too_long = "k".repeat(nvram::MAX_KEY_LEN + 1);
[INFO] [stdout]     |                                      ^^^^^^^^^^^ not found in `nvram`
[INFO] [stdout]     |
[INFO] [stdout] note: found an item that was configured out
[INFO] [stdout]    --> src/lib.rs:374:11
[INFO] [stdout]     |
[INFO] [stdout] 372 | #[cfg(feature = "testing")]
[INFO] [stdout]     |       ------------------- the item is gated behind the `testing` feature
[INFO] [stdout] 373 | #[doc(hidden)]
[INFO] [stdout] 374 | pub const MAX_KEY_LEN: usize = disk::MAX_KEY_LEN;
[INFO] [stdout]     |           ^^^^^^^^^^^
[INFO] [stdout] 
[INFO] [stdout] 
[INFO] [stderr] error: could not compile `nvram` (test "commit_concurrency") due to 3 previous errors
[INFO] [stdout] For more information about this error, try `rustc --explain E0425`.
[INFO] [stdout] 
[INFO] [stderr] error: could not compile `nvram` (test "writer_death") due to 7 previous errors
[INFO] [stdout] For more information about this error, try `rustc --explain E0425`.
[INFO] [stdout] 
[INFO] [stderr] error: could not compile `nvram` (test "no_leak") due to 3 previous errors
[INFO] [stdout] For more information about this error, try `rustc --explain E0425`.
[INFO] [stdout] 
[INFO] [stdout] error[E0425]: cannot find function `__set_paths` in crate `nvram`
[INFO] [stdout]    --> tests/common/mod.rs:23:16
[INFO] [stdout]     |
[INFO] [stdout]  23 |         nvram::__set_paths(root.to_str().unwrap(), &shm);
[INFO] [stdout]     |                ^^^^^^^^^^^ not found in `nvram`
[INFO] [stdout]     |
[INFO] [stdout] note: found an item that was configured out
[INFO] [stdout]    --> src/lib.rs:341:8
[INFO] [stdout]     |
[INFO] [stdout] 339 | #[cfg(feature = "testing")]
[INFO] [stdout]     |       ------------------- the item is gated behind the `testing` feature
[INFO] [stdout] 340 | #[doc(hidden)]
[INFO] [stdout] 341 | pub fn __set_paths(root: &str, shm: &str) {
[INFO] [stdout]     |        ^^^^^^^^^^^
[INFO] [stdout] 
[INFO] [stdout] 
[INFO] [stdout] error[E0425]: cannot find function `__set_paths` in crate `nvram`
[INFO] [stdout]    --> tests/common/mod.rs:43:16
[INFO] [stdout]     |
[INFO] [stdout]  43 |         nvram::__set_paths(root.to_str().unwrap(), &shm);
[INFO] [stdout]     |                ^^^^^^^^^^^ not found in `nvram`
[INFO] [stdout]     |
[INFO] [stdout] note: found an item that was configured out
[INFO] [stdout]    --> src/lib.rs:341:8
[INFO] [stdout]     |
[INFO] [stdout] 339 | #[cfg(feature = "testing")]
[INFO] [stdout]     |       ------------------- the item is gated behind the `testing` feature
[INFO] [stdout] 340 | #[doc(hidden)]
[INFO] [stdout] 341 | pub fn __set_paths(root: &str, shm: &str) {
[INFO] [stdout]     |        ^^^^^^^^^^^
[INFO] [stdout] 
[INFO] [stdout] 
[INFO] [stdout] error[E0425]: cannot find function `__remove_semaphores` in crate `nvram`
[INFO] [stdout]    --> tests/common/mod.rs:99:16
[INFO] [stdout]     |
[INFO] [stdout]  99 |         nvram::__remove_semaphores();
[INFO] [stdout]     |                ^^^^^^^^^^^^^^^^^^^ not found in `nvram`
[INFO] [stdout]     |
[INFO] [stdout] note: found an item that was configured out
[INFO] [stdout]    --> src/lib.rs:367:8
[INFO] [stdout]     |
[INFO] [stdout] 365 | #[cfg(feature = "testing")]
[INFO] [stdout]     |       ------------------- the item is gated behind the `testing` feature
[INFO] [stdout] 366 | #[doc(hidden)]
[INFO] [stdout] 367 | pub fn __remove_semaphores() {
[INFO] [stdout]     |        ^^^^^^^^^^^^^^^^^^^
[INFO] [stdout] 
[INFO] [stdout] 
[INFO] [stdout] error[E0425]: cannot find function `__set_paths` in crate `nvram`
[INFO] [stdout]    --> tests/init_ordering.rs:73:16
[INFO] [stdout]     |
[INFO] [stdout]  73 |         nvram::__set_paths(self.rootfs.to_str().unwrap(), &self.shm);
[INFO] [stdout]     |                ^^^^^^^^^^^ not found in `nvram`
[INFO] [stdout]     |
[INFO] [stdout] note: found an item that was configured out
[INFO] [stdout]    --> src/lib.rs:341:8
[INFO] [stdout]     |
[INFO] [stdout] 339 | #[cfg(feature = "testing")]
[INFO] [stdout]     |       ------------------- the item is gated behind the `testing` feature
[INFO] [stdout] 340 | #[doc(hidden)]
[INFO] [stdout] 341 | pub fn __set_paths(root: &str, shm: &str) {
[INFO] [stdout]     |        ^^^^^^^^^^^
[INFO] [stdout] 
[INFO] [stdout] 
[INFO] [stdout] error[E0425]: cannot find function `__set_paths` in crate `nvram`
[INFO] [stdout]    --> tests/init_ordering.rs:78:16
[INFO] [stdout]     |
[INFO] [stdout]  78 |         nvram::__set_paths(self.partition.to_str().unwrap(), &self.shm);
[INFO] [stdout]     |                ^^^^^^^^^^^ not found in `nvram`
[INFO] [stdout]     |
[INFO] [stdout] note: found an item that was configured out
[INFO] [stdout]    --> src/lib.rs:341:8
[INFO] [stdout]     |
[INFO] [stdout] 339 | #[cfg(feature = "testing")]
[INFO] [stdout]     |       ------------------- the item is gated behind the `testing` feature
[INFO] [stdout] 340 | #[doc(hidden)]
[INFO] [stdout] 341 | pub fn __set_paths(root: &str, shm: &str) {
[INFO] [stdout]     |        ^^^^^^^^^^^
[INFO] [stdout] 
[INFO] [stdout] 
[INFO] [stdout] error[E0425]: cannot find function `__set_paths` in crate `nvram`
[INFO] [stdout]    --> tests/init_ordering.rs:102:24
[INFO] [stdout]     |
[INFO] [stdout] 102 |                 nvram::__set_paths(p, &self.shm);
[INFO] [stdout]     |                        ^^^^^^^^^^^ not found in `nvram`
[INFO] [stdout]     |
[INFO] [stdout] note: found an item that was configured out
[INFO] [stdout]    --> src/lib.rs:341:8
[INFO] [stdout]     |
[INFO] [stdout] 339 | #[cfg(feature = "testing")]
[INFO] [stdout]     |       ------------------- the item is gated behind the `testing` feature
[INFO] [stdout] 340 | #[doc(hidden)]
[INFO] [stdout] 341 | pub fn __set_paths(root: &str, shm: &str) {
[INFO] [stdout]     |        ^^^^^^^^^^^
[INFO] [stdout] 
[INFO] [stdout] 
[INFO] [stdout] error[E0425]: cannot find function `__remove_semaphores` in crate `nvram`
[INFO] [stdout]    --> tests/init_ordering.rs:103:24
[INFO] [stdout]     |
[INFO] [stdout] 103 |                 nvram::__remove_semaphores();
[INFO] [stdout]     |                        ^^^^^^^^^^^^^^^^^^^ not found in `nvram`
[INFO] [stdout]     |
[INFO] [stdout] note: found an item that was configured out
[INFO] [stdout]    --> src/lib.rs:367:8
[INFO] [stdout]     |
[INFO] [stdout] 365 | #[cfg(feature = "testing")]
[INFO] [stdout]     |       ------------------- the item is gated behind the `testing` feature
[INFO] [stdout] 366 | #[doc(hidden)]
[INFO] [stdout] 367 | pub fn __remove_semaphores() {
[INFO] [stdout]     |        ^^^^^^^^^^^^^^^^^^^
[INFO] [stdout] 
[INFO] [stdout] 
[INFO] [stdout] error[E0425]: cannot find function `__degraded` in crate `nvram`
[INFO] [stdout]    --> tests/init_ordering.rs:130:16
[INFO] [stdout]     |
[INFO] [stdout] 130 |         nvram::__degraded(),
[INFO] [stdout]     |                ^^^^^^^^^^ not found in `nvram`
[INFO] [stdout]     |
[INFO] [stdout] note: found an item that was configured out
[INFO] [stdout]    --> src/lib.rs:334:8
[INFO] [stdout]     |
[INFO] [stdout] 332 | #[cfg(feature = "testing")]
[INFO] [stdout]     |       ------------------- the item is gated behind the `testing` feature
[INFO] [stdout] 333 | #[doc(hidden)]
[INFO] [stdout] 334 | pub fn __degraded() -> bool {
[INFO] [stdout]     |        ^^^^^^^^^^
[INFO] [stdout] 
[INFO] [stdout] 
[INFO] [stdout] error[E0425]: cannot find function `__degraded` in crate `nvram`
[INFO] [stdout]    --> tests/init_ordering.rs:168:20
[INFO] [stdout]     |
[INFO] [stdout] 168 |     assert!(nvram::__degraded());
[INFO] [stdout]     |                    ^^^^^^^^^^ not found in `nvram`
[INFO] [stdout]     |
[INFO] [stdout] note: found an item that was configured out
[INFO] [stdout]    --> src/lib.rs:334:8
[INFO] [stdout]     |
[INFO] [stdout] 332 | #[cfg(feature = "testing")]
[INFO] [stdout]     |       ------------------- the item is gated behind the `testing` feature
[INFO] [stdout] 333 | #[doc(hidden)]
[INFO] [stdout] 334 | pub fn __degraded() -> bool {
[INFO] [stdout]     |        ^^^^^^^^^^
[INFO] [stdout] 
[INFO] [stdout] 
[INFO] [stdout] error[E0425]: cannot find function `__degraded` in crate `nvram`
[INFO] [stdout]    --> tests/init_ordering.rs:196:21
[INFO] [stdout]     |
[INFO] [stdout] 196 |     assert!(!nvram::__degraded());
[INFO] [stdout]     |                     ^^^^^^^^^^ not found in `nvram`
[INFO] [stdout]     |
[INFO] [stdout] note: found an item that was configured out
[INFO] [stdout]    --> src/lib.rs:334:8
[INFO] [stdout]     |
[INFO] [stdout] 332 | #[cfg(feature = "testing")]
[INFO] [stdout]     |       ------------------- the item is gated behind the `testing` feature
[INFO] [stdout] 333 | #[doc(hidden)]
[INFO] [stdout] 334 | pub fn __degraded() -> bool {
[INFO] [stdout]     |        ^^^^^^^^^^
[INFO] [stdout] 
[INFO] [stdout] 
[INFO] [stdout] error[E0425]: cannot find function `__degraded` in crate `nvram`
[INFO] [stdout]    --> tests/init_ordering.rs:206:16
[INFO] [stdout]     |
[INFO] [stdout] 206 |         nvram::__degraded(),
[INFO] [stdout]     |                ^^^^^^^^^^ not found in `nvram`
[INFO] [stdout]     |
[INFO] [stdout] note: found an item that was configured out
[INFO] [stdout]    --> src/lib.rs:334:8
[INFO] [stdout]     |
[INFO] [stdout] 332 | #[cfg(feature = "testing")]
[INFO] [stdout]     |       ------------------- the item is gated behind the `testing` feature
[INFO] [stdout] 333 | #[doc(hidden)]
[INFO] [stdout] 334 | pub fn __degraded() -> bool {
[INFO] [stdout]     |        ^^^^^^^^^^
[INFO] [stdout] 
[INFO] [stdout] 
[INFO] [stdout] error[E0425]: cannot find function `__degraded` in crate `nvram`
[INFO] [stdout]    --> tests/init_ordering.rs:226:20
[INFO] [stdout]     |
[INFO] [stdout] 226 |     assert!(nvram::__degraded());
[INFO] [stdout]     |                    ^^^^^^^^^^ not found in `nvram`
[INFO] [stdout]     |
[INFO] [stdout] note: found an item that was configured out
[INFO] [stdout]    --> src/lib.rs:334:8
[INFO] [stdout]     |
[INFO] [stdout] 332 | #[cfg(feature = "testing")]
[INFO] [stdout]     |       ------------------- the item is gated behind the `testing` feature
[INFO] [stdout] 333 | #[doc(hidden)]
[INFO] [stdout] 334 | pub fn __degraded() -> bool {
[INFO] [stdout]     |        ^^^^^^^^^^
[INFO] [stdout] 
[INFO] [stdout] 
[INFO] [stdout] error[E0425]: cannot find function `__degraded` in crate `nvram`
[INFO] [stdout]    --> tests/init_ordering.rs:230:21
[INFO] [stdout]     |
[INFO] [stdout] 230 |     assert!(!nvram::__degraded());
[INFO] [stdout]     |                     ^^^^^^^^^^ not found in `nvram`
[INFO] [stdout]     |
[INFO] [stdout] note: found an item that was configured out
[INFO] [stdout]    --> src/lib.rs:334:8
[INFO] [stdout]     |
[INFO] [stdout] 332 | #[cfg(feature = "testing")]
[INFO] [stdout]     |       ------------------- the item is gated behind the `testing` feature
[INFO] [stdout] 333 | #[doc(hidden)]
[INFO] [stdout] 334 | pub fn __degraded() -> bool {
[INFO] [stdout]     |        ^^^^^^^^^^
[INFO] [stdout] 
[INFO] [stdout] 
[INFO] [stdout] error[E0425]: cannot find function `__degraded` in crate `nvram`
[INFO] [stdout]    --> tests/init_ordering.rs:245:20
[INFO] [stdout]     |
[INFO] [stdout] 245 |     assert!(nvram::__degraded());
[INFO] [stdout]     |                    ^^^^^^^^^^ not found in `nvram`
[INFO] [stdout]     |
[INFO] [stdout] note: found an item that was configured out
[INFO] [stdout]    --> src/lib.rs:334:8
[INFO] [stdout]     |
[INFO] [stdout] 332 | #[cfg(feature = "testing")]
[INFO] [stdout]     |       ------------------- the item is gated behind the `testing` feature
[INFO] [stdout] 333 | #[doc(hidden)]
[INFO] [stdout] 334 | pub fn __degraded() -> bool {
[INFO] [stdout]     |        ^^^^^^^^^^
[INFO] [stdout] 
[INFO] [stdout] 
[INFO] [stdout] error[E0425]: cannot find function `__degraded` in crate `nvram`
[INFO] [stdout]    --> tests/init_ordering.rs:249:21
[INFO] [stdout]     |
[INFO] [stdout] 249 |     assert!(!nvram::__degraded());
[INFO] [stdout]     |                     ^^^^^^^^^^ not found in `nvram`
[INFO] [stdout]     |
[INFO] [stdout] note: found an item that was configured out
[INFO] [stdout]    --> src/lib.rs:334:8
[INFO] [stdout]     |
[INFO] [stdout] 332 | #[cfg(feature = "testing")]
[INFO] [stdout]     |       ------------------- the item is gated behind the `testing` feature
[INFO] [stdout] 333 | #[doc(hidden)]
[INFO] [stdout] 334 | pub fn __degraded() -> bool {
[INFO] [stdout]     |        ^^^^^^^^^^
[INFO] [stdout] 
[INFO] [stdout] 
[INFO] [stdout] error[E0425]: cannot find function `__set_paths` in crate `nvram`
[INFO] [stdout]    --> tests/init_ordering.rs:292:12
[INFO] [stdout]     |
[INFO] [stdout] 292 |     nvram::__set_paths("/nonexistent-nvram-store-xyz", &m.shm);
[INFO] [stdout]     |            ^^^^^^^^^^^ not found in `nvram`
[INFO] [stdout]     |
[INFO] [stdout] note: found an item that was configured out
[INFO] [stdout]    --> src/lib.rs:341:8
[INFO] [stdout]     |
[INFO] [stdout] 339 | #[cfg(feature = "testing")]
[INFO] [stdout]     |       ------------------- the item is gated behind the `testing` feature
[INFO] [stdout] 340 | #[doc(hidden)]
[INFO] [stdout] 341 | pub fn __set_paths(root: &str, shm: &str) {
[INFO] [stdout]     |        ^^^^^^^^^^^
[INFO] [stdout] 
[INFO] [stdout] 
[INFO] [stdout] error[E0425]: cannot find function `__degraded` in crate `nvram`
[INFO] [stdout]    --> tests/init_ordering.rs:299:20
[INFO] [stdout]     |
[INFO] [stdout] 299 |     assert!(nvram::__degraded());
[INFO] [stdout]     |                    ^^^^^^^^^^ not found in `nvram`
[INFO] [stdout]     |
[INFO] [stdout] note: found an item that was configured out
[INFO] [stdout]    --> src/lib.rs:334:8
[INFO] [stdout]     |
[INFO] [stdout] 332 | #[cfg(feature = "testing")]
[INFO] [stdout]     |       ------------------- the item is gated behind the `testing` feature
[INFO] [stdout] 333 | #[doc(hidden)]
[INFO] [stdout] 334 | pub fn __degraded() -> bool {
[INFO] [stdout]     |        ^^^^^^^^^^
[INFO] [stdout] 
[INFO] [stdout] 
[INFO] [stderr] error: could not compile `nvram` (test "signal_safety") due to 3 previous errors
[INFO] [stdout] For more information about this error, try `rustc --explain E0425`.
[INFO] [stdout] 
[INFO] [stdout] For more information about this error, try `rustc --explain E0425`.
[INFO] [stdout] 
[INFO] [stderr] error: could not compile `nvram` (test "repro_boot") due to 3 previous errors
[INFO] [stderr] error: could not compile `nvram` (test "key_names") due to 6 previous errors
[INFO] [stdout] For more information about this error, try `rustc --explain E0425`.
[INFO] [stdout] 
[INFO] [stderr] error: could not compile `nvram` (test "multiprocess") due to 7 previous errors
[INFO] [stdout] For more information about this error, try `rustc --explain E0425`.
[INFO] [stdout] 
[INFO] [stderr] error: could not compile `nvram` (test "init_ordering") due to 17 previous errors
[INFO] [stdout] For more information about this error, try `rustc --explain E0425`.
[INFO] [stdout] 
[INFO] [stderr] error: could not compile `nvram` (test "contract") due to 5 previous errors
[INFO] running `Command { std: "docker" "inspect" "5ac591cf3fa4091bbe573928491cd263c0c024c97d9b6bf40952535ba840df96", kill_on_drop: false }`
[INFO] running `Command { std: "docker" "rm" "-f" "5ac591cf3fa4091bbe573928491cd263c0c024c97d9b6bf40952535ba840df96", kill_on_drop: false }`
[INFO] [stdout] 5ac591cf3fa4091bbe573928491cd263c0c024c97d9b6bf40952535ba840df96
