[INFO] cloning repository https://github.com/tokimo-lab/tokimo-app-rss
[INFO] running `Command { std: "git" "-c" "credential.helper=" "-c" "credential.helper=/workspace/cargo-home/bin/git-credential-null" "clone" "--bare" "https://github.com/tokimo-lab/tokimo-app-rss" "/workspace/cache/git-repos/https%3A%2F%2Fgithub.com%2Ftokimo-lab%2Ftokimo-app-rss", kill_on_drop: false }`
[INFO] [stderr] Cloning into bare repository '/workspace/cache/git-repos/https%3A%2F%2Fgithub.com%2Ftokimo-lab%2Ftokimo-app-rss'...
[INFO] running `Command { std: "git" "rev-parse" "HEAD", kill_on_drop: false }`
[INFO] [stdout] 7377e67be3a3de28bcca3c0f8cc52367c621bc76
[INFO] checking tokimo-lab/tokimo-app-rss against 3154cc1a3e6424e44f438a95007d043ed5ceaaf6 for pr-133502-30
[INFO] running `Command { std: "git" "clone" "/workspace/cache/git-repos/https%3A%2F%2Fgithub.com%2Ftokimo-lab%2Ftokimo-app-rss" "/workspace/builds/worker-5-tc2/source", kill_on_drop: false }`
[INFO] [stderr] Cloning into '/workspace/builds/worker-5-tc2/source'...
[INFO] [stderr] done.
[INFO] started tweaking git repo https://github.com/tokimo-lab/tokimo-app-rss
[INFO] finished tweaking git repo https://github.com/tokimo-lab/tokimo-app-rss
[INFO] tweaked toml for git repo https://github.com/tokimo-lab/tokimo-app-rss written to /workspace/builds/worker-5-tc2/source/Cargo.toml
[INFO] validating manifest of git repo https://github.com/tokimo-lab/tokimo-app-rss on toolchain 3154cc1a3e6424e44f438a95007d043ed5ceaaf6
[INFO] running `Command { std: CARGO_HOME="/workspace/cargo-home" RUSTUP_HOME="/workspace/rustup-home" "/workspace/cargo-home/bin/cargo" "+3154cc1a3e6424e44f438a95007d043ed5ceaaf6" "metadata" "--manifest-path" "Cargo.toml" "--no-deps", kill_on_drop: false }`
[INFO] crate git repo https://github.com/tokimo-lab/tokimo-app-rss already has a lockfile, it will not be regenerated
[INFO] running `Command { std: CARGO_HOME="/workspace/cargo-home" RUSTUP_HOME="/workspace/rustup-home" "/workspace/cargo-home/bin/cargo" "+3154cc1a3e6424e44f438a95007d043ed5ceaaf6" "fetch" "--manifest-path" "Cargo.toml", kill_on_drop: false }`
[INFO] running `Command { std: "docker" "create" "-v" "/var/lib/crater-agent-workspace/builds/worker-5-tc2/source:/opt/rustwide/workdir:ro,Z" "-v" "/var/lib/crater-agent-workspace/builds/worker-5-tc2/target:/opt/rustwide/target:rw,Z" "-v" "/var/lib/crater-agent-workspace/cargo-home:/opt/rustwide/cargo-home:ro,Z" "-v" "/var/lib/crater-agent-workspace/rustup-home:/opt/rustwide/rustup-home:ro,Z" "-m" "1610612736" "--network" "none" "ghcr.io/rust-lang/crates-build-env/linux@sha256:77db811e55d90add9212f6832c23229e3de5f1c1f9905e8cb07319ea15df73ac" "sleep" "infinity", kill_on_drop: false }`
[INFO] [stdout] 10b9cd1cd69bd01435023432fbf2d61e33d157688da5bbd14d7cf59976a4096c
[INFO] running `Command { std: "docker" "start" "10b9cd1cd69bd01435023432fbf2d61e33d157688da5bbd14d7cf59976a4096c", kill_on_drop: false }`
[INFO] running `Command { std: "docker" "inspect" "10b9cd1cd69bd01435023432fbf2d61e33d157688da5bbd14d7cf59976a4096c", kill_on_drop: false }`
[INFO] running `Command { std: "docker" "exec" "-e" "SOURCE_DIR=/opt/rustwide/workdir" "-e" "CARGO_HOME=/opt/rustwide/cargo-home" "-e" "RUSTUP_HOME=/opt/rustwide/rustup-home" "-e" "CARGO_TARGET_DIR=/opt/rustwide/target" "-w" "/opt/rustwide/workdir" "--user" "0:0" "10b9cd1cd69bd01435023432fbf2d61e33d157688da5bbd14d7cf59976a4096c" "/opt/rustwide/cargo-home/bin/cargo" "+3154cc1a3e6424e44f438a95007d043ed5ceaaf6" "metadata" "--no-deps" "--format-version=1", kill_on_drop: false }`
[INFO] running `Command { std: "docker" "inspect" "10b9cd1cd69bd01435023432fbf2d61e33d157688da5bbd14d7cf59976a4096c", kill_on_drop: false }`
[INFO] running `Command { std: "docker" "exec" "-e" "SOURCE_DIR=/opt/rustwide/workdir" "-e" "CARGO_HOME=/opt/rustwide/cargo-home" "-e" "RUSTUP_HOME=/opt/rustwide/rustup-home" "-e" "CARGO_TARGET_DIR=/opt/rustwide/target" "-e" "CARGO_INCREMENTAL=0" "-e" "RUST_BACKTRACE=full" "-e" "RUSTFLAGS=--cap-lints=forbid" "-e" "RUSTDOCFLAGS=--cap-lints=forbid" "-w" "/opt/rustwide/workdir" "--user" "0:0" "10b9cd1cd69bd01435023432fbf2d61e33d157688da5bbd14d7cf59976a4096c" "/opt/rustwide/cargo-home/bin/cargo" "+3154cc1a3e6424e44f438a95007d043ed5ceaaf6" "check" "--frozen" "--all" "--all-targets" "--message-format=json", kill_on_drop: false }`
[INFO] [stderr]     Checking smallvec v1.16.0
[INFO] [stderr]    Compiling syn v3.0.5
[INFO] [stderr]    Compiling cc v1.4.5
[INFO] [stderr]     Checking tracing v0.1.44
[INFO] [stderr]    Compiling num-traits v0.2.19
[INFO] [stderr]     Checking getrandom v0.2.17
[INFO] [stderr]     Checking hybrid-array v0.4.14
[INFO] [stderr]    Compiling rustls v0.23.44
[INFO] [stderr]    Compiling generic-array v0.14.9
[INFO] [stderr]     Checking foldhash v0.2.0
[INFO] [stderr]    Compiling target-features v0.1.6
[INFO] [stderr]     Checking uuid v1.26.0
[INFO] [stderr]     Checking alloc-no-stdlib v3.0.0
[INFO] [stderr]    Compiling crc32fast v1.5.2
[INFO] [stderr]    Compiling darling_core v0.20.11
[INFO] [stderr]    Compiling derive_more-impl v2.1.1
[INFO] [stderr]     Checking alloc-stdlib v0.3.0
[INFO] [stderr]     Checking hashbrown v0.16.1
[INFO] [stderr]     Checking parking_lot_core v0.9.12
[INFO] [stderr]     Checking tinyvec v1.13.2
[INFO] [stderr]     Checking simd-adler32 v0.3.10
[INFO] [stderr]     Checking either v1.18.0
[INFO] [stderr]    Compiling thiserror v2.0.20
[INFO] [stderr]     Checking parking_lot v0.12.5
[INFO] [stderr]     Checking miniz_oxide v0.9.1
[INFO] [stderr]    Compiling aho-corasick v1.1.5
[INFO] [stderr]    Compiling encoding_rs v0.8.40
[INFO] [stderr]     Checking futures-intrusive v0.5.0
[INFO] [stderr]     Checking string_cache v0.9.0
[INFO] [stderr]     Checking unicode-normalization v0.1.25
[INFO] [stderr]     Checking brotli-decompressor v6.0.1
[INFO] [stderr]    Compiling multiversion-macros v0.8.0
[INFO] [stderr]     Checking rand v0.10.2
[INFO] [stderr]     Checking crypto-common v0.1.6
[INFO] [stderr]     Checking block-buffer v0.10.4
[INFO] [stderr]     Checking crypto-common v0.2.2
[INFO] [stderr]     Checking block-buffer v0.12.1
[INFO] [stderr]     Checking flate2 v1.1.10
[INFO] [stderr]     Checking atoi v2.0.0
[INFO] [stderr]     Checking digest v0.10.7
[INFO] [stderr]     Checking stringprep v0.1.5
[INFO] [stderr]    Compiling cmake v0.1.58
[INFO] [stderr]     Checking web_atoms v0.2.6
[INFO] [stderr]    Compiling selectors v0.36.1
[INFO] [stderr]     Checking hashlink v0.11.1
[INFO] [stderr]     Checking sha2 v0.10.9
[INFO] [stderr]    Compiling cssparser-macros v0.6.1
[INFO] [stderr]     Checking compression-core v0.4.33
[INFO] [stderr]    Compiling multiversion_no_op v1.0.0
[INFO] [stderr]     Checking whoami v2.1.3
[INFO] [stderr]     Checking regex-automata v0.4.18
[INFO] [stderr]     Checking ordered-float v4.6.0
[INFO] [stderr]     Checking cssparser v0.36.0
[INFO] [stderr]     Checking rmp v0.8.15
[INFO] [stderr]     Checking markup5ever v0.38.0
[INFO] [stderr]    Compiling mime_guess v2.0.5
[INFO] [stderr]     Checking axum-core v0.5.6
[INFO] [stderr]    Compiling aws-lc-sys v0.45.0
[INFO] [stderr]    Compiling ring v0.17.14
[INFO] [stderr]     Checking digest v0.11.3
[INFO] [stderr]     Checking serde_path_to_error v0.1.20
[INFO] [stderr]     Checking brotli v9.0.0
[INFO] [stderr]     Checking bit-vec v0.8.0
[INFO] [stderr]     Checking sha2 v0.11.0
[INFO] [stderr]     Checking hmac v0.13.0
[INFO] [stderr]     Checking hkdf v0.13.0
[INFO] [stderr]     Checking multiversion v0.8.0
[INFO] [stderr]     Checking md-5 v0.11.0
[INFO] [stderr]     Checking bit-set v0.8.0
[INFO] [stderr]     Checking html5ever v0.38.0
[INFO] [stderr]     Checking cookie v0.18.2
[INFO] [stderr]    Compiling sea-bae v0.2.2
[INFO] [stderr]     Checking derive_more v2.1.1
[INFO] [stderr]     Checking clap_builder v4.6.6
[INFO] [stderr]     Checking walkdir v2.5.0
[INFO] [stderr]     Checking itertools v0.14.0
[INFO] [stderr]    Compiling derive-where v1.6.1
[INFO] [stderr]     Checking strum v0.28.0
[INFO] [stderr]     Checking gjson v0.8.1
[INFO] [stderr]    Compiling rust-embed-utils v8.12.0
[INFO] [stderr]     Checking flagset v0.4.7
[INFO] [stderr]     Checking html-escape v0.2.15
[INFO] [stderr]     Checking dashmap v6.2.1
[INFO] [stderr]    Compiling rust-embed-impl v8.12.0
[INFO] [stderr]    Compiling darling_macro v0.20.11
[INFO] [stderr]     Checking quick-xml v0.41.0
[INFO] [stderr]    Compiling darling v0.20.11
[INFO] [stderr]    Compiling ts-rs-macros v12.0.1
[INFO] [stderr]     Checking dom_query v0.27.0
[INFO] [stderr]     Checking tracing-log v0.2.0
[INFO] [stderr]     Checking thread_local v1.1.10
[INFO] [stderr]     Checking rust-embed v8.12.0
[INFO] [stderr]     Checking matchers v0.2.0
[INFO] [stderr]     Checking regex v1.13.1
[INFO] [stderr]     Checking tracing-subscriber v0.3.23
[INFO] [stderr]    Compiling pluralizer v0.5.0
[INFO] [stderr]    Compiling serde_derive v1.0.229
[INFO] [stderr]    Compiling zerovec-derive v0.11.6
[INFO] [stderr]    Compiling displaydoc v0.2.7
[INFO] [stderr]    Compiling tokio-macros v2.7.2
[INFO] [stderr]    Compiling futures-macro v0.3.34
[INFO] [stderr]    Compiling thiserror-impl v2.0.20
[INFO] [stderr]    Compiling async-trait v0.1.92
[INFO] [stderr]    Compiling clap_derive v4.6.4
[INFO] [stderr]     Checking compression-codecs v0.4.45
[INFO] [stderr]    Compiling sea-orm-macros v2.0.2
[INFO] [stderr]     Checking tokio v1.53.1
[INFO] [stderr]     Checking zerovec v0.11.8
[INFO] [stderr]     Checking futures-util v0.3.34
[INFO] [stderr]     Checking zerotrie v0.2.5
[INFO] [stderr]     Checking tinystr v0.8.4
[INFO] [stderr]     Checking potential_utf v0.1.6
[INFO] [stderr]     Checking dom_smoothie v0.17.0
[INFO] [stderr]    Compiling sea-query-derive v1.0.0
[INFO] [stderr]     Checking icu_collections v2.3.0
[INFO] [stderr]     Checking icu_locale_core v2.3.0
[INFO] [stderr]     Checking ts-rs v12.0.1
[INFO] [stderr]     Checking clap v4.6.6
[INFO] [stderr]     Checking icu_provider v2.3.1
[INFO] [stderr]     Checking icu_normalizer v2.3.0
[INFO] [stderr]     Checking icu_properties v2.3.0
[INFO] [stderr]     Checking futures-executor v0.3.34
[INFO] [stderr]     Checking futures v0.3.34
[INFO] [stderr]     Checking serde v1.0.229
[INFO] [stderr]     Checking chrono v0.4.45
[INFO] [stderr]     Checking serde_urlencoded v0.7.1
[INFO] [stderr]     Checking toml_datetime v0.6.11
[INFO] [stderr]     Checking serde_spanned v0.6.9
[INFO] [stderr]     Checking rmp-serde v1.3.1
[INFO] [stderr]     Checking mediatype v0.21.0
[INFO] [stderr]     Checking toml_edit v0.22.27
[INFO] [stderr]     Checking idna_adapter v1.2.2
[INFO] [stderr]     Checking idna v1.1.0
[INFO] [stderr]     Checking url v2.5.8
[INFO] [stderr]     Checking publicsuffix v2.3.0
[INFO] [stderr]     Checking sea-query v1.0.2
[INFO] [stderr]     Checking toml v0.8.23
[INFO] [stderr]     Checking cookie_store v0.22.1
[INFO] [stderr]     Checking feed-rs v2.4.0
[INFO] [stderr]     Checking tokimo-bus-cli v0.1.0 (https://github.com/tokimo-lab/tokimo-bus.git?rev=11b3237bd09d6eeb95ae5f951e0660e0c23c87d1#11b3237b)
[INFO] [stderr]     Checking tokio-util v0.7.19
[INFO] [stderr]     Checking tower v0.5.3
[INFO] [stderr]     Checking tokio-stream v0.1.19
[INFO] [stderr]     Checking async-compression v0.4.50
[INFO] [stderr]     Checking h2 v0.4.20
[INFO] [stderr]     Checking tower-http v0.6.11
[INFO] [stderr]    Compiling aws-lc-rs v1.18.1
[INFO] [stderr]     Checking hyper v1.11.1
[INFO] [stderr]     Checking rustls-webpki v0.103.15
[INFO] [stderr]     Checking hyper-util v0.1.20
[INFO] [stderr]     Checking axum v0.8.9
[INFO] [stderr]     Checking sqlx-core v0.9.0
[INFO] [stderr]     Checking tokio-rustls v0.26.5
[INFO] [stderr]     Checking rustls-platform-verifier v0.7.0
[INFO] [stderr]     Checking hyper-rustls v0.27.9
[INFO] [stderr]     Checking reqwest v0.13.4
[INFO] [stderr]     Checking tokimo-web-fetch v0.1.0 (https://github.com/tokimo-lab/tokimo-package-web-fetch?rev=f9d14b78775c0b8d560520c42577e91139380a2e#f9d14b78)
[INFO] [stderr]     Checking sqlx-postgres v0.9.0
[INFO] [stderr]     Checking tokimo-bus-protocol v0.1.0 (https://github.com/tokimo-lab/tokimo-bus.git?rev=11b3237bd09d6eeb95ae5f951e0660e0c23c87d1#11b3237b)
[INFO] [stderr]     Checking tokimo-bus-client v0.1.0 (https://github.com/tokimo-lab/tokimo-bus.git?rev=11b3237bd09d6eeb95ae5f951e0660e0c23c87d1#11b3237b)
[INFO] [stderr]     Checking sqlx v0.9.0
[INFO] [stderr]     Checking sea-query-sqlx v0.9.1
[INFO] [stderr]     Checking sea-orm v2.0.2
[INFO] [stderr]     Checking tokimo-bus-auth v0.1.0 (https://github.com/tokimo-lab/tokimo-bus.git?rev=11b3237bd09d6eeb95ae5f951e0660e0c23c87d1#11b3237b)
[INFO] [stderr]     Checking tokimo-app-rss v0.1.0 (/opt/rustwide/workdir)
[INFO] [stdout] error: #[derive(RustEmbed)] folder '/opt/rustwide/workdir/ui/dist/' does not exist. cwd: '/opt/rustwide/workdir'
[INFO] [stdout]   --> src/assets.rs:12:1
[INFO] [stdout]    |
[INFO] [stdout] 12 | / #[folder = "ui/dist/"]
[INFO] [stdout] 13 | | #[prefix = ""]
[INFO] [stdout] 14 | | struct EmbeddedUi;
[INFO] [stdout]    | |__________________^
[INFO] [stdout] 
[INFO] [stdout] 
[INFO] [stdout] error: #[derive(RustEmbed)] folder '/opt/rustwide/workdir/ui/dist/' does not exist. cwd: '/opt/rustwide/workdir'
[INFO] [stdout]   --> src/assets.rs:12:1
[INFO] [stdout]    |
[INFO] [stdout] 12 | / #[folder = "ui/dist/"]
[INFO] [stdout] 13 | | #[prefix = ""]
[INFO] [stdout] 14 | | struct EmbeddedUi;
[INFO] [stdout]    | |__________________^
[INFO] [stdout] 
[INFO] [stdout] 
[INFO] [stdout] error[E0599]: no associated function or constant named `get` found for struct `EmbeddedUi` in the current scope
[INFO] [stdout]   --> src/assets.rs:32:31
[INFO] [stdout]    |
[INFO] [stdout] 14 | struct EmbeddedUi;
[INFO] [stdout]    | ----------------- associated function or constant `get` not found for this struct
[INFO] [stdout] ...
[INFO] [stdout] 32 |             match EmbeddedUi::get(&normalised) {
[INFO] [stdout]    |                               ^^^ associated function or constant not found in `EmbeddedUi`
[INFO] [stdout]    |
[INFO] [stdout]    = help: items from traits can only be used if the trait is implemented and in scope
[INFO] [stdout]    = note: the following traits define an item `get`, perhaps you need to implement one of them:
[INFO] [stdout]            candidate #1: `Embed`
[INFO] [stdout]            candidate #2: `Row`
[INFO] [stdout]            candidate #3: `SliceIndex`
[INFO] [stdout]            candidate #4: `icu_collections::codepointtrie::cptrie::TypedCodePointTrie`
[INFO] [stdout]            candidate #5: `icu_properties::names::PropertyEnumToValueNameLookup`
[INFO] [stdout]            candidate #6: `icu_provider::baked::DataStore`
[INFO] [stdout]            candidate #7: `itertools::Itertools`
[INFO] [stdout]            candidate #8: `rustls::server::server_conn::StoresServerSessions`
[INFO] [stdout]            candidate #9: `sea_orm::ActiveModelTrait`
[INFO] [stdout]            candidate #10: `sea_orm::ModelTrait`
[INFO] [stdout]            candidate #11: `string_cache::static_sets::StaticAtomSet`
[INFO] [stdout]            candidate #12: `toml_edit::table::TableLike`
[INFO] [stdout] 
[INFO] [stdout] 
[INFO] [stdout] error[E0599]: no associated function or constant named `get` found for struct `EmbeddedUi` in the current scope
[INFO] [stdout]   --> src/assets.rs:32:31
[INFO] [stdout]    |
[INFO] [stdout] 14 | struct EmbeddedUi;
[INFO] [stdout]    | ----------------- associated function or constant `get` not found for this struct
[INFO] [stdout] ...
[INFO] [stdout] 32 |             match EmbeddedUi::get(&normalised) {
[INFO] [stdout]    |                               ^^^ associated function or constant not found in `EmbeddedUi`
[INFO] [stdout]    |
[INFO] [stdout]    = help: items from traits can only be used if the trait is implemented and in scope
[INFO] [stdout]    = note: the following traits define an item `get`, perhaps you need to implement one of them:
[INFO] [stdout]            candidate #1: `Embed`
[INFO] [stdout]            candidate #2: `Row`
[INFO] [stdout]            candidate #3: `SliceIndex`
[INFO] [stdout]            candidate #4: `icu_collections::codepointtrie::cptrie::TypedCodePointTrie`
[INFO] [stdout]            candidate #5: `icu_properties::names::PropertyEnumToValueNameLookup`
[INFO] [stdout]            candidate #6: `icu_provider::baked::DataStore`
[INFO] [stdout]            candidate #7: `itertools::Itertools`
[INFO] [stdout]            candidate #8: `rustls::server::server_conn::StoresServerSessions`
[INFO] [stdout]            candidate #9: `sea_orm::ActiveModelTrait`
[INFO] [stdout]            candidate #10: `sea_orm::ModelTrait`
[INFO] [stdout]            candidate #11: `string_cache::static_sets::StaticAtomSet`
[INFO] [stdout]            candidate #12: `toml_edit::table::TableLike`
[INFO] [stdout] 
[INFO] [stdout] 
[INFO] [stdout] error[E0599]: no associated function or constant named `get` found for struct `EmbeddedUi` in the current scope
[INFO] [stdout]   --> src/assets.rs:40:27
[INFO] [stdout]    |
[INFO] [stdout] 14 | struct EmbeddedUi;
[INFO] [stdout]    | ----------------- associated function or constant `get` not found for this struct
[INFO] [stdout] ...
[INFO] [stdout] 40 |         match EmbeddedUi::get(&normalised) {
[INFO] [stdout]    |                           ^^^ associated function or constant not found in `EmbeddedUi`
[INFO] [stdout]    |
[INFO] [stdout]    = help: items from traits can only be used if the trait is implemented and in scope
[INFO] [stdout]    = note: the following traits define an item `get`, perhaps you need to implement one of them:
[INFO] [stdout]            candidate #1: `Embed`
[INFO] [stdout]            candidate #2: `Row`
[INFO] [stdout]            candidate #3: `SliceIndex`
[INFO] [stdout]            candidate #4: `icu_collections::codepointtrie::cptrie::TypedCodePointTrie`
[INFO] [stdout]            candidate #5: `icu_properties::names::PropertyEnumToValueNameLookup`
[INFO] [stdout]            candidate #6: `icu_provider::baked::DataStore`
[INFO] [stdout]            candidate #7: `itertools::Itertools`
[INFO] [stdout]            candidate #8: `rustls::server::server_conn::StoresServerSessions`
[INFO] [stdout]            candidate #9: `sea_orm::ActiveModelTrait`
[INFO] [stdout]            candidate #10: `sea_orm::ModelTrait`
[INFO] [stdout]            candidate #11: `string_cache::static_sets::StaticAtomSet`
[INFO] [stdout]            candidate #12: `toml_edit::table::TableLike`
[INFO] [stdout] 
[INFO] [stdout] 
[INFO] [stdout] error[E0599]: no associated function or constant named `get` found for struct `EmbeddedUi` in the current scope
[INFO] [stdout]   --> src/assets.rs:40:27
[INFO] [stdout]    |
[INFO] [stdout] 14 | struct EmbeddedUi;
[INFO] [stdout]    | ----------------- associated function or constant `get` not found for this struct
[INFO] [stdout] ...
[INFO] [stdout] 40 |         match EmbeddedUi::get(&normalised) {
[INFO] [stdout]    |                           ^^^ associated function or constant not found in `EmbeddedUi`
[INFO] [stdout]    |
[INFO] [stdout]    = help: items from traits can only be used if the trait is implemented and in scope
[INFO] [stdout]    = note: the following traits define an item `get`, perhaps you need to implement one of them:
[INFO] [stdout]            candidate #1: `Embed`
[INFO] [stdout]            candidate #2: `Row`
[INFO] [stdout]            candidate #3: `SliceIndex`
[INFO] [stdout]            candidate #4: `icu_collections::codepointtrie::cptrie::TypedCodePointTrie`
[INFO] [stdout]            candidate #5: `icu_properties::names::PropertyEnumToValueNameLookup`
[INFO] [stdout]            candidate #6: `icu_provider::baked::DataStore`
[INFO] [stdout]            candidate #7: `itertools::Itertools`
[INFO] [stdout]            candidate #8: `rustls::server::server_conn::StoresServerSessions`
[INFO] [stdout]            candidate #9: `sea_orm::ActiveModelTrait`
[INFO] [stdout]            candidate #10: `sea_orm::ModelTrait`
[INFO] [stdout]            candidate #11: `string_cache::static_sets::StaticAtomSet`
[INFO] [stdout]            candidate #12: `toml_edit::table::TableLike`
[INFO] [stdout] 
[INFO] [stdout] 
[INFO] [stdout] For more information about this error, try `rustc --explain E0599`.
[INFO] [stdout] 
[INFO] [stdout] For more information about this error, try `rustc --explain E0599`.
[INFO] [stdout] 
[INFO] [stderr] error: could not compile `tokimo-app-rss` (lib test) due to 3 previous errors
[INFO] [stderr] warning: build failed, waiting for other jobs to finish...
[INFO] [stderr] error: could not compile `tokimo-app-rss` (lib) due to 3 previous errors
[INFO] running `Command { std: "docker" "inspect" "10b9cd1cd69bd01435023432fbf2d61e33d157688da5bbd14d7cf59976a4096c", kill_on_drop: false }`
[INFO] running `Command { std: "docker" "rm" "-f" "10b9cd1cd69bd01435023432fbf2d61e33d157688da5bbd14d7cf59976a4096c", kill_on_drop: false }`
[INFO] [stdout] 10b9cd1cd69bd01435023432fbf2d61e33d157688da5bbd14d7cf59976a4096c
