[INFO] cloning repository https://github.com/toidiu/tokio-dbg
[INFO] running `Command { std: "git" "-c" "credential.helper=" "-c" "credential.helper=/workspace/cargo-home/bin/git-credential-null" "clone" "--bare" "https://github.com/toidiu/tokio-dbg" "/workspace/cache/git-repos/https%3A%2F%2Fgithub.com%2Ftoidiu%2Ftokio-dbg", kill_on_drop: false }`
[INFO] [stderr] Cloning into bare repository '/workspace/cache/git-repos/https%3A%2F%2Fgithub.com%2Ftoidiu%2Ftokio-dbg'...
[INFO] running `Command { std: "git" "rev-parse" "HEAD", kill_on_drop: false }`
[INFO] [stdout] 9f821fa2b5f4d30aae2e50c68af16e3a1d1fd243
[INFO] checking toidiu/tokio-dbg against 3154cc1a3e6424e44f438a95007d043ed5ceaaf6+rustflags=-Znext-solver=coherence for pr-133502-30
[INFO] running `Command { std: "git" "clone" "/workspace/cache/git-repos/https%3A%2F%2Fgithub.com%2Ftoidiu%2Ftokio-dbg" "/workspace/builds/worker-3-tc1/source", kill_on_drop: false }`
[INFO] [stderr] Cloning into '/workspace/builds/worker-3-tc1/source'...
[INFO] [stderr] done.
[INFO] removed /workspace/builds/worker-3-tc1/source/.cargo/config.toml
[INFO] started tweaking git repo https://github.com/toidiu/tokio-dbg
[INFO] finished tweaking git repo https://github.com/toidiu/tokio-dbg
[INFO] tweaked toml for git repo https://github.com/toidiu/tokio-dbg written to /workspace/builds/worker-3-tc1/source/Cargo.toml
[INFO] validating manifest of git repo https://github.com/toidiu/tokio-dbg on toolchain 3154cc1a3e6424e44f438a95007d043ed5ceaaf6
[INFO] running `Command { std: CARGO_HOME="/workspace/cargo-home" RUSTUP_HOME="/workspace/rustup-home" "/workspace/cargo-home/bin/cargo" "+3154cc1a3e6424e44f438a95007d043ed5ceaaf6" "metadata" "--manifest-path" "Cargo.toml" "--no-deps", kill_on_drop: false }`
[INFO] crate git repo https://github.com/toidiu/tokio-dbg already has a lockfile, it will not be regenerated
[INFO] running `Command { std: CARGO_HOME="/workspace/cargo-home" RUSTUP_HOME="/workspace/rustup-home" "/workspace/cargo-home/bin/cargo" "+3154cc1a3e6424e44f438a95007d043ed5ceaaf6" "fetch" "--manifest-path" "Cargo.toml", kill_on_drop: false }`
[INFO] [stderr]     Updating crates.io index
[INFO] [stderr]  Downloading crates ...
[INFO] [stderr]   Downloaded thread_local v1.1.10
[INFO] [stderr]   Downloaded valuable v0.1.1
[INFO] [stderr]   Downloaded tonic-prost v0.14.6
[INFO] [stderr]   Downloaded matchers v0.2.0
[INFO] [stderr]   Downloaded hyper-timeout v0.5.2
[INFO] [stderr]   Downloaded axum-core v0.5.6
[INFO] [stderr]   Downloaded humantime v2.4.0
[INFO] [stderr]   Downloaded prost-derive v0.14.4
[INFO] [stderr]   Downloaded console-api v0.9.0
[INFO] [stderr]   Downloaded matchit v0.8.4
[INFO] [stderr]   Downloaded prost v0.14.4
[INFO] [stderr]   Downloaded prost-types v0.14.4
[INFO] [stderr]   Downloaded tracing-subscriber v0.3.23
[INFO] [stderr]   Downloaded sharded-slab v0.1.7
[INFO] [stderr]   Downloaded console-subscriber v0.5.0
[INFO] [stderr]   Downloaded tonic v0.14.6
[INFO] [stderr]   Downloaded h2 v0.4.19
[INFO] [stderr]   Downloaded axum v0.8.9
[INFO] [stderr]   Downloaded hdrhistogram v7.6.0
[INFO] running `Command { std: "docker" "create" "-v" "/var/lib/crater-agent-workspace/builds/worker-3-tc1/source:/opt/rustwide/workdir:ro,Z" "-v" "/var/lib/crater-agent-workspace/builds/worker-3-tc1/target:/opt/rustwide/target:rw,Z" "-v" "/var/lib/crater-agent-workspace/cargo-home:/opt/rustwide/cargo-home:ro,Z" "-v" "/var/lib/crater-agent-workspace/rustup-home:/opt/rustwide/rustup-home:ro,Z" "-m" "1610612736" "--network" "none" "ghcr.io/rust-lang/crates-build-env/linux@sha256:77db811e55d90add9212f6832c23229e3de5f1c1f9905e8cb07319ea15df73ac" "sleep" "infinity", kill_on_drop: false }`
[INFO] [stdout] dbe60075efcc3320f8c542b2d54d27c04dc0de3b51288fd431ca2d774bd4c066
[INFO] running `Command { std: "docker" "start" "dbe60075efcc3320f8c542b2d54d27c04dc0de3b51288fd431ca2d774bd4c066", kill_on_drop: false }`
[INFO] running `Command { std: "docker" "inspect" "dbe60075efcc3320f8c542b2d54d27c04dc0de3b51288fd431ca2d774bd4c066", kill_on_drop: false }`
[INFO] running `Command { std: "docker" "exec" "-e" "SOURCE_DIR=/opt/rustwide/workdir" "-e" "CARGO_HOME=/opt/rustwide/cargo-home" "-e" "RUSTUP_HOME=/opt/rustwide/rustup-home" "-e" "CARGO_TARGET_DIR=/opt/rustwide/target" "-w" "/opt/rustwide/workdir" "--user" "0:0" "dbe60075efcc3320f8c542b2d54d27c04dc0de3b51288fd431ca2d774bd4c066" "/opt/rustwide/cargo-home/bin/cargo" "+3154cc1a3e6424e44f438a95007d043ed5ceaaf6" "metadata" "--no-deps" "--format-version=1", kill_on_drop: false }`
[INFO] running `Command { std: "docker" "inspect" "dbe60075efcc3320f8c542b2d54d27c04dc0de3b51288fd431ca2d774bd4c066", kill_on_drop: false }`
[INFO] running `Command { std: "docker" "exec" "-e" "SOURCE_DIR=/opt/rustwide/workdir" "-e" "CARGO_HOME=/opt/rustwide/cargo-home" "-e" "RUSTUP_HOME=/opt/rustwide/rustup-home" "-e" "CARGO_TARGET_DIR=/opt/rustwide/target" "-e" "CARGO_INCREMENTAL=0" "-e" "RUST_BACKTRACE=full" "-e" "RUSTFLAGS=--cap-lints=forbid -Znext-solver=coherence" "-e" "RUSTDOCFLAGS=--cap-lints=forbid" "-w" "/opt/rustwide/workdir" "--user" "0:0" "dbe60075efcc3320f8c542b2d54d27c04dc0de3b51288fd431ca2d774bd4c066" "/opt/rustwide/cargo-home/bin/cargo" "+3154cc1a3e6424e44f438a95007d043ed5ceaaf6" "check" "--frozen" "--all" "--all-targets" "--message-format=json", kill_on_drop: false }`
[INFO] [stderr]    Compiling proc-macro2 v1.0.107
[INFO] [stderr]    Compiling quote v1.0.47
[INFO] [stderr]     Checking bytes v1.12.1
[INFO] [stderr]    Compiling libc v0.2.189
[INFO] [stderr]     Checking futures-core v0.3.34
[INFO] [stderr]     Checking futures-sink v0.3.34
[INFO] [stderr]     Checking tracing-core v0.1.36
[INFO] [stderr]     Checking indexmap v2.14.2
[INFO] [stderr]     Checking futures-task v0.3.34
[INFO] [stderr]     Checking tower-service v0.3.3
[INFO] [stderr]    Compiling serde_core v1.0.229
[INFO] [stderr]     Checking futures-util v0.3.34
[INFO] [stderr]     Checking try-lock v0.2.5
[INFO] [stderr]     Checking atomic-waker v1.1.2
[INFO] [stderr]     Checking memchr v2.8.3
[INFO] [stderr]    Compiling anyhow v1.0.104
[INFO] [stderr]     Checking http v1.5.0
[INFO] [stderr]     Checking want v0.3.1
[INFO] [stderr]     Checking futures-channel v0.3.34
[INFO] [stderr]     Checking sync_wrapper v1.0.2
[INFO] [stderr]     Checking tower-layer v0.3.3
[INFO] [stderr]     Checking smallvec v1.16.1
[INFO] [stderr]    Compiling either v1.18.0
[INFO] [stderr]    Compiling syn v2.0.119
[INFO] [stderr]    Compiling syn v3.0.5
[INFO] [stderr]    Compiling itertools v0.14.0
[INFO] [stderr]     Checking matchit v0.8.4
[INFO] [stderr]     Checking http-body v1.1.0
[INFO] [stderr]     Checking http-body-util v0.1.5
[INFO] [stderr]    Compiling crc32fast v1.5.2
[INFO] [stderr]     Checking mio v1.2.3
[INFO] [stderr]     Checking socket2 v0.6.5
[INFO] [stderr]     Checking axum-core v0.5.6
[INFO] [stderr]    Compiling num-traits v0.2.19
[INFO] [stderr]     Checking regex-syntax v0.8.11
[INFO] [stderr]    Compiling zmij v1.0.23
[INFO] [stderr]     Checking simd-adler32 v0.3.10
[INFO] [stderr]    Compiling crossbeam-utils v0.8.23
[INFO] [stderr]     Checking miniz_oxide v0.9.1
[INFO] [stderr]     Checking lazy_static v1.5.0
[INFO] [stderr]    Compiling serde v1.0.229
[INFO] [stderr]    Compiling serde_json v1.0.151
[INFO] [stderr]     Checking sharded-slab v0.1.7
[INFO] [stderr]     Checking flate2 v1.1.10
[INFO] [stderr]     Checking regex-automata v0.4.18
[INFO] [stderr]     Checking thread_local v1.1.10
[INFO] [stderr]     Checking nom v8.0.0
[INFO] [stderr]     Checking byteorder v1.5.0
[INFO] [stderr]     Checking humantime v2.4.0
[INFO] [stderr]     Checking crossbeam-channel v0.5.17
[INFO] [stderr]     Checking matchers v0.2.0
[INFO] [stderr]    Compiling tokio-macros v2.7.2
[INFO] [stderr]    Compiling async-trait v0.1.92
[INFO] [stderr]    Compiling serde_derive v1.0.229
[INFO] [stderr]     Checking tokio v1.53.1
[INFO] [stderr]    Compiling tracing-attributes v0.1.31
[INFO] [stderr]    Compiling pin-project-internal v1.1.13
[INFO] [stderr]    Compiling prost-derive v0.14.4
[INFO] [stderr]     Checking hdrhistogram v7.6.0
[INFO] [stderr]     Checking pin-project v1.1.13
[INFO] [stderr]     Checking tracing v0.1.44
[INFO] [stderr]     Checking tracing-subscriber v0.3.23
[INFO] [stderr]     Checking prost v0.14.4
[INFO] [stderr]     Checking prost-types v0.14.4
[INFO] [stderr]     Checking tokio-util v0.7.19
[INFO] [stderr]     Checking tokio-stream v0.1.19
[INFO] [stderr]     Checking h2 v0.4.19
[INFO] [stderr]     Checking tower v0.5.3
[INFO] [stderr]     Checking axum v0.8.9
[INFO] [stderr]     Checking hyper v1.11.1
[INFO] [stderr]     Checking hyper-util v0.1.20
[INFO] [stderr]     Checking hyper-timeout v0.5.2
[INFO] [stderr]     Checking tonic v0.14.6
[INFO] [stderr]     Checking tonic-prost v0.14.6
[INFO] [stderr]     Checking console-api v0.9.0
[INFO] [stderr]     Checking console-subscriber v0.5.0
[INFO] [stderr]     Checking tokio-dbg v0.1.0 (/opt/rustwide/workdir)
[INFO] [stdout] error[E0599]: no method named `num_blocking_threads` found for struct `RuntimeMetrics` in the current scope
[INFO] [stdout]   --> src/main.rs:66:11
[INFO] [stdout]    |
[INFO] [stdout] 66 |         m.num_blocking_threads(),
[INFO] [stdout]    |           ^^^^^^^^^^^^^^^^^^^^ method not found in `RuntimeMetrics`
[INFO] [stdout] 
[INFO] [stdout] 
[INFO] [stdout] error[E0599]: no method named `num_blocking_threads` found for struct `RuntimeMetrics` in the current scope
[INFO] [stdout]   --> src/main.rs:66:11
[INFO] [stdout]    |
[INFO] [stdout] 66 |         m.num_blocking_threads(),
[INFO] [stdout]    |           ^^^^^^^^^^^^^^^^^^^^ method not found in `RuntimeMetrics`
[INFO] [stdout] 
[INFO] [stdout] 
[INFO] [stdout] error[E0599]: no method named `num_idle_blocking_threads` found for struct `RuntimeMetrics` in the current scope
[INFO] [stdout]   --> src/main.rs:67:11
[INFO] [stdout]    |
[INFO] [stdout] 67 |         m.num_idle_blocking_threads(),
[INFO] [stdout]    |           ^^^^^^^^^^^^^^^^^^^^^^^^^ method not found in `RuntimeMetrics`
[INFO] [stdout] 
[INFO] [stdout] 
[INFO] [stdout] error[E0599]: no method named `num_idle_blocking_threads` found for struct `RuntimeMetrics` in the current scope
[INFO] [stdout]   --> src/main.rs:67:11
[INFO] [stdout]    |
[INFO] [stdout] 67 |         m.num_idle_blocking_threads(),
[INFO] [stdout]    |           ^^^^^^^^^^^^^^^^^^^^^^^^^ method not found in `RuntimeMetrics`
[INFO] [stdout] 
[INFO] [stdout] 
[INFO] [stdout] error[E0599]: no method named `blocking_queue_depth` found for struct `RuntimeMetrics` in the current scope
[INFO] [stdout]   --> src/main.rs:72:11
[INFO] [stdout]    |
[INFO] [stdout] 72 |         m.blocking_queue_depth(),
[INFO] [stdout]    |           ^^^^^^^^^^^^^^^^^^^^
[INFO] [stdout]    |
[INFO] [stdout] help: there is a method `global_queue_depth` with a similar name
[INFO] [stdout]    |
[INFO] [stdout] 72 -         m.blocking_queue_depth(),
[INFO] [stdout] 72 +         m.global_queue_depth(),
[INFO] [stdout]    |
[INFO] [stdout] 
[INFO] [stdout] 
[INFO] [stdout] error[E0599]: no method named `blocking_queue_depth` found for struct `RuntimeMetrics` in the current scope
[INFO] [stdout]   --> src/main.rs:72:11
[INFO] [stdout]    |
[INFO] [stdout] 72 |         m.blocking_queue_depth(),
[INFO] [stdout]    |           ^^^^^^^^^^^^^^^^^^^^
[INFO] [stdout]    |
[INFO] [stdout] help: there is a method `global_queue_depth` with a similar name
[INFO] [stdout]    |
[INFO] [stdout] 72 -         m.blocking_queue_depth(),
[INFO] [stdout] 72 +         m.global_queue_depth(),
[INFO] [stdout]    |
[INFO] [stdout] 
[INFO] [stdout] 
[INFO] [stdout] For more information about this error, try `rustc --explain E0599`.
[INFO] [stdout] 
[INFO] [stdout] For more information about this error, try `rustc --explain E0599`.
[INFO] [stdout] 
[INFO] [stderr] error: could not compile `tokio-dbg` (bin "tokio-dbg" test) due to 3 previous errors
[INFO] [stderr] warning: build failed, waiting for other jobs to finish...
[INFO] [stderr] error: could not compile `tokio-dbg` (bin "tokio-dbg") due to 3 previous errors
[INFO] running `Command { std: "docker" "inspect" "dbe60075efcc3320f8c542b2d54d27c04dc0de3b51288fd431ca2d774bd4c066", kill_on_drop: false }`
[INFO] running `Command { std: "docker" "rm" "-f" "dbe60075efcc3320f8c542b2d54d27c04dc0de3b51288fd431ca2d774bd4c066", kill_on_drop: false }`
[INFO] [stdout] dbe60075efcc3320f8c542b2d54d27c04dc0de3b51288fd431ca2d774bd4c066
