[INFO] cloning repository https://github.com/titwan37/MemoryBlast
[INFO] running `Command { std: "git" "-c" "credential.helper=" "-c" "credential.helper=/workspace/cargo-home/bin/git-credential-null" "clone" "--bare" "https://github.com/titwan37/MemoryBlast" "/workspace/cache/git-repos/https%3A%2F%2Fgithub.com%2Ftitwan37%2FMemoryBlast", kill_on_drop: false }`
[INFO] [stderr] Cloning into bare repository '/workspace/cache/git-repos/https%3A%2F%2Fgithub.com%2Ftitwan37%2FMemoryBlast'...
[INFO] running `Command { std: "git" "rev-parse" "HEAD", kill_on_drop: false }`
[INFO] [stdout] 370cb57031dc6b0052f345cd6b8e327051456899
[INFO] checking titwan37/MemoryBlast against 3154cc1a3e6424e44f438a95007d043ed5ceaaf6 for pr-133502-30
[INFO] running `Command { std: "git" "clone" "/workspace/cache/git-repos/https%3A%2F%2Fgithub.com%2Ftitwan37%2FMemoryBlast" "/workspace/builds/worker-7-tc2/source", kill_on_drop: false }`
[INFO] [stderr] Cloning into '/workspace/builds/worker-7-tc2/source'...
[INFO] [stderr] done.
[INFO] started tweaking git repo https://github.com/titwan37/MemoryBlast
[INFO] finished tweaking git repo https://github.com/titwan37/MemoryBlast
[INFO] tweaked toml for git repo https://github.com/titwan37/MemoryBlast written to /workspace/builds/worker-7-tc2/source/Cargo.toml
[INFO] validating manifest of git repo https://github.com/titwan37/MemoryBlast on toolchain 3154cc1a3e6424e44f438a95007d043ed5ceaaf6
[INFO] running `Command { std: CARGO_HOME="/workspace/cargo-home" RUSTUP_HOME="/workspace/rustup-home" "/workspace/cargo-home/bin/cargo" "+3154cc1a3e6424e44f438a95007d043ed5ceaaf6" "metadata" "--manifest-path" "Cargo.toml" "--no-deps", kill_on_drop: false }`
[INFO] crate git repo https://github.com/titwan37/MemoryBlast already has a lockfile, it will not be regenerated
[INFO] running `Command { std: CARGO_HOME="/workspace/cargo-home" RUSTUP_HOME="/workspace/rustup-home" "/workspace/cargo-home/bin/cargo" "+3154cc1a3e6424e44f438a95007d043ed5ceaaf6" "fetch" "--manifest-path" "Cargo.toml", kill_on_drop: false }`
[INFO] running `Command { std: "docker" "create" "-v" "/var/lib/crater-agent-workspace/builds/worker-7-tc2/source:/opt/rustwide/workdir:ro,Z" "-v" "/var/lib/crater-agent-workspace/builds/worker-7-tc2/target:/opt/rustwide/target:rw,Z" "-v" "/var/lib/crater-agent-workspace/cargo-home:/opt/rustwide/cargo-home:ro,Z" "-v" "/var/lib/crater-agent-workspace/rustup-home:/opt/rustwide/rustup-home:ro,Z" "-m" "1610612736" "--network" "none" "ghcr.io/rust-lang/crates-build-env/linux@sha256:77db811e55d90add9212f6832c23229e3de5f1c1f9905e8cb07319ea15df73ac" "sleep" "infinity", kill_on_drop: false }`
[INFO] [stdout] f15fcf92237a47f1ae9d4ac0720d7746f22f4206a40fd3004476a36596676f33
[INFO] running `Command { std: "docker" "start" "f15fcf92237a47f1ae9d4ac0720d7746f22f4206a40fd3004476a36596676f33", kill_on_drop: false }`
[INFO] running `Command { std: "docker" "inspect" "f15fcf92237a47f1ae9d4ac0720d7746f22f4206a40fd3004476a36596676f33", kill_on_drop: false }`
[INFO] running `Command { std: "docker" "exec" "-e" "SOURCE_DIR=/opt/rustwide/workdir" "-e" "CARGO_HOME=/opt/rustwide/cargo-home" "-e" "RUSTUP_HOME=/opt/rustwide/rustup-home" "-e" "CARGO_TARGET_DIR=/opt/rustwide/target" "-w" "/opt/rustwide/workdir" "--user" "0:0" "f15fcf92237a47f1ae9d4ac0720d7746f22f4206a40fd3004476a36596676f33" "/opt/rustwide/cargo-home/bin/cargo" "+3154cc1a3e6424e44f438a95007d043ed5ceaaf6" "metadata" "--no-deps" "--format-version=1", kill_on_drop: false }`
[INFO] running `Command { std: "docker" "inspect" "f15fcf92237a47f1ae9d4ac0720d7746f22f4206a40fd3004476a36596676f33", kill_on_drop: false }`
[INFO] running `Command { std: "docker" "exec" "-e" "SOURCE_DIR=/opt/rustwide/workdir" "-e" "CARGO_HOME=/opt/rustwide/cargo-home" "-e" "RUSTUP_HOME=/opt/rustwide/rustup-home" "-e" "CARGO_TARGET_DIR=/opt/rustwide/target" "-e" "CARGO_INCREMENTAL=0" "-e" "RUST_BACKTRACE=full" "-e" "RUSTFLAGS=--cap-lints=forbid" "-e" "RUSTDOCFLAGS=--cap-lints=forbid" "-w" "/opt/rustwide/workdir" "--user" "0:0" "f15fcf92237a47f1ae9d4ac0720d7746f22f4206a40fd3004476a36596676f33" "/opt/rustwide/cargo-home/bin/cargo" "+3154cc1a3e6424e44f438a95007d043ed5ceaaf6" "check" "--frozen" "--all" "--all-targets" "--message-format=json", kill_on_drop: false }`
[INFO] [stderr]    Compiling crossbeam-utils v0.8.22
[INFO] [stderr]     Checking bitflags v2.13.1
[INFO] [stderr]    Compiling syn v3.0.4
[INFO] [stderr]    Compiling syn v2.0.119
[INFO] [stderr]    Compiling serde_core v1.0.229
[INFO] [stderr]    Compiling crossbeam-epoch v0.9.20
[INFO] [stderr]    Compiling libm v0.2.16
[INFO] [stderr]    Compiling num-traits v0.2.19
[INFO] [stderr]    Compiling crossbeam-deque v0.8.7
[INFO] [stderr]     Checking either v1.18.0
[INFO] [stderr]    Compiling serde v1.0.229
[INFO] [stderr]    Compiling getrandom v0.3.4
[INFO] [stderr]    Compiling rayon-core v1.13.0
[INFO] [stderr]     Checking getrandom v0.2.17
[INFO] [stderr]    Compiling ahash v0.8.12
[INFO] [stderr]    Compiling target-features v0.1.6
[INFO] [stderr]     Checking aho-corasick v1.1.5
[INFO] [stderr]     Checking array-init-cursor v0.2.1
[INFO] [stderr]    Compiling thiserror v1.0.69
[INFO] [stderr]    Compiling syn v1.0.109
[INFO] [stderr]     Checking static_assertions v1.1.0
[INFO] [stderr]     Checking regex-syntax v0.8.11
[INFO] [stderr]     Checking planus v0.3.1
[INFO] [stderr]     Checking rayon v1.12.0
[INFO] [stderr]    Compiling smartstring v1.0.1
[INFO] [stderr]     Checking errno v0.3.14
[INFO] [stderr]    Compiling polars-utils v0.38.3
[INFO] [stderr]     Checking simdutf8 v0.1.5
[INFO] [stderr]     Checking chrono v0.4.45
[INFO] [stderr]     Checking indexmap v2.14.1
[INFO] [stderr]     Checking signal-hook-registry v1.4.8
[INFO] [stderr]     Checking regex-automata v0.4.18
[INFO] [stderr]     Checking raw-cpuid v11.6.0
[INFO] [stderr]    Compiling polars-arrow v0.38.3
[INFO] [stderr]     Checking log v0.4.34
[INFO] [stderr]     Checking ethnum v1.5.3
[INFO] [stderr]     Checking mio v1.2.2
[INFO] [stderr]     Checking streaming-iterator v0.1.9
[INFO] [stderr]     Checking strength_reduce v0.2.4
[INFO] [stderr]     Checking hashbrown v0.14.5
[INFO] [stderr]     Checking fast-float v0.2.0
[INFO] [stderr]     Checking foreign_vec v0.1.0
[INFO] [stderr]     Checking atoi_simd v0.15.6
[INFO] [stderr]    Compiling rustix v1.1.4
[INFO] [stderr]     Checking dyn-clone v1.0.20
[INFO] [stderr]    Compiling rustversion v1.0.23
[INFO] [stderr]     Checking rand_core v0.6.4
[INFO] [stderr]     Checking unicode-segmentation v1.13.3
[INFO] [stderr]     Checking linux-raw-sys v0.12.1
[INFO] [stderr]    Compiling synstructure v0.13.2
[INFO] [stderr]    Compiling litrs v1.0.0
[INFO] [stderr]     Checking regex v1.13.1
[INFO] [stderr]     Checking rand_chacha v0.3.1
[INFO] [stderr]    Compiling document-features v0.2.12
[INFO] [stderr]    Compiling polars-compute v0.38.3
[INFO] [stderr]    Compiling serde_derive v1.0.229
[INFO] [stderr]    Compiling zerovec-derive v0.11.6
[INFO] [stderr]    Compiling bytemuck_derive v1.12.0
[INFO] [stderr]    Compiling displaydoc v0.2.7
[INFO] [stderr]     Checking unicode-width v0.2.0
[INFO] [stderr]     Checking crossterm v0.29.0
[INFO] [stderr]    Compiling tokio-macros v2.7.2
[INFO] [stderr]     Checking rand v0.8.8
[INFO] [stderr]    Compiling lz4-sys v1.11.1+lz4-1.10.0
[INFO] [stderr]    Compiling polars-core v0.38.3
[INFO] [stderr]    Compiling zerofrom-derive v0.1.7
[INFO] [stderr]    Compiling yoke-derive v0.8.2
[INFO] [stderr]    Compiling thiserror-impl v1.0.69
[INFO] [stderr]    Compiling crc32fast v1.5.1
[INFO] [stderr]     Checking bytemuck v1.25.2
[INFO] [stderr]     Checking tokio v1.53.1
[INFO] [stderr]     Checking rand_distr v0.4.3
[INFO] [stderr]    Compiling multiversion-macros v0.7.4
[INFO] [stderr]     Checking comfy-table v7.2.2
[INFO] [stderr]    Compiling polars-ops v0.38.3
[INFO] [stderr]     Checking simd-adler32 v0.3.10
[INFO] [stderr]    Compiling windows_x86_64_gnu v0.52.6
[INFO] [stderr]     Checking fallible-streaming-iterator v0.1.9
[INFO] [stderr]     Checking zerofrom v0.1.8
[INFO] [stderr]    Compiling snap v1.1.2
[INFO] [stderr]     Checking xxhash-rust v0.8.18
[INFO] [stderr]     Checking miniz_oxide v0.9.1
[INFO] [stderr]     Checking yoke v0.8.3
[INFO] [stderr]     Checking brotli-decompressor v2.5.1
[INFO] [stderr]     Checking zerovec v0.11.8
[INFO] [stderr]     Checking zerotrie v0.2.5
[INFO] [stderr]     Checking argminmax v0.6.3
[INFO] [stderr]     Checking futures-task v0.3.34
[INFO] [stderr]     Checking slab v0.4.12
[INFO] [stderr]     Checking futures-util v0.3.34
[INFO] [stderr]     Checking multiversion v0.7.4
[INFO] [stderr]     Checking ring v0.17.14
[INFO] [stderr]     Checking tinystr v0.8.4
[INFO] [stderr]     Checking potential_utf v0.1.6
[INFO] [stderr]     Checking icu_collections v2.3.0
[INFO] [stderr]     Checking icu_locale_core v2.3.0
[INFO] [stderr]     Checking brotli v3.5.0
[INFO] [stderr]     Checking flate2 v1.1.10
[INFO] [stderr]     Checking streaming-decompression v0.1.2
[INFO] [stderr]     Checking now v0.1.3
[INFO] [stderr]     Checking atoi v2.0.0
[INFO] [stderr]     Checking polars-arrow-format v0.1.0
[INFO] [stderr]    Compiling signal-hook v0.3.18
[INFO] [stderr]    Compiling seq-macro v0.3.6
[INFO] [stderr]     Checking icu_provider v2.3.1
[INFO] [stderr]     Checking parquet-format-safe v0.2.4
[INFO] [stderr]     Checking icu_properties v2.3.0
[INFO] [stderr]     Checking icu_normalizer v2.3.0
[INFO] [stderr]     Checking base64 v0.21.7
[INFO] [stderr]    Compiling strsim v0.11.1
[INFO] [stderr]    Compiling ident_case v1.0.1
[INFO] [stderr]    Compiling rustls v0.23.43
[INFO] [stderr]    Compiling darling_core v0.24.1
[INFO] [stderr]     Checking rustls-webpki v0.103.15
[INFO] [stderr]     Checking idna_adapter v1.2.2
[INFO] [stderr]     Checking windows-targets v0.52.6
[INFO] [stderr]     Checking futures-channel v0.3.34
[INFO] [stderr]     Checking memmap2 v0.7.1
[INFO] [stderr]     Checking tracing-core v0.1.36
[INFO] [stderr]    Compiling polars-plan v0.38.3
[INFO] [stderr]    Compiling rustix v0.38.44
[INFO] [stderr]    Compiling heck v0.4.1
[INFO] [stderr]     Checking home v0.5.12
[INFO] [stderr]     Checking tracing v0.1.44
[INFO] [stderr]    Compiling strum_macros v0.25.3
[INFO] [stderr]    Compiling libsqlite3-sys v0.30.1
[INFO] [stderr]     Checking windows-result v0.2.0
[INFO] [stderr]     Checking idna v1.1.0
[INFO] [stderr]     Checking polars-error v0.38.3
[INFO] [stderr]     Checking hyper v1.11.1
[INFO] [stderr]    Compiling polars-lazy v0.38.3
[INFO] [stderr]    Compiling instability v0.3.13
[INFO] [stderr]     Checking linux-raw-sys v0.4.15
[INFO] [stderr]    Compiling winapi v0.3.9
[INFO] [stderr]    Compiling paste v1.0.15
[INFO] [stderr]    Compiling serde_json v1.0.151
[INFO] [stderr]    Compiling strum_macros v0.26.4
[INFO] [stderr]     Checking hyper-util v0.1.20
[INFO] [stderr]     Checking tower v0.5.3
[INFO] [stderr]     Checking signal-hook-mio v0.2.5
[INFO] [stderr]     Checking url v2.5.8
[INFO] [stderr]     Checking windows-strings v0.1.0
[INFO] [stderr]     Checking webpki-roots v1.0.9
[INFO] [stderr]    Compiling windows-implement v0.58.0
[INFO] [stderr]    Compiling windows-interface v0.58.0
[INFO] [stderr]     Checking castaway v0.2.4
[INFO] [stderr]     Checking itertools v0.13.0
[INFO] [stderr]    Compiling darling_macro v0.24.1
[INFO] [stderr]    Compiling polars v0.38.3
[INFO] [stderr]     Checking tokio-rustls v0.26.4
[INFO] [stderr]    Compiling indoc v2.0.7
[INFO] [stderr]    Compiling darling v0.24.1
[INFO] [stderr]    Compiling ntapi v0.4.3
[INFO] [stderr]     Checking glob v0.3.4
[INFO] [stderr]     Checking unicode-width v0.1.14
[INFO] [stderr]     Checking windows-core v0.58.0
[INFO] [stderr]     Checking hyper-rustls v0.27.9
[INFO] [stderr]     Checking strum v0.26.3
[INFO] [stderr]     Checking compact_str v0.8.2
[INFO] [stderr]     Checking tower-http v0.6.11
[INFO] [stderr]     Checking lru v0.12.5
[INFO] [stderr]     Checking crossterm v0.28.1
[INFO] [stderr]     Checking serde_urlencoded v0.7.1
[INFO] [stderr]     Checking hashlink v0.9.1
[INFO] [stderr]     Checking cassowary v0.3.0
[INFO] [stderr]     Checking fallible-iterator v0.3.0
[INFO] [stderr]     Checking reqwest v0.12.28
[INFO] [stderr]     Checking windows v0.58.0
[INFO] [stderr]     Checking crossbeam-channel v0.5.16
[INFO] [stderr]     Checking unicode-truncate v1.1.0
[INFO] [stderr]     Checking ratatui v0.29.0
[INFO] [stderr]     Checking polars-row v0.38.3
[INFO] [stderr]     Checking rusqlite v0.32.1
[INFO] [stderr]     Checking polars-time v0.38.3
[INFO] [stderr]     Checking lz4 v1.28.1
[INFO] [stderr]     Checking polars-parquet v0.38.3
[INFO] [stderr]     Checking polars-io v0.38.3
[INFO] [stderr]     Checking memoryblast v0.1.0 (/opt/rustwide/workdir)
[INFO] [stdout] error[E0433]: cannot find `Win32` in `windows`
[INFO] [stdout]  --> src/chromium/cmdline.rs:2:14
[INFO] [stdout]   |
[INFO] [stdout] 2 | use windows::Win32::Foundation::{CloseHandle, HANDLE};
[INFO] [stdout]   |              ^^^^^ could not find `Win32` in `windows`
[INFO] [stdout] 
[INFO] [stdout] 
[INFO] [stdout] error[E0433]: cannot find `Win32` in `windows`
[INFO] [stdout]  --> src/chromium/cmdline.rs:3:14
[INFO] [stdout]   |
[INFO] [stdout] 3 | use windows::Win32::System::Threading::{
[INFO] [stdout]   |              ^^^^^ could not find `Win32` in `windows`
[INFO] [stdout] 
[INFO] [stdout] 
[INFO] [stdout] error[E0433]: cannot find `Win32` in `windows`
[INFO] [stdout]  --> src/chromium/focus.rs:3:14
[INFO] [stdout]   |
[INFO] [stdout] 3 | use windows::Win32::Foundation::{BOOL, HWND, LPARAM};
[INFO] [stdout]   |              ^^^^^ could not find `Win32` in `windows`
[INFO] [stdout] 
[INFO] [stdout] 
[INFO] [stdout] error[E0433]: cannot find `Win32` in `windows`
[INFO] [stdout]  --> src/chromium/focus.rs:4:14
[INFO] [stdout]   |
[INFO] [stdout] 4 | use windows::Win32::System::Com::{
[INFO] [stdout]   |              ^^^^^ could not find `Win32` in `windows`
[INFO] [stdout] 
[INFO] [stdout] 
[INFO] [stdout] error[E0433]: cannot find `Win32` in `windows`
[INFO] [stdout]  --> src/chromium/focus.rs:7:14
[INFO] [stdout]   |
[INFO] [stdout] 7 | use windows::Win32::System::Threading::GetCurrentThreadId;
[INFO] [stdout]   |              ^^^^^ could not find `Win32` in `windows`
[INFO] [stdout] 
[INFO] [stdout] 
[INFO] [stdout] error[E0433]: cannot find `Win32` in `windows`
[INFO] [stdout]  --> src/chromium/focus.rs:8:14
[INFO] [stdout]   |
[INFO] [stdout] 8 | use windows::Win32::UI::Accessibility::{
[INFO] [stdout]   |              ^^^^^ could not find `Win32` in `windows`
[INFO] [stdout] 
[INFO] [stdout] 
[INFO] [stdout] error[E0433]: cannot find `Win32` in `windows`
[INFO] [stdout]   --> src/chromium/focus.rs:13:14
[INFO] [stdout]    |
[INFO] [stdout] 13 | use windows::Win32::UI::WindowsAndMessaging::{
[INFO] [stdout]    |              ^^^^^ could not find `Win32` in `windows`
[INFO] [stdout] 
[INFO] [stdout] 
[INFO] [stdout] error[E0433]: cannot find `Win32` in `windows`
[INFO] [stdout]  --> src/chromium/tab_resolver.rs:4:14
[INFO] [stdout]   |
[INFO] [stdout] 4 | use windows::Win32::Foundation::{BOOL, HWND, LPARAM};
[INFO] [stdout]   |              ^^^^^ could not find `Win32` in `windows`
[INFO] [stdout] 
[INFO] [stdout] 
[INFO] [stdout] error[E0433]: cannot find `Win32` in `windows`
[INFO] [stdout]  --> src/chromium/tab_resolver.rs:5:14
[INFO] [stdout]   |
[INFO] [stdout] 5 | use windows::Win32::UI::WindowsAndMessaging::{
[INFO] [stdout]   |              ^^^^^ could not find `Win32` in `windows`
[INFO] [stdout] 
[INFO] [stdout] 
[INFO] [stdout] error[E0432]: unresolved import `windows::core`
[INFO] [stdout]  --> src/chromium/focus.rs:2:14
[INFO] [stdout]   |
[INFO] [stdout] 2 | use windows::core::VARIANT;
[INFO] [stdout]   |              ^^^^ could not find `core` in `windows`
[INFO] [stdout] 
[INFO] [stdout] 
[INFO] [stdout] error[E0433]: cannot find `Win32` in `windows`
[INFO] [stdout]  --> src/chromium/uia_tabs.rs:3:14
[INFO] [stdout]   |
[INFO] [stdout] 3 | use windows::Win32::Foundation::{BOOL, HWND, LPARAM};
[INFO] [stdout]   |              ^^^^^ could not find `Win32` in `windows`
[INFO] [stdout] 
[INFO] [stdout] 
[INFO] [stdout] error[E0433]: cannot find `Win32` in `windows`
[INFO] [stdout]  --> src/chromium/uia_tabs.rs:4:14
[INFO] [stdout]   |
[INFO] [stdout] 4 | use windows::Win32::System::Com::{
[INFO] [stdout]   |              ^^^^^ could not find `Win32` in `windows`
[INFO] [stdout] 
[INFO] [stdout] 
[INFO] [stdout] error[E0433]: cannot find `Win32` in `windows`
[INFO] [stdout]  --> src/chromium/uia_tabs.rs:7:14
[INFO] [stdout]   |
[INFO] [stdout] 7 | use windows::Win32::UI::Accessibility::{
[INFO] [stdout]   |              ^^^^^ could not find `Win32` in `windows`
[INFO] [stdout] 
[INFO] [stdout] 
[INFO] [stdout] error[E0433]: cannot find `Win32` in `windows`
[INFO] [stdout]   --> src/chromium/uia_tabs.rs:11:14
[INFO] [stdout]    |
[INFO] [stdout] 11 | use windows::Win32::UI::WindowsAndMessaging::{
[INFO] [stdout]    |              ^^^^^ could not find `Win32` in `windows`
[INFO] [stdout] 
[INFO] [stdout] 
[INFO] [stdout] error[E0433]: cannot find `Win32` in `windows`
[INFO] [stdout]   --> src/copilot/clipboard.rs:15:14
[INFO] [stdout]    |
[INFO] [stdout] 15 | use windows::Win32::Foundation::{BOOL, HANDLE, HWND};
[INFO] [stdout]    |              ^^^^^ could not find `Win32` in `windows`
[INFO] [stdout] 
[INFO] [stdout] 
[INFO] [stdout] error[E0433]: cannot find `Win32` in `windows`
[INFO] [stdout]   --> src/copilot/clipboard.rs:16:14
[INFO] [stdout]    |
[INFO] [stdout] 16 | use windows::Win32::UI::WindowsAndMessaging::MSG;
[INFO] [stdout]    |              ^^^^^ could not find `Win32` in `windows`
[INFO] [stdout] 
[INFO] [stdout] 
[INFO] [stdout] error[E0433]: cannot find `Win32` in `windows`
[INFO] [stdout]   --> src/copilot/stashing.rs:13:14
[INFO] [stdout]    |
[INFO] [stdout] 13 | use windows::Win32::Foundation::{BOOL, HWND};
[INFO] [stdout]    |              ^^^^^ could not find `Win32` in `windows`
[INFO] [stdout] 
[INFO] [stdout] 
[INFO] [stdout] error[E0433]: cannot find `Win32` in `windows`
[INFO] [stdout]   --> src/copilot/stashing.rs:14:14
[INFO] [stdout]    |
[INFO] [stdout] 14 | use windows::Win32::UI::WindowsAndMessaging::MSG;
[INFO] [stdout]    |              ^^^^^ could not find `Win32` in `windows`
[INFO] [stdout] 
[INFO] [stdout] 
[INFO] [stdout] error[E0433]: cannot find `Win32` in `windows`
[INFO] [stdout]   --> src/copilot/mod.rs:38:14
[INFO] [stdout]    |
[INFO] [stdout] 38 | use windows::Win32::UI::WindowsAndMessaging::GetForegroundWindow;
[INFO] [stdout]    |              ^^^^^ could not find `Win32` in `windows`
[INFO] [stdout] 
[INFO] [stdout] 
[INFO] [stdout] error[E0433]: cannot find `Win32` in `windows`
[INFO] [stdout]   --> src/copilot/mod.rs:39:14
[INFO] [stdout]    |
[INFO] [stdout] 39 | use windows::Win32::UI::WindowsAndMessaging::GetWindowThreadProcessId;
[INFO] [stdout]    |              ^^^^^ could not find `Win32` in `windows`
[INFO] [stdout] 
[INFO] [stdout] 
[INFO] [stdout] error[E0432]: unresolved import `windows::core`
[INFO] [stdout]  --> src/chromium/uia_tabs.rs:2:14
[INFO] [stdout]   |
[INFO] [stdout] 2 | use windows::core::VARIANT;
[INFO] [stdout]   |              ^^^^ could not find `core` in `windows`
[INFO] [stdout] 
[INFO] [stdout] 
[INFO] [stdout] error[E0433]: cannot find `Win32` in `windows`
[INFO] [stdout]   --> src/explorer/watcher.rs:13:14
[INFO] [stdout]    |
[INFO] [stdout] 13 | use windows::Win32::Foundation::{BOOL, HWND, LPARAM};
[INFO] [stdout]    |              ^^^^^ could not find `Win32` in `windows`
[INFO] [stdout] 
[INFO] [stdout] 
[INFO] [stdout] error[E0433]: cannot find `Win32` in `windows`
[INFO] [stdout]   --> src/explorer/watcher.rs:14:14
[INFO] [stdout]    |
[INFO] [stdout] 14 | use windows::Win32::System::Com::{
[INFO] [stdout]    |              ^^^^^ could not find `Win32` in `windows`
[INFO] [stdout] 
[INFO] [stdout] 
[INFO] [stdout] error[E0433]: cannot find `Win32` in `windows`
[INFO] [stdout]   --> src/explorer/watcher.rs:17:14
[INFO] [stdout]    |
[INFO] [stdout] 17 | use windows::Win32::UI::Accessibility::{
[INFO] [stdout]    |              ^^^^^ could not find `Win32` in `windows`
[INFO] [stdout] 
[INFO] [stdout] 
[INFO] [stdout] error[E0433]: cannot find `Win32` in `windows`
[INFO] [stdout]   --> src/explorer/watcher.rs:21:14
[INFO] [stdout]    |
[INFO] [stdout] 21 | use windows::Win32::UI::WindowsAndMessaging::{
[INFO] [stdout]    |              ^^^^^ could not find `Win32` in `windows`
[INFO] [stdout] 
[INFO] [stdout] 
[INFO] [stdout] error[E0432]: unresolved import `windows::core`
[INFO] [stdout]   --> src/explorer/watcher.rs:12:14
[INFO] [stdout]    |
[INFO] [stdout] 12 | use windows::core::VARIANT;
[INFO] [stdout]    |              ^^^^ could not find `core` in `windows`
[INFO] [stdout] 
[INFO] [stdout] 
[INFO] [stdout] error[E0433]: cannot find `Data` in `windows`
[INFO] [stdout]   --> src/notifications/toast.rs:14:14
[INFO] [stdout]    |
[INFO] [stdout] 14 | use windows::Data::Xml::Dom::XmlDocument;
[INFO] [stdout]    |              ^^^^ could not find `Data` in `windows`
[INFO] [stdout] 
[INFO] [stdout] 
[INFO] [stdout] error[E0433]: cannot find `UI` in `windows`
[INFO] [stdout]   --> src/notifications/toast.rs:15:14
[INFO] [stdout]    |
[INFO] [stdout] 15 | use windows::UI::Notifications::{ToastNotification, ToastNotificationManager};
[INFO] [stdout]    |              ^^ could not find `UI` in `windows`
[INFO] [stdout] 
[INFO] [stdout] 
[INFO] [stdout] error[E0433]: cannot find `Win32` in `windows`
[INFO] [stdout]   --> src/optimizer/mod.rs:10:14
[INFO] [stdout]    |
[INFO] [stdout] 10 | use windows::Win32::Foundation::CloseHandle;
[INFO] [stdout]    |              ^^^^^ could not find `Win32` in `windows`
[INFO] [stdout] 
[INFO] [stdout] 
[INFO] [stdout] error[E0433]: cannot find `Win32` in `windows`
[INFO] [stdout]   --> src/optimizer/mod.rs:11:14
[INFO] [stdout]    |
[INFO] [stdout] 11 | use windows::Win32::System::ProcessStatus::K32EmptyWorkingSet;
[INFO] [stdout]    |              ^^^^^ could not find `Win32` in `windows`
[INFO] [stdout] 
[INFO] [stdout] 
[INFO] [stdout] error[E0433]: cannot find `Win32` in `windows`
[INFO] [stdout]   --> src/optimizer/mod.rs:12:14
[INFO] [stdout]    |
[INFO] [stdout] 12 | use windows::Win32::System::Threading::{
[INFO] [stdout]    |              ^^^^^ could not find `Win32` in `windows`
[INFO] [stdout] 
[INFO] [stdout] 
[INFO] [stdout] error[E0433]: cannot find `Win32` in `windows`
[INFO] [stdout]  --> src/proc/scanner.rs:5:14
[INFO] [stdout]   |
[INFO] [stdout] 5 | use windows::Win32::Foundation::{CloseHandle, FILETIME};
[INFO] [stdout]   |              ^^^^^ could not find `Win32` in `windows`
[INFO] [stdout] 
[INFO] [stdout] 
[INFO] [stdout] error[E0433]: cannot find `Win32` in `windows`
[INFO] [stdout]  --> src/proc/scanner.rs:6:14
[INFO] [stdout]   |
[INFO] [stdout] 6 | use windows::Win32::System::Diagnostics::ToolHelp::{
[INFO] [stdout]   |              ^^^^^ could not find `Win32` in `windows`
[INFO] [stdout] 
[INFO] [stdout] 
[INFO] [stdout] error[E0433]: cannot find `Win32` in `windows`
[INFO] [stdout]  --> src/proc/scanner.rs:9:14
[INFO] [stdout]   |
[INFO] [stdout] 9 | use windows::Win32::System::ProcessStatus::{
[INFO] [stdout]   |              ^^^^^ could not find `Win32` in `windows`
[INFO] [stdout] 
[INFO] [stdout] 
[INFO] [stdout] error[E0433]: cannot find `Win32` in `windows`
[INFO] [stdout]   --> src/proc/scanner.rs:12:14
[INFO] [stdout]    |
[INFO] [stdout] 12 | use windows::Win32::System::SystemInformation::{GetSystemInfo, SYSTEM_INFO};
[INFO] [stdout]    |              ^^^^^ could not find `Win32` in `windows`
[INFO] [stdout] 
[INFO] [stdout] 
[INFO] [stdout] error[E0433]: cannot find `Win32` in `windows`
[INFO] [stdout]   --> src/proc/scanner.rs:13:14
[INFO] [stdout]    |
[INFO] [stdout] 13 | use windows::Win32::System::Threading::{
[INFO] [stdout]    |              ^^^^^ could not find `Win32` in `windows`
[INFO] [stdout] 
[INFO] [stdout] 
[INFO] [stdout] error[E0433]: cannot find `Win32` in `windows`
[INFO] [stdout]  --> src/sys/memory.rs:3:14
[INFO] [stdout]   |
[INFO] [stdout] 3 | use windows::Win32::Foundation::{CloseHandle, HANDLE};
[INFO] [stdout]   |              ^^^^^ could not find `Win32` in `windows`
[INFO] [stdout] 
[INFO] [stdout] 
[INFO] [stdout] error[E0433]: cannot find `Win32` in `windows`
[INFO] [stdout]  --> src/sys/memory.rs:4:14
[INFO] [stdout]   |
[INFO] [stdout] 4 | use windows::Win32::Security::{
[INFO] [stdout]   |              ^^^^^ could not find `Win32` in `windows`
[INFO] [stdout] 
[INFO] [stdout] 
[INFO] [stdout] error[E0433]: cannot find `Win32` in `windows`
[INFO] [stdout]  --> src/sys/memory.rs:7:14
[INFO] [stdout]   |
[INFO] [stdout] 7 | use windows::Win32::System::SystemInformation::{
[INFO] [stdout]   |              ^^^^^ could not find `Win32` in `windows`
[INFO] [stdout] 
[INFO] [stdout] 
[INFO] [stdout] error[E0433]: cannot find `Win32` in `windows`
[INFO] [stdout]   --> src/sys/memory.rs:10:14
[INFO] [stdout]    |
[INFO] [stdout] 10 | use windows::Win32::System::Threading::{GetCurrentProcess, OpenProcessToken};
[INFO] [stdout]    |              ^^^^^ could not find `Win32` in `windows`
[INFO] [stdout] 
[INFO] [stdout] 
[INFO] [stdout] error[E0432]: unresolved import `windows::core`
[INFO] [stdout]   --> src/notifications/toast.rs:13:14
[INFO] [stdout]    |
[INFO] [stdout] 13 | use windows::core::HSTRING;
[INFO] [stdout]    |              ^^^^ could not find `core` in `windows`
[INFO] [stdout] 
[INFO] [stdout] 
[INFO] [stdout] error[E0433]: cannot find `Win32` in `windows`
[INFO] [stdout]  --> src/chromium/cmdline.rs:2:14
[INFO] [stdout]   |
[INFO] [stdout] 2 | use windows::Win32::Foundation::{CloseHandle, HANDLE};
[INFO] [stdout]   |              ^^^^^ could not find `Win32` in `windows`
[INFO] [stdout] 
[INFO] [stdout] 
[INFO] [stdout] error[E0433]: cannot find `Win32` in `windows`
[INFO] [stdout]  --> src/chromium/cmdline.rs:3:14
[INFO] [stdout]   |
[INFO] [stdout] 3 | use windows::Win32::System::Threading::{
[INFO] [stdout]   |              ^^^^^ could not find `Win32` in `windows`
[INFO] [stdout] 
[INFO] [stdout] 
[INFO] [stdout] error[E0433]: cannot find `Win32` in `windows`
[INFO] [stdout]  --> src/chromium/focus.rs:3:14
[INFO] [stdout]   |
[INFO] [stdout] 3 | use windows::Win32::Foundation::{BOOL, HWND, LPARAM};
[INFO] [stdout]   |              ^^^^^ could not find `Win32` in `windows`
[INFO] [stdout] 
[INFO] [stdout] 
[INFO] [stdout] error[E0433]: cannot find `Win32` in `windows`
[INFO] [stdout]  --> src/chromium/focus.rs:4:14
[INFO] [stdout]   |
[INFO] [stdout] 4 | use windows::Win32::System::Com::{
[INFO] [stdout]   |              ^^^^^ could not find `Win32` in `windows`
[INFO] [stdout] 
[INFO] [stdout] 
[INFO] [stdout] error[E0433]: cannot find `Win32` in `windows`
[INFO] [stdout]  --> src/chromium/focus.rs:7:14
[INFO] [stdout]   |
[INFO] [stdout] 7 | use windows::Win32::System::Threading::GetCurrentThreadId;
[INFO] [stdout]   |              ^^^^^ could not find `Win32` in `windows`
[INFO] [stdout] 
[INFO] [stdout] 
[INFO] [stdout] error[E0433]: cannot find `Win32` in `windows`
[INFO] [stdout]  --> src/chromium/focus.rs:8:14
[INFO] [stdout]   |
[INFO] [stdout] 8 | use windows::Win32::UI::Accessibility::{
[INFO] [stdout]   |              ^^^^^ could not find `Win32` in `windows`
[INFO] [stdout] 
[INFO] [stdout] 
[INFO] [stdout] error[E0433]: cannot find `Win32` in `windows`
[INFO] [stdout]   --> src/chromium/focus.rs:13:14
[INFO] [stdout]    |
[INFO] [stdout] 13 | use windows::Win32::UI::WindowsAndMessaging::{
[INFO] [stdout]    |              ^^^^^ could not find `Win32` in `windows`
[INFO] [stdout] 
[INFO] [stdout] 
[INFO] [stdout] error[E0433]: cannot find `Win32` in `windows`
[INFO] [stdout]  --> src/chromium/tab_resolver.rs:4:14
[INFO] [stdout]   |
[INFO] [stdout] 4 | use windows::Win32::Foundation::{BOOL, HWND, LPARAM};
[INFO] [stdout]   |              ^^^^^ could not find `Win32` in `windows`
[INFO] [stdout] 
[INFO] [stdout] 
[INFO] [stdout] error[E0433]: cannot find `Win32` in `windows`
[INFO] [stdout]  --> src/chromium/tab_resolver.rs:5:14
[INFO] [stdout]   |
[INFO] [stdout] 5 | use windows::Win32::UI::WindowsAndMessaging::{
[INFO] [stdout]   |              ^^^^^ could not find `Win32` in `windows`
[INFO] [stdout] 
[INFO] [stdout] 
[INFO] [stdout] error[E0432]: unresolved import `windows::core`
[INFO] [stdout]  --> src/chromium/focus.rs:2:14
[INFO] [stdout]   |
[INFO] [stdout] 2 | use windows::core::VARIANT;
[INFO] [stdout]   |              ^^^^ could not find `core` in `windows`
[INFO] [stdout] 
[INFO] [stdout] 
[INFO] [stdout] error[E0433]: cannot find `Win32` in `windows`
[INFO] [stdout]  --> src/chromium/uia_tabs.rs:3:14
[INFO] [stdout]   |
[INFO] [stdout] 3 | use windows::Win32::Foundation::{BOOL, HWND, LPARAM};
[INFO] [stdout]   |              ^^^^^ could not find `Win32` in `windows`
[INFO] [stdout] 
[INFO] [stdout] 
[INFO] [stdout] error[E0433]: cannot find `Win32` in `windows`
[INFO] [stdout]  --> src/chromium/uia_tabs.rs:4:14
[INFO] [stdout]   |
[INFO] [stdout] 4 | use windows::Win32::System::Com::{
[INFO] [stdout]   |              ^^^^^ could not find `Win32` in `windows`
[INFO] [stdout] 
[INFO] [stdout] 
[INFO] [stdout] error[E0433]: cannot find `Win32` in `windows`
[INFO] [stdout]  --> src/chromium/uia_tabs.rs:7:14
[INFO] [stdout]   |
[INFO] [stdout] 7 | use windows::Win32::UI::Accessibility::{
[INFO] [stdout]   |              ^^^^^ could not find `Win32` in `windows`
[INFO] [stdout] 
[INFO] [stdout] 
[INFO] [stdout] error[E0433]: cannot find `Win32` in `windows`
[INFO] [stdout]   --> src/chromium/uia_tabs.rs:11:14
[INFO] [stdout]    |
[INFO] [stdout] 11 | use windows::Win32::UI::WindowsAndMessaging::{
[INFO] [stdout]    |              ^^^^^ could not find `Win32` in `windows`
[INFO] [stdout] 
[INFO] [stdout] 
[INFO] [stdout] error[E0433]: cannot find `Win32` in `windows`
[INFO] [stdout]   --> src/copilot/clipboard.rs:15:14
[INFO] [stdout]    |
[INFO] [stdout] 15 | use windows::Win32::Foundation::{BOOL, HANDLE, HWND};
[INFO] [stdout]    |              ^^^^^ could not find `Win32` in `windows`
[INFO] [stdout] 
[INFO] [stdout] 
[INFO] [stdout] error[E0433]: cannot find `Win32` in `windows`
[INFO] [stdout]   --> src/copilot/clipboard.rs:16:14
[INFO] [stdout]    |
[INFO] [stdout] 16 | use windows::Win32::UI::WindowsAndMessaging::MSG;
[INFO] [stdout]    |              ^^^^^ could not find `Win32` in `windows`
[INFO] [stdout] 
[INFO] [stdout] 
[INFO] [stdout] error[E0433]: cannot find `Win32` in `windows`
[INFO] [stdout]   --> src/copilot/stashing.rs:13:14
[INFO] [stdout]    |
[INFO] [stdout] 13 | use windows::Win32::Foundation::{BOOL, HWND};
[INFO] [stdout]    |              ^^^^^ could not find `Win32` in `windows`
[INFO] [stdout] 
[INFO] [stdout] 
[INFO] [stdout] error[E0433]: cannot find `Win32` in `windows`
[INFO] [stdout]   --> src/copilot/stashing.rs:14:14
[INFO] [stdout]    |
[INFO] [stdout] 14 | use windows::Win32::UI::WindowsAndMessaging::MSG;
[INFO] [stdout]    |              ^^^^^ could not find `Win32` in `windows`
[INFO] [stdout] 
[INFO] [stdout] 
[INFO] [stdout] error[E0433]: cannot find `Win32` in `windows`
[INFO] [stdout]   --> src/copilot/mod.rs:38:14
[INFO] [stdout]    |
[INFO] [stdout] 38 | use windows::Win32::UI::WindowsAndMessaging::GetForegroundWindow;
[INFO] [stdout]    |              ^^^^^ could not find `Win32` in `windows`
[INFO] [stdout] 
[INFO] [stdout] 
[INFO] [stdout] error[E0433]: cannot find `Win32` in `windows`
[INFO] [stdout]   --> src/copilot/mod.rs:39:14
[INFO] [stdout]    |
[INFO] [stdout] 39 | use windows::Win32::UI::WindowsAndMessaging::GetWindowThreadProcessId;
[INFO] [stdout]    |              ^^^^^ could not find `Win32` in `windows`
[INFO] [stdout] 
[INFO] [stdout] 
[INFO] [stdout] error[E0432]: unresolved import `windows::core`
[INFO] [stdout]  --> src/chromium/uia_tabs.rs:2:14
[INFO] [stdout]   |
[INFO] [stdout] 2 | use windows::core::VARIANT;
[INFO] [stdout]   |              ^^^^ could not find `core` in `windows`
[INFO] [stdout] 
[INFO] [stdout] 
[INFO] [stdout] error[E0433]: cannot find `Win32` in `windows`
[INFO] [stdout]   --> src/explorer/watcher.rs:13:14
[INFO] [stdout]    |
[INFO] [stdout] 13 | use windows::Win32::Foundation::{BOOL, HWND, LPARAM};
[INFO] [stdout]    |              ^^^^^ could not find `Win32` in `windows`
[INFO] [stdout] 
[INFO] [stdout] 
[INFO] [stdout] error[E0433]: cannot find `Win32` in `windows`
[INFO] [stdout]   --> src/explorer/watcher.rs:14:14
[INFO] [stdout]    |
[INFO] [stdout] 14 | use windows::Win32::System::Com::{
[INFO] [stdout]    |              ^^^^^ could not find `Win32` in `windows`
[INFO] [stdout] 
[INFO] [stdout] 
[INFO] [stdout] error[E0433]: cannot find `Win32` in `windows`
[INFO] [stdout]   --> src/explorer/watcher.rs:17:14
[INFO] [stdout]    |
[INFO] [stdout] 17 | use windows::Win32::UI::Accessibility::{
[INFO] [stdout]    |              ^^^^^ could not find `Win32` in `windows`
[INFO] [stdout] 
[INFO] [stdout] 
[INFO] [stdout] error[E0433]: cannot find `Win32` in `windows`
[INFO] [stdout]   --> src/explorer/watcher.rs:21:14
[INFO] [stdout]    |
[INFO] [stdout] 21 | use windows::Win32::UI::WindowsAndMessaging::{
[INFO] [stdout]    |              ^^^^^ could not find `Win32` in `windows`
[INFO] [stdout] 
[INFO] [stdout] 
[INFO] [stdout] error[E0432]: unresolved import `windows::core`
[INFO] [stdout]   --> src/explorer/watcher.rs:12:14
[INFO] [stdout]    |
[INFO] [stdout] 12 | use windows::core::VARIANT;
[INFO] [stdout]    |              ^^^^ could not find `core` in `windows`
[INFO] [stdout] 
[INFO] [stdout] 
[INFO] [stdout] error[E0433]: cannot find `Data` in `windows`
[INFO] [stdout]   --> src/notifications/toast.rs:14:14
[INFO] [stdout]    |
[INFO] [stdout] 14 | use windows::Data::Xml::Dom::XmlDocument;
[INFO] [stdout]    |              ^^^^ could not find `Data` in `windows`
[INFO] [stdout] 
[INFO] [stdout] 
[INFO] [stdout] error[E0433]: cannot find `UI` in `windows`
[INFO] [stdout]   --> src/notifications/toast.rs:15:14
[INFO] [stdout]    |
[INFO] [stdout] 15 | use windows::UI::Notifications::{ToastNotification, ToastNotificationManager};
[INFO] [stdout]    |              ^^ could not find `UI` in `windows`
[INFO] [stdout] 
[INFO] [stdout] 
[INFO] [stdout] error[E0433]: cannot find `Win32` in `windows`
[INFO] [stdout]   --> src/optimizer/mod.rs:10:14
[INFO] [stdout]    |
[INFO] [stdout] 10 | use windows::Win32::Foundation::CloseHandle;
[INFO] [stdout]    |              ^^^^^ could not find `Win32` in `windows`
[INFO] [stdout] 
[INFO] [stdout] 
[INFO] [stdout] error[E0433]: cannot find `Win32` in `windows`
[INFO] [stdout]   --> src/optimizer/mod.rs:11:14
[INFO] [stdout]    |
[INFO] [stdout] 11 | use windows::Win32::System::ProcessStatus::K32EmptyWorkingSet;
[INFO] [stdout]    |              ^^^^^ could not find `Win32` in `windows`
[INFO] [stdout] 
[INFO] [stdout] 
[INFO] [stdout] error[E0433]: cannot find `Win32` in `windows`
[INFO] [stdout]   --> src/optimizer/mod.rs:12:14
[INFO] [stdout]    |
[INFO] [stdout] 12 | use windows::Win32::System::Threading::{
[INFO] [stdout]    |              ^^^^^ could not find `Win32` in `windows`
[INFO] [stdout] 
[INFO] [stdout] 
[INFO] [stdout] error[E0433]: cannot find `Win32` in `windows`
[INFO] [stdout]  --> src/proc/scanner.rs:5:14
[INFO] [stdout]   |
[INFO] [stdout] 5 | use windows::Win32::Foundation::{CloseHandle, FILETIME};
[INFO] [stdout]   |              ^^^^^ could not find `Win32` in `windows`
[INFO] [stdout] 
[INFO] [stdout] 
[INFO] [stdout] error[E0433]: cannot find `Win32` in `windows`
[INFO] [stdout]  --> src/proc/scanner.rs:6:14
[INFO] [stdout]   |
[INFO] [stdout] 6 | use windows::Win32::System::Diagnostics::ToolHelp::{
[INFO] [stdout]   |              ^^^^^ could not find `Win32` in `windows`
[INFO] [stdout] 
[INFO] [stdout] 
[INFO] [stdout] error[E0433]: cannot find `Win32` in `windows`
[INFO] [stdout]  --> src/proc/scanner.rs:9:14
[INFO] [stdout]   |
[INFO] [stdout] 9 | use windows::Win32::System::ProcessStatus::{
[INFO] [stdout]   |              ^^^^^ could not find `Win32` in `windows`
[INFO] [stdout] 
[INFO] [stdout] 
[INFO] [stdout] error[E0433]: cannot find `Win32` in `windows`
[INFO] [stdout]   --> src/proc/scanner.rs:12:14
[INFO] [stdout]    |
[INFO] [stdout] 12 | use windows::Win32::System::SystemInformation::{GetSystemInfo, SYSTEM_INFO};
[INFO] [stdout]    |              ^^^^^ could not find `Win32` in `windows`
[INFO] [stdout] 
[INFO] [stdout] 
[INFO] [stdout] error[E0433]: cannot find `Win32` in `windows`
[INFO] [stdout]   --> src/proc/scanner.rs:13:14
[INFO] [stdout]    |
[INFO] [stdout] 13 | use windows::Win32::System::Threading::{
[INFO] [stdout]    |              ^^^^^ could not find `Win32` in `windows`
[INFO] [stdout] 
[INFO] [stdout] 
[INFO] [stdout] error[E0433]: cannot find `Win32` in `windows`
[INFO] [stdout]  --> src/sys/memory.rs:3:14
[INFO] [stdout]   |
[INFO] [stdout] 3 | use windows::Win32::Foundation::{CloseHandle, HANDLE};
[INFO] [stdout]   |              ^^^^^ could not find `Win32` in `windows`
[INFO] [stdout] 
[INFO] [stdout] 
[INFO] [stdout] error[E0433]: cannot find `Win32` in `windows`
[INFO] [stdout]  --> src/sys/memory.rs:4:14
[INFO] [stdout]   |
[INFO] [stdout] 4 | use windows::Win32::Security::{
[INFO] [stdout]   |              ^^^^^ could not find `Win32` in `windows`
[INFO] [stdout] 
[INFO] [stdout] 
[INFO] [stdout] error[E0433]: cannot find `Win32` in `windows`
[INFO] [stdout]  --> src/sys/memory.rs:7:14
[INFO] [stdout]   |
[INFO] [stdout] 7 | use windows::Win32::System::SystemInformation::{
[INFO] [stdout]   |              ^^^^^ could not find `Win32` in `windows`
[INFO] [stdout] 
[INFO] [stdout] 
[INFO] [stdout] error[E0433]: cannot find `Win32` in `windows`
[INFO] [stdout]   --> src/sys/memory.rs:10:14
[INFO] [stdout]    |
[INFO] [stdout] 10 | use windows::Win32::System::Threading::{GetCurrentProcess, OpenProcessToken};
[INFO] [stdout]    |              ^^^^^ could not find `Win32` in `windows`
[INFO] [stdout] 
[INFO] [stdout] 
[INFO] [stdout] error[E0432]: unresolved import `windows::core`
[INFO] [stdout]   --> src/notifications/toast.rs:13:14
[INFO] [stdout]    |
[INFO] [stdout] 13 | use windows::core::HSTRING;
[INFO] [stdout]    |              ^^^^ could not find `core` in `windows`
[INFO] [stdout] 
[INFO] [stdout] 
[INFO] [stdout] warning: unused import: `std::thread`
[INFO] [stdout]    --> src/copilot/flow_mode.rs:193:9
[INFO] [stdout]     |
[INFO] [stdout] 193 |     use std::thread;
[INFO] [stdout]     |         ^^^^^^^^^^^
[INFO] [stdout]     |
[INFO] [stdout]     = note: `#[warn(unused_imports)]` (part of `#[warn(unused)]`) on by default
[INFO] [stdout] 
[INFO] [stdout] 
[INFO] [stdout] error[E0277]: the size for values of type `str` cannot be known at compilation time
[INFO] [stdout]    --> src/proc/scanner.rs:135:25
[INFO] [stdout]     |
[INFO] [stdout] 135 |         for (pid, ppid, name) in entries {
[INFO] [stdout]     |                         ^^^^ doesn't have a size known at compile-time
[INFO] [stdout]     |
[INFO] [stdout]     = help: the trait `Sized` is not implemented for `str`
[INFO] [stdout]     = note: all local variables must have a statically known size
[INFO] [stdout] 
[INFO] [stdout] 
[INFO] [stdout] error[E0308]: mismatched types
[INFO] [stdout]    --> src/proc/scanner.rs:193:17
[INFO] [stdout]     |
[INFO] [stdout] 193 |                 name,
[INFO] [stdout]     |                 ^^^^ expected `String`, found `str`
[INFO] [stdout]     |
[INFO] [stdout] help: try using a conversion method
[INFO] [stdout]     |
[INFO] [stdout] 193 |                 name: name.to_string(),
[INFO] [stdout]     |                 +++++     ++++++++++++
[INFO] [stdout] 
[INFO] [stdout] 
[INFO] [stdout] error[E0277]: the size for values of type `str` cannot be known at compilation time
[INFO] [stdout]    --> src/proc/scanner.rs:135:25
[INFO] [stdout]     |
[INFO] [stdout] 135 |         for (pid, ppid, name) in entries {
[INFO] [stdout]     |                         ^^^^ doesn't have a size known at compile-time
[INFO] [stdout]     |
[INFO] [stdout]     = help: the trait `Sized` is not implemented for `str`
[INFO] [stdout]     = note: all local variables must have a statically known size
[INFO] [stdout] 
[INFO] [stdout] 
[INFO] [stdout] error[E0308]: mismatched types
[INFO] [stdout]    --> src/proc/scanner.rs:193:17
[INFO] [stdout]     |
[INFO] [stdout] 193 |                 name,
[INFO] [stdout]     |                 ^^^^ expected `String`, found `str`
[INFO] [stdout]     |
[INFO] [stdout] help: try using a conversion method
[INFO] [stdout]     |
[INFO] [stdout] 193 |                 name: name.to_string(),
[INFO] [stdout]     |                 +++++     ++++++++++++
[INFO] [stdout] 
[INFO] [stdout] 
[INFO] [stdout] Some errors have detailed explanations: E0277, E0308, E0432, E0433.
[INFO] [stdout] 
[INFO] [stdout] For more information about an error, try `rustc --explain E0277`.
[INFO] [stdout] 
[INFO] [stderr] error: could not compile `memoryblast` (bin "memoryblast" test) due to 43 previous errors; 1 warning emitted
[INFO] [stderr] warning: build failed, waiting for other jobs to finish...
[INFO] [stdout] Some errors have detailed explanations: E0277, E0308, E0432, E0433.
[INFO] [stdout] 
[INFO] [stdout] For more information about an error, try `rustc --explain E0277`.
[INFO] [stdout] 
[INFO] [stderr] error: could not compile `memoryblast` (bin "memoryblast") due to 43 previous errors
[INFO] [stderr] warning: unused dependency `ntapi`
[INFO] [stderr]  --> Cargo.toml:3:1
[INFO] [stderr]   |
[INFO] [stderr] 3 | ntapi = "0.4"
[INFO] [stderr]   | ^^^^^^^^^^^^^
[INFO] [stderr]   |
[INFO] [stderr]   = note: `cargo::unused_dependencies` is set to `warn` by default
[INFO] [stderr] help: consider removing the dependency on `ntapi`
[INFO] [stderr] warning: `memoryblast` (manifest) generated 1 warning
[INFO] running `Command { std: "docker" "inspect" "f15fcf92237a47f1ae9d4ac0720d7746f22f4206a40fd3004476a36596676f33", kill_on_drop: false }`
[INFO] running `Command { std: "docker" "rm" "-f" "f15fcf92237a47f1ae9d4ac0720d7746f22f4206a40fd3004476a36596676f33", kill_on_drop: false }`
[INFO] [stdout] f15fcf92237a47f1ae9d4ac0720d7746f22f4206a40fd3004476a36596676f33
