[INFO] cloning repository https://github.com/tiofani03/atlas
[INFO] running `Command { std: "git" "-c" "credential.helper=" "-c" "credential.helper=/workspace/cargo-home/bin/git-credential-null" "clone" "--bare" "https://github.com/tiofani03/atlas" "/workspace/cache/git-repos/https%3A%2F%2Fgithub.com%2Ftiofani03%2Fatlas", kill_on_drop: false }`
[INFO] [stderr] Cloning into bare repository '/workspace/cache/git-repos/https%3A%2F%2Fgithub.com%2Ftiofani03%2Fatlas'...
[INFO] running `Command { std: "git" "rev-parse" "HEAD", kill_on_drop: false }`
[INFO] [stdout] b287b7718d06962a3ada2e767e35acf05876e46b
[INFO] checking tiofani03/atlas against 3154cc1a3e6424e44f438a95007d043ed5ceaaf6 for pr-133502-30
[INFO] running `Command { std: "git" "clone" "/workspace/cache/git-repos/https%3A%2F%2Fgithub.com%2Ftiofani03%2Fatlas" "/workspace/builds/worker-3-tc2/source", kill_on_drop: false }`
[INFO] [stderr] Cloning into '/workspace/builds/worker-3-tc2/source'...
[INFO] [stderr] done.
[INFO] started tweaking git repo https://github.com/tiofani03/atlas
[INFO] finished tweaking git repo https://github.com/tiofani03/atlas
[INFO] tweaked toml for git repo https://github.com/tiofani03/atlas written to /workspace/builds/worker-3-tc2/source/Cargo.toml
[INFO] validating manifest of git repo https://github.com/tiofani03/atlas on toolchain 3154cc1a3e6424e44f438a95007d043ed5ceaaf6
[INFO] running `Command { std: CARGO_HOME="/workspace/cargo-home" RUSTUP_HOME="/workspace/rustup-home" "/workspace/cargo-home/bin/cargo" "+3154cc1a3e6424e44f438a95007d043ed5ceaaf6" "metadata" "--manifest-path" "Cargo.toml" "--no-deps", kill_on_drop: false }`
[INFO] crate git repo https://github.com/tiofani03/atlas already has a lockfile, it will not be regenerated
[INFO] running `Command { std: CARGO_HOME="/workspace/cargo-home" RUSTUP_HOME="/workspace/rustup-home" "/workspace/cargo-home/bin/cargo" "+3154cc1a3e6424e44f438a95007d043ed5ceaaf6" "fetch" "--manifest-path" "Cargo.toml", kill_on_drop: false }`
[INFO] running `Command { std: "docker" "create" "-v" "/var/lib/crater-agent-workspace/builds/worker-3-tc2/source:/opt/rustwide/workdir:ro,Z" "-v" "/var/lib/crater-agent-workspace/builds/worker-3-tc2/target:/opt/rustwide/target:rw,Z" "-v" "/var/lib/crater-agent-workspace/cargo-home:/opt/rustwide/cargo-home:ro,Z" "-v" "/var/lib/crater-agent-workspace/rustup-home:/opt/rustwide/rustup-home:ro,Z" "-m" "1610612736" "--network" "none" "ghcr.io/rust-lang/crates-build-env/linux@sha256:77db811e55d90add9212f6832c23229e3de5f1c1f9905e8cb07319ea15df73ac" "sleep" "infinity", kill_on_drop: false }`
[INFO] [stdout] 85cb8649182627a5507461b4ca9406e8402a33502287b89f27e5f61213ab4806
[INFO] running `Command { std: "docker" "start" "85cb8649182627a5507461b4ca9406e8402a33502287b89f27e5f61213ab4806", kill_on_drop: false }`
[INFO] running `Command { std: "docker" "inspect" "85cb8649182627a5507461b4ca9406e8402a33502287b89f27e5f61213ab4806", kill_on_drop: false }`
[INFO] running `Command { std: "docker" "exec" "-e" "SOURCE_DIR=/opt/rustwide/workdir" "-e" "CARGO_HOME=/opt/rustwide/cargo-home" "-e" "RUSTUP_HOME=/opt/rustwide/rustup-home" "-e" "CARGO_TARGET_DIR=/opt/rustwide/target" "-w" "/opt/rustwide/workdir" "--user" "0:0" "85cb8649182627a5507461b4ca9406e8402a33502287b89f27e5f61213ab4806" "/opt/rustwide/cargo-home/bin/cargo" "+3154cc1a3e6424e44f438a95007d043ed5ceaaf6" "metadata" "--no-deps" "--format-version=1", kill_on_drop: false }`
[INFO] running `Command { std: "docker" "inspect" "85cb8649182627a5507461b4ca9406e8402a33502287b89f27e5f61213ab4806", kill_on_drop: false }`
[INFO] running `Command { std: "docker" "exec" "-e" "SOURCE_DIR=/opt/rustwide/workdir" "-e" "CARGO_HOME=/opt/rustwide/cargo-home" "-e" "RUSTUP_HOME=/opt/rustwide/rustup-home" "-e" "CARGO_TARGET_DIR=/opt/rustwide/target" "-e" "CARGO_INCREMENTAL=0" "-e" "RUST_BACKTRACE=full" "-e" "RUSTFLAGS=--cap-lints=forbid" "-e" "RUSTDOCFLAGS=--cap-lints=forbid" "-w" "/opt/rustwide/workdir" "--user" "0:0" "85cb8649182627a5507461b4ca9406e8402a33502287b89f27e5f61213ab4806" "/opt/rustwide/cargo-home/bin/cargo" "+3154cc1a3e6424e44f438a95007d043ed5ceaaf6" "check" "--frozen" "--all" "--all-targets" "--message-format=json", kill_on_drop: false }`
[INFO] [stderr]     Checking serde v1.0.229
[INFO] [stderr]     Checking futures-util v0.3.33
[INFO] [stderr]     Checking ring v0.17.14
[INFO] [stderr]     Checking aho-corasick v1.1.3
[INFO] [stderr]     Checking h2 v0.4.15
[INFO] [stderr]     Checking serde_json v1.0.151
[INFO] [stderr]    Compiling rustls v0.23.43
[INFO] [stderr]    Compiling libsqlite3-sys v0.28.0
[INFO] [stderr]     Checking block-buffer v0.10.4
[INFO] [stderr]     Checking hashbrown v0.14.5
[INFO] [stderr]    Compiling num-traits v0.2.19
[INFO] [stderr]    Compiling pulldown-cmark v0.11.3
[INFO] [stderr]     Checking getopts v0.2.24
[INFO] [stderr]    Compiling thiserror-impl v1.0.69
[INFO] [stderr]     Checking pulldown-cmark-escape v0.11.0
[INFO] [stderr]     Checking fallible-iterator v0.3.0
[INFO] [stderr]     Checking deadpool v0.12.3
[INFO] [stderr]     Checking digest v0.10.7
[INFO] [stderr]    Compiling hybrid-array v0.4.15
[INFO] [stderr]    Compiling mime_guess v2.0.5
[INFO] [stderr]     Checking sha2 v0.10.9
[INFO] [stderr]    Compiling const-oid v0.10.2
[INFO] [stderr]    Compiling option-ext v0.2.0
[INFO] [stderr]    Compiling dirs-sys v0.5.0
[INFO] [stderr]     Checking digest v0.11.3
[INFO] [stderr]    Compiling dirs v6.0.0
[INFO] [stderr]    Compiling mime v0.3.17
[INFO] [stderr]    Compiling shellexpand v3.1.2
[INFO] [stderr]     Checking sha2 v0.11.0
[INFO] [stderr]     Checking serde_urlencoded v0.7.1
[INFO] [stderr]     Checking toml_datetime v0.6.11
[INFO] [stderr]     Checking serde_spanned v0.6.9
[INFO] [stderr]     Checking serde_yaml v0.9.34+deprecated
[INFO] [stderr]     Checking toml_edit v0.22.27
[INFO] [stderr]     Checking assert-json-diff v2.0.2
[INFO] [stderr]     Checking hashlink v0.9.1
[INFO] [stderr]     Checking chrono v0.4.45
[INFO] [stderr]     Checking serde_path_to_error v0.1.20
[INFO] [stderr]     Checking regex-automata v0.4.10
[INFO] [stderr]    Compiling atlas-desktop-backend v0.1.0 (/opt/rustwide/workdir/atlas-desktop/backend)
[INFO] [stderr]     Checking clap_builder v4.6.2
[INFO] [stderr]    Compiling crypto-common v0.2.2
[INFO] [stderr]    Compiling block-buffer v0.12.1
[INFO] [stderr]    Compiling clap_derive v4.6.4
[INFO] [stderr]     Checking thiserror v1.0.69
[INFO] [stderr]     Checking rust-embed-utils v8.12.0
[INFO] [stderr]     Checking rustls-webpki v0.103.13
[INFO] [stderr]     Checking toml v0.8.23
[INFO] [stderr]     Checking matchers v0.2.0
[INFO] [stderr]     Checking regex v1.11.2
[INFO] [stderr]     Checking tracing-subscriber v0.3.23
[INFO] [stderr]    Compiling rust-embed-impl v8.12.0
[INFO] [stderr]     Checking clap v4.6.4
[INFO] [stderr]     Checking hyper v1.11.0
[INFO] [stderr]     Checking rust-embed v8.12.0
[INFO] [stderr]     Checking tower v0.5.3
[INFO] [stderr]     Checking futures-executor v0.3.33
[INFO] [stderr]     Checking axum-core v0.4.5
[INFO] [stderr]     Checking tower-http v0.5.2
[INFO] [stderr]     Checking futures v0.3.33
[INFO] [stderr]     Checking tower-http v0.6.11
[INFO] [stderr]     Checking hyper-util v0.1.20
[INFO] [stderr]     Checking tokio-rustls v0.26.4
[INFO] [stderr]     Checking hyper-rustls v0.27.9
[INFO] [stderr]     Checking wiremock v0.6.5
[INFO] [stderr]     Checking axum v0.7.9
[INFO] [stderr]     Checking reqwest v0.12.28
[INFO] [stderr]     Checking rusqlite v0.31.0
[INFO] [stderr]     Checking atlas-core v0.1.0 (/opt/rustwide/workdir/atlas-core)
[INFO] [stdout] warning: use of deprecated method `std::sync::atomic::Atomic::<u32>::fetch_update`: renamed to `try_update` for consistency
[INFO] [stdout]    --> atlas-core/src/resilience/mod.rs:115:39
[INFO] [stdout]     |
[INFO] [stdout] 115 |         let _ = self.available_tokens.fetch_update(Ordering::Relaxed, Ordering::Relaxed, |val| {
[INFO] [stdout]     |                                       ^^^^^^^^^^^^
[INFO] [stdout]     |
[INFO] [stdout]     = note: `#[warn(deprecated)]` on by default
[INFO] [stdout] help: replace the use of the deprecated method
[INFO] [stdout]     |
[INFO] [stdout] 115 -         let _ = self.available_tokens.fetch_update(Ordering::Relaxed, Ordering::Relaxed, |val| {
[INFO] [stdout] 115 +         let _ = self.available_tokens.try_update(Ordering::Relaxed, Ordering::Relaxed, |val| {
[INFO] [stdout]     |
[INFO] [stdout] 
[INFO] [stdout] 
[INFO] [stdout] warning: use of deprecated method `std::sync::atomic::Atomic::<u32>::fetch_update`: renamed to `try_update` for consistency
[INFO] [stdout]    --> atlas-core/src/resilience/mod.rs:123:14
[INFO] [stdout]     |
[INFO] [stdout] 123 |             .fetch_update(Ordering::Relaxed, Ordering::Relaxed, |val| {
[INFO] [stdout]     |              ^^^^^^^^^^^^
[INFO] [stdout]     |
[INFO] [stdout] help: replace the use of the deprecated method
[INFO] [stdout]     |
[INFO] [stdout] 123 -             .fetch_update(Ordering::Relaxed, Ordering::Relaxed, |val| {
[INFO] [stdout] 123 +             .try_update(Ordering::Relaxed, Ordering::Relaxed, |val| {
[INFO] [stdout]     |
[INFO] [stdout] 
[INFO] [stdout] 
[INFO] [stdout] warning: use of deprecated method `std::sync::atomic::Atomic::<u32>::fetch_update`: renamed to `try_update` for consistency
[INFO] [stdout]    --> atlas-core/src/resilience/mod.rs:115:39
[INFO] [stdout]     |
[INFO] [stdout] 115 |         let _ = self.available_tokens.fetch_update(Ordering::Relaxed, Ordering::Relaxed, |val| {
[INFO] [stdout]     |                                       ^^^^^^^^^^^^
[INFO] [stdout]     |
[INFO] [stdout]     = note: `#[warn(deprecated)]` on by default
[INFO] [stdout] help: replace the use of the deprecated method
[INFO] [stdout]     |
[INFO] [stdout] 115 -         let _ = self.available_tokens.fetch_update(Ordering::Relaxed, Ordering::Relaxed, |val| {
[INFO] [stdout] 115 +         let _ = self.available_tokens.try_update(Ordering::Relaxed, Ordering::Relaxed, |val| {
[INFO] [stdout]     |
[INFO] [stdout] 
[INFO] [stdout] 
[INFO] [stdout] warning: use of deprecated method `std::sync::atomic::Atomic::<u32>::fetch_update`: renamed to `try_update` for consistency
[INFO] [stdout]    --> atlas-core/src/resilience/mod.rs:123:14
[INFO] [stdout]     |
[INFO] [stdout] 123 |             .fetch_update(Ordering::Relaxed, Ordering::Relaxed, |val| {
[INFO] [stdout]     |              ^^^^^^^^^^^^
[INFO] [stdout]     |
[INFO] [stdout] help: replace the use of the deprecated method
[INFO] [stdout]     |
[INFO] [stdout] 123 -             .fetch_update(Ordering::Relaxed, Ordering::Relaxed, |val| {
[INFO] [stdout] 123 +             .try_update(Ordering::Relaxed, Ordering::Relaxed, |val| {
[INFO] [stdout]     |
[INFO] [stdout] 
[INFO] [stdout] 
[INFO] [stdout] warning: unused imports: `ArtifactKind` and `KnowledgeArtifact`
[INFO] [stdout]  --> atlas-core/tests/openapi_connector_tests.rs:2:5
[INFO] [stdout]   |
[INFO] [stdout] 2 |     ArtifactKind, ConnectorConfig, KnowledgeArtifact, Storage, OpenapiConnector, Connector,
[INFO] [stdout]   |     ^^^^^^^^^^^^                   ^^^^^^^^^^^^^^^^^
[INFO] [stdout]   |
[INFO] [stdout]   = note: `#[warn(unused_imports)]` (part of `#[warn(unused)]`) on by default
[INFO] [stdout] 
[INFO] [stdout] 
[INFO] [stdout] error: #[derive(RustEmbed)] folder '/opt/rustwide/workdir/atlas-desktop/backend/../frontend/dist' does not exist. cwd: '/opt/rustwide/workdir'
[INFO] [stdout]    --> atlas-desktop/backend/src/routes.rs:161:1
[INFO] [stdout]     |
[INFO] [stdout] 161 | / #[folder = "../frontend/dist"]
[INFO] [stdout] 162 | | pub struct EmbeddedAssets;
[INFO] [stdout]     | |__________________________^
[INFO] [stdout] 
[INFO] [stdout] 
[INFO] [stdout] error: #[derive(RustEmbed)] folder '/opt/rustwide/workdir/atlas-desktop/backend/../frontend/dist' does not exist. cwd: '/opt/rustwide/workdir'
[INFO] [stdout]    --> atlas-desktop/backend/src/routes.rs:161:1
[INFO] [stdout]     |
[INFO] [stdout] 161 | / #[folder = "../frontend/dist"]
[INFO] [stdout] 162 | | pub struct EmbeddedAssets;
[INFO] [stdout]     | |__________________________^
[INFO] [stdout] 
[INFO] [stdout] 
[INFO] [stdout] error[E0599]: no associated function or constant named `get` found for struct `EmbeddedAssets` in the current scope
[INFO] [stdout]    --> atlas-desktop/backend/src/routes.rs:173:27
[INFO] [stdout]     |
[INFO] [stdout] 162 | pub struct EmbeddedAssets;
[INFO] [stdout]     | ------------------------- associated function or constant `get` not found for this struct
[INFO] [stdout] ...
[INFO] [stdout] 173 |     match EmbeddedAssets::get(&path) {
[INFO] [stdout]     |                           ^^^ associated function or constant not found in `EmbeddedAssets`
[INFO] [stdout]     |
[INFO] [stdout]     = help: items from traits can only be used if the trait is implemented and in scope
[INFO] [stdout]     = note: the following traits define an item `get`, perhaps you need to implement one of them:
[INFO] [stdout]             candidate #1: `Embed`
[INFO] [stdout]             candidate #2: `SliceIndex`
[INFO] [stdout]             candidate #3: `fallible_streaming_iterator::FallibleStreamingIterator`
[INFO] [stdout]             candidate #4: `icu_collections::codepointtrie::cptrie::TypedCodePointTrie`
[INFO] [stdout]             candidate #5: `icu_properties::names::PropertyEnumToValueNameLookup`
[INFO] [stdout]             candidate #6: `icu_provider::baked::DataStore`
[INFO] [stdout]             candidate #7: `rustls::server::server_conn::StoresServerSessions`
[INFO] [stdout]             candidate #8: `toml_edit::table::TableLike`
[INFO] [stdout] 
[INFO] [stdout] 
[INFO] [stdout] error[E0599]: no associated function or constant named `get` found for struct `EmbeddedAssets` in the current scope
[INFO] [stdout]    --> atlas-desktop/backend/src/routes.rs:184:50
[INFO] [stdout]     |
[INFO] [stdout] 162 | pub struct EmbeddedAssets;
[INFO] [stdout]     | ------------------------- associated function or constant `get` not found for this struct
[INFO] [stdout] ...
[INFO] [stdout] 184 |             if let Some(index) = EmbeddedAssets::get("index.html") {
[INFO] [stdout]     |                                                  ^^^ associated function or constant not found in `EmbeddedAssets`
[INFO] [stdout]     |
[INFO] [stdout]     = help: items from traits can only be used if the trait is implemented and in scope
[INFO] [stdout]     = note: the following traits define an item `get`, perhaps you need to implement one of them:
[INFO] [stdout]             candidate #1: `Embed`
[INFO] [stdout]             candidate #2: `SliceIndex`
[INFO] [stdout]             candidate #3: `fallible_streaming_iterator::FallibleStreamingIterator`
[INFO] [stdout]             candidate #4: `icu_collections::codepointtrie::cptrie::TypedCodePointTrie`
[INFO] [stdout]             candidate #5: `icu_properties::names::PropertyEnumToValueNameLookup`
[INFO] [stdout]             candidate #6: `icu_provider::baked::DataStore`
[INFO] [stdout]             candidate #7: `rustls::server::server_conn::StoresServerSessions`
[INFO] [stdout]             candidate #8: `toml_edit::table::TableLike`
[INFO] [stdout] 
[INFO] [stdout] 
[INFO] [stdout] error[E0599]: no associated function or constant named `get` found for struct `EmbeddedAssets` in the current scope
[INFO] [stdout]    --> atlas-desktop/backend/src/routes.rs:173:27
[INFO] [stdout]     |
[INFO] [stdout] 162 | pub struct EmbeddedAssets;
[INFO] [stdout]     | ------------------------- associated function or constant `get` not found for this struct
[INFO] [stdout] ...
[INFO] [stdout] 173 |     match EmbeddedAssets::get(&path) {
[INFO] [stdout]     |                           ^^^ associated function or constant not found in `EmbeddedAssets`
[INFO] [stdout]     |
[INFO] [stdout]     = help: items from traits can only be used if the trait is implemented and in scope
[INFO] [stdout]     = note: the following traits define an item `get`, perhaps you need to implement one of them:
[INFO] [stdout]             candidate #1: `Embed`
[INFO] [stdout]             candidate #2: `SliceIndex`
[INFO] [stdout]             candidate #3: `fallible_streaming_iterator::FallibleStreamingIterator`
[INFO] [stdout]             candidate #4: `icu_collections::codepointtrie::cptrie::TypedCodePointTrie`
[INFO] [stdout]             candidate #5: `icu_properties::names::PropertyEnumToValueNameLookup`
[INFO] [stdout]             candidate #6: `icu_provider::baked::DataStore`
[INFO] [stdout]             candidate #7: `rustls::server::server_conn::StoresServerSessions`
[INFO] [stdout]             candidate #8: `toml_edit::table::TableLike`
[INFO] [stdout] 
[INFO] [stdout] 
[INFO] [stdout] error[E0599]: no associated function or constant named `get` found for struct `EmbeddedAssets` in the current scope
[INFO] [stdout]    --> atlas-desktop/backend/src/routes.rs:184:50
[INFO] [stdout]     |
[INFO] [stdout] 162 | pub struct EmbeddedAssets;
[INFO] [stdout]     | ------------------------- associated function or constant `get` not found for this struct
[INFO] [stdout] ...
[INFO] [stdout] 184 |             if let Some(index) = EmbeddedAssets::get("index.html") {
[INFO] [stdout]     |                                                  ^^^ associated function or constant not found in `EmbeddedAssets`
[INFO] [stdout]     |
[INFO] [stdout]     = help: items from traits can only be used if the trait is implemented and in scope
[INFO] [stdout]     = note: the following traits define an item `get`, perhaps you need to implement one of them:
[INFO] [stdout]             candidate #1: `Embed`
[INFO] [stdout]             candidate #2: `SliceIndex`
[INFO] [stdout]             candidate #3: `fallible_streaming_iterator::FallibleStreamingIterator`
[INFO] [stdout]             candidate #4: `icu_collections::codepointtrie::cptrie::TypedCodePointTrie`
[INFO] [stdout]             candidate #5: `icu_properties::names::PropertyEnumToValueNameLookup`
[INFO] [stdout]             candidate #6: `icu_provider::baked::DataStore`
[INFO] [stdout]             candidate #7: `rustls::server::server_conn::StoresServerSessions`
[INFO] [stdout]             candidate #8: `toml_edit::table::TableLike`
[INFO] [stdout] 
[INFO] [stdout] 
[INFO] [stdout] For more information about this error, try `rustc --explain E0599`.
[INFO] [stdout] 
[INFO] [stderr] error: could not compile `atlas-desktop-backend` (lib) due to 3 previous errors
[INFO] [stderr] warning: build failed, waiting for other jobs to finish...
[INFO] [stdout] For more information about this error, try `rustc --explain E0599`.
[INFO] [stdout] 
[INFO] [stderr] error: could not compile `atlas-desktop-backend` (lib test) due to 3 previous errors
[INFO] [stderr] warning: unused dependency `tracing-subscriber`
[INFO] [stderr]   --> atlas-core/Cargo.toml:22:1
[INFO] [stderr]    |
[INFO] [stderr] 22 | tracing-subscriber = "0.3"
[INFO] [stderr]    | ^^^^^^^^^^^^^^^^^^^^^^^^^^
[INFO] [stderr]    |
[INFO] [stderr]    = note: `cargo::unused_dependencies` is set to `warn` by default
[INFO] [stderr] help: consider removing the dependency on `tracing-subscriber`
[INFO] [stderr] warning: `atlas-core` (manifest) generated 1 warning
[INFO] running `Command { std: "docker" "inspect" "85cb8649182627a5507461b4ca9406e8402a33502287b89f27e5f61213ab4806", kill_on_drop: false }`
[INFO] running `Command { std: "docker" "rm" "-f" "85cb8649182627a5507461b4ca9406e8402a33502287b89f27e5f61213ab4806", kill_on_drop: false }`
[INFO] [stdout] 85cb8649182627a5507461b4ca9406e8402a33502287b89f27e5f61213ab4806
