[INFO] cloning repository https://github.com/timurci/budgets
[INFO] running `Command { std: "git" "-c" "credential.helper=" "-c" "credential.helper=/workspace/cargo-home/bin/git-credential-null" "clone" "--bare" "https://github.com/timurci/budgets" "/workspace/cache/git-repos/https%3A%2F%2Fgithub.com%2Ftimurci%2Fbudgets", kill_on_drop: false }`
[INFO] [stderr] Cloning into bare repository '/workspace/cache/git-repos/https%3A%2F%2Fgithub.com%2Ftimurci%2Fbudgets'...
[INFO] running `Command { std: "git" "rev-parse" "HEAD", kill_on_drop: false }`
[INFO] [stdout] 808802026bc4b3f7e28c8e0a27ca4d194205f484
[INFO] checking timurci/budgets against 3154cc1a3e6424e44f438a95007d043ed5ceaaf6 for pr-133502-30
[INFO] running `Command { std: "git" "clone" "/workspace/cache/git-repos/https%3A%2F%2Fgithub.com%2Ftimurci%2Fbudgets" "/workspace/builds/worker-0-tc2/source", kill_on_drop: false }`
[INFO] [stderr] Cloning into '/workspace/builds/worker-0-tc2/source'...
[INFO] [stderr] done.
[INFO] started tweaking git repo https://github.com/timurci/budgets
[INFO] finished tweaking git repo https://github.com/timurci/budgets
[INFO] tweaked toml for git repo https://github.com/timurci/budgets written to /workspace/builds/worker-0-tc2/source/Cargo.toml
[INFO] validating manifest of git repo https://github.com/timurci/budgets on toolchain 3154cc1a3e6424e44f438a95007d043ed5ceaaf6
[INFO] running `Command { std: CARGO_HOME="/workspace/cargo-home" RUSTUP_HOME="/workspace/rustup-home" "/workspace/cargo-home/bin/cargo" "+3154cc1a3e6424e44f438a95007d043ed5ceaaf6" "metadata" "--manifest-path" "Cargo.toml" "--no-deps", kill_on_drop: false }`
[INFO] crate git repo https://github.com/timurci/budgets already has a lockfile, it will not be regenerated
[INFO] running `Command { std: CARGO_HOME="/workspace/cargo-home" RUSTUP_HOME="/workspace/rustup-home" "/workspace/cargo-home/bin/cargo" "+3154cc1a3e6424e44f438a95007d043ed5ceaaf6" "fetch" "--manifest-path" "Cargo.toml", kill_on_drop: false }`
[INFO] running `Command { std: "docker" "create" "-v" "/var/lib/crater-agent-workspace/builds/worker-0-tc2/source:/opt/rustwide/workdir:ro,Z" "-v" "/var/lib/crater-agent-workspace/builds/worker-0-tc2/target:/opt/rustwide/target:rw,Z" "-v" "/var/lib/crater-agent-workspace/cargo-home:/opt/rustwide/cargo-home:ro,Z" "-v" "/var/lib/crater-agent-workspace/rustup-home:/opt/rustwide/rustup-home:ro,Z" "-m" "1610612736" "--network" "none" "ghcr.io/rust-lang/crates-build-env/linux@sha256:77db811e55d90add9212f6832c23229e3de5f1c1f9905e8cb07319ea15df73ac" "sleep" "infinity", kill_on_drop: false }`
[INFO] [stdout] 209b69d407fb7f01195db4ba6a9d7630e3923169e5451fa90376c78be23fe314
[INFO] running `Command { std: "docker" "start" "209b69d407fb7f01195db4ba6a9d7630e3923169e5451fa90376c78be23fe314", kill_on_drop: false }`
[INFO] running `Command { std: "docker" "inspect" "209b69d407fb7f01195db4ba6a9d7630e3923169e5451fa90376c78be23fe314", kill_on_drop: false }`
[INFO] running `Command { std: "docker" "exec" "-e" "SOURCE_DIR=/opt/rustwide/workdir" "-e" "CARGO_HOME=/opt/rustwide/cargo-home" "-e" "RUSTUP_HOME=/opt/rustwide/rustup-home" "-e" "CARGO_TARGET_DIR=/opt/rustwide/target" "-w" "/opt/rustwide/workdir" "--user" "0:0" "209b69d407fb7f01195db4ba6a9d7630e3923169e5451fa90376c78be23fe314" "/opt/rustwide/cargo-home/bin/cargo" "+3154cc1a3e6424e44f438a95007d043ed5ceaaf6" "metadata" "--no-deps" "--format-version=1", kill_on_drop: false }`
[INFO] running `Command { std: "docker" "inspect" "209b69d407fb7f01195db4ba6a9d7630e3923169e5451fa90376c78be23fe314", kill_on_drop: false }`
[INFO] running `Command { std: "docker" "exec" "-e" "SOURCE_DIR=/opt/rustwide/workdir" "-e" "CARGO_HOME=/opt/rustwide/cargo-home" "-e" "RUSTUP_HOME=/opt/rustwide/rustup-home" "-e" "CARGO_TARGET_DIR=/opt/rustwide/target" "-e" "CARGO_INCREMENTAL=0" "-e" "RUST_BACKTRACE=full" "-e" "RUSTFLAGS=--cap-lints=forbid" "-e" "RUSTDOCFLAGS=--cap-lints=forbid" "-w" "/opt/rustwide/workdir" "--user" "0:0" "209b69d407fb7f01195db4ba6a9d7630e3923169e5451fa90376c78be23fe314" "/opt/rustwide/cargo-home/bin/cargo" "+3154cc1a3e6424e44f438a95007d043ed5ceaaf6" "check" "--frozen" "--all" "--all-targets" "--message-format=json", kill_on_drop: false }`
[INFO] [stderr]    Compiling stable_deref_trait v1.2.1
[INFO] [stderr]    Compiling smallvec v1.16.0
[INFO] [stderr]    Compiling generic-array v0.14.9
[INFO] [stderr]    Compiling futures-core v0.3.34
[INFO] [stderr]    Compiling syn v3.0.4
[INFO] [stderr]    Compiling num-traits v0.2.19
[INFO] [stderr]    Compiling futures-sink v0.3.34
[INFO] [stderr]    Compiling serde_core v1.0.229
[INFO] [stderr]    Compiling mio v1.2.3
[INFO] [stderr]    Compiling socket2 v0.6.5
[INFO] [stderr]    Compiling zerofrom v0.1.8
[INFO] [stderr]    Compiling futures-io v0.3.34
[INFO] [stderr]    Compiling allocator-api2 v0.2.21
[INFO] [stderr]    Compiling slab v0.4.12
[INFO] [stderr]    Compiling percent-encoding v2.3.2
[INFO] [stderr]    Compiling futures-task v0.3.34
[INFO] [stderr]    Compiling yoke v0.8.3
[INFO] [stderr]    Compiling thiserror v2.0.20
[INFO] [stderr]    Compiling crossbeam-utils v0.8.23
[INFO] [stderr]    Compiling form_urlencoded v1.2.2
[INFO] [stderr]    Compiling parking_lot_core v0.9.12
[INFO] [stderr]    Compiling futures-util v0.3.34
[INFO] [stderr]    Compiling libsqlite3-sys v0.37.0
[INFO] [stderr]    Compiling crc-catalog v2.5.0
[INFO] [stderr]    Compiling tracing v0.1.44
[INFO] [stderr]    Compiling event-listener v5.4.2
[INFO] [stderr]    Compiling crc v3.4.0
[INFO] [stderr]    Compiling hashbrown v0.16.1
[INFO] [stderr]    Compiling parking_lot v0.12.5
[INFO] [stderr]    Compiling spin v0.9.9
[INFO] [stderr]    Compiling base64 v0.22.1
[INFO] [stderr]    Compiling uuid v1.26.1
[INFO] [stderr]    Compiling tokio v1.53.1
[INFO] [stderr]    Compiling futures-intrusive v0.5.0
[INFO] [stderr]    Compiling crossbeam-queue v0.3.14
[INFO] [stderr]     Checking block-buffer v0.10.4
[INFO] [stderr]     Checking crypto-common v0.1.6
[INFO] [stderr]    Compiling flume v0.12.0
[INFO] [stderr]     Checking getrandom v0.4.3
[INFO] [stderr]    Compiling futures-channel v0.3.34
[INFO] [stderr]     Checking digest v0.10.7
[INFO] [stderr]    Compiling hashlink v0.11.1
[INFO] [stderr]     Checking sha2 v0.10.9
[INFO] [stderr]    Compiling atoi v2.0.0
[INFO] [stderr]    Compiling dotenvy v0.15.7
[INFO] [stderr]    Compiling budgets v0.1.0 (/opt/rustwide/workdir)
[INFO] [stderr]     Checking serde_json v1.0.151
[INFO] [stderr]     Checking futures-executor v0.3.34
[INFO] [stderr]    Compiling zerovec-derive v0.11.6
[INFO] [stderr]    Compiling displaydoc v0.2.7
[INFO] [stderr]    Compiling serde_derive v1.0.229
[INFO] [stderr]    Compiling thiserror-impl v2.0.20
[INFO] [stderr]    Compiling tokio-macros v2.7.2
[INFO] [stderr]    Compiling zerotrie v0.2.5
[INFO] [stderr]    Compiling zerovec v0.11.8
[INFO] [stderr]    Compiling tokio-stream v0.1.19
[INFO] [stderr]    Compiling tinystr v0.8.4
[INFO] [stderr]    Compiling potential_utf v0.1.6
[INFO] [stderr]    Compiling icu_collections v2.3.0
[INFO] [stderr]    Compiling icu_locale_core v2.3.0
[INFO] [stderr]    Compiling serde v1.0.229
[INFO] [stderr]    Compiling icu_provider v2.3.1
[INFO] [stderr]    Compiling either v1.18.0
[INFO] [stderr]    Compiling icu_properties v2.3.0
[INFO] [stderr]    Compiling icu_normalizer v2.3.0
[INFO] [stderr]    Compiling idna_adapter v1.2.2
[INFO] [stderr]     Checking idna v1.1.0
[INFO] [stderr]    Compiling url v2.5.8
[INFO] [stderr]    Compiling sqlx-core v0.9.0
[INFO] [stderr]     Checking sqlx-sqlite v0.9.0
[INFO] [stderr]    Compiling sqlx-macros-core v0.9.0
[INFO] [stderr]    Compiling sqlx-macros v0.9.0
[INFO] [stderr]     Checking sqlx v0.9.0
[INFO] [stdout] error: macros that expand to items must be delimited with braces or followed by a semicolon
[INFO] [stdout]    --> src/account/repository/sqlx.rs:390:5
[INFO] [stdout]     |
[INFO] [stdout] 390 |     #[sqlx::test(migrations = "migrations/sqlite")]
[INFO] [stdout]     |     ^^^^^^^^^^^^^^^^^^^^^^^^^^^^^^^^^^^^^^^^^^^^^^^
[INFO] [stdout]     |
[INFO] [stdout]     = note: this error originates in the attribute macro `sqlx::test` (in Nightly builds, run with -Z macro-backtrace for more info)
[INFO] [stdout] 
[INFO] [stdout] 
[INFO] [stdout] error: error canonicalizing migration directory /opt/rustwide/workdir/migrations/sqlite: No such file or directory (os error 2)
[INFO] [stdout]    --> src/account/repository/sqlx.rs:390:5
[INFO] [stdout]     |
[INFO] [stdout] 390 |     #[sqlx::test(migrations = "migrations/sqlite")]
[INFO] [stdout]     |     ^^^^^^^^^^^^^^^^^^^^^^^^^^^^^^^^^^^^^^^^^^^^^^^
[INFO] [stdout]     |
[INFO] [stdout]     = note: this error originates in the attribute macro `sqlx::test` (in Nightly builds, run with -Z macro-backtrace for more info)
[INFO] [stdout] 
[INFO] [stdout] 
[INFO] [stdout] error: macros that expand to items must be delimited with braces or followed by a semicolon
[INFO] [stdout]    --> src/account/repository/sqlx.rs:396:5
[INFO] [stdout]     |
[INFO] [stdout] 396 |     #[sqlx::test(migrations = "migrations/sqlite")]
[INFO] [stdout]     |     ^^^^^^^^^^^^^^^^^^^^^^^^^^^^^^^^^^^^^^^^^^^^^^^
[INFO] [stdout]     |
[INFO] [stdout]     = note: this error originates in the attribute macro `sqlx::test` (in Nightly builds, run with -Z macro-backtrace for more info)
[INFO] [stdout] 
[INFO] [stdout] 
[INFO] [stdout] error: error canonicalizing migration directory /opt/rustwide/workdir/migrations/sqlite: No such file or directory (os error 2)
[INFO] [stdout]    --> src/account/repository/sqlx.rs:396:5
[INFO] [stdout]     |
[INFO] [stdout] 396 |     #[sqlx::test(migrations = "migrations/sqlite")]
[INFO] [stdout]     |     ^^^^^^^^^^^^^^^^^^^^^^^^^^^^^^^^^^^^^^^^^^^^^^^
[INFO] [stdout]     |
[INFO] [stdout]     = note: this error originates in the attribute macro `sqlx::test` (in Nightly builds, run with -Z macro-backtrace for more info)
[INFO] [stdout] 
[INFO] [stdout] 
[INFO] [stdout] error: macros that expand to items must be delimited with braces or followed by a semicolon
[INFO] [stdout]    --> src/account/repository/sqlx.rs:406:5
[INFO] [stdout]     |
[INFO] [stdout] 406 |     #[sqlx::test(migrations = "migrations/sqlite")]
[INFO] [stdout]     |     ^^^^^^^^^^^^^^^^^^^^^^^^^^^^^^^^^^^^^^^^^^^^^^^
[INFO] [stdout]     |
[INFO] [stdout]     = note: this error originates in the attribute macro `sqlx::test` (in Nightly builds, run with -Z macro-backtrace for more info)
[INFO] [stdout] 
[INFO] [stdout] 
[INFO] [stdout] error: error canonicalizing migration directory /opt/rustwide/workdir/migrations/sqlite: No such file or directory (os error 2)
[INFO] [stdout]    --> src/account/repository/sqlx.rs:406:5
[INFO] [stdout]     |
[INFO] [stdout] 406 |     #[sqlx::test(migrations = "migrations/sqlite")]
[INFO] [stdout]     |     ^^^^^^^^^^^^^^^^^^^^^^^^^^^^^^^^^^^^^^^^^^^^^^^
[INFO] [stdout]     |
[INFO] [stdout]     = note: this error originates in the attribute macro `sqlx::test` (in Nightly builds, run with -Z macro-backtrace for more info)
[INFO] [stdout] 
[INFO] [stdout] 
[INFO] [stdout] error: macros that expand to items must be delimited with braces or followed by a semicolon
[INFO] [stdout]    --> src/account/repository/sqlx.rs:418:5
[INFO] [stdout]     |
[INFO] [stdout] 418 |     #[sqlx::test(migrations = "migrations/sqlite")]
[INFO] [stdout]     |     ^^^^^^^^^^^^^^^^^^^^^^^^^^^^^^^^^^^^^^^^^^^^^^^
[INFO] [stdout]     |
[INFO] [stdout]     = note: this error originates in the attribute macro `sqlx::test` (in Nightly builds, run with -Z macro-backtrace for more info)
[INFO] [stdout] 
[INFO] [stdout] 
[INFO] [stdout] error: error canonicalizing migration directory /opt/rustwide/workdir/migrations/sqlite: No such file or directory (os error 2)
[INFO] [stdout]    --> src/account/repository/sqlx.rs:418:5
[INFO] [stdout]     |
[INFO] [stdout] 418 |     #[sqlx::test(migrations = "migrations/sqlite")]
[INFO] [stdout]     |     ^^^^^^^^^^^^^^^^^^^^^^^^^^^^^^^^^^^^^^^^^^^^^^^
[INFO] [stdout]     |
[INFO] [stdout]     = note: this error originates in the attribute macro `sqlx::test` (in Nightly builds, run with -Z macro-backtrace for more info)
[INFO] [stdout] 
[INFO] [stdout] 
[INFO] [stdout] error: macros that expand to items must be delimited with braces or followed by a semicolon
[INFO] [stdout]    --> src/account/repository/sqlx.rs:432:5
[INFO] [stdout]     |
[INFO] [stdout] 432 |     #[sqlx::test(migrations = "migrations/sqlite")]
[INFO] [stdout]     |     ^^^^^^^^^^^^^^^^^^^^^^^^^^^^^^^^^^^^^^^^^^^^^^^
[INFO] [stdout]     |
[INFO] [stdout]     = note: this error originates in the attribute macro `sqlx::test` (in Nightly builds, run with -Z macro-backtrace for more info)
[INFO] [stdout] 
[INFO] [stdout] 
[INFO] [stdout] error: error canonicalizing migration directory /opt/rustwide/workdir/migrations/sqlite: No such file or directory (os error 2)
[INFO] [stdout]    --> src/account/repository/sqlx.rs:432:5
[INFO] [stdout]     |
[INFO] [stdout] 432 |     #[sqlx::test(migrations = "migrations/sqlite")]
[INFO] [stdout]     |     ^^^^^^^^^^^^^^^^^^^^^^^^^^^^^^^^^^^^^^^^^^^^^^^
[INFO] [stdout]     |
[INFO] [stdout]     = note: this error originates in the attribute macro `sqlx::test` (in Nightly builds, run with -Z macro-backtrace for more info)
[INFO] [stdout] 
[INFO] [stdout] 
[INFO] [stdout] error: macros that expand to items must be delimited with braces or followed by a semicolon
[INFO] [stdout]    --> src/account/repository/sqlx.rs:443:5
[INFO] [stdout]     |
[INFO] [stdout] 443 |     #[sqlx::test(migrations = "migrations/sqlite")]
[INFO] [stdout]     |     ^^^^^^^^^^^^^^^^^^^^^^^^^^^^^^^^^^^^^^^^^^^^^^^
[INFO] [stdout]     |
[INFO] [stdout]     = note: this error originates in the attribute macro `sqlx::test` (in Nightly builds, run with -Z macro-backtrace for more info)
[INFO] [stdout] 
[INFO] [stdout] 
[INFO] [stdout] error: error canonicalizing migration directory /opt/rustwide/workdir/migrations/sqlite: No such file or directory (os error 2)
[INFO] [stdout]    --> src/account/repository/sqlx.rs:443:5
[INFO] [stdout]     |
[INFO] [stdout] 443 |     #[sqlx::test(migrations = "migrations/sqlite")]
[INFO] [stdout]     |     ^^^^^^^^^^^^^^^^^^^^^^^^^^^^^^^^^^^^^^^^^^^^^^^
[INFO] [stdout]     |
[INFO] [stdout]     = note: this error originates in the attribute macro `sqlx::test` (in Nightly builds, run with -Z macro-backtrace for more info)
[INFO] [stdout] 
[INFO] [stdout] 
[INFO] [stdout] error: macros that expand to items must be delimited with braces or followed by a semicolon
[INFO] [stdout]    --> src/account/repository/sqlx.rs:466:5
[INFO] [stdout]     |
[INFO] [stdout] 466 |     #[sqlx::test(migrations = "migrations/sqlite")]
[INFO] [stdout]     |     ^^^^^^^^^^^^^^^^^^^^^^^^^^^^^^^^^^^^^^^^^^^^^^^
[INFO] [stdout]     |
[INFO] [stdout]     = note: this error originates in the attribute macro `sqlx::test` (in Nightly builds, run with -Z macro-backtrace for more info)
[INFO] [stdout] 
[INFO] [stdout] 
[INFO] [stdout] error: error canonicalizing migration directory /opt/rustwide/workdir/migrations/sqlite: No such file or directory (os error 2)
[INFO] [stdout]    --> src/account/repository/sqlx.rs:466:5
[INFO] [stdout]     |
[INFO] [stdout] 466 |     #[sqlx::test(migrations = "migrations/sqlite")]
[INFO] [stdout]     |     ^^^^^^^^^^^^^^^^^^^^^^^^^^^^^^^^^^^^^^^^^^^^^^^
[INFO] [stdout]     |
[INFO] [stdout]     = note: this error originates in the attribute macro `sqlx::test` (in Nightly builds, run with -Z macro-backtrace for more info)
[INFO] [stdout] 
[INFO] [stdout] 
[INFO] [stdout] error: macros that expand to items must be delimited with braces or followed by a semicolon
[INFO] [stdout]    --> src/account/repository/sqlx.rs:484:5
[INFO] [stdout]     |
[INFO] [stdout] 484 |     #[sqlx::test(migrations = "migrations/sqlite")]
[INFO] [stdout]     |     ^^^^^^^^^^^^^^^^^^^^^^^^^^^^^^^^^^^^^^^^^^^^^^^
[INFO] [stdout]     |
[INFO] [stdout]     = note: this error originates in the attribute macro `sqlx::test` (in Nightly builds, run with -Z macro-backtrace for more info)
[INFO] [stdout] 
[INFO] [stdout] 
[INFO] [stdout] error: error canonicalizing migration directory /opt/rustwide/workdir/migrations/sqlite: No such file or directory (os error 2)
[INFO] [stdout]    --> src/account/repository/sqlx.rs:484:5
[INFO] [stdout]     |
[INFO] [stdout] 484 |     #[sqlx::test(migrations = "migrations/sqlite")]
[INFO] [stdout]     |     ^^^^^^^^^^^^^^^^^^^^^^^^^^^^^^^^^^^^^^^^^^^^^^^
[INFO] [stdout]     |
[INFO] [stdout]     = note: this error originates in the attribute macro `sqlx::test` (in Nightly builds, run with -Z macro-backtrace for more info)
[INFO] [stdout] 
[INFO] [stdout] 
[INFO] [stdout] error: macros that expand to items must be delimited with braces or followed by a semicolon
[INFO] [stdout]    --> src/account/repository/sqlx.rs:502:5
[INFO] [stdout]     |
[INFO] [stdout] 502 |     #[sqlx::test(migrations = "migrations/sqlite")]
[INFO] [stdout]     |     ^^^^^^^^^^^^^^^^^^^^^^^^^^^^^^^^^^^^^^^^^^^^^^^
[INFO] [stdout]     |
[INFO] [stdout]     = note: this error originates in the attribute macro `sqlx::test` (in Nightly builds, run with -Z macro-backtrace for more info)
[INFO] [stdout] 
[INFO] [stdout] 
[INFO] [stdout] error: error canonicalizing migration directory /opt/rustwide/workdir/migrations/sqlite: No such file or directory (os error 2)
[INFO] [stdout]    --> src/account/repository/sqlx.rs:502:5
[INFO] [stdout]     |
[INFO] [stdout] 502 |     #[sqlx::test(migrations = "migrations/sqlite")]
[INFO] [stdout]     |     ^^^^^^^^^^^^^^^^^^^^^^^^^^^^^^^^^^^^^^^^^^^^^^^
[INFO] [stdout]     |
[INFO] [stdout]     = note: this error originates in the attribute macro `sqlx::test` (in Nightly builds, run with -Z macro-backtrace for more info)
[INFO] [stdout] 
[INFO] [stdout] 
[INFO] [stdout] error: macros that expand to items must be delimited with braces or followed by a semicolon
[INFO] [stdout]    --> src/account/repository/sqlx.rs:514:5
[INFO] [stdout]     |
[INFO] [stdout] 514 |     #[sqlx::test(migrations = "migrations/sqlite")]
[INFO] [stdout]     |     ^^^^^^^^^^^^^^^^^^^^^^^^^^^^^^^^^^^^^^^^^^^^^^^
[INFO] [stdout]     |
[INFO] [stdout]     = note: this error originates in the attribute macro `sqlx::test` (in Nightly builds, run with -Z macro-backtrace for more info)
[INFO] [stdout] 
[INFO] [stdout] 
[INFO] [stdout] error: error canonicalizing migration directory /opt/rustwide/workdir/migrations/sqlite: No such file or directory (os error 2)
[INFO] [stdout]    --> src/account/repository/sqlx.rs:514:5
[INFO] [stdout]     |
[INFO] [stdout] 514 |     #[sqlx::test(migrations = "migrations/sqlite")]
[INFO] [stdout]     |     ^^^^^^^^^^^^^^^^^^^^^^^^^^^^^^^^^^^^^^^^^^^^^^^
[INFO] [stdout]     |
[INFO] [stdout]     = note: this error originates in the attribute macro `sqlx::test` (in Nightly builds, run with -Z macro-backtrace for more info)
[INFO] [stdout] 
[INFO] [stdout] 
[INFO] [stdout] error: macros that expand to items must be delimited with braces or followed by a semicolon
[INFO] [stdout]    --> src/account/repository/sqlx.rs:537:5
[INFO] [stdout]     |
[INFO] [stdout] 537 |     #[sqlx::test(migrations = "migrations/sqlite")]
[INFO] [stdout]     |     ^^^^^^^^^^^^^^^^^^^^^^^^^^^^^^^^^^^^^^^^^^^^^^^
[INFO] [stdout]     |
[INFO] [stdout]     = note: this error originates in the attribute macro `sqlx::test` (in Nightly builds, run with -Z macro-backtrace for more info)
[INFO] [stdout] 
[INFO] [stdout] 
[INFO] [stdout] error: error canonicalizing migration directory /opt/rustwide/workdir/migrations/sqlite: No such file or directory (os error 2)
[INFO] [stdout]    --> src/account/repository/sqlx.rs:537:5
[INFO] [stdout]     |
[INFO] [stdout] 537 |     #[sqlx::test(migrations = "migrations/sqlite")]
[INFO] [stdout]     |     ^^^^^^^^^^^^^^^^^^^^^^^^^^^^^^^^^^^^^^^^^^^^^^^
[INFO] [stdout]     |
[INFO] [stdout]     = note: this error originates in the attribute macro `sqlx::test` (in Nightly builds, run with -Z macro-backtrace for more info)
[INFO] [stdout] 
[INFO] [stdout] 
[INFO] [stdout] error: macros that expand to items must be delimited with braces or followed by a semicolon
[INFO] [stdout]    --> src/account/repository/sqlx.rs:577:5
[INFO] [stdout]     |
[INFO] [stdout] 577 |     #[sqlx::test(migrations = "migrations/sqlite")]
[INFO] [stdout]     |     ^^^^^^^^^^^^^^^^^^^^^^^^^^^^^^^^^^^^^^^^^^^^^^^
[INFO] [stdout]     |
[INFO] [stdout]     = note: this error originates in the attribute macro `sqlx::test` (in Nightly builds, run with -Z macro-backtrace for more info)
[INFO] [stdout] 
[INFO] [stdout] 
[INFO] [stdout] error: error canonicalizing migration directory /opt/rustwide/workdir/migrations/sqlite: No such file or directory (os error 2)
[INFO] [stdout]    --> src/account/repository/sqlx.rs:577:5
[INFO] [stdout]     |
[INFO] [stdout] 577 |     #[sqlx::test(migrations = "migrations/sqlite")]
[INFO] [stdout]     |     ^^^^^^^^^^^^^^^^^^^^^^^^^^^^^^^^^^^^^^^^^^^^^^^
[INFO] [stdout]     |
[INFO] [stdout]     = note: this error originates in the attribute macro `sqlx::test` (in Nightly builds, run with -Z macro-backtrace for more info)
[INFO] [stdout] 
[INFO] [stdout] 
[INFO] [stdout] error: macros that expand to items must be delimited with braces or followed by a semicolon
[INFO] [stdout]    --> src/account/repository/sqlx.rs:598:5
[INFO] [stdout]     |
[INFO] [stdout] 598 |     #[sqlx::test(migrations = "migrations/sqlite")]
[INFO] [stdout]     |     ^^^^^^^^^^^^^^^^^^^^^^^^^^^^^^^^^^^^^^^^^^^^^^^
[INFO] [stdout]     |
[INFO] [stdout]     = note: this error originates in the attribute macro `sqlx::test` (in Nightly builds, run with -Z macro-backtrace for more info)
[INFO] [stdout] 
[INFO] [stdout] 
[INFO] [stdout] error: error canonicalizing migration directory /opt/rustwide/workdir/migrations/sqlite: No such file or directory (os error 2)
[INFO] [stdout]    --> src/account/repository/sqlx.rs:598:5
[INFO] [stdout]     |
[INFO] [stdout] 598 |     #[sqlx::test(migrations = "migrations/sqlite")]
[INFO] [stdout]     |     ^^^^^^^^^^^^^^^^^^^^^^^^^^^^^^^^^^^^^^^^^^^^^^^
[INFO] [stdout]     |
[INFO] [stdout]     = note: this error originates in the attribute macro `sqlx::test` (in Nightly builds, run with -Z macro-backtrace for more info)
[INFO] [stdout] 
[INFO] [stdout] 
[INFO] [stdout] error: macros that expand to items must be delimited with braces or followed by a semicolon
[INFO] [stdout]    --> src/account/repository/sqlx.rs:632:5
[INFO] [stdout]     |
[INFO] [stdout] 632 |     #[sqlx::test(migrations = "migrations/sqlite")]
[INFO] [stdout]     |     ^^^^^^^^^^^^^^^^^^^^^^^^^^^^^^^^^^^^^^^^^^^^^^^
[INFO] [stdout]     |
[INFO] [stdout]     = note: this error originates in the attribute macro `sqlx::test` (in Nightly builds, run with -Z macro-backtrace for more info)
[INFO] [stdout] 
[INFO] [stdout] 
[INFO] [stdout] error: error canonicalizing migration directory /opt/rustwide/workdir/migrations/sqlite: No such file or directory (os error 2)
[INFO] [stdout]    --> src/account/repository/sqlx.rs:632:5
[INFO] [stdout]     |
[INFO] [stdout] 632 |     #[sqlx::test(migrations = "migrations/sqlite")]
[INFO] [stdout]     |     ^^^^^^^^^^^^^^^^^^^^^^^^^^^^^^^^^^^^^^^^^^^^^^^
[INFO] [stdout]     |
[INFO] [stdout]     = note: this error originates in the attribute macro `sqlx::test` (in Nightly builds, run with -Z macro-backtrace for more info)
[INFO] [stdout] 
[INFO] [stdout] 
[INFO] [stdout] error: macros that expand to items must be delimited with braces or followed by a semicolon
[INFO] [stdout]    --> src/account/repository/sqlx.rs:651:5
[INFO] [stdout]     |
[INFO] [stdout] 651 |     #[sqlx::test(migrations = "migrations/sqlite")]
[INFO] [stdout]     |     ^^^^^^^^^^^^^^^^^^^^^^^^^^^^^^^^^^^^^^^^^^^^^^^
[INFO] [stdout]     |
[INFO] [stdout]     = note: this error originates in the attribute macro `sqlx::test` (in Nightly builds, run with -Z macro-backtrace for more info)
[INFO] [stdout] 
[INFO] [stdout] 
[INFO] [stdout] error: error canonicalizing migration directory /opt/rustwide/workdir/migrations/sqlite: No such file or directory (os error 2)
[INFO] [stdout]    --> src/account/repository/sqlx.rs:651:5
[INFO] [stdout]     |
[INFO] [stdout] 651 |     #[sqlx::test(migrations = "migrations/sqlite")]
[INFO] [stdout]     |     ^^^^^^^^^^^^^^^^^^^^^^^^^^^^^^^^^^^^^^^^^^^^^^^
[INFO] [stdout]     |
[INFO] [stdout]     = note: this error originates in the attribute macro `sqlx::test` (in Nightly builds, run with -Z macro-backtrace for more info)
[INFO] [stdout] 
[INFO] [stdout] 
[INFO] [stderr] error: could not compile `budgets` (lib test) due to 30 previous errors
[INFO] running `Command { std: "docker" "inspect" "209b69d407fb7f01195db4ba6a9d7630e3923169e5451fa90376c78be23fe314", kill_on_drop: false }`
[INFO] running `Command { std: "docker" "rm" "-f" "209b69d407fb7f01195db4ba6a9d7630e3923169e5451fa90376c78be23fe314", kill_on_drop: false }`
[INFO] [stdout] 209b69d407fb7f01195db4ba6a9d7630e3923169e5451fa90376c78be23fe314
