[INFO] cloning repository https://github.com/tiborpilz/wio-sendspin-terminal
[INFO] running `Command { std: "git" "-c" "credential.helper=" "-c" "credential.helper=/workspace/cargo-home/bin/git-credential-null" "clone" "--bare" "https://github.com/tiborpilz/wio-sendspin-terminal" "/workspace/cache/git-repos/https%3A%2F%2Fgithub.com%2Ftiborpilz%2Fwio-sendspin-terminal", kill_on_drop: false }`
[INFO] [stderr] Cloning into bare repository '/workspace/cache/git-repos/https%3A%2F%2Fgithub.com%2Ftiborpilz%2Fwio-sendspin-terminal'...
[INFO] running `Command { std: "git" "rev-parse" "HEAD", kill_on_drop: false }`
[INFO] [stdout] 22a8399fa306679d6fc592e5fb2687195607e05c
[INFO] checking tiborpilz/wio-sendspin-terminal against 3154cc1a3e6424e44f438a95007d043ed5ceaaf6+rustflags=-Znext-solver=coherence for pr-133502-30
[INFO] running `Command { std: "git" "clone" "/workspace/cache/git-repos/https%3A%2F%2Fgithub.com%2Ftiborpilz%2Fwio-sendspin-terminal" "/workspace/builds/worker-6-tc1/source", kill_on_drop: false }`
[INFO] [stderr] Cloning into '/workspace/builds/worker-6-tc1/source'...
[INFO] [stderr] done.
[INFO] removed /workspace/builds/worker-6-tc1/source/.cargo/config.toml
[INFO] started tweaking git repo https://github.com/tiborpilz/wio-sendspin-terminal
[INFO] finished tweaking git repo https://github.com/tiborpilz/wio-sendspin-terminal
[INFO] tweaked toml for git repo https://github.com/tiborpilz/wio-sendspin-terminal written to /workspace/builds/worker-6-tc1/source/Cargo.toml
[INFO] validating manifest of git repo https://github.com/tiborpilz/wio-sendspin-terminal on toolchain 3154cc1a3e6424e44f438a95007d043ed5ceaaf6
[INFO] running `Command { std: CARGO_HOME="/workspace/cargo-home" RUSTUP_HOME="/workspace/rustup-home" "/workspace/cargo-home/bin/cargo" "+3154cc1a3e6424e44f438a95007d043ed5ceaaf6" "metadata" "--manifest-path" "Cargo.toml" "--no-deps", kill_on_drop: false }`
[INFO] crate git repo https://github.com/tiborpilz/wio-sendspin-terminal already has a lockfile, it will not be regenerated
[INFO] running `Command { std: CARGO_HOME="/workspace/cargo-home" RUSTUP_HOME="/workspace/rustup-home" "/workspace/cargo-home/bin/cargo" "+3154cc1a3e6424e44f438a95007d043ed5ceaaf6" "fetch" "--manifest-path" "Cargo.toml", kill_on_drop: false }`
[INFO] [stderr]     Updating crates.io index
[INFO] [stderr]  Downloading crates ...
[INFO] [stderr]   Downloaded usb-device v0.3.2
[INFO] [stderr]   Downloaded wio_terminal v0.9.0
[INFO] [stderr]   Downloaded no-std-net v0.5.0
[INFO] [stderr]   Downloaded bitfield v0.13.2
[INFO] [stderr]   Downloaded bbqueue v0.4.12
[INFO] [stderr]   Downloaded cipher v0.3.0
[INFO] [stderr]   Downloaded panic-halt v0.2.0
[INFO] [stderr]   Downloaded display-interface v0.5.0
[INFO] [stderr]   Downloaded volatile-register v0.2.2
[INFO] [stderr]   Downloaded bbqueue v0.5.1
[INFO] [stderr]   Downloaded gcd v2.3.0
[INFO] [stderr]   Downloaded usbd-serial v0.2.2
[INFO] [stderr]   Downloaded lis3dh v0.3.0
[INFO] [stderr]   Downloaded cortex-m-rt-macros v0.7.6
[INFO] [stderr]   Downloaded display-interface-spi v0.5.0
[INFO] [stderr]   Downloaded embedded-hal-bus v0.3.0
[INFO] [stderr]   Downloaded cortex-m-macros v0.7.8
[INFO] [stderr]   Downloaded num_enum v0.5.11
[INFO] [stderr]   Downloaded embedded-hal-nb v1.0.0
[INFO] [stderr]   Downloaded atsamd-hal-macros v0.2.5
[INFO] [stderr]   Downloaded ili9341 v0.6.0
[INFO] [stderr]   Downloaded vcell v0.1.3
[INFO] [stderr]   Downloaded num_enum_derive v0.5.11
[INFO] [stderr]   Downloaded bare-metal v0.2.5
[INFO] [stderr]   Downloaded accelerometer v0.12.0
[INFO] [stderr]   Downloaded fugit v0.3.9
[INFO] [stderr]   Downloaded az v1.2.1
[INFO] [stderr]   Downloaded embedded-graphics-core v0.4.1
[INFO] [stderr]   Downloaded cortex-m-rt v0.7.6
[INFO] [stderr]   Downloaded cortex-m v0.7.9
[INFO] [stderr]   Downloaded micromath v2.1.0
[INFO] [stderr]   Downloaded aes v0.7.5
[INFO] [stderr]   Downloaded micromath v1.1.1
[INFO] [stderr]   Downloaded embedded-sdmmc v0.8.2
[INFO] [stderr]   Downloaded atsamd-hal v0.21.3
[INFO] [stderr]   Downloaded atsamd51p v0.14.2
[INFO] [stderr]   Downloaded embedded-graphics v0.8.2
[INFO] running `Command { std: "docker" "create" "-v" "/var/lib/crater-agent-workspace/builds/worker-6-tc1/source:/opt/rustwide/workdir:ro,Z" "-v" "/var/lib/crater-agent-workspace/builds/worker-6-tc1/target:/opt/rustwide/target:rw,Z" "-v" "/var/lib/crater-agent-workspace/cargo-home:/opt/rustwide/cargo-home:ro,Z" "-v" "/var/lib/crater-agent-workspace/rustup-home:/opt/rustwide/rustup-home:ro,Z" "-m" "1610612736" "--network" "none" "ghcr.io/rust-lang/crates-build-env/linux@sha256:77db811e55d90add9212f6832c23229e3de5f1c1f9905e8cb07319ea15df73ac" "sleep" "infinity", kill_on_drop: false }`
[INFO] [stdout] d784d359ac3ef716f28ae10282e800424f031673c98a51db515dd576726b7891
[INFO] running `Command { std: "docker" "start" "d784d359ac3ef716f28ae10282e800424f031673c98a51db515dd576726b7891", kill_on_drop: false }`
[INFO] running `Command { std: "docker" "inspect" "d784d359ac3ef716f28ae10282e800424f031673c98a51db515dd576726b7891", kill_on_drop: false }`
[INFO] running `Command { std: "docker" "exec" "-e" "SOURCE_DIR=/opt/rustwide/workdir" "-e" "CARGO_HOME=/opt/rustwide/cargo-home" "-e" "RUSTUP_HOME=/opt/rustwide/rustup-home" "-e" "CARGO_TARGET_DIR=/opt/rustwide/target" "-w" "/opt/rustwide/workdir" "--user" "0:0" "d784d359ac3ef716f28ae10282e800424f031673c98a51db515dd576726b7891" "/opt/rustwide/cargo-home/bin/cargo" "+3154cc1a3e6424e44f438a95007d043ed5ceaaf6" "metadata" "--no-deps" "--format-version=1", kill_on_drop: false }`
[INFO] running `Command { std: "docker" "inspect" "d784d359ac3ef716f28ae10282e800424f031673c98a51db515dd576726b7891", kill_on_drop: false }`
[INFO] running `Command { std: "docker" "exec" "-e" "SOURCE_DIR=/opt/rustwide/workdir" "-e" "CARGO_HOME=/opt/rustwide/cargo-home" "-e" "RUSTUP_HOME=/opt/rustwide/rustup-home" "-e" "CARGO_TARGET_DIR=/opt/rustwide/target" "-e" "CARGO_INCREMENTAL=0" "-e" "RUST_BACKTRACE=full" "-e" "RUSTFLAGS=--cap-lints=forbid -Znext-solver=coherence" "-e" "RUSTDOCFLAGS=--cap-lints=forbid" "-w" "/opt/rustwide/workdir" "--user" "0:0" "d784d359ac3ef716f28ae10282e800424f031673c98a51db515dd576726b7891" "/opt/rustwide/cargo-home/bin/cargo" "+3154cc1a3e6424e44f438a95007d043ed5ceaaf6" "check" "--frozen" "--all" "--all-targets" "--message-format=json", kill_on_drop: false }`
[INFO] [stderr]     Checking byteorder v1.5.0
[INFO] [stderr]     Checking embedded-hal v1.0.0
[INFO] [stderr]    Compiling semver-parser v0.7.0
[INFO] [stderr]     Checking nb v1.1.0
[INFO] [stderr]    Compiling rand_core v0.6.4
[INFO] [stderr]    Compiling cortex-m v0.7.9
[INFO] [stderr]    Compiling phf_shared v0.11.3
[INFO] [stderr]    Compiling serde v1.0.229
[INFO] [stderr]     Checking void v1.0.2
[INFO] [stderr]    Compiling cortex-m-rt v0.7.6
[INFO] [stderr]    Compiling syn v3.0.3
[INFO] [stderr]    Compiling syn v2.0.119
[INFO] [stderr]    Compiling syn v1.0.109
[INFO] [stderr]    Compiling ryu v1.0.23
[INFO] [stderr]    Compiling cortex-m-macros v0.7.8
[INFO] [stderr]    Compiling portable-atomic v1.15.0
[INFO] [stderr]    Compiling unsafe-libyaml v0.2.11
[INFO] [stderr]    Compiling az v1.2.1
[INFO] [stderr]     Checking nb v0.1.3
[INFO] [stderr]    Compiling semver v0.9.0
[INFO] [stderr]    Compiling rand v0.8.7
[INFO] [stderr]     Checking vcell v0.1.3
[INFO] [stderr]     Checking bitfield v0.13.2
[INFO] [stderr]     Checking embedded-hal v0.2.7
[INFO] [stderr]     Checking hash32 v0.3.1
[INFO] [stderr]    Compiling rustc_version v0.2.3
[INFO] [stderr]    Compiling phf v0.11.3
[INFO] [stderr]     Checking critical-section v1.2.0
[INFO] [stderr]     Checking volatile-register v0.2.2
[INFO] [stderr]     Checking heapless v0.8.0
[INFO] [stderr]    Compiling embedded-hal-async v1.0.0
[INFO] [stderr]    Compiling atsamd51p v0.14.2
[INFO] [stderr]     Checking cipher v0.3.0
[INFO] [stderr]     Checking micromath v1.1.1
[INFO] [stderr]    Compiling litrs v0.4.2
[INFO] [stderr]     Checking generic-array v0.13.3
[INFO] [stderr]    Compiling lis3dh v0.3.0
[INFO] [stderr]     Checking embedded-io v0.6.1
[INFO] [stderr]     Checking opaque-debug v0.3.1
[INFO] [stderr]     Checking display-interface v0.5.0
[INFO] [stderr]     Checking gcd v2.3.0
[INFO] [stderr]     Checking memchr v2.8.3
[INFO] [stderr]     Checking accelerometer v0.12.0
[INFO] [stderr]     Checking aes v0.7.5
[INFO] [stderr]     Checking embedded-hal-nb v1.0.0
[INFO] [stderr]     Checking fugit v0.3.9
[INFO] [stderr]    Compiling bare-metal v0.2.5
[INFO] [stderr]     Checking crypto-common v0.1.7
[INFO] [stderr]     Checking no-std-net v0.5.0
[INFO] [stderr]     Checking bbqueue v0.4.12
[INFO] [stderr]     Checking byte-slice-cast v1.2.3
[INFO] [stderr]     Checking usb-device v0.3.2
[INFO] [stderr]    Compiling seq-macro v0.3.6
[INFO] [stderr]    Compiling wio_terminal v0.9.0
[INFO] [stderr]     Checking embedded-sdmmc v0.8.2
[INFO] [stderr]     Checking digest v0.10.7
[INFO] [stderr]     Checking embedded-hal-bus v0.3.0
[INFO] [stderr]     Checking float-cmp v0.9.0
[INFO] [stderr]     Checking bbqueue v0.5.1
[INFO] [stderr]    Compiling sendspin-terminal v0.1.0 (/opt/rustwide/workdir)
[INFO] [stderr]     Checking micromath v2.1.0
[INFO] [stderr]     Checking sha1 v0.10.7
[INFO] [stderr]    Compiling phf_generator v0.11.3
[INFO] [stderr]     Checking display-interface-spi v0.5.0
[INFO] [stderr]     Checking usbd-serial v0.2.2
[INFO] [stderr]     Checking panic-halt v0.2.0
[INFO] [stderr]     Checking nom v8.0.0
[INFO] [stderr]    Compiling phf_codegen v0.11.3
[INFO] [stderr]     Checking embedded-graphics-core v0.4.1
[INFO] [stderr]     Checking ili9341 v0.6.0
[INFO] [stderr]     Checking embedded-graphics v0.8.2
[INFO] [stderr]    Compiling serde_derive v1.0.229
[INFO] [stderr]    Compiling num_enum_derive v0.5.11
[INFO] [stderr]    Compiling modular-bitfield-impl v0.11.2
[INFO] [stderr]     Checking num_enum v0.5.11
[INFO] [stderr]     Checking seeed-erpc v0.1.3 (/opt/rustwide/workdir/vendor/seeed-erpc)
[INFO] [stdout] warning: use of deprecated constant `core::u32::MAX`: replaced by the `MAX` associated constant on this type
[INFO] [stdout]   --> vendor/seeed-erpc/src/lib.rs:88:26
[INFO] [stdout]    |
[INFO] [stdout] 88 |     Unknown = core::u32::MAX,
[INFO] [stdout]    |                          ^^^
[INFO] [stdout]    |
[INFO] [stdout]    = note: `#[warn(deprecated)]` on by default
[INFO] [stdout] 
[INFO] [stdout] 
[INFO] [stderr]     Checking modular-bitfield v0.11.2
[INFO] [stderr]    Compiling cortex-m-rt-macros v0.7.6
[INFO] [stderr]    Compiling serde_yaml v0.9.34+deprecated
[INFO] [stderr]    Compiling atsamd-hal-macros v0.2.5
[INFO] [stderr]     Checking atsamd-hal v0.21.3
[INFO] [stdout] error: unwinding panics are not supported without std
[INFO] [stdout]   |
[INFO] [stdout]   = help: using nightly cargo, use -Zbuild-std with panic="abort" to avoid unwinding
[INFO] [stdout]   = note: since the core library is usually precompiled with panic="unwind", rebuilding your crate with panic="abort" may not be enough to fix the problem
[INFO] [stdout] 
[INFO] [stdout] 
[INFO] [stdout] error: unwinding panics are not supported without std
[INFO] [stdout]   |
[INFO] [stdout]   = help: using nightly cargo, use -Zbuild-std with panic="abort" to avoid unwinding
[INFO] [stdout]   = note: since the core library is usually precompiled with panic="unwind", rebuilding your crate with panic="abort" may not be enough to fix the problem
[INFO] [stdout] 
[INFO] [stdout] 
[INFO] [stdout] error: unwinding panics are not supported without std
[INFO] [stdout]   |
[INFO] [stdout]   = help: using nightly cargo, use -Zbuild-std with panic="abort" to avoid unwinding
[INFO] [stdout]   = note: since the core library is usually precompiled with panic="unwind", rebuilding your crate with panic="abort" may not be enough to fix the problem
[INFO] [stdout] 
[INFO] [stdout] 
[INFO] [stdout] error[E0152]: duplicate lang item in crate `std` (which `test` depends on): `panic_impl`
[INFO] [stdout]   |
[INFO] [stdout]   = note: the lang item is first defined in crate `panic_halt` (which `listen_probe` depends on)
[INFO] [stdout]   = note: first definition in `panic_halt` loaded from /opt/rustwide/target/debug/build/panic-halt/06c53474f39a91c6/out/libpanic_halt-06c53474f39a91c6.rmeta
[INFO] [stdout]   = note: second definition in `std` loaded from /opt/rustwide/rustup-home/toolchains/3154cc1a3e6424e44f438a95007d043ed5ceaaf6/lib/rustlib/x86_64-unknown-linux-gnu/lib/libstd-6ee2a0f0126c8a50.rmeta
[INFO] [stdout] 
[INFO] [stdout] 
[INFO] [stdout] For more information about this error, try `rustc --explain E0152`.
[INFO] [stdout] 
[INFO] [stderr] error: could not compile `sendspin-terminal` (bin "listen_probe" test) due to 1 previous error
[INFO] [stderr] warning: build failed, waiting for other jobs to finish...
[INFO] [stdout] error: unwinding panics are not supported without std
[INFO] [stdout]   |
[INFO] [stdout]   = help: using nightly cargo, use -Zbuild-std with panic="abort" to avoid unwinding
[INFO] [stdout]   = note: since the core library is usually precompiled with panic="unwind", rebuilding your crate with panic="abort" may not be enough to fix the problem
[INFO] [stdout] 
[INFO] [stdout] 
[INFO] [stdout] error: unwinding panics are not supported without std
[INFO] [stdout]   |
[INFO] [stdout]   = help: using nightly cargo, use -Zbuild-std with panic="abort" to avoid unwinding
[INFO] [stdout]   = note: since the core library is usually precompiled with panic="unwind", rebuilding your crate with panic="abort" may not be enough to fix the problem
[INFO] [stdout] 
[INFO] [stdout] 
[INFO] [stdout] error[E0152]: duplicate lang item in crate `std` (which `test` depends on): `panic_impl`
[INFO] [stdout]   |
[INFO] [stdout]   = note: the lang item is first defined in crate `panic_halt` (which `tcp_probe` depends on)
[INFO] [stdout]   = note: first definition in `panic_halt` loaded from /opt/rustwide/target/debug/build/panic-halt/06c53474f39a91c6/out/libpanic_halt-06c53474f39a91c6.rmeta
[INFO] [stdout]   = note: second definition in `std` loaded from /opt/rustwide/rustup-home/toolchains/3154cc1a3e6424e44f438a95007d043ed5ceaaf6/lib/rustlib/x86_64-unknown-linux-gnu/lib/libstd-6ee2a0f0126c8a50.rmeta
[INFO] [stdout] 
[INFO] [stdout] 
[INFO] [stdout] error: unwinding panics are not supported without std
[INFO] [stdout]   |
[INFO] [stdout]   = help: using nightly cargo, use -Zbuild-std with panic="abort" to avoid unwinding
[INFO] [stdout]   = note: since the core library is usually precompiled with panic="unwind", rebuilding your crate with panic="abort" may not be enough to fix the problem
[INFO] [stdout] 
[INFO] [stdout] 
[INFO] [stdout] error[E0152]: duplicate lang item in crate `std` (which `test` depends on): `panic_impl`
[INFO] [stdout]   |
[INFO] [stdout]   = note: the lang item is first defined in crate `panic_halt` (which `wifi_scan` depends on)
[INFO] [stdout]   = note: first definition in `panic_halt` loaded from /opt/rustwide/target/debug/build/panic-halt/06c53474f39a91c6/out/libpanic_halt-06c53474f39a91c6.rmeta
[INFO] [stdout]   = note: second definition in `std` loaded from /opt/rustwide/rustup-home/toolchains/3154cc1a3e6424e44f438a95007d043ed5ceaaf6/lib/rustlib/x86_64-unknown-linux-gnu/lib/libstd-6ee2a0f0126c8a50.rmeta
[INFO] [stdout] 
[INFO] [stdout] 
[INFO] [stdout] For more information about this error, try `rustc --explain E0152`.
[INFO] [stdout] 
[INFO] [stdout] error[E0152]: duplicate lang item in crate `std` (which `test` depends on): `panic_impl`
[INFO] [stdout]   |
[INFO] [stdout]   = note: the lang item is first defined in crate `panic_halt` (which `wdt_probe` depends on)
[INFO] [stdout]   = note: first definition in `panic_halt` loaded from /opt/rustwide/target/debug/build/panic-halt/06c53474f39a91c6/out/libpanic_halt-06c53474f39a91c6.rmeta
[INFO] [stdout]   = note: second definition in `std` loaded from /opt/rustwide/rustup-home/toolchains/3154cc1a3e6424e44f438a95007d043ed5ceaaf6/lib/rustlib/x86_64-unknown-linux-gnu/lib/libstd-6ee2a0f0126c8a50.rmeta
[INFO] [stdout] 
[INFO] [stdout] 
[INFO] [stdout] warning: unused import: `Point`
[INFO] [stdout]   --> src/bin/ws_probe.rs:36:34
[INFO] [stdout]    |
[INFO] [stdout] 36 | use embedded_graphics::prelude::{Point, RgbColor};
[INFO] [stdout]    |                                  ^^^^^
[INFO] [stdout]    |
[INFO] [stdout]    = note: `#[warn(unused_imports)]` (part of `#[warn(unused)]`) on by default
[INFO] [stdout] 
[INFO] [stdout] 
[INFO] [stdout] warning: unused import: `cortex_m::peripheral::NVIC`
[INFO] [stdout]   --> src/bin/ws_probe.rs:40:5
[INFO] [stdout]    |
[INFO] [stdout] 40 | use cortex_m::peripheral::NVIC;
[INFO] [stdout]    |     ^^^^^^^^^^^^^^^^^^^^^^^^^^
[INFO] [stdout] 
[INFO] [stdout] 
[INFO] [stdout] warning: unused import: `wio::hal::usb::UsbBus`
[INFO] [stdout]   --> src/bin/ws_probe.rs:44:5
[INFO] [stdout]    |
[INFO] [stdout] 44 | use wio::hal::usb::UsbBus;
[INFO] [stdout]    |     ^^^^^^^^^^^^^^^^^^^^^
[INFO] [stdout] 
[INFO] [stdout] 
[INFO] [stdout] error[E0152]: duplicate lang item in crate `std` (which `test` depends on): `panic_impl`
[INFO] [stdout]   |
[INFO] [stdout]   = note: the lang item is first defined in crate `panic_halt` (which `ws_probe` depends on)
[INFO] [stdout]   = note: first definition in `panic_halt` loaded from /opt/rustwide/target/debug/build/panic-halt/06c53474f39a91c6/out/libpanic_halt-06c53474f39a91c6.rmeta
[INFO] [stdout]   = note: second definition in `std` loaded from /opt/rustwide/rustup-home/toolchains/3154cc1a3e6424e44f438a95007d043ed5ceaaf6/lib/rustlib/x86_64-unknown-linux-gnu/lib/libstd-6ee2a0f0126c8a50.rmeta
[INFO] [stdout] 
[INFO] [stdout] 
[INFO] [stdout] For more information about this error, try `rustc --explain E0152`.
[INFO] [stdout] 
[INFO] [stdout] For more information about this error, try `rustc --explain E0152`.
[INFO] [stdout] 
[INFO] [stderr] error: could not compile `sendspin-terminal` (bin "tcp_probe" test) due to 1 previous error
[INFO] [stderr] error: could not compile `sendspin-terminal` (bin "wdt_probe" test) due to 1 previous error
[INFO] [stdout] For more information about this error, try `rustc --explain E0152`.
[INFO] [stdout] 
[INFO] [stdout] error[E0152]: duplicate lang item in crate `std` (which `test` depends on): `panic_impl`
[INFO] [stdout]   |
[INFO] [stdout]   = note: the lang item is first defined in crate `panic_halt` (which `wifi_probe` depends on)
[INFO] [stdout]   = note: first definition in `panic_halt` loaded from /opt/rustwide/target/debug/build/panic-halt/06c53474f39a91c6/out/libpanic_halt-06c53474f39a91c6.rmeta
[INFO] [stdout]   = note: second definition in `std` loaded from /opt/rustwide/rustup-home/toolchains/3154cc1a3e6424e44f438a95007d043ed5ceaaf6/lib/rustlib/x86_64-unknown-linux-gnu/lib/libstd-6ee2a0f0126c8a50.rmeta
[INFO] [stdout] 
[INFO] [stdout] 
[INFO] [stderr] error: could not compile `sendspin-terminal` (bin "wifi_scan" test) due to 1 previous error
[INFO] [stderr] error: could not compile `sendspin-terminal` (bin "wifi_probe") due to 1 previous error
[INFO] [stdout] For more information about this error, try `rustc --explain E0152`.
[INFO] [stdout] 
[INFO] [stderr] error: could not compile `sendspin-terminal` (bin "wifi_probe" test) due to 1 previous error
[INFO] [stderr] error: could not compile `sendspin-terminal` (bin "ws_probe" test) due to 1 previous error; 3 warnings emitted
[INFO] [stdout] warning: unused import: `Point`
[INFO] [stdout]   --> src/bin/ws_probe.rs:36:34
[INFO] [stdout]    |
[INFO] [stdout] 36 | use embedded_graphics::prelude::{Point, RgbColor};
[INFO] [stdout]    |                                  ^^^^^
[INFO] [stdout]    |
[INFO] [stdout]    = note: `#[warn(unused_imports)]` (part of `#[warn(unused)]`) on by default
[INFO] [stdout] 
[INFO] [stdout] 
[INFO] [stdout] warning: unused import: `cortex_m::peripheral::NVIC`
[INFO] [stdout]   --> src/bin/ws_probe.rs:40:5
[INFO] [stdout]    |
[INFO] [stdout] 40 | use cortex_m::peripheral::NVIC;
[INFO] [stdout]    |     ^^^^^^^^^^^^^^^^^^^^^^^^^^
[INFO] [stdout] 
[INFO] [stdout] 
[INFO] [stdout] warning: unused import: `wio::hal::usb::UsbBus`
[INFO] [stdout]   --> src/bin/ws_probe.rs:44:5
[INFO] [stdout]    |
[INFO] [stdout] 44 | use wio::hal::usb::UsbBus;
[INFO] [stdout]    |     ^^^^^^^^^^^^^^^^^^^^^
[INFO] [stdout] 
[INFO] [stdout] 
[INFO] [stdout] error: unwinding panics are not supported without std
[INFO] [stdout]   |
[INFO] [stdout]   = help: using nightly cargo, use -Zbuild-std with panic="abort" to avoid unwinding
[INFO] [stdout]   = note: since the core library is usually precompiled with panic="unwind", rebuilding your crate with panic="abort" may not be enough to fix the problem
[INFO] [stdout] 
[INFO] [stdout] 
[INFO] [stderr] error: could not compile `sendspin-terminal` (bin "wifi_scan") due to 1 previous error
[INFO] [stderr] error: could not compile `sendspin-terminal` (bin "wdt_probe") due to 1 previous error
[INFO] [stderr] error: could not compile `sendspin-terminal` (bin "sendspin-terminal") due to 1 previous error
[INFO] [stderr] error: could not compile `sendspin-terminal` (bin "tcp_probe") due to 1 previous error
[INFO] [stderr] error: could not compile `sendspin-terminal` (bin "listen_probe") due to 1 previous error
[INFO] [stdout] warning: unused variable: `wifi_ref`
[INFO] [stdout]    --> src/bin/ws_probe.rs:338:9
[INFO] [stdout]     |
[INFO] [stdout] 338 |     let wifi_ref = match unsafe { WIFI.as_mut() } {
[INFO] [stdout]     |         ^^^^^^^^ help: if this is intentional, prefix it with an underscore: `_wifi_ref`
[INFO] [stdout]     |
[INFO] [stdout]     = note: `#[warn(unused_variables)]` (part of `#[warn(unused)]`) on by default
[INFO] [stdout] 
[INFO] [stdout] 
[INFO] [stderr] error: could not compile `sendspin-terminal` (bin "ws_probe") due to 1 previous error; 4 warnings emitted
[INFO] running `Command { std: "docker" "inspect" "d784d359ac3ef716f28ae10282e800424f031673c98a51db515dd576726b7891", kill_on_drop: false }`
[INFO] running `Command { std: "docker" "rm" "-f" "d784d359ac3ef716f28ae10282e800424f031673c98a51db515dd576726b7891", kill_on_drop: false }`
[INFO] [stdout] d784d359ac3ef716f28ae10282e800424f031673c98a51db515dd576726b7891
