[INFO] cloning repository https://github.com/tiberiusferreira/oxide-enzyme
[INFO] running `Command { std: "git" "-c" "credential.helper=" "-c" "credential.helper=/workspace/cargo-home/bin/git-credential-null" "clone" "--bare" "https://github.com/tiberiusferreira/oxide-enzyme" "/workspace/cache/git-repos/https%3A%2F%2Fgithub.com%2Ftiberiusferreira%2Foxide-enzyme", kill_on_drop: false }`
[INFO] [stderr] Cloning into bare repository '/workspace/cache/git-repos/https%3A%2F%2Fgithub.com%2Ftiberiusferreira%2Foxide-enzyme'...
[INFO] running `Command { std: "git" "rev-parse" "HEAD", kill_on_drop: false }`
[INFO] [stdout] 6c7868bc7a5b0ead020a33209f87b9c138c9e83b
[INFO] checking tiberiusferreira/oxide-enzyme against 3154cc1a3e6424e44f438a95007d043ed5ceaaf6+rustflags=-Znext-solver=coherence for pr-133502-30
[INFO] running `Command { std: "git" "clone" "/workspace/cache/git-repos/https%3A%2F%2Fgithub.com%2Ftiberiusferreira%2Foxide-enzyme" "/workspace/builds/worker-7-tc1/source", kill_on_drop: false }`
[INFO] [stderr] Cloning into '/workspace/builds/worker-7-tc1/source'...
[INFO] [stderr] done.
[INFO] started tweaking git repo https://github.com/tiberiusferreira/oxide-enzyme
[INFO] finished tweaking git repo https://github.com/tiberiusferreira/oxide-enzyme
[INFO] tweaked toml for git repo https://github.com/tiberiusferreira/oxide-enzyme written to /workspace/builds/worker-7-tc1/source/Cargo.toml
[INFO] validating manifest of git repo https://github.com/tiberiusferreira/oxide-enzyme on toolchain 3154cc1a3e6424e44f438a95007d043ed5ceaaf6
[INFO] running `Command { std: CARGO_HOME="/workspace/cargo-home" RUSTUP_HOME="/workspace/rustup-home" "/workspace/cargo-home/bin/cargo" "+3154cc1a3e6424e44f438a95007d043ed5ceaaf6" "metadata" "--manifest-path" "Cargo.toml" "--no-deps", kill_on_drop: false }`
[INFO] crate git repo https://github.com/tiberiusferreira/oxide-enzyme already has a lockfile, it will not be regenerated
[INFO] running `Command { std: CARGO_HOME="/workspace/cargo-home" RUSTUP_HOME="/workspace/rustup-home" "/workspace/cargo-home/bin/cargo" "+3154cc1a3e6424e44f438a95007d043ed5ceaaf6" "fetch" "--manifest-path" "Cargo.toml", kill_on_drop: false }`
[INFO] [stderr]  Downloading crates ...
[INFO] [stderr]   Downloaded unicode-xid v0.2.1
[INFO] [stderr]   Downloaded serde_json v1.0.59
[INFO] [stderr]   Downloaded itoa v0.4.6
[INFO] [stderr]   Downloaded thread_local v1.0.1
[INFO] [stderr]   Downloaded memchr v2.3.4
[INFO] [stderr]   Downloaded quote v1.0.7
[INFO] [stderr]   Downloaded proc-macro2 v1.0.24
[INFO] [stderr]   Downloaded ryu v1.0.5
[INFO] [stderr]   Downloaded serde_derive v1.0.117
[INFO] [stderr]   Downloaded serde v1.0.117
[INFO] [stderr]   Downloaded aho-corasick v0.7.14
[INFO] [stderr]   Downloaded regex v1.4.2
[INFO] [stderr]   Downloaded syn v1.0.45
[INFO] [stderr]   Downloaded regex-syntax v0.6.21
[INFO] running `Command { std: "docker" "create" "-v" "/var/lib/crater-agent-workspace/builds/worker-7-tc1/source:/opt/rustwide/workdir:ro,Z" "-v" "/var/lib/crater-agent-workspace/builds/worker-7-tc1/target:/opt/rustwide/target:rw,Z" "-v" "/var/lib/crater-agent-workspace/cargo-home:/opt/rustwide/cargo-home:ro,Z" "-v" "/var/lib/crater-agent-workspace/rustup-home:/opt/rustwide/rustup-home:ro,Z" "-m" "1610612736" "--network" "none" "ghcr.io/rust-lang/crates-build-env/linux@sha256:77db811e55d90add9212f6832c23229e3de5f1c1f9905e8cb07319ea15df73ac" "sleep" "infinity", kill_on_drop: false }`
[INFO] [stdout] 905c7a09bf4f517647c1081d1267cc5d9ef7eec047cff50ebcc6c7c7f4e27ff3
[INFO] running `Command { std: "docker" "start" "905c7a09bf4f517647c1081d1267cc5d9ef7eec047cff50ebcc6c7c7f4e27ff3", kill_on_drop: false }`
[INFO] running `Command { std: "docker" "inspect" "905c7a09bf4f517647c1081d1267cc5d9ef7eec047cff50ebcc6c7c7f4e27ff3", kill_on_drop: false }`
[INFO] running `Command { std: "docker" "exec" "-e" "SOURCE_DIR=/opt/rustwide/workdir" "-e" "CARGO_HOME=/opt/rustwide/cargo-home" "-e" "RUSTUP_HOME=/opt/rustwide/rustup-home" "-e" "CARGO_TARGET_DIR=/opt/rustwide/target" "-w" "/opt/rustwide/workdir" "--user" "0:0" "905c7a09bf4f517647c1081d1267cc5d9ef7eec047cff50ebcc6c7c7f4e27ff3" "/opt/rustwide/cargo-home/bin/cargo" "+3154cc1a3e6424e44f438a95007d043ed5ceaaf6" "metadata" "--no-deps" "--format-version=1", kill_on_drop: false }`
[INFO] running `Command { std: "docker" "inspect" "905c7a09bf4f517647c1081d1267cc5d9ef7eec047cff50ebcc6c7c7f4e27ff3", kill_on_drop: false }`
[INFO] running `Command { std: "docker" "exec" "-e" "SOURCE_DIR=/opt/rustwide/workdir" "-e" "CARGO_HOME=/opt/rustwide/cargo-home" "-e" "RUSTUP_HOME=/opt/rustwide/rustup-home" "-e" "CARGO_TARGET_DIR=/opt/rustwide/target" "-e" "CARGO_INCREMENTAL=0" "-e" "RUST_BACKTRACE=full" "-e" "RUSTFLAGS=--cap-lints=forbid -Znext-solver=coherence" "-e" "RUSTDOCFLAGS=--cap-lints=forbid" "-w" "/opt/rustwide/workdir" "--user" "0:0" "905c7a09bf4f517647c1081d1267cc5d9ef7eec047cff50ebcc6c7c7f4e27ff3" "/opt/rustwide/cargo-home/bin/cargo" "+3154cc1a3e6424e44f438a95007d043ed5ceaaf6" "check" "--frozen" "--all" "--all-targets" "--message-format=json", kill_on_drop: false }`
[INFO] [stderr]    Compiling proc-macro2 v1.0.24
[INFO] [stderr]    Compiling unicode-xid v0.2.1
[INFO] [stderr]    Compiling syn v1.0.45
[INFO] [stderr]    Compiling memchr v2.3.4
[INFO] [stderr]    Compiling serde_derive v1.0.117
[INFO] [stderr]    Compiling ryu v1.0.5
[INFO] [stderr]    Compiling serde v1.0.117
[INFO] [stderr]    Compiling serde_json v1.0.59
[INFO] [stderr]     Checking lazy_static v1.4.0
[INFO] [stderr]     Checking itoa v0.4.6
[INFO] [stderr]     Checking regex-syntax v0.6.21
[INFO] [stderr]     Checking thread_local v1.0.1
[INFO] [stderr]    Compiling quote v1.0.7
[INFO] [stderr]     Checking aho-corasick v0.7.14
[INFO] [stderr]     Checking regex v1.4.2
[INFO] [stderr]     Checking oxide-enzyme v0.1.0 (/opt/rustwide/workdir)
[INFO] [stdout] error[E0658]: linking to Enzyme intrinsics is experimental
[INFO] [stdout]  --> src/main.rs:2:5
[INFO] [stdout]   |
[INFO] [stdout] 2 |     fn __enzyme_autodiff(_: usize, ...);
[INFO] [stdout]   |     ^^^^^^^^^^^^^^^^^^^^^^^^^^^^^^^^^^^^
[INFO] [stdout]   |
[INFO] [stdout]   = help: add `#![feature(link_enzyme_intrinsics)]` to the crate attributes to enable
[INFO] [stdout]   = note: this compiler was built on 2026-10-09; consider upgrading it if it is out of date
[INFO] [stdout] 
[INFO] [stdout] 
[INFO] [stdout] error[E0658]: linking to Enzyme intrinsics is experimental
[INFO] [stdout]  --> src/main.rs:3:5
[INFO] [stdout]   |
[INFO] [stdout] 3 |     fn __enzyme_float(pointer: usize, size: usize);
[INFO] [stdout]   |     ^^^^^^^^^^^^^^^^^^^^^^^^^^^^^^^^^^^^^^^^^^^^^^^
[INFO] [stdout]   |
[INFO] [stdout]   = help: add `#![feature(link_enzyme_intrinsics)]` to the crate attributes to enable
[INFO] [stdout]   = note: this compiler was built on 2026-10-09; consider upgrading it if it is out of date
[INFO] [stdout] 
[INFO] [stdout] 
[INFO] [stdout] warning: `extern` declarations without an explicit ABI are deprecated
[INFO] [stdout]  --> src/main.rs:1:1
[INFO] [stdout]   |
[INFO] [stdout] 1 | extern {
[INFO] [stdout]   | ^^^^^^ help: explicitly specify the "C" ABI: `extern "C"`
[INFO] [stdout]   |
[INFO] [stdout]   = note: `#[warn(missing_abi)]` on by default
[INFO] [stdout] 
[INFO] [stdout] 
[INFO] [stdout] error[E0658]: linking to Enzyme intrinsics is experimental
[INFO] [stdout]  --> src/main.rs:2:5
[INFO] [stdout]   |
[INFO] [stdout] 2 |     fn __enzyme_autodiff(_: usize, ...);
[INFO] [stdout]   |     ^^^^^^^^^^^^^^^^^^^^^^^^^^^^^^^^^^^^
[INFO] [stdout]   |
[INFO] [stdout]   = help: add `#![feature(link_enzyme_intrinsics)]` to the crate attributes to enable
[INFO] [stdout]   = note: this compiler was built on 2026-10-09; consider upgrading it if it is out of date
[INFO] [stdout] 
[INFO] [stdout] 
[INFO] [stdout] error[E0658]: linking to Enzyme intrinsics is experimental
[INFO] [stdout]  --> src/main.rs:3:5
[INFO] [stdout]   |
[INFO] [stdout] 3 |     fn __enzyme_float(pointer: usize, size: usize);
[INFO] [stdout]   |     ^^^^^^^^^^^^^^^^^^^^^^^^^^^^^^^^^^^^^^^^^^^^^^^
[INFO] [stdout]   |
[INFO] [stdout]   = help: add `#![feature(link_enzyme_intrinsics)]` to the crate attributes to enable
[INFO] [stdout]   = note: this compiler was built on 2026-10-09; consider upgrading it if it is out of date
[INFO] [stdout] 
[INFO] [stdout] 
[INFO] [stdout] warning: `extern` declarations without an explicit ABI are deprecated
[INFO] [stdout]  --> src/main.rs:1:1
[INFO] [stdout]   |
[INFO] [stdout] 1 | extern {
[INFO] [stdout]   | ^^^^^^ help: explicitly specify the "C" ABI: `extern "C"`
[INFO] [stdout]   |
[INFO] [stdout]   = note: `#[warn(missing_abi)]` on by default
[INFO] [stdout] 
[INFO] [stdout] 
[INFO] [stdout] warning: variable does not need to be mutable
[INFO] [stdout]    --> src/main.rs:144:9
[INFO] [stdout]     |
[INFO] [stdout] 144 |     let mut input = vec![1., 2., 3., 4.];
[INFO] [stdout]     |         ----^^^^^
[INFO] [stdout]     |         |
[INFO] [stdout]     |         help: remove this `mut`
[INFO] [stdout]     |
[INFO] [stdout]     = note: `#[warn(unused_mut)]` (part of `#[warn(unused)]`) on by default
[INFO] [stdout] 
[INFO] [stdout] 
[INFO] [stdout] warning: variable does not need to be mutable
[INFO] [stdout]    --> src/main.rs:145:9
[INFO] [stdout]     |
[INFO] [stdout] 145 |     let mut input_shadow = vec![1., 2., 3., 4.];
[INFO] [stdout]     |         ----^^^^^^^^^^^^
[INFO] [stdout]     |         |
[INFO] [stdout]     |         help: remove this `mut`
[INFO] [stdout] 
[INFO] [stdout] 
[INFO] [stdout] warning: variable does not need to be mutable
[INFO] [stdout]    --> src/main.rs:146:9
[INFO] [stdout]     |
[INFO] [stdout] 146 |     let mut weights = vec![1.; 4];
[INFO] [stdout]     |         ----^^^^^^^
[INFO] [stdout]     |         |
[INFO] [stdout]     |         help: remove this `mut`
[INFO] [stdout] 
[INFO] [stdout] 
[INFO] [stdout] warning: variable does not need to be mutable
[INFO] [stdout]    --> src/main.rs:147:9
[INFO] [stdout]     |
[INFO] [stdout] 147 |     let mut weights_shadow = vec![0.; 4];
[INFO] [stdout]     |         ----^^^^^^^^^^^^^^
[INFO] [stdout]     |         |
[INFO] [stdout]     |         help: remove this `mut`
[INFO] [stdout] 
[INFO] [stdout] 
[INFO] [stdout] warning: variable does not need to be mutable
[INFO] [stdout]    --> src/main.rs:148:9
[INFO] [stdout]     |
[INFO] [stdout] 148 |     let mut target = vec![0., 0., 1., 0.];
[INFO] [stdout]     |         ----^^^^^^
[INFO] [stdout]     |         |
[INFO] [stdout]     |         help: remove this `mut`
[INFO] [stdout] 
[INFO] [stdout] 
[INFO] [stdout] warning: variable does not need to be mutable
[INFO] [stdout]    --> src/main.rs:149:9
[INFO] [stdout]     |
[INFO] [stdout] 149 |     let mut target_shadow = vec![0., 0., 1., 0.];
[INFO] [stdout]     |         ----^^^^^^^^^^^^^
[INFO] [stdout]     |         |
[INFO] [stdout]     |         help: remove this `mut`
[INFO] [stdout] 
[INFO] [stdout] 
[INFO] [stdout] warning: unused variable: `input`
[INFO] [stdout]    --> src/main.rs:144:9
[INFO] [stdout]     |
[INFO] [stdout] 144 |     let mut input = vec![1., 2., 3., 4.];
[INFO] [stdout]     |         ^^^^^^^^^ help: if this is intentional, prefix it with an underscore: `_input`
[INFO] [stdout]     |
[INFO] [stdout]     = note: `#[warn(unused_variables)]` (part of `#[warn(unused)]`) on by default
[INFO] [stdout] 
[INFO] [stdout] 
[INFO] [stdout] warning: unused variable: `input_shadow`
[INFO] [stdout]    --> src/main.rs:145:9
[INFO] [stdout]     |
[INFO] [stdout] 145 |     let mut input_shadow = vec![1., 2., 3., 4.];
[INFO] [stdout]     |         ^^^^^^^^^^^^^^^^ help: if this is intentional, prefix it with an underscore: `_input_shadow`
[INFO] [stdout] 
[INFO] [stdout] 
[INFO] [stdout] warning: unused variable: `weights`
[INFO] [stdout]    --> src/main.rs:146:9
[INFO] [stdout]     |
[INFO] [stdout] 146 |     let mut weights = vec![1.; 4];
[INFO] [stdout]     |         ^^^^^^^^^^^ help: if this is intentional, prefix it with an underscore: `_weights`
[INFO] [stdout] 
[INFO] [stdout] 
[INFO] [stdout] warning: unused variable: `weights_shadow`
[INFO] [stdout]    --> src/main.rs:147:9
[INFO] [stdout]     |
[INFO] [stdout] 147 |     let mut weights_shadow = vec![0.; 4];
[INFO] [stdout]     |         ^^^^^^^^^^^^^^^^^^ help: if this is intentional, prefix it with an underscore: `_weights_shadow`
[INFO] [stdout] 
[INFO] [stdout] 
[INFO] [stdout] warning: unused variable: `target`
[INFO] [stdout]    --> src/main.rs:148:9
[INFO] [stdout]     |
[INFO] [stdout] 148 |     let mut target = vec![0., 0., 1., 0.];
[INFO] [stdout]     |         ^^^^^^^^^^ help: if this is intentional, prefix it with an underscore: `_target`
[INFO] [stdout] 
[INFO] [stdout] 
[INFO] [stdout] warning: unused variable: `target_shadow`
[INFO] [stdout]    --> src/main.rs:149:9
[INFO] [stdout]     |
[INFO] [stdout] 149 |     let mut target_shadow = vec![0., 0., 1., 0.];
[INFO] [stdout]     |         ^^^^^^^^^^^^^^^^^ help: if this is intentional, prefix it with an underscore: `_target_shadow`
[INFO] [stdout] 
[INFO] [stdout] 
[INFO] [stdout] For more information about this error, try `rustc --explain E0658`.
[INFO] [stdout] 
[INFO] [stdout] warning: variable does not need to be mutable
[INFO] [stdout]    --> src/main.rs:144:9
[INFO] [stdout]     |
[INFO] [stdout] 144 |     let mut input = vec![1., 2., 3., 4.];
[INFO] [stdout]     |         ----^^^^^
[INFO] [stdout]     |         |
[INFO] [stdout]     |         help: remove this `mut`
[INFO] [stdout]     |
[INFO] [stdout]     = note: `#[warn(unused_mut)]` (part of `#[warn(unused)]`) on by default
[INFO] [stdout] 
[INFO] [stdout] 
[INFO] [stdout] warning: variable does not need to be mutable
[INFO] [stdout]    --> src/main.rs:145:9
[INFO] [stdout]     |
[INFO] [stdout] 145 |     let mut input_shadow = vec![1., 2., 3., 4.];
[INFO] [stdout]     |         ----^^^^^^^^^^^^
[INFO] [stdout]     |         |
[INFO] [stdout]     |         help: remove this `mut`
[INFO] [stdout] 
[INFO] [stdout] 
[INFO] [stdout] warning: variable does not need to be mutable
[INFO] [stdout]    --> src/main.rs:146:9
[INFO] [stdout]     |
[INFO] [stdout] 146 |     let mut weights = vec![1.; 4];
[INFO] [stdout]     |         ----^^^^^^^
[INFO] [stdout]     |         |
[INFO] [stdout]     |         help: remove this `mut`
[INFO] [stdout] 
[INFO] [stdout] 
[INFO] [stdout] warning: variable does not need to be mutable
[INFO] [stdout]    --> src/main.rs:147:9
[INFO] [stdout]     |
[INFO] [stdout] 147 |     let mut weights_shadow = vec![0.; 4];
[INFO] [stdout]     |         ----^^^^^^^^^^^^^^
[INFO] [stdout]     |         |
[INFO] [stdout]     |         help: remove this `mut`
[INFO] [stdout] 
[INFO] [stdout] 
[INFO] [stdout] warning: variable does not need to be mutable
[INFO] [stdout]    --> src/main.rs:148:9
[INFO] [stdout]     |
[INFO] [stdout] 148 |     let mut target = vec![0., 0., 1., 0.];
[INFO] [stdout]     |         ----^^^^^^
[INFO] [stdout]     |         |
[INFO] [stdout]     |         help: remove this `mut`
[INFO] [stdout] 
[INFO] [stdout] 
[INFO] [stdout] warning: variable does not need to be mutable
[INFO] [stdout]    --> src/main.rs:149:9
[INFO] [stdout]     |
[INFO] [stdout] 149 |     let mut target_shadow = vec![0., 0., 1., 0.];
[INFO] [stdout]     |         ----^^^^^^^^^^^^^
[INFO] [stdout]     |         |
[INFO] [stdout]     |         help: remove this `mut`
[INFO] [stdout] 
[INFO] [stdout] 
[INFO] [stdout] warning: unused variable: `input`
[INFO] [stdout]    --> src/main.rs:144:9
[INFO] [stdout]     |
[INFO] [stdout] 144 |     let mut input = vec![1., 2., 3., 4.];
[INFO] [stdout]     |         ^^^^^^^^^ help: if this is intentional, prefix it with an underscore: `_input`
[INFO] [stdout]     |
[INFO] [stdout]     = note: `#[warn(unused_variables)]` (part of `#[warn(unused)]`) on by default
[INFO] [stdout] 
[INFO] [stdout] 
[INFO] [stdout] warning: unused variable: `input_shadow`
[INFO] [stdout]    --> src/main.rs:145:9
[INFO] [stdout]     |
[INFO] [stdout] 145 |     let mut input_shadow = vec![1., 2., 3., 4.];
[INFO] [stdout]     |         ^^^^^^^^^^^^^^^^ help: if this is intentional, prefix it with an underscore: `_input_shadow`
[INFO] [stdout] 
[INFO] [stdout] 
[INFO] [stdout] warning: unused variable: `weights`
[INFO] [stdout]    --> src/main.rs:146:9
[INFO] [stdout]     |
[INFO] [stdout] 146 |     let mut weights = vec![1.; 4];
[INFO] [stdout]     |         ^^^^^^^^^^^ help: if this is intentional, prefix it with an underscore: `_weights`
[INFO] [stdout] 
[INFO] [stdout] 
[INFO] [stdout] warning: unused variable: `weights_shadow`
[INFO] [stdout]    --> src/main.rs:147:9
[INFO] [stdout]     |
[INFO] [stdout] 147 |     let mut weights_shadow = vec![0.; 4];
[INFO] [stdout]     |         ^^^^^^^^^^^^^^^^^^ help: if this is intentional, prefix it with an underscore: `_weights_shadow`
[INFO] [stdout] 
[INFO] [stdout] 
[INFO] [stdout] warning: unused variable: `target`
[INFO] [stdout]    --> src/main.rs:148:9
[INFO] [stdout]     |
[INFO] [stdout] 148 |     let mut target = vec![0., 0., 1., 0.];
[INFO] [stdout]     |         ^^^^^^^^^^ help: if this is intentional, prefix it with an underscore: `_target`
[INFO] [stdout] 
[INFO] [stdout] 
[INFO] [stdout] warning: unused variable: `target_shadow`
[INFO] [stdout]    --> src/main.rs:149:9
[INFO] [stdout]     |
[INFO] [stdout] 149 |     let mut target_shadow = vec![0., 0., 1., 0.];
[INFO] [stdout]     |         ^^^^^^^^^^^^^^^^^ help: if this is intentional, prefix it with an underscore: `_target_shadow`
[INFO] [stdout] 
[INFO] [stdout] 
[INFO] [stderr] error: could not compile `oxide-enzyme` (bin "oxide_enzyme" test) due to 2 previous errors; 13 warnings emitted
[INFO] [stderr] warning: build failed, waiting for other jobs to finish...
[INFO] [stdout] For more information about this error, try `rustc --explain E0658`.
[INFO] [stdout] 
[INFO] [stderr] error: could not compile `oxide-enzyme` (bin "oxide_enzyme") due to 2 previous errors; 13 warnings emitted
[INFO] [stdout] warning: fields `name` and `type` are never read
[INFO] [stdout]    --> src/structs.rs:112:5
[INFO] [stdout]     |
[INFO] [stdout] 111 | pub struct DITemplateTypeParameter{
[INFO] [stdout]     |            ----------------------- fields in this struct
[INFO] [stdout] 112 |     name: String,
[INFO] [stdout]     |     ^^^^
[INFO] [stdout] 113 |     r#type: String,
[INFO] [stdout]     |     ^^^^^^
[INFO] [stdout]     |
[INFO] [stdout]     = note: `DITemplateTypeParameter` has derived impls for the traits `Debug` and `Clone`, but these are intentionally ignored during dead code analysis
[INFO] [stdout]     = note: `#[warn(dead_code)]` (part of `#[warn(unused)]`) on by default
[INFO] [stdout] 
[INFO] [stdout] 
[INFO] [stdout] warning: field `types` is never read
[INFO] [stdout]    --> src/structs.rs:118:5
[INFO] [stdout]     |
[INFO] [stdout] 117 | pub struct DISubroutineType{
[INFO] [stdout]     |            ---------------- field in this struct
[INFO] [stdout] 118 |     types: String
[INFO] [stdout]     |     ^^^^^
[INFO] [stdout]     |
[INFO] [stdout]     = note: `DISubroutineType` has derived impls for the traits `Debug` and `Clone`, but these are intentionally ignored during dead code analysis
[INFO] [stdout] 
[INFO] [stdout] 
[INFO] [stdout] warning: fields `name` and `value` are never read
[INFO] [stdout]    --> src/structs.rs:123:5
[INFO] [stdout]     |
[INFO] [stdout] 122 | pub struct DIEnumerator{
[INFO] [stdout]     |            ------------ fields in this struct
[INFO] [stdout] 123 |     name: String,
[INFO] [stdout]     |     ^^^^
[INFO] [stdout] 124 |     value: String
[INFO] [stdout]     |     ^^^^^
[INFO] [stdout]     |
[INFO] [stdout]     = note: `DIEnumerator` has derived impls for the traits `Debug` and `Clone`, but these are intentionally ignored during dead code analysis
[INFO] [stdout] 
[INFO] [stdout] 
[INFO] [stdout] warning: fields `count` and `lower_bound` are never read
[INFO] [stdout]    --> src/structs.rs:129:5
[INFO] [stdout]     |
[INFO] [stdout] 128 | pub struct DISubrange{
[INFO] [stdout]     |            ---------- fields in this struct
[INFO] [stdout] 129 |     count: String,
[INFO] [stdout]     |     ^^^^^
[INFO] [stdout] 130 |     lower_bound: String
[INFO] [stdout]     |     ^^^^^^^^^^^
[INFO] [stdout]     |
[INFO] [stdout]     = note: `DISubrange` has derived impls for the traits `Debug` and `Clone`, but these are intentionally ignored during dead code analysis
[INFO] [stdout] 
[INFO] [stdout] 
[INFO] [stdout] warning: struct `MultipleTagsTag` is never constructed
[INFO] [stdout]    --> src/structs.rs:270:12
[INFO] [stdout]     |
[INFO] [stdout] 270 | pub struct MultipleTagsTag{
[INFO] [stdout]     |            ^^^^^^^^^^^^^^^
[INFO] [stdout] 
[INFO] [stdout] 
[INFO] [stdout] warning: fields `name` and `type` are never read
[INFO] [stdout]    --> src/structs.rs:112:5
[INFO] [stdout]     |
[INFO] [stdout] 111 | pub struct DITemplateTypeParameter{
[INFO] [stdout]     |            ----------------------- fields in this struct
[INFO] [stdout] 112 |     name: String,
[INFO] [stdout]     |     ^^^^
[INFO] [stdout] 113 |     r#type: String,
[INFO] [stdout]     |     ^^^^^^
[INFO] [stdout]     |
[INFO] [stdout]     = note: `DITemplateTypeParameter` has derived impls for the traits `Debug` and `Clone`, but these are intentionally ignored during dead code analysis
[INFO] [stdout]     = note: `#[warn(dead_code)]` (part of `#[warn(unused)]`) on by default
[INFO] [stdout] 
[INFO] [stdout] 
[INFO] [stdout] warning: field `types` is never read
[INFO] [stdout]    --> src/structs.rs:118:5
[INFO] [stdout]     |
[INFO] [stdout] 117 | pub struct DISubroutineType{
[INFO] [stdout]     |            ---------------- field in this struct
[INFO] [stdout] 118 |     types: String
[INFO] [stdout]     |     ^^^^^
[INFO] [stdout]     |
[INFO] [stdout]     = note: `DISubroutineType` has derived impls for the traits `Debug` and `Clone`, but these are intentionally ignored during dead code analysis
[INFO] [stdout] 
[INFO] [stdout] 
[INFO] [stdout] warning: fields `name` and `value` are never read
[INFO] [stdout]    --> src/structs.rs:123:5
[INFO] [stdout]     |
[INFO] [stdout] 122 | pub struct DIEnumerator{
[INFO] [stdout]     |            ------------ fields in this struct
[INFO] [stdout] 123 |     name: String,
[INFO] [stdout]     |     ^^^^
[INFO] [stdout] 124 |     value: String
[INFO] [stdout]     |     ^^^^^
[INFO] [stdout]     |
[INFO] [stdout]     = note: `DIEnumerator` has derived impls for the traits `Debug` and `Clone`, but these are intentionally ignored during dead code analysis
[INFO] [stdout] 
[INFO] [stdout] 
[INFO] [stdout] warning: fields `count` and `lower_bound` are never read
[INFO] [stdout]    --> src/structs.rs:129:5
[INFO] [stdout]     |
[INFO] [stdout] 128 | pub struct DISubrange{
[INFO] [stdout]     |            ---------- fields in this struct
[INFO] [stdout] 129 |     count: String,
[INFO] [stdout]     |     ^^^^^
[INFO] [stdout] 130 |     lower_bound: String
[INFO] [stdout]     |     ^^^^^^^^^^^
[INFO] [stdout]     |
[INFO] [stdout]     = note: `DISubrange` has derived impls for the traits `Debug` and `Clone`, but these are intentionally ignored during dead code analysis
[INFO] [stdout] 
[INFO] [stdout] 
[INFO] [stdout] warning: struct `MultipleTagsTag` is never constructed
[INFO] [stdout]    --> src/structs.rs:270:12
[INFO] [stdout]     |
[INFO] [stdout] 270 | pub struct MultipleTagsTag{
[INFO] [stdout]     |            ^^^^^^^^^^^^^^^
[INFO] [stdout] 
[INFO] [stdout] 
[INFO] [stderr] warning: unused dependency `serde_json`
[INFO] [stderr]   --> Cargo.toml:15:1
[INFO] [stderr]    |
[INFO] [stderr] 15 | serde_json = "1.0.59"
[INFO] [stderr]    | ^^^^^^^^^^^^^^^^^^^^^
[INFO] [stderr]    |
[INFO] [stderr]    = note: `cargo::unused_dependencies` is set to `warn` by default
[INFO] [stderr] help: consider removing the dependency on `serde_json`
[INFO] [stderr] warning: `oxide-enzyme` (manifest) generated 1 warning
[INFO] running `Command { std: "docker" "inspect" "905c7a09bf4f517647c1081d1267cc5d9ef7eec047cff50ebcc6c7c7f4e27ff3", kill_on_drop: false }`
[INFO] running `Command { std: "docker" "rm" "-f" "905c7a09bf4f517647c1081d1267cc5d9ef7eec047cff50ebcc6c7c7f4e27ff3", kill_on_drop: false }`
[INFO] [stdout] 905c7a09bf4f517647c1081d1267cc5d9ef7eec047cff50ebcc6c7c7f4e27ff3
