[INFO] cloning repository https://github.com/thingino/thingino-dfu-rs
[INFO] running `Command { std: "git" "-c" "credential.helper=" "-c" "credential.helper=/workspace/cargo-home/bin/git-credential-null" "clone" "--bare" "https://github.com/thingino/thingino-dfu-rs" "/workspace/cache/git-repos/https%3A%2F%2Fgithub.com%2Fthingino%2Fthingino-dfu-rs", kill_on_drop: false }`
[INFO] [stderr] Cloning into bare repository '/workspace/cache/git-repos/https%3A%2F%2Fgithub.com%2Fthingino%2Fthingino-dfu-rs'...
[INFO] running `Command { std: "git" "rev-parse" "HEAD", kill_on_drop: false }`
[INFO] [stdout] 9a07d1bec242a0be5952f065a53c8e218cadc4db
[INFO] checking thingino/thingino-dfu-rs against 3154cc1a3e6424e44f438a95007d043ed5ceaaf6 for pr-133502-30
[INFO] running `Command { std: "git" "clone" "/workspace/cache/git-repos/https%3A%2F%2Fgithub.com%2Fthingino%2Fthingino-dfu-rs" "/workspace/builds/worker-6-tc2/source", kill_on_drop: false }`
[INFO] [stderr] Cloning into '/workspace/builds/worker-6-tc2/source'...
[INFO] [stderr] done.
[INFO] removed /workspace/builds/worker-6-tc2/source/.cargo/config.toml
[INFO] removed /workspace/builds/worker-6-tc2/source/rust-toolchain.toml
[INFO] started tweaking git repo https://github.com/thingino/thingino-dfu-rs
[INFO] finished tweaking git repo https://github.com/thingino/thingino-dfu-rs
[INFO] tweaked toml for git repo https://github.com/thingino/thingino-dfu-rs written to /workspace/builds/worker-6-tc2/source/Cargo.toml
[INFO] validating manifest of git repo https://github.com/thingino/thingino-dfu-rs on toolchain 3154cc1a3e6424e44f438a95007d043ed5ceaaf6
[INFO] running `Command { std: CARGO_HOME="/workspace/cargo-home" RUSTUP_HOME="/workspace/rustup-home" "/workspace/cargo-home/bin/cargo" "+3154cc1a3e6424e44f438a95007d043ed5ceaaf6" "metadata" "--manifest-path" "Cargo.toml" "--no-deps", kill_on_drop: false }`
[INFO] crate git repo https://github.com/thingino/thingino-dfu-rs already has a lockfile, it will not be regenerated
[INFO] running `Command { std: CARGO_HOME="/workspace/cargo-home" RUSTUP_HOME="/workspace/rustup-home" "/workspace/cargo-home/bin/cargo" "+3154cc1a3e6424e44f438a95007d043ed5ceaaf6" "fetch" "--manifest-path" "Cargo.toml", kill_on_drop: false }`
[INFO] running `Command { std: "docker" "create" "-v" "/var/lib/crater-agent-workspace/builds/worker-6-tc2/source:/opt/rustwide/workdir:ro,Z" "-v" "/var/lib/crater-agent-workspace/builds/worker-6-tc2/target:/opt/rustwide/target:rw,Z" "-v" "/var/lib/crater-agent-workspace/cargo-home:/opt/rustwide/cargo-home:ro,Z" "-v" "/var/lib/crater-agent-workspace/rustup-home:/opt/rustwide/rustup-home:ro,Z" "-m" "1610612736" "--network" "none" "ghcr.io/rust-lang/crates-build-env/linux@sha256:77db811e55d90add9212f6832c23229e3de5f1c1f9905e8cb07319ea15df73ac" "sleep" "infinity", kill_on_drop: false }`
[INFO] [stdout] 0929e775ec79b968654aa0de29e6af605ac8866cc4c2b6575607272f27212b2b
[INFO] running `Command { std: "docker" "start" "0929e775ec79b968654aa0de29e6af605ac8866cc4c2b6575607272f27212b2b", kill_on_drop: false }`
[INFO] running `Command { std: "docker" "inspect" "0929e775ec79b968654aa0de29e6af605ac8866cc4c2b6575607272f27212b2b", kill_on_drop: false }`
[INFO] running `Command { std: "docker" "exec" "-e" "SOURCE_DIR=/opt/rustwide/workdir" "-e" "CARGO_HOME=/opt/rustwide/cargo-home" "-e" "RUSTUP_HOME=/opt/rustwide/rustup-home" "-e" "CARGO_TARGET_DIR=/opt/rustwide/target" "-w" "/opt/rustwide/workdir" "--user" "0:0" "0929e775ec79b968654aa0de29e6af605ac8866cc4c2b6575607272f27212b2b" "/opt/rustwide/cargo-home/bin/cargo" "+3154cc1a3e6424e44f438a95007d043ed5ceaaf6" "metadata" "--no-deps" "--format-version=1", kill_on_drop: false }`
[INFO] running `Command { std: "docker" "inspect" "0929e775ec79b968654aa0de29e6af605ac8866cc4c2b6575607272f27212b2b", kill_on_drop: false }`
[INFO] running `Command { std: "docker" "exec" "-e" "SOURCE_DIR=/opt/rustwide/workdir" "-e" "CARGO_HOME=/opt/rustwide/cargo-home" "-e" "RUSTUP_HOME=/opt/rustwide/rustup-home" "-e" "CARGO_TARGET_DIR=/opt/rustwide/target" "-e" "CARGO_INCREMENTAL=0" "-e" "RUST_BACKTRACE=full" "-e" "RUSTFLAGS=--cap-lints=forbid" "-e" "RUSTDOCFLAGS=--cap-lints=forbid" "-w" "/opt/rustwide/workdir" "--user" "0:0" "0929e775ec79b968654aa0de29e6af605ac8866cc4c2b6575607272f27212b2b" "/opt/rustwide/cargo-home/bin/cargo" "+3154cc1a3e6424e44f438a95007d043ed5ceaaf6" "check" "--frozen" "--all" "--all-targets" "--message-format=json", kill_on_drop: false }`
[INFO] [stderr]     Checking log v0.4.34
[INFO] [stderr]    Compiling rustix v1.1.4
[INFO] [stderr]    Compiling thiserror v2.0.20
[INFO] [stderr]     Checking linux-raw-sys v0.12.1
[INFO] [stderr]    Compiling wasm-bindgen-shared v0.2.127
[INFO] [stderr]    Compiling syn v3.0.3
[INFO] [stderr]    Compiling syn v2.0.119
[INFO] [stderr]    Compiling libm v0.2.16
[INFO] [stderr]    Compiling num-traits v0.2.19
[INFO] [stderr]    Compiling bumpalo v3.20.3
[INFO] [stderr]    Compiling wasm-bindgen v0.2.127
[INFO] [stderr]     Checking futures-util v0.3.34
[INFO] [stderr]    Compiling serde_json v1.0.151
[INFO] [stderr]    Compiling serde v1.0.229
[INFO] [stderr]     Checking tracing-subscriber v0.3.23
[INFO] [stderr]     Checking typenum v1.20.1
[INFO] [stderr]     Checking ppv-lite86 v0.2.21
[INFO] [stderr]     Checking bit-vec v0.8.0
[INFO] [stderr]     Checking cast v0.3.0
[INFO] [stderr]     Checking nu-ansi-term v0.50.3
[INFO] [stderr]     Checking wasm-bindgen-test-shared v0.2.127
[INFO] [stderr]    Compiling httparse v1.10.1
[INFO] [stderr]     Checking oorandom v11.1.5
[INFO] [stderr]     Checking clap_builder v4.6.6
[INFO] [stderr]     Checking rand_chacha v0.9.0
[INFO] [stderr]     Checking bit-set v0.8.0
[INFO] [stderr]     Checking generic-array v0.14.7
[INFO] [stderr]     Checking rand_xorshift v0.4.0
[INFO] [stderr]     Checking rand v0.9.5
[INFO] [stderr]    Compiling rustls v0.23.45
[INFO] [stderr]     Checking simd-adler32 v0.3.10
[INFO] [stderr]     Checking unarray v0.1.4
[INFO] [stderr]     Checking miniz_oxide v0.8.9
[INFO] [stderr]     Checking crypto-common v0.1.7
[INFO] [stderr]     Checking block-buffer v0.10.4
[INFO] [stderr]     Checking proptest v1.11.0
[INFO] [stderr]     Checking http v1.5.0
[INFO] [stderr]     Checking glob v0.3.4
[INFO] [stderr]     Checking flate2 v1.1.9
[INFO] [stderr]     Checking java-locator v0.1.9
[INFO] [stderr]     Checking digest v0.10.7
[INFO] [stderr]     Checking ureq-proto v0.6.1
[INFO] [stderr]     Checking combine v4.6.8
[INFO] [stderr]     Checking serde_spanned v1.1.1
[INFO] [stderr]     Checking toml_datetime v1.1.1+spec-1.1.0
[INFO] [stderr]     Checking filetime v0.2.29
[INFO] [stderr]     Checking libloading v0.7.4
[INFO] [stderr]     Checking cesu8 v1.1.0
[INFO] [stderr]     Checking utf8-zero v0.8.1
[INFO] [stderr]     Checking jni-sys v0.3.0
[INFO] [stderr]     Checking sha2 v0.10.9
[INFO] [stderr]     Checking tar v0.4.46
[INFO] [stderr]    Compiling wasm-bindgen-macro-support v0.2.127
[INFO] [stderr]     Checking toml v1.1.4+spec-1.1.0
[INFO] [stderr]    Compiling thiserror-impl v2.0.20
[INFO] [stderr]    Compiling serde_derive v1.0.229
[INFO] [stderr]     Checking nusb v0.2.7
[INFO] [stderr]    Compiling tokio-macros v2.7.2
[INFO] [stderr]     Checking tdfu-proto v2.1.1 (/opt/rustwide/workdir/crates/tdfu-proto)
[INFO] [stderr]    Compiling async-trait v0.1.92
[INFO] [stderr]     Checking tokio v1.53.1
[INFO] [stderr]    Compiling clap_derive v4.6.4
[INFO] [stderr]    Compiling wasm-bindgen-test-macro v0.3.77
[INFO] [stderr]     Checking tdfu-usb v2.1.1 (/opt/rustwide/workdir/crates/tdfu-usb)
[INFO] [stderr]    Compiling thiserror-impl v1.0.69
[INFO] [stderr]     Checking tdfu-core v2.1.1 (/opt/rustwide/workdir/crates/tdfu-core)
[INFO] [stderr]     Checking ureq v3.4.0
[INFO] [stderr]     Checking thiserror v1.0.69
[INFO] [stderr]     Checking clap v4.6.6
[INFO] [stderr]     Checking tdfu-cli v2.1.1 (/opt/rustwide/workdir/crates/tdfu-cli)
[INFO] [stderr]    Compiling wasm-bindgen-macro v0.2.127
[INFO] [stderr]     Checking jni v0.21.1
[INFO] [stderr]     Checking xtask v2.1.1 (/opt/rustwide/workdir/xtask)
[INFO] [stderr]     Checking tdfu-daemon v2.1.1 (/opt/rustwide/workdir/crates/tdfu-daemon)
[INFO] [stderr]     Checking js-sys v0.3.104
[INFO] [stderr]     Checking tdfu-jni v2.1.1 (/opt/rustwide/workdir/crates/tdfu-jni)
[INFO] [stderr]     Checking wasm-bindgen-futures v0.4.77
[INFO] [stderr]     Checking web-sys v0.3.104
[INFO] [stderr]     Checking wasm-bindgen-test v0.3.77
[INFO] [stderr]     Checking tdfu-wasm v2.1.1 (/opt/rustwide/workdir/crates/tdfu-wasm)
[INFO] [stdout] error[E0432]: unresolved imports `web_sys::Usb`, `web_sys::UsbDevice`, `web_sys::UsbDeviceFilter`, `web_sys::UsbDeviceRequestOptions`
[INFO] [stdout]   --> crates/tdfu-wasm/src/usb/backend.rs:61:15
[INFO] [stdout]    |
[INFO] [stdout] 61 | use web_sys::{Usb, UsbDevice, UsbDeviceFilter, UsbDeviceRequestOptions};
[INFO] [stdout]    |               ^^^  ^^^^^^^^^  ^^^^^^^^^^^^^^^  ^^^^^^^^^^^^^^^^^^^^^^^ no `UsbDeviceRequestOptions` in the root
[INFO] [stdout]    |               |    |          |
[INFO] [stdout]    |               |    |          no `UsbDeviceFilter` in the root
[INFO] [stdout]    |               |    no `UsbDevice` in the root
[INFO] [stdout]    |               no `Usb` in the root
[INFO] [stdout]    |
[INFO] [stdout]    = help: consider importing one of these variants instead:
[INFO] [stdout]            crate::Error::Usb
[INFO] [stdout]            tdfu_core::Error::Usb
[INFO] [stdout] 
[INFO] [stdout] 
[INFO] [stdout] error[E0432]: unresolved imports `web_sys::UsbControlTransferParameters`, `web_sys::UsbDevice`, `web_sys::UsbDirection`, `web_sys::UsbRecipient`, `web_sys::UsbRequestType`
[INFO] [stdout]    --> crates/tdfu-wasm/src/usb/transport.rs:104:15
[INFO] [stdout]     |
[INFO] [stdout] 104 | use web_sys::{UsbControlTransferParameters, UsbDevice, UsbDirection, UsbRecipient, UsbRequestType};
[INFO] [stdout]     |               ^^^^^^^^^^^^^^^^^^^^^^^^^^^^  ^^^^^^^^^  ^^^^^^^^^^^^  ^^^^^^^^^^^^  ^^^^^^^^^^^^^^ no `UsbRequestType` in the root
[INFO] [stdout]     |               |                             |          |             |
[INFO] [stdout]     |               |                             |          |             no `UsbRecipient` in the root
[INFO] [stdout]     |               |                             |          no `UsbDirection` in the root
[INFO] [stdout]     |               |                             no `UsbDevice` in the root
[INFO] [stdout]     |               no `UsbControlTransferParameters` in the root
[INFO] [stdout] 
[INFO] [stdout] 
[INFO] [stdout] warning: method call on a diverging inference variable
[INFO] [stdout]    --> crates/tdfu-wasm/src/usb/backend.rs:217:46
[INFO] [stdout]     |
[INFO] [stdout] 217 |         let devices: js_sys::Array = devices.unchecked_into();
[INFO] [stdout]     |                                              ^^^^^^^^^^^^^^
[INFO] [stdout]     |
[INFO] [stdout]     = help: consider providing a type annotation
[INFO] [stdout]     = warning: this was previously accepted by the compiler but is being phased out; it will become a hard error in a future release!
[INFO] [stdout]     = note: for more information, see issue #156047 <https://github.com/rust-lang/rust/issues/156047>
[INFO] [stdout]     = note: `#[warn(method_call_on_diverging_infer_var)]` (part of `#[warn(future_incompatible)]`) on by default
[INFO] [stdout] 
[INFO] [stdout] 
[INFO] [stdout] error[E0599]: no method named `unchecked_into` found for type `!` in the current scope
[INFO] [stdout]    --> crates/tdfu-wasm/src/usb/backend.rs:217:46
[INFO] [stdout]     |
[INFO] [stdout] 217 |         let devices: js_sys::Array = devices.unchecked_into();
[INFO] [stdout]     |                                              ^^^^^^^^^^^^^^ method not found in `!`
[INFO] [stdout] 
[INFO] [stdout] 
[INFO] [stdout] Some errors have detailed explanations: E0432, E0599.
[INFO] [stdout] 
[INFO] [stdout] For more information about an error, try `rustc --explain E0432`.
[INFO] [stdout] 
[INFO] [stderr] error: could not compile `tdfu-wasm` (lib) due to 3 previous errors; 2 warnings emitted
[INFO] [stderr] warning: build failed, waiting for other jobs to finish...
[INFO] [stdout] error[E0432]: unresolved imports `web_sys::Usb`, `web_sys::UsbDevice`, `web_sys::UsbDeviceFilter`, `web_sys::UsbDeviceRequestOptions`
[INFO] [stdout]   --> crates/tdfu-wasm/src/usb/backend.rs:61:15
[INFO] [stdout]    |
[INFO] [stdout] 61 | use web_sys::{Usb, UsbDevice, UsbDeviceFilter, UsbDeviceRequestOptions};
[INFO] [stdout]    |               ^^^  ^^^^^^^^^  ^^^^^^^^^^^^^^^  ^^^^^^^^^^^^^^^^^^^^^^^ no `UsbDeviceRequestOptions` in the root
[INFO] [stdout]    |               |    |          |
[INFO] [stdout]    |               |    |          no `UsbDeviceFilter` in the root
[INFO] [stdout]    |               |    no `UsbDevice` in the root
[INFO] [stdout]    |               no `Usb` in the root
[INFO] [stdout]    |
[INFO] [stdout]    = help: consider importing one of these variants instead:
[INFO] [stdout]            crate::Error::Usb
[INFO] [stdout]            tdfu_core::Error::Usb
[INFO] [stdout] 
[INFO] [stdout] 
[INFO] [stdout] error[E0432]: unresolved imports `web_sys::UsbControlTransferParameters`, `web_sys::UsbDevice`, `web_sys::UsbDirection`, `web_sys::UsbRecipient`, `web_sys::UsbRequestType`
[INFO] [stdout]    --> crates/tdfu-wasm/src/usb/transport.rs:104:15
[INFO] [stdout]     |
[INFO] [stdout] 104 | use web_sys::{UsbControlTransferParameters, UsbDevice, UsbDirection, UsbRecipient, UsbRequestType};
[INFO] [stdout]     |               ^^^^^^^^^^^^^^^^^^^^^^^^^^^^  ^^^^^^^^^  ^^^^^^^^^^^^  ^^^^^^^^^^^^  ^^^^^^^^^^^^^^ no `UsbRequestType` in the root
[INFO] [stdout]     |               |                             |          |             |
[INFO] [stdout]     |               |                             |          |             no `UsbRecipient` in the root
[INFO] [stdout]     |               |                             |          no `UsbDirection` in the root
[INFO] [stdout]     |               |                             no `UsbDevice` in the root
[INFO] [stdout]     |               no `UsbControlTransferParameters` in the root
[INFO] [stdout] 
[INFO] [stdout] 
[INFO] [stdout] warning: method call on a diverging inference variable
[INFO] [stdout]    --> crates/tdfu-wasm/src/usb/backend.rs:217:46
[INFO] [stdout]     |
[INFO] [stdout] 217 |         let devices: js_sys::Array = devices.unchecked_into();
[INFO] [stdout]     |                                              ^^^^^^^^^^^^^^
[INFO] [stdout]     |
[INFO] [stdout]     = help: consider providing a type annotation
[INFO] [stdout]     = warning: this was previously accepted by the compiler but is being phased out; it will become a hard error in a future release!
[INFO] [stdout]     = note: for more information, see issue #156047 <https://github.com/rust-lang/rust/issues/156047>
[INFO] [stdout]     = note: `#[warn(method_call_on_diverging_infer_var)]` (part of `#[warn(future_incompatible)]`) on by default
[INFO] [stdout] 
[INFO] [stdout] 
[INFO] [stdout] error[E0599]: no method named `unchecked_into` found for type `!` in the current scope
[INFO] [stdout]    --> crates/tdfu-wasm/src/usb/backend.rs:217:46
[INFO] [stdout]     |
[INFO] [stdout] 217 |         let devices: js_sys::Array = devices.unchecked_into();
[INFO] [stdout]     |                                              ^^^^^^^^^^^^^^ method not found in `!`
[INFO] [stdout] 
[INFO] [stdout] 
[INFO] [stdout] Some errors have detailed explanations: E0432, E0599.
[INFO] [stdout] 
[INFO] [stdout] For more information about an error, try `rustc --explain E0432`.
[INFO] [stdout] 
[INFO] [stderr] error: could not compile `tdfu-wasm` (lib test) due to 3 previous errors; 2 warnings emitted
[INFO] running `Command { std: "docker" "inspect" "0929e775ec79b968654aa0de29e6af605ac8866cc4c2b6575607272f27212b2b", kill_on_drop: false }`
[INFO] running `Command { std: "docker" "rm" "-f" "0929e775ec79b968654aa0de29e6af605ac8866cc4c2b6575607272f27212b2b", kill_on_drop: false }`
[INFO] [stdout] 0929e775ec79b968654aa0de29e6af605ac8866cc4c2b6575607272f27212b2b
