[INFO] cloning repository https://github.com/thezzisu/TaskENV
[INFO] running `Command { std: "git" "-c" "credential.helper=" "-c" "credential.helper=/workspace/cargo-home/bin/git-credential-null" "clone" "--bare" "https://github.com/thezzisu/TaskENV" "/workspace/cache/git-repos/https%3A%2F%2Fgithub.com%2Fthezzisu%2FTaskENV", kill_on_drop: false }`
[INFO] [stderr] Cloning into bare repository '/workspace/cache/git-repos/https%3A%2F%2Fgithub.com%2Fthezzisu%2FTaskENV'...
[INFO] running `Command { std: "git" "rev-parse" "HEAD", kill_on_drop: false }`
[INFO] [stdout] 12503a33e3e336609760ba44421cd747c8ebb765
[INFO] checking thezzisu/TaskENV/12503a33e3e336609760ba44421cd747c8ebb765 against 3154cc1a3e6424e44f438a95007d043ed5ceaaf6+rustflags=-Znext-solver=coherence for pr-133502-30
[INFO] running `Command { std: "git" "clone" "/workspace/cache/git-repos/https%3A%2F%2Fgithub.com%2Fthezzisu%2FTaskENV" "/workspace/builds/worker-3-tc1/source", kill_on_drop: false }`
[INFO] [stderr] Cloning into '/workspace/builds/worker-3-tc1/source'...
[INFO] [stderr] done.
[INFO] removed /workspace/builds/worker-3-tc1/source/.cargo/config.toml
[INFO] removed /workspace/builds/worker-3-tc1/source/rust-toolchain.toml
[INFO] started tweaking git repo https://github.com/thezzisu/TaskENV
[INFO] finished tweaking git repo https://github.com/thezzisu/TaskENV
[INFO] tweaked toml for git repo https://github.com/thezzisu/TaskENV written to /workspace/builds/worker-3-tc1/source/Cargo.toml
[INFO] validating manifest of git repo https://github.com/thezzisu/TaskENV on toolchain 3154cc1a3e6424e44f438a95007d043ed5ceaaf6
[INFO] running `Command { std: CARGO_HOME="/workspace/cargo-home" RUSTUP_HOME="/workspace/rustup-home" "/workspace/cargo-home/bin/cargo" "+3154cc1a3e6424e44f438a95007d043ed5ceaaf6" "metadata" "--manifest-path" "Cargo.toml" "--no-deps", kill_on_drop: false }`
[INFO] crate git repo https://github.com/thezzisu/TaskENV already has a lockfile, it will not be regenerated
[INFO] running `Command { std: CARGO_HOME="/workspace/cargo-home" RUSTUP_HOME="/workspace/rustup-home" "/workspace/cargo-home/bin/cargo" "+3154cc1a3e6424e44f438a95007d043ed5ceaaf6" "fetch" "--manifest-path" "Cargo.toml", kill_on_drop: false }`
[INFO] [stderr]     Updating crates.io index
[INFO] [stderr]     Updating git repository `https://github.com/ublk-org/libublk-rs.git`
[INFO] [stderr]     Blocking waiting for file lock on package cache
[INFO] [stderr]  Downloading crates ...
[INFO] [stderr]   Downloaded sha2-asm v0.6.4
[INFO] [stderr]   Downloaded libredox v0.1.15
[INFO] [stderr]   Downloaded filetime v0.2.27
[INFO] [stderr]   Downloaded fastrand v2.4.0
[INFO] [stderr]   Downloaded uuid v1.23.0
[INFO] [stderr]   Downloaded cc v1.2.59
[INFO] [stderr]   Downloaded indexmap v2.13.1
[INFO] [stderr]   Downloaded io-uring v0.7.11
[INFO] [stderr]   Downloaded roaring v0.10.12
[INFO] [stderr]   Downloaded libc v0.2.184
[INFO] [stderr]   Downloaded tokio v1.51.0
[INFO] [stderr]   Downloaded openssl-src v300.6.1+3.6.3
[INFO] [stderr]   Downloaded reqsign v0.16.5
[INFO] [stderr]   Downloaded jiff-static v0.2.23
[INFO] [stderr]   Downloaded rapidhash v4.4.1
[INFO] [stderr]   Downloaded clap_derive v4.6.0
[INFO] [stderr]   Downloaded portable-atomic-util v0.2.6
[INFO] [stderr]   Downloaded crc32c v0.6.8
[INFO] [stderr]   Downloaded clap v4.6.0
[INFO] [stderr]   Downloaded testcontainers-modules v0.11.6
[INFO] [stderr]   Downloaded opendal v0.55.0
[INFO] [stderr]   Downloaded jiff v0.2.23
[INFO] [stderr]   Downloaded tokio-tar v0.3.1
[INFO] [stderr]   Downloaded parse-display v0.9.1
[INFO] [stderr]   Downloaded structmeta v0.3.0
[INFO] [stderr]   Downloaded docker_credential v1.3.2
[INFO] [stderr]   Downloaded aws-types v1.3.14
[INFO] [stderr]   Downloaded testcontainers v0.23.3
[INFO] [stderr]   Downloaded parse-display-derive v0.9.1
[INFO] [stderr]   Downloaded structmeta-derive v0.3.0
[INFO] [stderr]   Downloaded bollard-stubs v1.47.1-rc.27.3.1
[INFO] [stderr]   Downloaded bollard v0.18.1
[INFO] [stderr]   Downloaded hyperlocal v0.9.1
[INFO] [stderr]   Downloaded hyper-named-pipe v0.1.0
[INFO] [stderr]   Downloaded aws-smithy-runtime-api v1.11.6
[INFO] [stderr]   Downloaded aws-sdk-s3 v1.119.0
[INFO] [stderr]   Downloaded aws-smithy-runtime v1.10.3
[INFO] [stderr]   Downloaded aws-smithy-eventstream v0.60.20
[INFO] [stderr]   Downloaded aws-smithy-checksums v0.63.12
[INFO] [stderr]   Downloaded crc-fast v1.6.0
[INFO] [stderr]   Downloaded aws-sigv4 v1.4.2
[INFO] [stderr]   Downloaded p256 v0.11.1
[INFO] [stderr]   Downloaded pkcs8 v0.9.0
[INFO] [stderr]   Downloaded ff v0.12.1
[INFO] [stderr]   Downloaded aws-smithy-json v0.61.9
[INFO] [stderr]   Downloaded elliptic-curve v0.12.3
[INFO] [stderr]   Downloaded sec1 v0.3.0
[INFO] [stderr]   Downloaded spki v0.6.0
[INFO] [stderr]   Downloaded der v0.6.1
[INFO] [stderr]   Downloaded base16ct v0.1.1
[INFO] [stderr]   Downloaded group v0.12.1
[INFO] [stderr]   Downloaded crypto-bigint v0.4.9
[INFO] [stderr]   Downloaded ecdsa v0.14.8
[INFO] [stderr]   Downloaded rfc6979 v0.3.1
[INFO] [stderr]   Downloaded aws-runtime v1.7.2
[INFO] [stderr]   Downloaded aws-config v1.8.15
[INFO] [stderr]   Downloaded aws-sdk-sts v1.101.0
[INFO] [stderr]   Downloaded aws-sdk-ssooidc v1.99.0
[INFO] [stderr]   Downloaded aws-sdk-sso v1.97.0
[INFO] [stderr]   Downloaded which v8.0.2
[INFO] [stderr]   Downloaded arc-swap v1.9.1
[INFO] [stderr]   Downloaded tonic-build v0.14.5
[INFO] [stderr]   Downloaded tracing-bunyan-formatter v0.3.10
[INFO] [stderr]   Downloaded generator v0.8.8
[INFO] [stderr]   Downloaded tonic-prost-build v0.14.5
[INFO] [stderr]   Downloaded pulldown-cmark-to-cmark v22.0.0
[INFO] [stderr]   Downloaded pulldown-cmark v0.13.3
[INFO] [stderr]   Downloaded tonic-prost v0.14.5
[INFO] [stderr]   Downloaded nom-derive v0.10.1
[INFO] [stderr]   Downloaded nom-derive-impl v0.10.1
[INFO] [stderr]   Downloaded rtnetlink v0.20.0
[INFO] [stderr]   Downloaded tls-parser v0.12.2
[INFO] [stderr]   Downloaded tonic v0.14.5
[INFO] [stderr]   Downloaded reflink-copy v0.1.30
[INFO] [stderr]   Downloaded netlink-packet-route v0.28.0
[INFO] [stderr]   Downloaded iroh-blobs v0.103.0
[INFO] [stderr]   Downloaded inplace-vec-builder v0.1.1
[INFO] [stderr]   Downloaded range-collections v0.4.6
[INFO] [stderr]   Downloaded binary-merge v0.1.2
[INFO] [stderr]   Downloaded fastbloom v0.17.0
[INFO] [stderr]   Downloaded noq v1.2.0
[INFO] [stderr]   Downloaded noq-udp v1.2.0
[INFO] [stderr]   Downloaded redb v4.2.0
[INFO] [stderr]   Downloaded noq-proto v1.2.0
[INFO] [stderr]   Downloaded nested_enum_utils v0.2.3
[INFO] [stderr]   Downloaded n0-error v1.0.0
[INFO] [stderr]   Downloaded n0-error-macros v1.0.0
[INFO] [stderr]   Downloaded rcgen v0.14.9
[INFO] [stderr]   Downloaded irpc v0.17.0
[INFO] [stderr]   Downloaded irpc-derive v0.17.0
[INFO] [stderr]   Downloaded iroh-util v0.6.0
[INFO] [stderr]   Downloaded iroh v1.0.3
[INFO] [stderr]   Downloaded portmapper v0.19.2
[INFO] [stderr]   Downloaded netwatch v0.19.2
[INFO] [stderr]   Downloaded netdev v0.46.1
[INFO] [stderr]   Downloaded iroh-relay v1.0.3
[INFO] [stderr]   Downloaded iroh-dns v1.0.3
[INFO] [stderr]   Downloaded simple-dns v0.11.3
[INFO] [stderr]   Downloaded iroh-base v1.0.3
[INFO] [stderr]   Downloaded proc-macro-error v0.4.12
[INFO] [stderr]   Downloaded proc-macro-error-attr v0.4.12
[INFO] [stderr]   Downloaded syn-mid v0.5.4
[INFO] [stderr]   Downloaded genawaiter-macro v0.99.1
[INFO] [stderr]   Downloaded index-set v0.2.0
[INFO] [stderr]   Downloaded confique v0.4.0
[INFO] [stderr]   Downloaded iroh-tickets v1.0.0
[INFO] [stderr]   Downloaded iroh-io v0.6.2
[INFO] [stderr]   Downloaded genawaiter v0.99.1
[INFO] [stderr]   Downloaded genawaiter-proc-macro v0.99.1
[INFO] [stderr]   Downloaded confique-macro v0.0.13
[INFO] [stderr]   Downloaded positioned-io v0.3.5
[INFO] [stderr]   Downloaded axum-extra v0.12.5
[INFO] [stderr]   Downloaded ammonia v4.1.4
[INFO] [stderr]   Downloaded bao-tree v0.16.0
[INFO] [stderr]   Downloaded validator v0.20.0
[INFO] [stderr]   Downloaded validator_derive v0.20.0
[INFO] [stderr]   Downloaded frunk_derives v0.4.4
[INFO] [stderr]   Downloaded frunk_proc_macro_helpers v0.1.4
[INFO] [stderr]   Downloaded frunk-enum-derive v0.3.0
[INFO] [stderr]   Downloaded frunk-enum-core v0.3.0
[INFO] [stderr]   Downloaded frunk v0.4.4
[INFO] [stderr]   Downloaded frunk_proc_macros v0.1.4
[INFO] [stderr]   Downloaded unicode-width v0.1.11
[INFO] [stderr]   Downloaded frunk_core v0.4.4
[INFO] [stderr]   Downloaded tabled_derive v0.8.0
[INFO] [stderr]   Downloaded papergrid v0.12.0
[INFO] [stderr]   Downloaded tabled v0.16.0
[INFO] [stderr]   Downloaded clap_complete v4.6.8
[INFO] [stderr]   Downloaded directories v5.0.1
[INFO] [stderr]   Downloaded is_executable v1.0.6
[INFO] running `Command { std: "docker" "create" "-v" "/var/lib/crater-agent-workspace/builds/worker-3-tc1/source:/opt/rustwide/workdir:ro,Z" "-v" "/var/lib/crater-agent-workspace/builds/worker-3-tc1/target:/opt/rustwide/target:rw,Z" "-v" "/var/lib/crater-agent-workspace/cargo-home:/opt/rustwide/cargo-home:ro,Z" "-v" "/var/lib/crater-agent-workspace/rustup-home:/opt/rustwide/rustup-home:ro,Z" "-m" "1610612736" "--network" "none" "ghcr.io/rust-lang/crates-build-env/linux@sha256:77db811e55d90add9212f6832c23229e3de5f1c1f9905e8cb07319ea15df73ac" "sleep" "infinity", kill_on_drop: false }`
[INFO] [stdout] 20fddbb282ba7ffa4d64cd52744148e54c06925356284349d30206f7d768ed8d
[INFO] running `Command { std: "docker" "start" "20fddbb282ba7ffa4d64cd52744148e54c06925356284349d30206f7d768ed8d", kill_on_drop: false }`
[INFO] running `Command { std: "docker" "inspect" "20fddbb282ba7ffa4d64cd52744148e54c06925356284349d30206f7d768ed8d", kill_on_drop: false }`
[INFO] running `Command { std: "docker" "exec" "-e" "SOURCE_DIR=/opt/rustwide/workdir" "-e" "CARGO_HOME=/opt/rustwide/cargo-home" "-e" "RUSTUP_HOME=/opt/rustwide/rustup-home" "-e" "CARGO_TARGET_DIR=/opt/rustwide/target" "-w" "/opt/rustwide/workdir" "--user" "0:0" "20fddbb282ba7ffa4d64cd52744148e54c06925356284349d30206f7d768ed8d" "/opt/rustwide/cargo-home/bin/cargo" "+3154cc1a3e6424e44f438a95007d043ed5ceaaf6" "metadata" "--no-deps" "--format-version=1", kill_on_drop: false }`
[INFO] running `Command { std: "docker" "inspect" "20fddbb282ba7ffa4d64cd52744148e54c06925356284349d30206f7d768ed8d", kill_on_drop: false }`
[INFO] running `Command { std: "docker" "exec" "-e" "SOURCE_DIR=/opt/rustwide/workdir" "-e" "CARGO_HOME=/opt/rustwide/cargo-home" "-e" "RUSTUP_HOME=/opt/rustwide/rustup-home" "-e" "CARGO_TARGET_DIR=/opt/rustwide/target" "-e" "CARGO_INCREMENTAL=0" "-e" "RUST_BACKTRACE=full" "-e" "RUSTFLAGS=--cap-lints=forbid -Znext-solver=coherence" "-e" "RUSTDOCFLAGS=--cap-lints=forbid" "-w" "/opt/rustwide/workdir" "--user" "0:0" "20fddbb282ba7ffa4d64cd52744148e54c06925356284349d30206f7d768ed8d" "/opt/rustwide/cargo-home/bin/cargo" "+3154cc1a3e6424e44f438a95007d043ed5ceaaf6" "check" "--frozen" "--all" "--all-targets" "--message-format=json", kill_on_drop: false }`
[INFO] [stderr]    Compiling proc-macro2 v1.0.106
[INFO] [stderr]    Compiling quote v1.0.45
[INFO] [stderr]    Compiling serde_core v1.0.228
[INFO] [stderr]    Compiling libc v0.2.184
[INFO] [stderr]    Compiling serde v1.0.228
[INFO] [stderr]    Compiling find-msvc-tools v0.1.9
[INFO] [stderr]     Checking log v0.4.29
[INFO] [stderr]     Checking memchr v2.8.0
[INFO] [stderr]    Compiling portable-atomic v1.13.1
[INFO] [stderr]     Checking critical-section v1.2.0
[INFO] [stderr]     Checking futures-core v0.3.32
[INFO] [stderr]     Checking futures-io v0.3.32
[INFO] [stderr]    Compiling pkg-config v0.3.32
[INFO] [stderr]     Checking futures-sink v0.3.32
[INFO] [stderr]     Checking futures-channel v0.3.32
[INFO] [stderr]     Checking futures-task v0.3.32
[INFO] [stderr]     Checking subtle v2.6.1
[INFO] [stderr]     Checking typenum v1.20.0
[INFO] [stderr]     Checking hashbrown v0.16.1
[INFO] [stderr]    Compiling fs_extra v1.3.0
[INFO] [stderr]    Compiling syn v2.0.117
[INFO] [stderr]    Compiling aws-lc-rs v1.18.1
[INFO] [stderr]    Compiling rustls v0.23.37
[INFO] [stderr]    Compiling autocfg v1.5.0
[INFO] [stderr]     Checking bitflags v2.11.0
[INFO] [stderr]     Checking indexmap v2.13.1
[INFO] [stderr]    Compiling jobserver v0.1.34
[INFO] [stderr]     Checking writeable v0.6.3
[INFO] [stderr]     Checking litemap v0.8.2
[INFO] [stderr]    Compiling cc v1.2.59
[INFO] [stderr]    Compiling num-traits v0.2.19
[INFO] [stderr]    Compiling icu_properties_data v2.2.0
[INFO] [stderr]     Checking generic-array v0.14.7
[INFO] [stderr]    Compiling icu_normalizer_data v2.2.0
[INFO] [stderr]     Checking const-oid v0.9.6
[INFO] [stderr]     Checking errno v0.3.14
[INFO] [stderr]     Checking mio v1.2.0
[INFO] [stderr]     Checking signal-hook-registry v1.4.8
[INFO] [stderr]     Checking socket2 v0.6.3
[INFO] [stderr]     Checking getrandom v0.2.17
[INFO] [stderr]     Checking rand_core v0.10.0
[INFO] [stderr]     Checking cpufeatures v0.2.17
[INFO] [stderr]    Compiling thiserror v2.0.18
[INFO] [stderr]     Checking crypto-common v0.1.7
[INFO] [stderr]     Checking block-buffer v0.10.4
[INFO] [stderr]    Compiling zmij v1.0.21
[INFO] [stderr]     Checking sync_wrapper v1.0.2
[INFO] [stderr]    Compiling serde_json v1.0.149
[INFO] [stderr]     Checking digest v0.10.7
[INFO] [stderr]    Compiling getrandom v0.4.2
[INFO] [stderr]    Compiling cmake v0.1.58
[INFO] [stderr]    Compiling num-conv v0.2.1
[INFO] [stderr]    Compiling zerocopy v0.8.48
[INFO] [stderr]    Compiling time-core v0.1.8
[INFO] [stderr]     Checking deranged v0.5.8
[INFO] [stderr]    Compiling time-macros v0.2.27
[INFO] [stderr]    Compiling anyhow v1.0.102
[INFO] [stderr]     Checking chacha20 v0.10.0
[INFO] [stderr]     Checking rand v0.10.1
[INFO] [stderr]     Checking fastrand v2.4.0
[INFO] [stderr]    Compiling ring v0.17.14
[INFO] [stderr]    Compiling aws-lc-sys v0.45.0
[INFO] [stderr]    Compiling getrandom v0.3.4
[INFO] [stderr]    Compiling unicase v2.9.0
[INFO] [stderr]     Checking sha1 v0.10.6
[INFO] [stderr]    Compiling aho-corasick v1.1.4
[INFO] [stderr]     Checking encoding_rs v0.8.35
[INFO] [stderr]     Checking either v1.15.0
[INFO] [stderr]    Compiling regex-syntax v0.8.10
[INFO] [stderr]    Compiling openssl-sys v0.9.117
[INFO] [stderr]     Checking time v0.3.47
[INFO] [stderr]     Checking iri-string v0.7.12
[INFO] [stderr]    Compiling synstructure v0.13.2
[INFO] [stderr]     Checking rand_core v0.6.4
[INFO] [stderr]     Checking foreign-types-shared v0.1.1
[INFO] [stderr]    Compiling openssl v0.10.81
[INFO] [stderr]     Checking foreign-types v0.3.2
[INFO] [stderr]     Checking rand_core v0.9.5
[INFO] [stderr]    Compiling native-tls v0.2.18
[INFO] [stderr]    Compiling crossbeam-utils v0.8.21
[INFO] [stderr]    Compiling rustversion v1.0.22
[INFO] [stderr]     Checking uuid v1.23.0
[INFO] [stderr]    Compiling mime_guess v2.0.5
[INFO] [stderr]    Compiling regex-automata v0.4.14
[INFO] [stderr]     Checking hmac v0.12.1
[INFO] [stderr]     Checking spin v0.9.8
[INFO] [stderr]    Compiling sha2-asm v0.6.4
[INFO] [stderr]    Compiling serde_derive v1.0.228
[INFO] [stderr]    Compiling tokio-macros v2.7.0
[INFO] [stderr]    Compiling futures-macro v0.3.32
[INFO] [stderr]    Compiling zeroize_derive v1.5.0
[INFO] [stderr]    Compiling tracing-attributes v0.1.31
[INFO] [stderr]    Compiling zerofrom-derive v0.1.7
[INFO] [stderr]     Checking zeroize v1.9.0
[INFO] [stderr]     Checking rustls-pki-types v1.14.0
[INFO] [stderr]     Checking futures-util v0.3.32
[INFO] [stderr]    Compiling yoke-derive v0.8.2
[INFO] [stderr]    Compiling displaydoc v0.2.5
[INFO] [stderr]    Compiling zerovec-derive v0.11.3
[INFO] [stderr]     Checking rustls-native-certs v0.8.3
[INFO] [stderr]    Compiling thiserror-impl v2.0.18
[INFO] [stderr]     Checking zerofrom v0.1.7
[INFO] [stderr]     Checking webpki-roots v1.0.6
[INFO] [stderr]     Checking yoke v0.8.2
[INFO] [stderr]    Compiling zerocopy-derive v0.8.48
[INFO] [stderr]     Checking zerotrie v0.2.4
[INFO] [stderr]    Compiling async-trait v0.1.89
[INFO] [stderr]     Checking zerovec v0.11.6
[INFO] [stderr]    Compiling regex v1.12.3
[INFO] [stderr]     Checking tinystr v0.8.3
[INFO] [stderr]     Checking potential_utf v0.1.5
[INFO] [stderr]     Checking icu_collections v2.2.0
[INFO] [stderr]     Checking icu_locale_core v2.2.0
[INFO] [stderr]    Compiling openssl-macros v0.1.1
[INFO] [stderr]     Checking futures-executor v0.3.32
[INFO] [stderr]     Checking futures v0.3.32
[INFO] [stderr]     Checking base64ct v1.8.3
[INFO] [stderr]     Checking smallvec v1.15.1
[INFO] [stderr]     Checking bytes v1.11.1
[INFO] [stderr]     Checking parking_lot_core v0.9.12
[INFO] [stderr]     Checking parking_lot v0.12.5
[INFO] [stderr]     Checking ipnet v2.12.0
[INFO] [stderr]     Checking icu_provider v2.2.0
[INFO] [stderr]     Checking serde_urlencoded v0.7.1
[INFO] [stderr]     Checking tokio v1.51.0
[INFO] [stderr]     Checking http v1.4.0
[INFO] [stderr]     Checking icu_properties v2.2.0
[INFO] [stderr]     Checking once_cell v1.21.4
[INFO] [stderr]     Checking tracing-core v0.1.36
[INFO] [stderr]     Checking tracing v0.1.44
[INFO] [stderr]     Checking http-body v1.0.1
[INFO] [stderr]     Checking icu_normalizer v2.2.0
[INFO] [stderr]     Checking http-body-util v0.1.3
[INFO] [stderr]     Checking chrono v0.4.44
[INFO] [stderr]     Checking sha2 v0.10.9
[INFO] [stderr]     Checking idna_adapter v1.2.1
[INFO] [stderr]     Checking idna v1.1.0
[INFO] [stderr]     Checking url v2.5.8
[INFO] [stderr]    Compiling multer v3.1.0
[INFO] [stderr]     Checking utf-8 v0.7.6
[INFO] [stderr]    Compiling prettyplease v0.2.37
[INFO] [stderr]     Checking rustix v1.1.4
[INFO] [stderr]     Checking axum-core v0.5.6
[INFO] [stderr]    Compiling zstd-sys v2.0.16+zstd.1.5.7
[INFO] [stderr]     Checking serde_path_to_error v0.1.20
[INFO] [stderr]     Checking matchit v0.8.4
[INFO] [stderr]    Compiling crc32fast v1.5.0
[INFO] [stderr]     Checking home v0.5.12
[INFO] [stderr]     Checking crossbeam-epoch v0.9.18
[INFO] [stderr]    Compiling const-random-macro v0.1.16
[INFO] [stderr]     Checking ppv-lite86 v0.2.21
[INFO] [stderr]     Checking const-random v0.1.18
[INFO] [stderr]    Compiling serde_repr v0.1.20
[INFO] [stderr]     Checking crossbeam-channel v0.5.15
[INFO] [stderr]     Checking tokio-util v0.7.18
[INFO] [stderr]     Checking tokio-native-tls v0.3.1
[INFO] [stderr]     Checking md-5 v0.10.6
[INFO] [stderr]     Checking rand_chacha v0.9.0
[INFO] [stderr]    Compiling syn v1.0.109
[INFO] [stderr]     Checking clap_builder v4.6.0
[INFO] [stderr]     Checking backon v1.6.0
[INFO] [stderr]     Checking rand v0.9.5
[INFO] [stderr]     Checking dlv-list v0.5.2
[INFO] [stderr]    Compiling clap_derive v4.6.0
[INFO] [stderr]     Checking h2 v0.4.13
[INFO] [stderr]     Checking tower v0.5.3
[INFO] [stderr]     Checking tokio-stream v0.1.18
[INFO] [stderr]    Compiling zstd-safe v7.2.4
[INFO] [stderr]    Compiling glob v0.3.3
[INFO] [stderr]     Checking ordered-multimap v0.7.3
[INFO] [stderr]     Checking tower-http v0.6.8
[INFO] [stderr]    Compiling clang-sys v1.8.1
[INFO] [stderr]     Checking rand_chacha v0.3.1
[INFO] [stderr]     Checking rapidhash v4.4.1
[INFO] [stderr]    Compiling lz4-sys v1.11.1+lz4-1.10.0
[INFO] [stderr]    Compiling crc32c v0.6.8
[INFO] [stderr]    Compiling nix v0.30.1
[INFO] [stderr]     Checking metrics v0.24.6
[INFO] [stderr]     Checking clap v4.6.0
[INFO] [stderr]     Checking rand v0.8.8
[INFO] [stderr]     Checking rust-ini v0.21.3
[INFO] [stderr]     Checking http v0.2.12
[INFO] [stderr]     Checking quick-xml v0.37.5
[INFO] [stderr]    Compiling io-uring v0.7.11
[INFO] [stderr]     Checking quick-xml v0.38.4
[INFO] [stderr]    Compiling pin-project-internal v1.1.11
[INFO] [stderr]     Checking hyper v1.9.0
[INFO] [stderr]     Checking jiff v0.2.23
[INFO] [stderr]    Compiling nom v7.1.3
[INFO] [stderr]     Checking hyper-util v0.1.20
[INFO] [stderr]     Checking pin-project v1.1.11
[INFO] [stderr]     Checking http-body v0.4.6
[INFO] [stderr]    Compiling libloading v0.8.9
[INFO] [stderr]     Checking siphasher v1.0.2
[INFO] [stderr]     Checking hyper-tls v0.6.0
[INFO] [stderr]    Compiling darling_core v0.23.0
[INFO] [stderr]    Compiling cexpr v0.6.0
[INFO] [stderr]     Checking tempfile v3.27.0
[INFO] [stderr]     Checking bytemuck v1.25.0
[INFO] [stderr]     Checking storage-util v0.1.0 (/opt/rustwide/workdir/storage/util)
[INFO] [stderr]     Checking roaring v0.10.12
[INFO] [stderr]     Checking dashmap v6.1.0
[INFO] [stderr]     Checking bytes-utils v0.1.4
[INFO] [stderr]    Compiling itertools v0.14.0
[INFO] [stderr]     Checking num-integer v0.1.46
[INFO] [stderr]     Checking aws-smithy-types v1.4.7
[INFO] [stderr]     Checking raw-cpuid v11.6.0
[INFO] [stderr]    Compiling rustix v0.38.44
[INFO] [stderr]     Checking rand_xoshiro v0.7.0
[INFO] [stderr]     Checking ordered-float v5.3.0
[INFO] [stderr]    Compiling darling_macro v0.23.0
[INFO] [stderr]    Compiling prost-derive v0.14.3
[INFO] [stderr]    Compiling linux-raw-sys v0.4.15
[INFO] [stderr]    Compiling darling v0.23.0
[INFO] [stderr]    Compiling serde_with_macros v3.21.0
[INFO] [stderr]     Checking sketches-ddsketch v0.3.1
[INFO] [stderr]     Checking quanta v0.12.6
[INFO] [stderr]     Checking metrics-util v0.20.4
[INFO] [stderr]    Compiling derive_more-impl v2.1.1
[INFO] [stderr]     Checking serde_with v3.21.0
[INFO] [stderr]     Checking arc-swap v1.9.1
[INFO] [stderr]    Compiling bindgen v0.69.5
[INFO] [stderr]    Compiling pulldown-cmark v0.13.3
[INFO] [stderr]    Compiling itertools v0.12.1
[INFO] [stderr]     Checking inout v0.1.4
[INFO] [stderr]    Compiling lazy_static v1.5.0
[INFO] [stderr]    Compiling rustc-hash v1.1.0
[INFO] [stderr]    Compiling which v4.4.2
[INFO] [stderr]    Compiling linux-raw-sys v0.12.1
[INFO] [stderr]    Compiling lazycell v1.3.0
[INFO] [stderr]    Compiling foldhash v0.1.5
[INFO] [stderr]    Compiling prost v0.14.3
[INFO] [stderr]    Compiling hashbrown v0.15.5
[INFO] [stderr]     Checking zstd v0.13.3
[INFO] [stderr]     Checking cipher v0.4.4
[INFO] [stderr]     Checking aws-smithy-async v1.2.14
[INFO] [stderr]     Checking matchers v0.2.0
[INFO] [stderr]     Checking xattr v1.6.1
[INFO] [stderr]     Checking tracing-log v0.2.0
[INFO] [stderr]     Checking tracing-serde v0.2.0
[INFO] [stderr]    Compiling n0-error-macros v1.0.0
[INFO] [stderr]    Compiling spez v0.1.2
[INFO] [stderr]     Checking filetime v0.2.27
[INFO] [stderr]     Checking hybrid-array v0.4.14
[INFO] [stderr]    Compiling ahash v0.8.12
[INFO] [stderr]     Checking thread_local v1.1.9
[INFO] [stderr]    Compiling fixedbitset v0.5.7
[INFO] [stderr]     Checking futures-lite v2.6.1
[INFO] [stderr]     Checking tracing-subscriber v0.3.23
[INFO] [stderr]     Checking n0-error v1.0.0
[INFO] [stderr]    Compiling petgraph v0.8.3
[INFO] [stderr]     Checking derive_more v2.1.1
[INFO] [stderr]    Compiling pulldown-cmark-to-cmark v22.0.0
[INFO] [stderr]     Checking aws-smithy-runtime-api v1.11.6
[INFO] [stderr]    Compiling prost-types v0.14.3
[INFO] [stderr]     Checking pem-rfc7468 v1.0.0
[INFO] [stderr]    Compiling winnow v1.0.1
[INFO] [stderr]    Compiling multimap v0.10.1
[INFO] [stderr]     Checking tinyvec v1.11.0
[INFO] [stderr]     Checking toml_parser v1.1.2+spec-1.1.0
[INFO] [stderr]     Checking der v0.8.1
[INFO] [stderr]     Checking block-buffer v0.12.1
[INFO] [stderr]    Compiling prost-build v0.14.3
[INFO] [stderr]     Checking crypto-common v0.2.2
[INFO] [stderr]     Checking aes v0.8.4
[INFO] [stderr]    Compiling phf_shared v0.13.1
[INFO] [stderr]    Compiling tonic-build v0.14.5
[INFO] [stderr]     Checking tracing-log v0.1.4
[INFO] [stderr]    Compiling n0-future v0.3.2
[INFO] [stderr]     Checking serde_spanned v1.1.1
[INFO] [stderr]     Checking toml_datetime v0.7.5+spec-1.1.0
[INFO] [stderr]     Checking gethostname v0.2.3
[INFO] [stderr]     Checking spin v0.10.1
[INFO] [stderr]     Checking diatomic-waker v0.2.3
[INFO] [stderr]     Checking cordyceps v0.3.5
[INFO] [stderr]     Checking toml_writer v1.1.1+spec-1.1.0
[INFO] [stderr]     Checking winnow v0.7.15
[INFO] [stderr]    Compiling toml_edit v0.25.11+spec-1.1.0
[INFO] [stderr]     Checking futures-buffered v0.2.13
[INFO] [stderr]    Compiling tonic-prost-build v0.14.5
[INFO] [stderr]     Checking tracing-bunyan-formatter v0.3.10
[INFO] [stderr]     Checking digest v0.11.3
[INFO] [stderr]    Compiling phf_generator v0.13.1
[INFO] [stderr]     Checking spki v0.8.0
[INFO] [stderr]     Checking netlink-packet-core v0.8.1
[INFO] [stderr]     Checking der v0.6.1
[INFO] [stderr]    Compiling curve25519-dalek v5.0.0
[INFO] [stderr]    Compiling noq-udp v1.2.0
[INFO] [stderr]     Checking universal-hash v0.5.1
[INFO] [stderr]     Checking base16ct v1.0.0
[INFO] [stderr]     Checking polyval v0.6.2
[INFO] [stderr]     Checking serdect v0.4.3
[INFO] [stderr]    Compiling proc-macro-crate v3.5.0
[INFO] [stderr]     Checking pkcs8 v0.11.0
[INFO] [stderr]     Checking spki v0.6.0
[INFO] [stderr]    Compiling curve25519-dalek-derive v0.1.1
[INFO] [stderr]     Checking left-right v0.11.7
[INFO] [stderr]    Compiling bzip2-sys v0.1.13+1.0.8
[INFO] [stderr]    Compiling heapless v0.7.17
[INFO] [stderr]     Checking signature v3.0.0
[INFO] [stderr]    Compiling metrics-exporter-prometheus v0.18.3
[INFO] [stderr]     Checking hashbag v0.1.13
[INFO] [stderr]     Checking simd-adler32 v0.3.9
[INFO] [stderr]    Compiling libublk-rs-sys v0.1.0 (https://github.com/ublk-org/libublk-rs.git?rev=c6a3e06#c6a3e069)
[INFO] [stderr]    Compiling data-encoding v2.11.1
[INFO] [stderr]     Checking evmap v11.0.0
[INFO] [stderr]    Compiling rustls v0.21.12
[INFO] [stderr]     Checking ed25519 v3.0.0
[INFO] [stderr]     Checking toml v0.9.12+spec-1.1.0
[INFO] [stderr]     Checking pkcs8 v0.9.0
[INFO] [stderr]     Checking ghash v0.5.1
[INFO] [stderr]    Compiling string_cache_codegen v0.6.1
[INFO] [stderr]    Compiling phf_codegen v0.13.1
[INFO] [stderr]     Checking sha2 v0.11.0
[INFO] [stderr]    Compiling data-encoding-macro-internal v0.1.19
[INFO] [stderr]     Checking ctr v0.9.2
[INFO] [stderr]     Checking hyper-timeout v0.5.2
[INFO] [stderr]     Checking netlink-sys v0.8.8
[INFO] [stderr]     Checking hash32 v0.2.1
[INFO] [stderr]     Checking prefix-trie v0.8.4
[INFO] [stderr]     Checking rustls-webpki v0.101.7
[INFO] [stderr]     Checking sct v0.7.1
[INFO] [stderr]     Checking crypto-bigint v0.4.9
[INFO] [stderr]     Checking ff v0.12.1
[INFO] [stderr]     Checking aead v0.5.2
[INFO] [stderr]    Compiling syn v3.0.4
[INFO] [stderr]     Checking base16ct v0.1.1
[INFO] [stderr]     Checking miniz_oxide v0.8.9
[INFO] [stderr]     Checking sec1 v0.3.0
[INFO] [stderr]     Checking ed25519-dalek v3.0.0
[INFO] [stderr]     Checking aes-gcm v0.10.3
[INFO] [stderr]     Checking group v0.12.1
[INFO] [stderr]     Checking data-encoding-macro v0.1.21
[INFO] [stderr]     Checking hickory-proto v0.26.1
[INFO] [stderr]    Compiling web_atoms v0.2.6
[INFO] [stderr]     Checking fastbloom v0.17.0
[INFO] [stderr]    Compiling num_enum_derive v0.7.6
[INFO] [stderr]    Compiling envd v0.1.0 (/opt/rustwide/workdir/thirdparty/envd)
[INFO] [stderr]     Checking tar v0.4.46
[INFO] [stderr]     Checking h2 v0.3.27
[INFO] [stderr]     Checking cobs v0.3.0
[INFO] [stderr]    Compiling postcard-derive v0.2.2
[INFO] [stderr]    Compiling blake3 v1.8.7
[INFO] [stderr]    Compiling noq v1.2.0
[INFO] [stderr]     Checking rand_pcg v0.10.2
[INFO] [stderr]     Checking socket2 v0.5.10
[INFO] [stderr]    Compiling proc-macro-error-attr v0.4.12
[INFO] [stderr]     Checking tagptr v0.2.0
[INFO] [stderr]    Compiling netdev v0.46.1
[INFO] [stderr]     Checking rustc-hash v2.1.2
[INFO] [stderr]     Checking precomputed-hash v0.1.1
[INFO] [stderr]     Checking sorted-index-buffer v0.2.1
[INFO] [stderr]     Checking identity-hash v0.1.0
[INFO] [stderr]     Checking lru-slab v0.1.2
[INFO] [stderr]     Checking string_cache v0.9.0
[INFO] [stderr]     Checking moka v0.12.15
[INFO] [stderr]    Compiling darling_core v0.20.11
[INFO] [stderr]     Checking tokio-rustls v0.24.1
[INFO] [stderr]     Checking postcard v1.1.3
[INFO] [stderr]     Checking num_enum v0.7.6
[INFO] [stderr]     Checking iroh-base v1.0.3
[INFO] [stderr]     Checking flate2 v1.1.9
[INFO] [stderr]     Checking elliptic-curve v0.12.3
[INFO] [stderr]     Checking rfc6979 v0.3.1
[INFO] [stderr]     Checking phf v0.13.1
[INFO] [stderr]     Checking netlink-proto v0.12.0
[INFO] [stderr]     Checking netlink-packet-route v0.31.0
[INFO] [stderr]     Checking aws-smithy-eventstream v0.60.20
[INFO] [stderr]    Compiling syn-mid v0.5.4
[INFO] [stderr]    Compiling strum_macros v0.28.0
[INFO] [stderr]    Compiling iroh-metrics-derive v1.0.1
[INFO] [stderr]    Compiling enum-assoc v1.4.1
[INFO] [stderr]     Checking signature v1.6.4
[INFO] [stderr]    Compiling iroh-dns v1.0.3
[INFO] [stderr]    Compiling netwatch v0.19.2
[INFO] [stderr]    Compiling proc-macro-error v0.4.12
[INFO] [stderr]    Compiling proc-macro-hack v0.5.20+deprecated
[INFO] [stderr]     Checking xml-rs v0.8.29
[INFO] [stderr]    Compiling bindgen v0.72.1
[INFO] [stderr]     Checking mac-addr v0.3.0
[INFO] [stderr]     Checking resolv-conf v0.7.6
[INFO] [stderr]     Checking hyper v0.14.32
[INFO] [stderr]     Checking xmltree v0.10.3
[INFO] [stderr]     Checking ecdsa v0.14.8
[INFO] [stderr]     Checking iroh-metrics v1.0.1
[INFO] [stderr]    Compiling darling_macro v0.20.11
[INFO] [stderr]     Checking tendril v0.5.1
[INFO] [stderr]     Checking strum v0.28.0
[INFO] [stderr]     Checking n0-watcher v1.0.0
[INFO] [stderr]     Checking aws-credential-types v1.2.14
[INFO] [stderr]     Checking aws-smithy-http v0.63.6
[INFO] [stderr]    Compiling phf_shared v0.11.3
[INFO] [stderr]     Checking hashbrown v0.17.1
[INFO] [stderr]     Checking attohttpc v0.30.1
[INFO] [stderr]     Checking warm-pool v0.1.0 (/opt/rustwide/workdir/crates/warm-pool)
[INFO] [stderr]    Compiling itertools v0.13.0
[INFO] [stderr]    Compiling libz-sys v1.1.28
[INFO] [stderr]    Compiling aws-types v1.3.14
[INFO] [stderr]    Compiling iroh-relay v1.0.3
[INFO] [stderr]     Checking linux-cap v0.1.0 (/opt/rustwide/workdir/crates/linux-cap)
[INFO] [stderr]     Checking simple-dns v0.11.3
[INFO] [stderr]    Compiling proc-macro-error-attr2 v2.0.0
[INFO] [stderr]    Compiling cookie v0.18.1
[INFO] [stderr]     Checking simdutf8 v0.1.5
[INFO] [stderr]     Checking dtoa v1.0.11
[INFO] [stderr]    Compiling ref-cast v1.0.25
[INFO] [stderr]    Compiling proc-macro-error2 v2.0.1
[INFO] [stderr]     Checking dtoa-short v0.3.5
[INFO] [stderr]     Checking crc v3.4.0
[INFO] [stderr]     Checking lru v0.18.2
[INFO] [stderr]     Checking markup5ever v0.39.0
[INFO] [stderr]     Checking igd-next v0.17.1
[INFO] [stderr]    Compiling phf_generator v0.11.3
[INFO] [stderr]    Compiling darling v0.20.11
[INFO] [stderr]     Checking p256 v0.11.1
[INFO] [stderr]     Checking aws-smithy-observability v0.2.6
[INFO] [stderr]     Checking headers-core v0.3.0
[INFO] [stderr]    Compiling ref-cast-impl v1.0.25
[INFO] [stderr]     Checking crypto-bigint v0.5.5
[INFO] [stderr]    Compiling iroh v1.0.3
[INFO] [stderr]     Checking serde_bytes v0.11.19
[INFO] [stderr]     Checking seize v0.5.1
[INFO] [stderr]     Checking constant_time_eq v0.3.1
[INFO] [stderr]     Checking portmapper v0.19.2
[INFO] [stderr]     Checking papaya v0.2.5
[INFO] [stderr]     Checking aws-sigv4 v1.4.2
[INFO] [stderr]    Compiling genawaiter-proc-macro v0.99.1
[INFO] [stderr]     Checking hyper-rustls v0.24.2
[INFO] [stderr]     Checking headers v0.4.1
[INFO] [stderr]    Compiling validator_derive v0.20.0
[INFO] [stderr]    Compiling phf_codegen v0.11.3
[INFO] [stderr]     Checking html5ever v0.39.0
[INFO] [stderr]     Checking cssparser v0.37.0
[INFO] [stderr]     Checking inplace-vec-builder v0.1.1
[INFO] [stderr]     Checking yasna v0.6.0
[INFO] [stderr]    Compiling tikv-jemalloc-sys v0.6.1+5.3.0-1-ge13ca993e8ccb9ba9847cc330696e02839f328f7
[INFO] [stderr]     Checking serde_html_form v0.2.8
[INFO] [stderr]     Checking pem v3.0.6
[INFO] [stderr]     Checking maplit v1.0.2
[INFO] [stderr]    Compiling redb v4.2.0
[INFO] [stderr]     Checking binary-merge v0.1.2
[INFO] [stderr]     Checking genawaiter-macro v0.99.1
[INFO] [stderr]     Checking range-collections v0.4.6
[INFO] [stderr]     Checking genawaiter v0.99.1
[INFO] [stderr]     Checking validator v0.20.0
[INFO] [stderr]     Checking rcgen v0.14.9
[INFO] [stderr]     Checking ammonia v4.1.4
[INFO] [stderr]    Compiling tls-parser v0.12.2
[INFO] [stderr]     Checking iroh-io v0.6.2
[INFO] [stderr]    Compiling nom-derive-impl v0.10.1
[INFO] [stderr]    Compiling thiserror-impl v1.0.69
[INFO] [stderr]    Compiling irpc-derive v0.17.0
[INFO] [stderr]    Compiling structmeta-derive v0.3.0
[INFO] [stderr]    Compiling nix v0.31.2
[INFO] [stderr]    Compiling iroh-blobs v0.103.0
[INFO] [stderr]     Checking which v8.0.2
[INFO] [stderr]     Checking positioned-io v0.3.5
[INFO] [stderr]     Checking regex-lite v0.1.9
[INFO] [stderr]     Checking shell-util v0.1.0 (/opt/rustwide/workdir/crates/shell-util)
[INFO] [stderr]     Checking bao-tree v0.16.0
[INFO] [stderr]     Checking nom-derive v0.10.1
[INFO] [stderr]    Compiling structmeta v0.3.0
[INFO] [stderr]     Checking phf v0.11.3
[INFO] [stderr]     Checking thiserror v1.0.69
[INFO] [stderr]     Checking rusticata-macros v4.1.0
[INFO] [stderr]     Checking iroh-tickets v1.0.0
[INFO] [stderr]    Compiling nested_enum_utils v0.2.3
[INFO] [stderr]     Checking netlink-packet-route v0.28.0
[INFO] [stderr]    Compiling agentenv v0.2.1 (/opt/rustwide/workdir)
[INFO] [stderr]     Checking aws-smithy-json v0.62.5
[INFO] [stderr]     Checking half v2.7.1
[INFO] [stderr]     Checking crossbeam-deque v0.8.6
[INFO] [stderr]     Checking reflink-copy v0.1.30
[INFO] [stderr]    Compiling confique-macro v0.0.13
[INFO] [stderr]    Compiling alloca v0.4.0
[INFO] [stderr]     Checking xmlparser v0.13.6
[INFO] [stderr]     Checking plotters-backend v0.3.7
[INFO] [stderr]     Checking plotters-svg v0.3.7
[INFO] [stderr]     Checking aws-smithy-xml v0.60.15
[INFO] [stderr]     Checking ciborium-ll v0.2.2
[INFO] [stderr]     Checking rayon-core v1.13.0
[INFO] [stderr]    Compiling parse-display-derive v0.9.1
[INFO] [stderr]     Checking confique v0.4.0
[INFO] [stderr]     Checking bollard-stubs v1.47.1-rc.27.3.1
[INFO] [stderr]     Checking hyperlocal v0.9.1
[INFO] [stderr]    Compiling librocksdb-sys v0.17.3+10.4.2
[INFO] [stderr]     Checking ipnetwork v0.21.1
[INFO] [stderr]     Checking rustls-pemfile v2.2.0
[INFO] [stderr]     Checking semver v1.0.28
[INFO] [stderr]     Checking index-set v0.2.0
[INFO] [stderr]     Checking cast v0.3.0
[INFO] [stderr]     Checking aws-smithy-query v0.60.15
[INFO] [stderr]     Checking docker_credential v1.3.2
[INFO] [stderr]     Checking parse-display v0.9.1
[INFO] [stderr]     Checking rayon v1.11.0
[INFO] [stderr]     Checking ciborium v0.2.2
[INFO] [stderr]     Checking plotters v0.3.7
[INFO] [stderr]     Checking criterion-plot v0.8.2
[INFO] [stderr]     Checking crc-fast v1.6.0
[INFO] [stderr]     Checking rtnetlink v0.20.0
[INFO] [stderr]     Checking aws-smithy-http v0.62.6
[INFO] [stderr]     Checking tokio-tar v0.3.1
[INFO] [stderr]     Checking etcetera v0.8.0
[INFO] [stderr]     Checking tinytemplate v1.2.1
[INFO] [stderr]     Checking page_size v0.6.0
[INFO] [stderr]     Checking anes v0.1.6
[INFO] [stderr]     Checking oorandom v11.1.5
[INFO] [stderr]     Checking aws-smithy-checksums v0.63.12
[INFO] [stderr]     Checking lru v0.12.5
[INFO] [stderr]     Checking criterion v0.8.2
[INFO] [stderr]     Checking aws-smithy-json v0.61.9
[INFO] [stderr]    Compiling lzma-sys v0.1.20
[INFO] [stderr]    Compiling signal-hook v0.3.18
[INFO] [stderr]     Checking console v0.15.11
[INFO] [stderr]    Compiling proc-macro-error-attr v1.0.4
[INFO] [stderr]     Checking number_prefix v0.4.0
[INFO] [stderr]    Compiling proc-macro-error v1.0.4
[INFO] [stderr]     Checking indicatif v0.17.11
[INFO] [stderr]     Checking bytecount v0.6.9
[INFO] [stderr]     Checking unicode-width v0.1.11
[INFO] [stderr]     Checking bumpalo v3.20.2
[INFO] [stderr]    Compiling zip v2.4.2
[INFO] [stderr]     Checking dirs-sys v0.4.1
[INFO] [stderr]     Checking zopfli v0.8.3
[INFO] [stderr]     Checking papergrid v0.12.0
[INFO] [stderr]     Checking signal-hook-mio v0.2.5
[INFO] [stderr]     Checking xz2 v0.1.7
[INFO] [stderr]    Compiling tabled_derive v0.8.0
[INFO] [stderr]     Checking lzma-rs v0.3.0
[INFO] [stderr]     Checking bzip2 v0.5.2
[INFO] [stderr]     Checking webpki-roots v0.26.11
[INFO] [stderr]     Checking pbkdf2 v0.12.2
[INFO] [stderr]     Checking rtoolbox v0.0.5
[INFO] [stderr]     Checking shlex v2.0.1
[INFO] [stderr]     Checking is_executable v1.0.6
[INFO] [stderr]     Checking deflate64 v0.1.12
[INFO] [stderr]     Checking clap_complete v4.6.8
[INFO] [stderr]     Checking crossterm v0.28.1
[INFO] [stderr]     Checking tabled v0.16.0
[INFO] [stderr]     Checking rpassword v7.5.4
[INFO] [stderr]     Checking directories v5.0.1
[INFO] [stderr]     Checking rustls-webpki v0.103.15
[INFO] [stderr] error: failed to run custom build command for `tikv-jemalloc-sys v0.6.1+5.3.0-1-ge13ca993e8ccb9ba9847cc330696e02839f328f7`
[INFO] [stderr] note: To improve backtraces for build dependencies, set the CARGO_PROFILE_DEV_BUILD_OVERRIDE_DEBUG=true environment variable to enable debug information generation.
[INFO] [stderr] 
[INFO] [stderr] Caused by:
[INFO] [stderr]   process didn't exit successfully: `/opt/rustwide/target/debug/build/tikv-jemalloc-sys/377e38fc5b751e30/out/build_script_build` (exit status: 101)
[INFO] [stderr]   --- stdout
[INFO] [stderr]   TARGET=x86_64-unknown-linux-gnu
[INFO] [stderr]   HOST=x86_64-unknown-linux-gnu
[INFO] [stderr]   NUM_JOBS=8
[INFO] [stderr]   OUT_DIR="/opt/rustwide/target/debug/build/tikv-jemalloc-sys/2702666e55e1c7b0/out"
[INFO] [stderr]   BUILD_DIR="/opt/rustwide/target/debug/build/tikv-jemalloc-sys/2702666e55e1c7b0/out/build"
[INFO] [stderr]   SRC_DIR="/opt/rustwide/cargo-home/registry/src/index.crates.io-1949cf8c6b5b557f/tikv-jemalloc-sys-0.6.1+5.3.0-1-ge13ca993e8ccb9ba9847cc330696e02839f328f7"
[INFO] [stderr]   cargo:rustc-cfg=prefixed
[INFO] [stderr]   cargo:rerun-if-env-changed=X86_64_UNKNOWN_LINUX_GNU_JEMALLOC_OVERRIDE
[INFO] [stderr]   cargo:rerun-if-env-changed=JEMALLOC_OVERRIDE
[INFO] [stderr]   cargo:rerun-if-env-changed=CC_x86_64-unknown-linux-gnu
[INFO] [stderr]   CC_x86_64-unknown-linux-gnu = None
[INFO] [stderr]   cargo:rerun-if-env-changed=CC_x86_64_unknown_linux_gnu
[INFO] [stderr]   CC_x86_64_unknown_linux_gnu = None
[INFO] [stderr]   cargo:rerun-if-env-changed=HOST_CC
[INFO] [stderr]   HOST_CC = None
[INFO] [stderr]   cargo:rerun-if-env-changed=CC
[INFO] [stderr]   CC = None
[INFO] [stderr]   cargo:rerun-if-env-changed=CC_ENABLE_DEBUG_OUTPUT
[INFO] [stderr]   cargo:rerun-if-env-changed=CRATE_CC_NO_DEFAULTS
[INFO] [stderr]   CRATE_CC_NO_DEFAULTS = None
[INFO] [stderr]   cargo:rerun-if-env-changed=CFLAGS
[INFO] [stderr]   CFLAGS = None
[INFO] [stderr]   cargo:rerun-if-env-changed=HOST_CFLAGS
[INFO] [stderr]   HOST_CFLAGS = None
[INFO] [stderr]   cargo:rerun-if-env-changed=CFLAGS_x86_64_unknown_linux_gnu
[INFO] [stderr]   CFLAGS_x86_64_unknown_linux_gnu = None
[INFO] [stderr]   cargo:rerun-if-env-changed=CFLAGS_x86_64-unknown-linux-gnu
[INFO] [stderr]   CFLAGS_x86_64-unknown-linux-gnu = None
[INFO] [stderr]   CC="cc"
[INFO] [stderr]   CFLAGS="-O0 -ffunction-sections -fdata-sections -fPIC -g -gdwarf-4 -fno-omit-frame-pointer -m64 -Wall"
[INFO] [stderr]   JEMALLOC_REPO_DIR="jemalloc"
[INFO] [stderr]   cargo:rerun-if-env-changed=X86_64_UNKNOWN_LINUX_GNU_JEMALLOC_SYS_WITH_MALLOC_CONF
[INFO] [stderr]   cargo:rerun-if-env-changed=JEMALLOC_SYS_WITH_MALLOC_CONF
[INFO] [stderr]   --with-malloc-conf=background_thread:true
[INFO] [stderr]   cargo:rerun-if-env-changed=X86_64_UNKNOWN_LINUX_GNU_JEMALLOC_SYS_WITH_LG_PAGE
[INFO] [stderr]   cargo:rerun-if-env-changed=JEMALLOC_SYS_WITH_LG_PAGE
[INFO] [stderr]   cargo:rerun-if-env-changed=X86_64_UNKNOWN_LINUX_GNU_JEMALLOC_SYS_WITH_LG_HUGEPAGE
[INFO] [stderr]   cargo:rerun-if-env-changed=JEMALLOC_SYS_WITH_LG_HUGEPAGE
[INFO] [stderr]   cargo:rerun-if-env-changed=X86_64_UNKNOWN_LINUX_GNU_JEMALLOC_SYS_WITH_LG_QUANTUM
[INFO] [stderr]   cargo:rerun-if-env-changed=JEMALLOC_SYS_WITH_LG_QUANTUM
[INFO] [stderr]   cargo:rerun-if-env-changed=X86_64_UNKNOWN_LINUX_GNU_JEMALLOC_SYS_WITH_LG_VADDR
[INFO] [stderr]   cargo:rerun-if-env-changed=JEMALLOC_SYS_WITH_LG_VADDR
[INFO] [stderr]   --with-jemalloc-prefix=_rjem_
[INFO] [stderr]   CARGO_FEATURE_STATS not set
[INFO] [stderr]   running: cd "/opt/rustwide/target/debug/build/tikv-jemalloc-sys/2702666e55e1c7b0/out/build" && CC="cc" CFLAGS="-O0 -ffunction-sections -fdata-sections -fPIC -g -gdwarf-4 -fno-omit-frame-pointer -m64 -Wall" CPPFLAGS="-O0 -ffunction-sections -fdata-sections -fPIC -g -gdwarf-4 -fno-omit-frame-pointer -m64 -Wall" LDFLAGS="-O0 -ffunction-sections -fdata-sections -fPIC -g -gdwarf-4 -fno-omit-frame-pointer -m64 -Wall" "sh" "/opt/rustwide/target/debug/build/tikv-jemalloc-sys/2702666e55e1c7b0/out/build/configure" "--with-version=5.3.0-1-ge13ca993e8ccb9ba9847cc330696e02839f328f7" "--disable-cxx" "--enable-doc=no" "--enable-shared=no" "--with-malloc-conf=background_thread:true" "--with-jemalloc-prefix=_rjem_" "--with-private-namespace=_rjem_" "--disable-stats" "--host=x86_64-unknown-linux-gnu" "--build=x86_64-unknown-linux-gnu" "--prefix=/opt/rustwide/target/debug/build/tikv-jemalloc-sys/2702666e55e1c7b0/out"
[INFO] [stderr]   checking for xsltproc... false
[INFO] [stderr]   checking for x86_64-unknown-linux-gnu-gcc... cc
[INFO] [stderr]   checking whether the C compiler works... yes
[INFO] [stderr]   checking for C compiler default output file name... a.out
[INFO] [stderr]   checking for suffix of executables... 
[INFO] [stderr]   checking whether we are cross compiling... no
[INFO] [stderr]   checking for suffix of object files... o
[INFO] [stderr]   checking whether we are using the GNU C compiler... yes
[INFO] [stderr]   checking whether cc accepts -g... yes
[INFO] [stderr]   checking for cc option to accept ISO C89... none needed
[INFO] [stderr]   checking whether compiler is cray... no
[INFO] [stderr]   checking whether compiler supports -std=gnu11... yes
[INFO] [stderr]   checking whether compiler supports -Werror=unknown-warning-option... no
[INFO] [stderr]   checking whether compiler supports -Wall... yes
[INFO] [stderr]   checking whether compiler supports -Wextra... yes
[INFO] [stderr]   checking whether compiler supports -Wshorten-64-to-32... no
[INFO] [stderr]   checking whether compiler supports -Wsign-compare... yes
[INFO] [stderr]   checking whether compiler supports -Wundef... yes
[INFO] [stderr]   checking whether compiler supports -Wno-format-zero-length... yes
[INFO] [stderr]   checking whether compiler supports -Wpointer-arith... yes
[INFO] [stderr]   checking whether compiler supports -Wno-missing-braces... yes
[INFO] [stderr]   checking whether compiler supports -Wno-missing-field-initializers... yes
[INFO] [stderr]   checking whether compiler supports -Wno-missing-attributes... yes
[INFO] [stderr]   checking whether compiler supports -pipe... yes
[INFO] [stderr]   checking whether compiler supports -g3... yes
[INFO] [stderr]   checking how to run the C preprocessor... cc -E
[INFO] [stderr]   checking for grep that handles long lines and -e... /usr/bin/grep
[INFO] [stderr]   checking for egrep... /usr/bin/grep -E
[INFO] [stderr]   checking for ANSI C header files... yes
[INFO] [stderr]   checking for sys/types.h... yes
[INFO] [stderr]   checking for sys/stat.h... yes
[INFO] [stderr]   checking for stdlib.h... yes
[INFO] [stderr]   checking for string.h... yes
[INFO] [stderr]   checking for memory.h... yes
[INFO] [stderr]   checking for strings.h... yes
[INFO] [stderr]   checking for inttypes.h... yes
[INFO] [stderr]   checking for stdint.h... yes
[INFO] [stderr]   checking for unistd.h... yes
[INFO] [stderr]   checking whether byte ordering is bigendian... no
[INFO] [stderr]   checking size of void *... 8
[INFO] [stderr]   checking size of int... 4
[INFO] [stderr]   checking size of long... 8
[INFO] [stderr]   checking size of long long... 8
[INFO] [stderr]   checking size of intmax_t... 8
[INFO] [stderr]   checking build system type... x86_64-unknown-linux-gnu
[INFO] [stderr]   checking host system type... x86_64-unknown-linux-gnu
[INFO] [stderr]   checking whether pause instruction is compilable... yes
[INFO] [stderr]   checking number of significant virtual address bits... 48
[INFO] [stderr]   checking for x86_64-unknown-linux-gnu-ar... no
[INFO] [stderr]   checking for ar... ar
[INFO] [stderr]   checking for x86_64-unknown-linux-gnu-nm... no
[INFO] [stderr]   checking for nm... nm
[INFO] [stderr]   checking for gawk... no
[INFO] [stderr]   checking for mawk... mawk
[INFO] [stderr]   checking malloc.h usability... yes
[INFO] [stderr]   checking malloc.h presence... yes
[INFO] [stderr]   checking for malloc.h... yes
[INFO] [stderr]   checking whether malloc_usable_size definition can use const argument... no
[INFO] [stderr]   checking for library containing log... -lm
[INFO] [stderr]   checking whether __attribute__ syntax is compilable... yes
[INFO] [stderr]   checking whether compiler supports -fvisibility=hidden... yes
[INFO] [stderr]   checking whether compiler supports -fvisibility=hidden... no
[INFO] [stderr]   checking whether compiler supports -Werror... yes
[INFO] [stderr]   checking whether compiler supports -herror_on_warning... no
[INFO] [stderr]   checking whether tls_model attribute is compilable... yes
[INFO] [stderr]   checking whether compiler supports -Werror... yes
[INFO] [stderr]   checking whether compiler supports -herror_on_warning... no
[INFO] [stderr]   checking whether alloc_size attribute is compilable... yes
[INFO] [stderr]   checking whether compiler supports -Werror... yes
[INFO] [stderr]   checking whether compiler supports -herror_on_warning... no
[INFO] [stderr]   checking whether format(gnu_printf, ...) attribute is compilable... yes
[INFO] [stderr]   checking whether compiler supports -Werror... yes
[INFO] [stderr]   checking whether compiler supports -herror_on_warning... no
[INFO] [stderr]   checking whether format(printf, ...) attribute is compilable... yes
[INFO] [stderr]   checking whether compiler supports -Werror... yes
[INFO] [stderr]   checking whether compiler supports -herror_on_warning... no
[INFO] [stderr]   checking whether format(printf, ...) attribute is compilable... yes
[INFO] [stderr]   checking whether compiler supports -Wimplicit-fallthrough... yes
[INFO] [stderr]   checking whether fallthrough attribute is compilable... yes
[INFO] [stderr]   checking whether compiler supports -Wimplicit-fallthrough... yes
[INFO] [stderr]   checking whether compiler supports -Wimplicit-fallthrough... no
[INFO] [stderr]   checking whether compiler supports -Werror... yes
[INFO] [stderr]   checking whether compiler supports -herror_on_warning... no
[INFO] [stderr]   checking whether cold attribute is compilable... yes
[INFO] [stderr]   checking whether vm_make_tag is compilable... no
[INFO] [stderr]   checking for a BSD-compatible install... /usr/bin/install -c
[INFO] [stderr]   checking for x86_64-unknown-linux-gnu-ranlib... no
[INFO] [stderr]   checking for ranlib... ranlib
[INFO] [stderr]   checking for ld... /usr/bin/ld
[INFO] [stderr]   checking for autoconf... /usr/bin/autoconf
[INFO] [stderr]   checking for memalign... yes
[INFO] [stderr]   checking for valloc... yes
[INFO] [stderr]   checking for malloc_size... no
[INFO] [stderr]   checking whether compiler supports -O3... yes
[INFO] [stderr]   checking whether compiler supports -O3... no
[INFO] [stderr]   checking whether compiler supports -funroll-loops... yes
[INFO] [stderr]   checking configured backtracing method... N/A
[INFO] [stderr]   checking for sbrk... yes
[INFO] [stderr]   checking whether utrace(2) is compilable... no
[INFO] [stderr]   checking whether utrace(2) with label is compilable... no
[INFO] [stderr]   checking whether a program using __builtin_unreachable is compilable... yes
[INFO] [stderr]   checking whether a program using __builtin_ffsl is compilable... yes
[INFO] [stderr]   checking whether a program using __builtin_popcountl is compilable... yes
[INFO] [stderr]   checking LG_PAGE... 12
[INFO] [stderr]   checking pthread.h usability... yes
[INFO] [stderr]   checking pthread.h presence... yes
[INFO] [stderr]   checking for pthread.h... yes
[INFO] [stderr]   checking for pthread_create in -lpthread... yes
[INFO] [stderr]   checking dlfcn.h usability... yes
[INFO] [stderr]   checking dlfcn.h presence... yes
[INFO] [stderr]   checking for dlfcn.h... yes
[INFO] [stderr]   checking for dlsym... yes
[INFO] [stderr]   checking whether pthread_atfork(3) is compilable... yes
[INFO] [stderr]   checking whether pthread_setname_np(3) is compilable... yes
[INFO] [stderr]   checking whether pthread_getname_np(3) is compilable... yes
[INFO] [stderr]   checking whether pthread_get_name_np(3) is compilable... no
[INFO] [stderr]   checking for library containing clock_gettime... none required
[INFO] [stderr]   checking whether clock_gettime(CLOCK_MONOTONIC_COARSE, ...) is compilable... yes
[INFO] [stderr]   checking whether clock_gettime(CLOCK_MONOTONIC, ...) is compilable... yes
[INFO] [stderr]   checking whether mach_absolute_time() is compilable... no
[INFO] [stderr]   checking whether clock_gettime(CLOCK_REALTIME, ...) is compilable... yes
[INFO] [stderr]   checking whether compiler supports -Werror... yes
[INFO] [stderr]   checking whether syscall(2) is compilable... yes
[INFO] [stderr]   checking for secure_getenv... yes
[INFO] [stderr]   checking for sched_getcpu... yes
[INFO] [stderr]   checking for sched_setaffinity... yes
[INFO] [stderr]   checking for issetugid... no
[INFO] [stderr]   checking for _malloc_thread_cleanup... no
[INFO] [stderr]   checking for _pthread_mutex_init_calloc_cb... no
[INFO] [stderr]   checking for memcntl... no
[INFO] [stderr]   checking for TLS... yes
[INFO] [stderr]   checking whether C11 atomics is compilable... yes
[INFO] [stderr]   checking whether GCC __atomic atomics is compilable... yes
[INFO] [stderr]   checking whether GCC 8-bit __atomic atomics is compilable... yes
[INFO] [stderr]   checking whether GCC __sync atomics is compilable... yes
[INFO] [stderr]   checking whether GCC 8-bit __sync atomics is compilable... yes
[INFO] [stderr]   checking whether Darwin OSAtomic*() is compilable... no
[INFO] [stderr]   checking whether madvise(2) is compilable... yes
[INFO] [stderr]   checking whether madvise(..., MADV_FREE) is compilable... yes
[INFO] [stderr]   checking whether madvise(..., MADV_DONTNEED) is compilable... yes
[INFO] [stderr]   checking whether madvise(..., MADV_DO[NT]DUMP) is compilable... yes
[INFO] [stderr]   checking whether madvise(..., MADV_[NO]HUGEPAGE) is compilable... yes
[INFO] [stderr]   checking whether madvise(..., MADV_[NO]CORE) is compilable... no
[INFO] [stderr]   checking whether mprotect(2) is compilable... yes
[INFO] [stderr]   checking for __builtin_clz... yes
[INFO] [stderr]   checking whether Darwin os_unfair_lock_*() is compilable... no
[INFO] [stderr]   checking whether glibc malloc hook is compilable... no
[INFO] [stderr]   checking whether glibc memalign hook is compilable... no
[INFO] [stderr]   checking whether pthreads adaptive mutexes is compilable... yes
[INFO] [stderr]   checking whether compiler supports -D_GNU_SOURCE... yes
[INFO] [stderr]   checking whether compiler supports -Werror... yes
[INFO] [stderr]   checking whether compiler supports -herror_on_warning... no
[INFO] [stderr]   checking whether strerror_r returns char with gnu source is compilable... yes
[INFO] [stderr]   checking for stdbool.h that conforms to C99... yes
[INFO] [stderr]   checking for _Bool... yes
[INFO] [stderr]   configure: creating ./config.status
[INFO] [stderr]   config.status: creating Makefile
[INFO] [stderr]   config.status: creating jemalloc.pc
[INFO] [stderr]   config.status: creating doc/html.xsl
[INFO] [stderr]   config.status: creating doc/manpages.xsl
[INFO] [stderr]   config.status: creating doc/jemalloc.xml
[INFO] [stderr]   config.status: creating include/jemalloc/jemalloc_macros.h
[INFO] [stderr]   config.status: creating include/jemalloc/jemalloc_protos.h
[INFO] [stderr]   config.status: creating include/jemalloc/jemalloc_typedefs.h
[INFO] [stderr]   config.status: creating include/jemalloc/internal/jemalloc_preamble.h
[INFO] [stderr]   config.status: creating test/test.sh
[INFO] [stderr]   config.status: creating test/include/test/jemalloc_test.h
[INFO] [stderr]   config.status: creating config.stamp
[INFO] [stderr]   config.status: creating bin/jemalloc-config
[INFO] [stderr]   config.status: creating bin/jemalloc.sh
[INFO] [stderr]   config.status: creating bin/jeprof
[INFO] [stderr]   config.status: creating include/jemalloc/jemalloc_defs.h
[INFO] [stderr]   config.status: creating include/jemalloc/internal/jemalloc_internal_defs.h
[INFO] [stderr]   config.status: creating test/include/test/jemalloc_test_defs.h
[INFO] [stderr]   config.status: executing include/jemalloc/internal/public_symbols.txt commands
[INFO] [stderr]   config.status: executing include/jemalloc/internal/private_symbols.awk commands
[INFO] [stderr]   config.status: executing include/jemalloc/internal/private_symbols_jet.awk commands
[INFO] [stderr]   config.status: executing include/jemalloc/internal/public_namespace.h commands
[INFO] [stderr]   config.status: executing include/jemalloc/internal/public_unnamespace.h commands
[INFO] [stderr]   config.status: executing include/jemalloc/jemalloc_protos_jet.h commands
[INFO] [stderr]   config.status: executing include/jemalloc/jemalloc_rename.h commands
[INFO] [stderr]   config.status: executing include/jemalloc/jemalloc_mangle.h commands
[INFO] [stderr]   config.status: executing include/jemalloc/jemalloc_mangle_jet.h commands
[INFO] [stderr]   config.status: executing include/jemalloc/jemalloc.h commands
[INFO] [stderr]   ===============================================================================
[INFO] [stderr]   jemalloc version   : 5.3.0-1-ge13ca993e8ccb9ba9847cc330696e02839f328f7
[INFO] [stderr]   library revision   : 2
[INFO] [stderr] 
[INFO] [stderr]   CONFIG             : --with-version=5.3.0-1-ge13ca993e8ccb9ba9847cc330696e02839f328f7 --disable-cxx --enable-doc=no --enable-shared=no --with-malloc-conf=background_thread:true --with-jemalloc-prefix=_rjem_ --with-private-namespace=_rjem_ --disable-stats --host=x86_64-unknown-linux-gnu --build=x86_64-unknown-linux-gnu --prefix=/opt/rustwide/target/debug/build/tikv-jemalloc-sys/2702666e55e1c7b0/out build_alias=x86_64-unknown-linux-gnu host_alias=x86_64-unknown-linux-gnu CC=cc 'CFLAGS=-O0 -ffunction-sections -fdata-sections -fPIC -g -gdwarf-4 -fno-omit-frame-pointer -m64 -Wall' 'LDFLAGS=-O0 -ffunction-sections -fdata-sections -fPIC -g -gdwarf-4 -fno-omit-frame-pointer -m64 -Wall' 'CPPFLAGS=-O0 -ffunction-sections -fdata-sections -fPIC -g -gdwarf-4 -fno-omit-frame-pointer -m64 -Wall'
[INFO] [stderr]   CC                 : cc
[INFO] [stderr]   CONFIGURE_CFLAGS   : -std=gnu11 -Wall -Wextra -Wsign-compare -Wundef -Wno-format-zero-length -Wpointer-arith -Wno-missing-braces -Wno-missing-field-initializers -Wno-missing-attributes -pipe -g3 -fvisibility=hidden -Wimplicit-fallthrough -O3 -funroll-loops
[INFO] [stderr]   SPECIFIED_CFLAGS   : -O0 -ffunction-sections -fdata-sections -fPIC -g -gdwarf-4 -fno-omit-frame-pointer -m64 -Wall
[INFO] [stderr]   EXTRA_CFLAGS       : 
[INFO] [stderr]   CPPFLAGS           : -O0 -ffunction-sections -fdata-sections -fPIC -g -gdwarf-4 -fno-omit-frame-pointer -m64 -Wall -D_GNU_SOURCE -D_REENTRANT
[INFO] [stderr]   CXX                : 
[INFO] [stderr]   CONFIGURE_CXXFLAGS : 
[INFO] [stderr]   SPECIFIED_CXXFLAGS : 
[INFO] [stderr]   EXTRA_CXXFLAGS     : 
[INFO] [stderr]   LDFLAGS            : -O0 -ffunction-sections -fdata-sections -fPIC -g -gdwarf-4 -fno-omit-frame-pointer -m64 -Wall
[INFO] [stderr]   EXTRA_LDFLAGS      : 
[INFO] [stderr]   DSO_LDFLAGS        : -shared -Wl,-soname,$(@F)
[INFO] [stderr]   LIBS               : -lm  -pthread
[INFO] [stderr]   RPATH_EXTRA        : 
[INFO] [stderr] 
[INFO] [stderr]   XSLTPROC           : false
[INFO] [stderr]   XSLROOT            : 
[INFO] [stderr] 
[INFO] [stderr]   PREFIX             : /opt/rustwide/target/debug/build/tikv-jemalloc-sys/2702666e55e1c7b0/out
[INFO] [stderr]   BINDIR             : /opt/rustwide/target/debug/build/tikv-jemalloc-sys/2702666e55e1c7b0/out/bin
[INFO] [stderr]   DATADIR            : /opt/rustwide/target/debug/build/tikv-jemalloc-sys/2702666e55e1c7b0/out/share
[INFO] [stderr]   INCLUDEDIR         : /opt/rustwide/target/debug/build/tikv-jemalloc-sys/2702666e55e1c7b0/out/include
[INFO] [stderr]   LIBDIR             : /opt/rustwide/target/debug/build/tikv-jemalloc-sys/2702666e55e1c7b0/out/lib
[INFO] [stderr]   MANDIR             : /opt/rustwide/target/debug/build/tikv-jemalloc-sys/2702666e55e1c7b0/out/share/man
[INFO] [stderr] 
[INFO] [stderr]   srcroot            : 
[INFO] [stderr]   abs_srcroot        : /opt/rustwide/target/debug/build/tikv-jemalloc-sys/2702666e55e1c7b0/out/build/
[INFO] [stderr]   objroot            : 
[INFO] [stderr]   abs_objroot        : /opt/rustwide/target/debug/build/tikv-jemalloc-sys/2702666e55e1c7b0/out/build/
[INFO] [stderr] 
[INFO] [stderr]   JEMALLOC_PREFIX    : _rjem_
[INFO] [stderr]   JEMALLOC_PRIVATE_NAMESPACE
[INFO] [stderr]                      : _rjem_je_
[INFO] [stderr]   install_suffix     : 
[INFO] [stderr]   malloc_conf        : background_thread:true
[INFO] [stderr]   documentation      : 0
[INFO] [stderr]   shared libs        : 0
[INFO] [stderr]   static libs        : 1
[INFO] [stderr]   autogen            : 0
[INFO] [stderr]   debug              : 0
[INFO] [stderr]   stats              : 0
[INFO] [stderr]   experimental_smallocx : 0
[INFO] [stderr]   prof               : 0
[INFO] [stderr]   prof-libunwind     : 0
[INFO] [stderr]   prof-libgcc        : 0
[INFO] [stderr]   prof-gcc           : 0
[INFO] [stderr]   fill               : 1
[INFO] [stderr]   utrace             : 0
[INFO] [stderr]   xmalloc            : 0
[INFO] [stderr]   log                : 0
[INFO] [stderr]   lazy_lock          : 0
[INFO] [stderr]   cache-oblivious    : 1
[INFO] [stderr]   cxx                : 0
[INFO] [stderr]   ===============================================================================
[INFO] [stderr]   running: cd "/opt/rustwide/target/debug/build/tikv-jemalloc-sys/2702666e55e1c7b0/out/build" && MAKEFLAGS="-j --jobserver-fds=4,5 --jobserver-auth=4,5" "make"
[INFO] [stderr]   cc -std=gnu11 -Wall -Wextra -Wsign-compare -Wundef -Wno-format-zero-length -Wpointer-arith -Wno-missing-braces -Wno-missing-field-initializers -Wno-missing-attributes -pipe -g3 -fvisibility=hidden -Wimplicit-fallthrough -O3 -funroll-loops -O0 -ffunction-sections -fdata-sections -fPIC -g -gdwarf-4 -fno-omit-frame-pointer -m64 -Wall -c -O0 -ffunction-sections -fdata-sections -fPIC -g -gdwarf-4 -fno-omit-frame-pointer -m64 -Wall -D_GNU_SOURCE -D_REENTRANT -Iinclude -Iinclude -DJEMALLOC_NO_PRIVATE_NAMESPACE -o src/jemalloc.sym.o src/jemalloc.c
[INFO] [stderr]   cc -std=gnu11 -Wall -Wextra -Wsign-compare -Wundef -Wno-format-zero-length -Wpointer-arith -Wno-missing-braces -Wno-missing-field-initializers -Wno-missing-attributes -pipe -g3 -fvisibility=hidden -Wimplicit-fallthrough -O3 -funroll-loops -O0 -ffunction-sections -fdata-sections -fPIC -g -gdwarf-4 -fno-omit-frame-pointer -m64 -Wall -c -O0 -ffunction-sections -fdata-sections -fPIC -g -gdwarf-4 -fno-omit-frame-pointer -m64 -Wall -D_GNU_SOURCE -D_REENTRANT -Iinclude -Iinclude -DJEMALLOC_NO_PRIVATE_NAMESPACE -o src/arena.sym.o src/arena.c
[INFO] [stderr]   cc -std=gnu11 -Wall -Wextra -Wsign-compare -Wundef -Wno-format-zero-length -Wpointer-arith -Wno-missing-braces -Wno-missing-field-initializers -Wno-missing-attributes -pipe -g3 -fvisibility=hidden -Wimplicit-fallthrough -O3 -funroll-loops -O0 -ffunction-sections -fdata-sections -fPIC -g -gdwarf-4 -fno-omit-frame-pointer -m64 -Wall -c -O0 -ffunction-sections -fdata-sections -fPIC -g -gdwarf-4 -fno-omit-frame-pointer -m64 -Wall -D_GNU_SOURCE -D_REENTRANT -Iinclude -Iinclude -DJEMALLOC_NO_PRIVATE_NAMESPACE -o src/background_thread.sym.o src/background_thread.c
[INFO] [stderr]   cc -std=gnu11 -Wall -Wextra -Wsign-compare -Wundef -Wno-format-zero-length -Wpointer-arith -Wno-missing-braces -Wno-missing-field-initializers -Wno-missing-attributes -pipe -g3 -fvisibility=hidden -Wimplicit-fallthrough -O3 -funroll-loops -O0 -ffunction-sections -fdata-sections -fPIC -g -gdwarf-4 -fno-omit-frame-pointer -m64 -Wall -c -O0 -ffunction-sections -fdata-sections -fPIC -g -gdwarf-4 -fno-omit-frame-pointer -m64 -Wall -D_GNU_SOURCE -D_REENTRANT -Iinclude -Iinclude -DJEMALLOC_NO_PRIVATE_NAMESPACE -o src/base.sym.o src/base.c
[INFO] [stderr]   cc -std=gnu11 -Wall -Wextra -Wsign-compare -Wundef -Wno-format-zero-length -Wpointer-arith -Wno-missing-braces -Wno-missing-field-initializers -Wno-missing-attributes -pipe -g3 -fvisibility=hidden -Wimplicit-fallthrough -O3 -funroll-loops -O0 -ffunction-sections -fdata-sections -fPIC -g -gdwarf-4 -fno-omit-frame-pointer -m64 -Wall -c -O0 -ffunction-sections -fdata-sections -fPIC -g -gdwarf-4 -fno-omit-frame-pointer -m64 -Wall -D_GNU_SOURCE -D_REENTRANT -Iinclude -Iinclude -DJEMALLOC_NO_PRIVATE_NAMESPACE -o src/bin.sym.o src/bin.c
[INFO] [stderr]   cc -std=gnu11 -Wall -Wextra -Wsign-compare -Wundef -Wno-format-zero-length -Wpointer-arith -Wno-missing-braces -Wno-missing-field-initializers -Wno-missing-attributes -pipe -g3 -fvisibility=hidden -Wimplicit-fallthrough -O3 -funroll-loops -O0 -ffunction-sections -fdata-sections -fPIC -g -gdwarf-4 -fno-omit-frame-pointer -m64 -Wall -c -O0 -ffunction-sections -fdata-sections -fPIC -g -gdwarf-4 -fno-omit-frame-pointer -m64 -Wall -D_GNU_SOURCE -D_REENTRANT -Iinclude -Iinclude -DJEMALLOC_NO_PRIVATE_NAMESPACE -o src/bin_info.sym.o src/bin_info.c
[INFO] [stderr]   cc -std=gnu11 -Wall -Wextra -Wsign-compare -Wundef -Wno-format-zero-length -Wpointer-arith -Wno-missing-braces -Wno-missing-field-initializers -Wno-missing-attributes -pipe -g3 -fvisibility=hidden -Wimplicit-fallthrough -O3 -funroll-loops -O0 -ffunction-sections -fdata-sections -fPIC -g -gdwarf-4 -fno-omit-frame-pointer -m64 -Wall -c -O0 -ffunction-sections -fdata-sections -fPIC -g -gdwarf-4 -fno-omit-frame-pointer -m64 -Wall -D_GNU_SOURCE -D_REENTRANT -Iinclude -Iinclude -DJEMALLOC_NO_PRIVATE_NAMESPACE -o src/bitmap.sym.o src/bitmap.c
[INFO] [stderr]   cc -std=gnu11 -Wall -Wextra -Wsign-compare -Wundef -Wno-format-zero-length -Wpointer-arith -Wno-missing-braces -Wno-missing-field-initializers -Wno-missing-attributes -pipe -g3 -fvisibility=hidden -Wimplicit-fallthrough -O3 -funroll-loops -O0 -ffunction-sections -fdata-sections -fPIC -g -gdwarf-4 -fno-omit-frame-pointer -m64 -Wall -c -O0 -ffunction-sections -fdata-sections -fPIC -g -gdwarf-4 -fno-omit-frame-pointer -m64 -Wall -D_GNU_SOURCE -D_REENTRANT -Iinclude -Iinclude -DJEMALLOC_NO_PRIVATE_NAMESPACE -o src/buf_writer.sym.o src/buf_writer.c
[INFO] [stderr]   cc -std=gnu11 -Wall -Wextra -Wsign-compare -Wundef -Wno-format-zero-length -Wpointer-arith -Wno-missing-braces -Wno-missing-field-initializers -Wno-missing-attributes -pipe -g3 -fvisibility=hidden -Wimplicit-fallthrough -O3 -funroll-loops -O0 -ffunction-sections -fdata-sections -fPIC -g -gdwarf-4 -fno-omit-frame-pointer -m64 -Wall -c -O0 -ffunction-sections -fdata-sections -fPIC -g -gdwarf-4 -fno-omit-frame-pointer -m64 -Wall -D_GNU_SOURCE -D_REENTRANT -Iinclude -Iinclude -DJEMALLOC_NO_PRIVATE_NAMESPACE -o src/cache_bin.sym.o src/cache_bin.c
[INFO] [stderr]   cc -std=gnu11 -Wall -Wextra -Wsign-compare -Wundef -Wno-format-zero-length -Wpointer-arith -Wno-missing-braces -Wno-missing-field-initializers -Wno-missing-attributes -pipe -g3 -fvisibility=hidden -Wimplicit-fallthrough -O3 -funroll-loops -O0 -ffunction-sections -fdata-sections -fPIC -g -gdwarf-4 -fno-omit-frame-pointer -m64 -Wall -c -O0 -ffunction-sections -fdata-sections -fPIC -g -gdwarf-4 -fno-omit-frame-pointer -m64 -Wall -D_GNU_SOURCE -D_REENTRANT -Iinclude -Iinclude -DJEMALLOC_NO_PRIVATE_NAMESPACE -o src/ckh.sym.o src/ckh.c
[INFO] [stderr]   cc -std=gnu11 -Wall -Wextra -Wsign-compare -Wundef -Wno-format-zero-length -Wpointer-arith -Wno-missing-braces -Wno-missing-field-initializers -Wno-missing-attributes -pipe -g3 -fvisibility=hidden -Wimplicit-fallthrough -O3 -funroll-loops -O0 -ffunction-sections -fdata-sections -fPIC -g -gdwarf-4 -fno-omit-frame-pointer -m64 -Wall -c -O0 -ffunction-sections -fdata-sections -fPIC -g -gdwarf-4 -fno-omit-frame-pointer -m64 -Wall -D_GNU_SOURCE -D_REENTRANT -Iinclude -Iinclude -DJEMALLOC_NO_PRIVATE_NAMESPACE -o src/counter.sym.o src/counter.c
[INFO] [stderr]   cc -std=gnu11 -Wall -Wextra -Wsign-compare -Wundef -Wno-format-zero-length -Wpointer-arith -Wno-missing-braces -Wno-missing-field-initializers -Wno-missing-attributes -pipe -g3 -fvisibility=hidden -Wimplicit-fallthrough -O3 -funroll-loops -O0 -ffunction-sections -fdata-sections -fPIC -g -gdwarf-4 -fno-omit-frame-pointer -m64 -Wall -c -O0 -ffunction-sections -fdata-sections -fPIC -g -gdwarf-4 -fno-omit-frame-pointer -m64 -Wall -D_GNU_SOURCE -D_REENTRANT -Iinclude -Iinclude -DJEMALLOC_NO_PRIVATE_NAMESPACE -o src/ctl.sym.o src/ctl.c
[INFO] [stderr]   cc -std=gnu11 -Wall -Wextra -Wsign-compare -Wundef -Wno-format-zero-length -Wpointer-arith -Wno-missing-braces -Wno-missing-field-initializers -Wno-missing-attributes -pipe -g3 -fvisibility=hidden -Wimplicit-fallthrough -O3 -funroll-loops -O0 -ffunction-sections -fdata-sections -fPIC -g -gdwarf-4 -fno-omit-frame-pointer -m64 -Wall -c -O0 -ffunction-sections -fdata-sections -fPIC -g -gdwarf-4 -fno-omit-frame-pointer -m64 -Wall -D_GNU_SOURCE -D_REENTRANT -Iinclude -Iinclude -DJEMALLOC_NO_PRIVATE_NAMESPACE -o src/decay.sym.o src/decay.c
[INFO] [stderr]   cc -std=gnu11 -Wall -Wextra -Wsign-compare -Wundef -Wno-format-zero-length -Wpointer-arith -Wno-missing-braces -Wno-missing-field-initializers -Wno-missing-attributes -pipe -g3 -fvisibility=hidden -Wimplicit-fallthrough -O3 -funroll-loops -O0 -ffunction-sections -fdata-sections -fPIC -g -gdwarf-4 -fno-omit-frame-pointer -m64 -Wall -c -O0 -ffunction-sections -fdata-sections -fPIC -g -gdwarf-4 -fno-omit-frame-pointer -m64 -Wall -D_GNU_SOURCE -D_REENTRANT -Iinclude -Iinclude -DJEMALLOC_NO_PRIVATE_NAMESPACE -o src/div.sym.o src/div.c
[INFO] [stderr]   cc -std=gnu11 -Wall -Wextra -Wsign-compare -Wundef -Wno-format-zero-length -Wpointer-arith -Wno-missing-braces -Wno-missing-field-initializers -Wno-missing-attributes -pipe -g3 -fvisibility=hidden -Wimplicit-fallthrough -O3 -funroll-loops -O0 -ffunction-sections -fdata-sections -fPIC -g -gdwarf-4 -fno-omit-frame-pointer -m64 -Wall -c -O0 -ffunction-sections -fdata-sections -fPIC -g -gdwarf-4 -fno-omit-frame-pointer -m64 -Wall -D_GNU_SOURCE -D_REENTRANT -Iinclude -Iinclude -DJEMALLOC_NO_PRIVATE_NAMESPACE -o src/ecache.sym.o src/ecache.c
[INFO] [stderr]   cc -std=gnu11 -Wall -Wextra -Wsign-compare -Wundef -Wno-format-zero-length -Wpointer-arith -Wno-missing-braces -Wno-missing-field-initializers -Wno-missing-attributes -pipe -g3 -fvisibility=hidden -Wimplicit-fallthrough -O3 -funroll-loops -O0 -ffunction-sections -fdata-sections -fPIC -g -gdwarf-4 -fno-omit-frame-pointer -m64 -Wall -c -O0 -ffunction-sections -fdata-sections -fPIC -g -gdwarf-4 -fno-omit-frame-pointer -m64 -Wall -D_GNU_SOURCE -D_REENTRANT -Iinclude -Iinclude -DJEMALLOC_NO_PRIVATE_NAMESPACE -o src/edata.sym.o src/edata.c
[INFO] [stderr]   cc -std=gnu11 -Wall -Wextra -Wsign-compare -Wundef -Wno-format-zero-length -Wpointer-arith -Wno-missing-braces -Wno-missing-field-initializers -Wno-missing-attributes -pipe -g3 -fvisibility=hidden -Wimplicit-fallthrough -O3 -funroll-loops -O0 -ffunction-sections -fdata-sections -fPIC -g -gdwarf-4 -fno-omit-frame-pointer -m64 -Wall -c -O0 -ffunction-sections -fdata-sections -fPIC -g -gdwarf-4 -fno-omit-frame-pointer -m64 -Wall -D_GNU_SOURCE -D_REENTRANT -Iinclude -Iinclude -DJEMALLOC_NO_PRIVATE_NAMESPACE -o src/edata_cache.sym.o src/edata_cache.c
[INFO] [stderr]   cc -std=gnu11 -Wall -Wextra -Wsign-compare -Wundef -Wno-format-zero-length -Wpointer-arith -Wno-missing-braces -Wno-missing-field-initializers -Wno-missing-attributes -pipe -g3 -fvisibility=hidden -Wimplicit-fallthrough -O3 -funroll-loops -O0 -ffunction-sections -fdata-sections -fPIC -g -gdwarf-4 -fno-omit-frame-pointer -m64 -Wall -c -O0 -ffunction-sections -fdata-sections -fPIC -g -gdwarf-4 -fno-omit-frame-pointer -m64 -Wall -D_GNU_SOURCE -D_REENTRANT -Iinclude -Iinclude -DJEMALLOC_NO_PRIVATE_NAMESPACE -o src/ehooks.sym.o src/ehooks.c
[INFO] [stderr]   cc -std=gnu11 -Wall -Wextra -Wsign-compare -Wundef -Wno-format-zero-length -Wpointer-arith -Wno-missing-braces -Wno-missing-field-initializers -Wno-missing-attributes -pipe -g3 -fvisibility=hidden -Wimplicit-fallthrough -O3 -funroll-loops -O0 -ffunction-sections -fdata-sections -fPIC -g -gdwarf-4 -fno-omit-frame-pointer -m64 -Wall -c -O0 -ffunction-sections -fdata-sections -fPIC -g -gdwarf-4 -fno-omit-frame-pointer -m64 -Wall -D_GNU_SOURCE -D_REENTRANT -Iinclude -Iinclude -DJEMALLOC_NO_PRIVATE_NAMESPACE -o src/emap.sym.o src/emap.c
[INFO] [stderr]   cc -std=gnu11 -Wall -Wextra -Wsign-compare -Wundef -Wno-format-zero-length -Wpointer-arith -Wno-missing-braces -Wno-missing-field-initializers -Wno-missing-attributes -pipe -g3 -fvisibility=hidden -Wimplicit-fallthrough -O3 -funroll-loops -O0 -ffunction-sections -fdata-sections -fPIC -g -gdwarf-4 -fno-omit-frame-pointer -m64 -Wall -c -O0 -ffunction-sections -fdata-sections -fPIC -g -gdwarf-4 -fno-omit-frame-pointer -m64 -Wall -D_GNU_SOURCE -D_REENTRANT -Iinclude -Iinclude -DJEMALLOC_NO_PRIVATE_NAMESPACE -o src/eset.sym.o src/eset.c
[INFO] [stderr] 
[INFO] [stderr]   --- stderr
[INFO] [stderr]   Assembler messages:
[INFO] [stderr]   {standard input}:199521: Warning: end of file not at end of a line; newline inserted
[INFO] [stderr]   {standard input}:200211: Error: unknown pseudo-op: `.stri'
[INFO] [stderr]   cc: fatal error: Killed signal terminated program cc1
[INFO] [stderr]   compilation terminated.
[INFO] [stderr]   make: *** [Makefile:479: src/jemalloc.sym.o] Error 1
[INFO] [stderr]   make: *** Waiting for unfinished jobs....
[INFO] [stderr] 
[INFO] [stderr]   thread 'main' (6118) panicked at /opt/rustwide/cargo-home/registry/src/index.crates.io-1949cf8c6b5b557f/tikv-jemalloc-sys-0.6.1+5.3.0-1-ge13ca993e8ccb9ba9847cc330696e02839f328f7/build.rs:411:9:
[INFO] [stderr]   command did not execute successfully: cd "/opt/rustwide/target/debug/build/tikv-jemalloc-sys/2702666e55e1c7b0/out/build" && MAKEFLAGS="-j --jobserver-fds=4,5 --jobserver-auth=4,5" "make"
[INFO] [stderr]   expected success, got: exit status: 2
[INFO] [stderr]   stack backtrace:
[INFO] [stderr]      0:     0x60d91e3fa9a1 - std[3164a59e47d3bde]::backtrace_rs::backtrace::libunwind::trace
[INFO] [stderr]                                  at /rustc/3154cc1a3e6424e44f438a95007d043ed5ceaaf6/library/std/src/../../backtrace/src/backtrace/libunwind.rs:117:9
[INFO] [stderr]      1:     0x60d91e3fa9a1 - std[3164a59e47d3bde]::backtrace_rs::backtrace::trace_unsynchronized::<std[3164a59e47d3bde]::sys::backtrace::_print_fmt::{closure#1}>
[INFO] [stderr]                                  at /rustc/3154cc1a3e6424e44f438a95007d043ed5ceaaf6/library/std/src/../../backtrace/src/backtrace/mod.rs:66:14
[INFO] [stderr]      2:     0x60d91e3fa9a1 - std[3164a59e47d3bde]::sys::backtrace::_print_fmt
[INFO] [stderr]                                  at /rustc/3154cc1a3e6424e44f438a95007d043ed5ceaaf6/library/std/src/sys/backtrace.rs:74:9
[INFO] [stderr]      3:     0x60d91e3fa9a1 - <<std[3164a59e47d3bde]::sys::backtrace::BacktraceLock>::print::DisplayBacktrace as core[934024a1e6126fb4]::fmt::Display>::fmt
[INFO] [stderr]                                  at /rustc/3154cc1a3e6424e44f438a95007d043ed5ceaaf6/library/std/src/sys/backtrace.rs:44:26
[INFO] [stderr]      4:     0x60d91e4105da - <core[934024a1e6126fb4]::fmt::rt::Argument>::fmt
[INFO] [stderr]                                  at /rustc/3154cc1a3e6424e44f438a95007d043ed5ceaaf6/library/core/src/fmt/rt.rs:152:76
[INFO] [stderr]      5:     0x60d91e4105da - core[934024a1e6126fb4]::fmt::write
[INFO] [stderr]      6:     0x60d91e40105c - core[934024a1e6126fb4]::io::write::default_write_fmt::<std[3164a59e47d3bde]::sys::stdio::unix::Stderr>
[INFO] [stderr]                                  at /rustc/3154cc1a3e6424e44f438a95007d043ed5ceaaf6/library/core/src/io/write.rs:402:11
[INFO] [stderr]      7:     0x60d91e40105c - <std[3164a59e47d3bde]::sys::stdio::unix::Stderr as core[934024a1e6126fb4]::io::write::Write>::write_fmt
[INFO] [stderr]                                  at /rustc/3154cc1a3e6424e44f438a95007d043ed5ceaaf6/library/core/src/io/write.rs:335:13
[INFO] [stderr]      8:     0x60d91e3d3736 - <std[3164a59e47d3bde]::sys::backtrace::BacktraceLock>::print
[INFO] [stderr]                                  at /rustc/3154cc1a3e6424e44f438a95007d043ed5ceaaf6/library/std/src/sys/backtrace.rs:47:9
[INFO] [stderr]      9:     0x60d91e3d3736 - std[3164a59e47d3bde]::panicking::default_hook::{closure#0}
[INFO] [stderr]                                  at /rustc/3154cc1a3e6424e44f438a95007d043ed5ceaaf6/library/std/src/panicking.rs:289:27
[INFO] [stderr]     10:     0x60d91e3f1911 - std[3164a59e47d3bde]::panicking::default_hook
[INFO] [stderr]                                  at /rustc/3154cc1a3e6424e44f438a95007d043ed5ceaaf6/library/std/src/panicking.rs:316:9
[INFO] [stderr]     11:     0x60d91e3f1acb - std[3164a59e47d3bde]::panicking::panic_with_hook
[INFO] [stderr]                                  at /rustc/3154cc1a3e6424e44f438a95007d043ed5ceaaf6/library/std/src/panicking.rs:811:13
[INFO] [stderr]     12:     0x60d91e3d37e2 - std[3164a59e47d3bde]::panicking::panic_handler::{closure#0}
[INFO] [stderr]                                  at /rustc/3154cc1a3e6424e44f438a95007d043ed5ceaaf6/library/std/src/panicking.rs:685:13
[INFO] [stderr]     13:     0x60d91e3cc2c9 - std[3164a59e47d3bde]::sys::backtrace::__rust_end_short_backtrace::<std[3164a59e47d3bde]::panicking::panic_handler::{closure#0}, !>
[INFO] [stderr]                                  at /rustc/3154cc1a3e6424e44f438a95007d043ed5ceaaf6/library/std/src/sys/backtrace.rs:182:18
[INFO] [stderr]     14:     0x60d91e3d44cd - __rustc[2e7b49d4226056d3]::rust_begin_unwind
[INFO] [stderr]                                  at /rustc/3154cc1a3e6424e44f438a95007d043ed5ceaaf6/library/std/src/panicking.rs:676:5
[INFO] [stderr]     15:     0x60d91e410dcc - core[934024a1e6126fb4]::panicking::panic_fmt
[INFO] [stderr]                                  at /rustc/3154cc1a3e6424e44f438a95007d043ed5ceaaf6/library/core/src/panicking.rs:80:14
[INFO] [stderr]     16:     0x60d91e32c85f - build_script_build[f712d2d9c418183e]::execute::<build_script_build[f712d2d9c418183e]::run::{closure#0}>
[INFO] [stderr]     17:     0x60d91e33073e - build_script_build[f712d2d9c418183e]::run
[INFO] [stderr]     18:     0x60d91e333e5f - build_script_build[f712d2d9c418183e]::main
[INFO] [stderr]     19:     0x60d91e336cf3 - <fn() as core[934024a1e6126fb4]::ops::function::FnOnce<()>>::call_once
[INFO] [stderr]     20:     0x60d91e32ecae - std[3164a59e47d3bde]::sys::backtrace::__rust_begin_short_backtrace::<fn(), ()>
[INFO] [stderr]     21:     0x60d91e32f2a9 - std[3164a59e47d3bde]::rt::lang_start::<()>::{closure#0}
[INFO] [stderr]     22:     0x60d91e3f0c18 - <&dyn core[934024a1e6126fb4]::ops::function::Fn<(), Output = i32> + core[934024a1e6126fb4]::marker::Sync + core[934024a1e6126fb4]::panic::unwind_safe::RefUnwindSafe as core[934024a1e6126fb4]::ops::function::FnOnce<()>>::call_once
[INFO] [stderr]                                  at /rustc/3154cc1a3e6424e44f438a95007d043ed5ceaaf6/library/core/src/ops/function.rs:287:21
[INFO] [stderr]     23:     0x60d91e3f0c18 - std[3164a59e47d3bde]::panicking::catch_unwind::do_call::<&dyn core[934024a1e6126fb4]::ops::function::Fn<(), Output = i32> + core[934024a1e6126fb4]::marker::Sync + core[934024a1e6126fb4]::panic::unwind_safe::RefUnwindSafe, i32>
[INFO] [stderr]                                  at /rustc/3154cc1a3e6424e44f438a95007d043ed5ceaaf6/library/std/src/panicking.rs:573:43
[INFO] [stderr]     24:     0x60d91e3f0c18 - std[3164a59e47d3bde]::panicking::catch_unwind::<i32, &dyn core[934024a1e6126fb4]::ops::function::Fn<(), Output = i32> + core[934024a1e6126fb4]::marker::Sync + core[934024a1e6126fb4]::panic::unwind_safe::RefUnwindSafe>
[INFO] [stderr]                                  at /rustc/3154cc1a3e6424e44f438a95007d043ed5ceaaf6/library/std/src/panicking.rs:541:19
[INFO] [stderr]     25:     0x60d91e3f0c18 - std[3164a59e47d3bde]::panic::catch_unwind::<&dyn core[934024a1e6126fb4]::ops::function::Fn<(), Output = i32> + core[934024a1e6126fb4]::marker::Sync + core[934024a1e6126fb4]::panic::unwind_safe::RefUnwindSafe, i32>
[INFO] [stderr]                                  at /rustc/3154cc1a3e6424e44f438a95007d043ed5ceaaf6/library/std/src/panic.rs:359:14
[INFO] [stderr]     26:     0x60d91e3f0c18 - std[3164a59e47d3bde]::rt::lang_start_internal::{closure#0}
[INFO] [stderr]                                  at /rustc/3154cc1a3e6424e44f438a95007d043ed5ceaaf6/library/std/src/rt.rs:175:24
[INFO] [stderr]     27:     0x60d91e3f0c18 - std[3164a59e47d3bde]::panicking::catch_unwind::do_call::<std[3164a59e47d3bde]::rt::lang_start_internal::{closure#0}, isize>
[INFO] [stderr]                                  at /rustc/3154cc1a3e6424e44f438a95007d043ed5ceaaf6/library/std/src/panicking.rs:573:43
[INFO] [stderr]     28:     0x60d91e3f0c18 - std[3164a59e47d3bde]::panicking::catch_unwind::<isize, std[3164a59e47d3bde]::rt::lang_start_internal::{closure#0}>
[INFO] [stderr]                                  at /rustc/3154cc1a3e6424e44f438a95007d043ed5ceaaf6/library/std/src/panicking.rs:541:19
[INFO] [stderr]     29:     0x60d91e3f0c18 - std[3164a59e47d3bde]::panic::catch_unwind::<std[3164a59e47d3bde]::rt::lang_start_internal::{closure#0}, isize>
[INFO] [stderr]                                  at /rustc/3154cc1a3e6424e44f438a95007d043ed5ceaaf6/library/std/src/panic.rs:359:14
[INFO] [stderr]     30:     0x60d91e3f0c18 - std[3164a59e47d3bde]::rt::lang_start_internal
[INFO] [stderr]                                  at /rustc/3154cc1a3e6424e44f438a95007d043ed5ceaaf6/library/std/src/rt.rs:171:5
[INFO] [stderr]     31:     0x60d91e32eca1 - std[3164a59e47d3bde]::rt::lang_start::<()>
[INFO] [stderr]     32:     0x60d91e336d65 - main
[INFO] [stderr]     33:     0x73c2253f4601 - <unknown>
[INFO] [stderr]     34:     0x73c2253f4718 - __libc_start_main
[INFO] [stderr]     35:     0x60d91e32b965 - _start
[INFO] [stderr]     36:                0x0 - <unknown>
[INFO] [stderr] warning: build failed, waiting for other jobs to finish...
[INFO] running `Command { std: "docker" "inspect" "20fddbb282ba7ffa4d64cd52744148e54c06925356284349d30206f7d768ed8d", kill_on_drop: false }`
[INFO] running `Command { std: "docker" "rm" "-f" "20fddbb282ba7ffa4d64cd52744148e54c06925356284349d30206f7d768ed8d", kill_on_drop: false }`
[INFO] [stdout] 20fddbb282ba7ffa4d64cd52744148e54c06925356284349d30206f7d768ed8d
