[INFO] cloning repository https://github.com/thescruggs/kwe-macos
[INFO] running `Command { std: "git" "-c" "credential.helper=" "-c" "credential.helper=/workspace/cargo-home/bin/git-credential-null" "clone" "--bare" "https://github.com/thescruggs/kwe-macos" "/workspace/cache/git-repos/https%3A%2F%2Fgithub.com%2Fthescruggs%2Fkwe-macos", kill_on_drop: false }`
[INFO] [stderr] Cloning into bare repository '/workspace/cache/git-repos/https%3A%2F%2Fgithub.com%2Fthescruggs%2Fkwe-macos'...
[INFO] running `Command { std: "git" "rev-parse" "HEAD", kill_on_drop: false }`
[INFO] [stdout] 5d1771d0c79558bb36e8b95502fc2724a787a3c4
[INFO] checking thescruggs/kwe-macos against 3154cc1a3e6424e44f438a95007d043ed5ceaaf6 for pr-133502-30
[INFO] running `Command { std: "git" "clone" "/workspace/cache/git-repos/https%3A%2F%2Fgithub.com%2Fthescruggs%2Fkwe-macos" "/workspace/builds/worker-7-tc2/source", kill_on_drop: false }`
[INFO] [stderr] Cloning into '/workspace/builds/worker-7-tc2/source'...
[INFO] [stderr] done.
[INFO] started tweaking git repo https://github.com/thescruggs/kwe-macos
[INFO] finished tweaking git repo https://github.com/thescruggs/kwe-macos
[INFO] tweaked toml for git repo https://github.com/thescruggs/kwe-macos written to /workspace/builds/worker-7-tc2/source/Cargo.toml
[INFO] validating manifest of git repo https://github.com/thescruggs/kwe-macos on toolchain 3154cc1a3e6424e44f438a95007d043ed5ceaaf6
[INFO] running `Command { std: CARGO_HOME="/workspace/cargo-home" RUSTUP_HOME="/workspace/rustup-home" "/workspace/cargo-home/bin/cargo" "+3154cc1a3e6424e44f438a95007d043ed5ceaaf6" "metadata" "--manifest-path" "Cargo.toml" "--no-deps", kill_on_drop: false }`
[INFO] crate git repo https://github.com/thescruggs/kwe-macos already has a lockfile, it will not be regenerated
[INFO] running `Command { std: CARGO_HOME="/workspace/cargo-home" RUSTUP_HOME="/workspace/rustup-home" "/workspace/cargo-home/bin/cargo" "+3154cc1a3e6424e44f438a95007d043ed5ceaaf6" "fetch" "--manifest-path" "Cargo.toml", kill_on_drop: false }`
[INFO] running `Command { std: "docker" "create" "-v" "/var/lib/crater-agent-workspace/builds/worker-7-tc2/source:/opt/rustwide/workdir:ro,Z" "-v" "/var/lib/crater-agent-workspace/builds/worker-7-tc2/target:/opt/rustwide/target:rw,Z" "-v" "/var/lib/crater-agent-workspace/cargo-home:/opt/rustwide/cargo-home:ro,Z" "-v" "/var/lib/crater-agent-workspace/rustup-home:/opt/rustwide/rustup-home:ro,Z" "-m" "1610612736" "--network" "none" "ghcr.io/rust-lang/crates-build-env/linux@sha256:77db811e55d90add9212f6832c23229e3de5f1c1f9905e8cb07319ea15df73ac" "sleep" "infinity", kill_on_drop: false }`
[INFO] [stdout] ef4f34825511b0f2374691f40bd86540b5155d6e83d6013ec4081d24447e27b6
[INFO] running `Command { std: "docker" "start" "ef4f34825511b0f2374691f40bd86540b5155d6e83d6013ec4081d24447e27b6", kill_on_drop: false }`
[INFO] running `Command { std: "docker" "inspect" "ef4f34825511b0f2374691f40bd86540b5155d6e83d6013ec4081d24447e27b6", kill_on_drop: false }`
[INFO] running `Command { std: "docker" "exec" "-e" "SOURCE_DIR=/opt/rustwide/workdir" "-e" "CARGO_HOME=/opt/rustwide/cargo-home" "-e" "RUSTUP_HOME=/opt/rustwide/rustup-home" "-e" "CARGO_TARGET_DIR=/opt/rustwide/target" "-w" "/opt/rustwide/workdir" "--user" "0:0" "ef4f34825511b0f2374691f40bd86540b5155d6e83d6013ec4081d24447e27b6" "/opt/rustwide/cargo-home/bin/cargo" "+3154cc1a3e6424e44f438a95007d043ed5ceaaf6" "metadata" "--no-deps" "--format-version=1", kill_on_drop: false }`
[INFO] running `Command { std: "docker" "inspect" "ef4f34825511b0f2374691f40bd86540b5155d6e83d6013ec4081d24447e27b6", kill_on_drop: false }`
[INFO] running `Command { std: "docker" "exec" "-e" "SOURCE_DIR=/opt/rustwide/workdir" "-e" "CARGO_HOME=/opt/rustwide/cargo-home" "-e" "RUSTUP_HOME=/opt/rustwide/rustup-home" "-e" "CARGO_TARGET_DIR=/opt/rustwide/target" "-e" "CARGO_INCREMENTAL=0" "-e" "RUST_BACKTRACE=full" "-e" "RUSTFLAGS=--cap-lints=forbid" "-e" "RUSTDOCFLAGS=--cap-lints=forbid" "-w" "/opt/rustwide/workdir" "--user" "0:0" "ef4f34825511b0f2374691f40bd86540b5155d6e83d6013ec4081d24447e27b6" "/opt/rustwide/cargo-home/bin/cargo" "+3154cc1a3e6424e44f438a95007d043ed5ceaaf6" "check" "--frozen" "--all" "--all-targets" "--message-format=json", kill_on_drop: false }`
[INFO] [stderr]    Compiling serde_core v1.0.229
[INFO] [stderr]     Checking anstream v1.0.0
[INFO] [stderr]     Checking twox-hash v2.1.3
[INFO] [stderr]    Compiling roxmltree v0.20.0
[INFO] [stderr]     Checking simd-adler32 v0.3.10
[INFO] [stderr]    Compiling syn v3.0.3
[INFO] [stderr]     Checking kwe-platform v0.1.0-alpha.1 (/opt/rustwide/workdir/crates/kwe-platform)
[INFO] [stderr]    Compiling cc v1.4.3
[INFO] [stderr]     Checking memmap2 v0.9.11
[INFO] [stderr]    Compiling kwe-mpv v0.1.0-alpha.1 (/opt/rustwide/workdir/crates/kwe-mpv)
[INFO] [stderr]     Checking zune-core v0.5.3
[INFO] [stderr]     Checking bitflags v2.13.1
[INFO] [stderr]     Checking pxfm v0.1.30
[INFO] [stderr]     Checking bytemuck v1.25.2
[INFO] [stderr]     Checking hashbrown v0.17.1
[INFO] [stderr]     Checking ash v0.38.0+1.3.281
[INFO] [stderr]     Checking lz4_flex v0.14.0
[INFO] [stderr]     Checking miniz_oxide v0.8.9
[INFO] [stderr]     Checking fdeflate v0.3.7
[INFO] [stderr]     Checking texture2ddecoder v0.1.2
[INFO] [stderr]     Checking clap_builder v4.6.6
[INFO] [stderr]     Checking zune-jpeg v0.5.15
[INFO] [stderr]     Checking flate2 v1.1.9
[INFO] [stderr]    Compiling cmake v0.1.58
[INFO] [stderr]     Checking png v0.18.1
[INFO] [stderr]    Compiling link-cplusplus v1.0.12
[INFO] [stderr]    Compiling rquickjs-sys v0.12.2
[INFO] [stderr]    Compiling kwe-scene-renderer v0.1.0-alpha.1 (/opt/rustwide/workdir/crates/kwe-scene-renderer)
[INFO] [stderr]    Compiling shaderc-sys v0.10.1
[INFO] [stderr]     Checking moxcms v0.8.1
[INFO] [stderr]     Checking serde_json v1.0.151
[INFO] [stderr] error: could not compile `syn` (lib)
[INFO] [stderr] 
[INFO] [stderr] Caused by:
[INFO] [stderr]   process didn't exit successfully: `/opt/rustwide/rustup-home/toolchains/3154cc1a3e6424e44f438a95007d043ed5ceaaf6/bin/rustc --crate-name syn --edition=2021 /opt/rustwide/cargo-home/registry/src/index.crates.io-1949cf8c6b5b557f/syn-3.0.3/src/lib.rs --error-format=json --json=diagnostic-rendered-ansi,artifacts,future-incompat,unused-externs-silent --crate-type lib --emit=dep-info,metadata,link -Z embed-metadata=no -C embed-bitcode=no --cfg 'feature="clone-impls"' --cfg 'feature="default"' --cfg 'feature="derive"' --cfg 'feature="full"' --cfg 'feature="parsing"' --cfg 'feature="printing"' --cfg 'feature="proc-macro"' --check-cfg 'cfg(docsrs,test)' --check-cfg 'cfg(feature, values("clone-impls", "default", "derive", "extra-traits", "fold", "full", "parsing", "printing", "proc-macro", "test", "visit", "visit-mut"))' -C metadata=438321f94eb9f5a0 -C extra-filename=-4033db0793bf2ef7 --out-dir /opt/rustwide/target/debug/build/syn/4033db0793bf2ef7/out -L dependency=/opt/rustwide/target/debug/build/proc-macro2/ee684499ef27f3b8/out -L dependency=/opt/rustwide/target/debug/build/unicode-ident/8c98a1a0e58216a9/out --extern proc_macro2=/opt/rustwide/target/debug/build/proc-macro2/ee684499ef27f3b8/out/libproc_macro2-ee684499ef27f3b8.rmeta --extern quote=/opt/rustwide/target/debug/build/quote/97307b84563a2c10/out/libquote-97307b84563a2c10.rmeta --extern unicode_ident=/opt/rustwide/target/debug/build/unicode-ident/8c98a1a0e58216a9/out/libunicode_ident-8c98a1a0e58216a9.rmeta --cap-lints allow --cap-lints=forbid --force-warn=unused_crate_dependencies` (signal: 9, SIGKILL: kill)
[INFO] [stderr] warning: build failed, waiting for other jobs to finish...
[INFO] [stderr] error: could not compile `ash` (lib)
[INFO] [stderr] 
[INFO] [stderr] Caused by:
[INFO] [stderr]   process didn't exit successfully: `/opt/rustwide/rustup-home/toolchains/3154cc1a3e6424e44f438a95007d043ed5ceaaf6/bin/rustc --crate-name ash --edition=2021 /opt/rustwide/cargo-home/registry/src/index.crates.io-1949cf8c6b5b557f/ash-0.38.0+1.3.281/src/lib.rs --error-format=json --json=diagnostic-rendered-ansi,artifacts,future-incompat,unused-externs-silent --crate-type lib --emit=dep-info,metadata -C embed-bitcode=no -C debuginfo=2 --cfg 'feature="debug"' --cfg 'feature="default"' --cfg 'feature="libloading"' --cfg 'feature="loaded"' --cfg 'feature="std"' --check-cfg 'cfg(docsrs,test)' --check-cfg 'cfg(feature, values("debug", "default", "libloading", "linked", "loaded", "std"))' -C metadata=be734a1d7acca22c -C extra-filename=-7820bd67844a5b61 --out-dir /opt/rustwide/target/debug/build/ash/7820bd67844a5b61/out -L dependency=/opt/rustwide/target/debug/build/cfg-if/190c9021fd162845/out --extern libloading=/opt/rustwide/target/debug/build/libloading/d21983df834c79db/out/liblibloading-d21983df834c79db.rmeta --cap-lints allow --cap-lints=forbid --force-warn=unused_crate_dependencies` (signal: 9, SIGKILL: kill)
[INFO] [stderr] warning: rquickjs-sys@0.12.2: cc: fatal error: Killed signal terminated program cc1
[INFO] [stderr] warning: rquickjs-sys@0.12.2: compilation terminated.
[INFO] [stderr] error: failed to run custom build command for `rquickjs-sys v0.12.2`
[INFO] [stderr] note: To improve backtraces for build dependencies, set the CARGO_PROFILE_DEV_BUILD_OVERRIDE_DEBUG=true environment variable to enable debug information generation.
[INFO] [stderr] 
[INFO] [stderr] Caused by:
[INFO] [stderr]   process didn't exit successfully: `/opt/rustwide/target/debug/build/rquickjs-sys/3ca59875312fa3be/out/build_script_build` (exit status: 1)
[INFO] [stderr]   --- stdout
[INFO] [stderr]   cargo:rerun-if-env-changed=CARGO_FEATURE_BINDGEN
[INFO] [stderr]   cargo:rerun-if-env-changed=CARGO_FEATURE_UPDATE_BINDINGS
[INFO] [stderr]   cargo:rerun-if-env-changed=CARGO_FEATURE_DUMP_BYTECODE
[INFO] [stderr]   cargo:rerun-if-env-changed=CARGO_FEATURE_DUMP_GC
[INFO] [stderr]   cargo:rerun-if-env-changed=CARGO_FEATURE_DUMP_GC_FREE
[INFO] [stderr]   cargo:rerun-if-env-changed=CARGO_FEATURE_DUMP_FREE
[INFO] [stderr]   cargo:rerun-if-env-changed=CARGO_FEATURE_DUMP_LEAKS
[INFO] [stderr]   cargo:rerun-if-env-changed=CARGO_FEATURE_DUMP_MEM
[INFO] [stderr]   cargo:rerun-if-env-changed=CARGO_FEATURE_DUMP_OBJECTS
[INFO] [stderr]   cargo:rerun-if-env-changed=CARGO_FEATURE_DUMP_ATOMS
[INFO] [stderr]   cargo:rerun-if-env-changed=CARGO_FEATURE_DUMP_SHAPES
[INFO] [stderr]   cargo:rerun-if-env-changed=CARGO_FEATURE_DUMP_MODULE_RESOLVE
[INFO] [stderr]   cargo:rerun-if-env-changed=CARGO_FEATURE_DUMP_PROMISE
[INFO] [stderr]   cargo:rerun-if-env-changed=CARGO_FEATURE_DUMP_READ_OBJECT
[INFO] [stderr]   cargo:rerun-if-env-changed=CARGO_FEATURE_DISABLE_ASSERTIONS
[INFO] [stderr]   cargo:rerun-if-env-changed=CARGO_CFG_SANITIZE
[INFO] [stderr]   cargo:rerun-if-env-changed=CC_FORCE_DISABLE
[INFO] [stderr]   CC_FORCE_DISABLE = None
[INFO] [stderr]   cargo:rerun-if-env-changed=CC_x86_64-unknown-linux-gnu
[INFO] [stderr]   CC_x86_64-unknown-linux-gnu = None
[INFO] [stderr]   cargo:rerun-if-env-changed=CC_x86_64_unknown_linux_gnu
[INFO] [stderr]   CC_x86_64_unknown_linux_gnu = None
[INFO] [stderr]   cargo:rerun-if-env-changed=HOST_CC
[INFO] [stderr]   HOST_CC = None
[INFO] [stderr]   cargo:rerun-if-env-changed=CC
[INFO] [stderr]   CC = None
[INFO] [stderr]   cargo:rerun-if-env-changed=CC_ENABLE_DEBUG_OUTPUT
[INFO] [stderr]   cargo:rerun-if-env-changed=CRATE_CC_NO_DEFAULTS
[INFO] [stderr]   CRATE_CC_NO_DEFAULTS = None
[INFO] [stderr]   cargo:rerun-if-env-changed=CC_ENABLE_DEBUG_OUTPUT
[INFO] [stderr]   cargo:rerun-if-env-changed=CRATE_CC_NO_DEFAULTS
[INFO] [stderr]   CRATE_CC_NO_DEFAULTS = None
[INFO] [stderr]   cargo:rerun-if-env-changed=CFLAGS
[INFO] [stderr]   CFLAGS = None
[INFO] [stderr]   cargo:rerun-if-env-changed=HOST_CFLAGS
[INFO] [stderr]   HOST_CFLAGS = None
[INFO] [stderr]   cargo:rerun-if-env-changed=CFLAGS_x86_64_unknown_linux_gnu
[INFO] [stderr]   CFLAGS_x86_64_unknown_linux_gnu = None
[INFO] [stderr]   cargo:rerun-if-env-changed=CFLAGS_x86_64-unknown-linux-gnu
[INFO] [stderr]   CFLAGS_x86_64-unknown-linux-gnu = None
[INFO] [stderr]   cargo:rerun-if-env-changed=CFLAGS
[INFO] [stderr]   CFLAGS = None
[INFO] [stderr]   cargo:rerun-if-env-changed=HOST_CFLAGS
[INFO] [stderr]   HOST_CFLAGS = None
[INFO] [stderr]   cargo:rerun-if-env-changed=CFLAGS_x86_64_unknown_linux_gnu
[INFO] [stderr]   CFLAGS_x86_64_unknown_linux_gnu = None
[INFO] [stderr]   cargo:rerun-if-env-changed=CFLAGS_x86_64-unknown-linux-gnu
[INFO] [stderr]   CFLAGS_x86_64-unknown-linux-gnu = None
[INFO] [stderr]   cargo:rerun-if-env-changed=CC_ENABLE_DEBUG_OUTPUT
[INFO] [stderr]   cargo:rerun-if-env-changed=CRATE_CC_NO_DEFAULTS
[INFO] [stderr]   CRATE_CC_NO_DEFAULTS = None
[INFO] [stderr]   cargo:rerun-if-env-changed=CFLAGS
[INFO] [stderr]   CFLAGS = None
[INFO] [stderr]   cargo:rerun-if-env-changed=HOST_CFLAGS
[INFO] [stderr]   HOST_CFLAGS = None
[INFO] [stderr]   cargo:rerun-if-env-changed=CFLAGS_x86_64_unknown_linux_gnu
[INFO] [stderr]   CFLAGS_x86_64_unknown_linux_gnu = None
[INFO] [stderr]   cargo:rerun-if-env-changed=CFLAGS_x86_64-unknown-linux-gnu
[INFO] [stderr]   CFLAGS_x86_64-unknown-linux-gnu = None
[INFO] [stderr]   cargo:rerun-if-env-changed=CC_x86_64-unknown-linux-gnu
[INFO] [stderr]   CC_x86_64-unknown-linux-gnu = None
[INFO] [stderr]   cargo:rerun-if-env-changed=CC_x86_64_unknown_linux_gnu
[INFO] [stderr]   CC_x86_64_unknown_linux_gnu = None
[INFO] [stderr]   cargo:rerun-if-env-changed=HOST_CC
[INFO] [stderr]   HOST_CC = None
[INFO] [stderr]   cargo:rerun-if-env-changed=CC
[INFO] [stderr]   CC = None
[INFO] [stderr]   cargo:rerun-if-env-changed=CRATE_CC_NO_DEFAULTS
[INFO] [stderr]   CRATE_CC_NO_DEFAULTS = None
[INFO] [stderr]   cargo:rerun-if-env-changed=CFLAGS
[INFO] [stderr]   CFLAGS = None
[INFO] [stderr]   cargo:rerun-if-env-changed=HOST_CFLAGS
[INFO] [stderr]   HOST_CFLAGS = None
[INFO] [stderr]   cargo:rerun-if-env-changed=CFLAGS_x86_64_unknown_linux_gnu
[INFO] [stderr]   CFLAGS_x86_64_unknown_linux_gnu = None
[INFO] [stderr]   cargo:rerun-if-env-changed=CFLAGS_x86_64-unknown-linux-gnu
[INFO] [stderr]   CFLAGS_x86_64-unknown-linux-gnu = None
[INFO] [stderr]   cargo:rerun-if-env-changed=CC_x86_64-unknown-linux-gnu
[INFO] [stderr]   CC_x86_64-unknown-linux-gnu = None
[INFO] [stderr]   cargo:rerun-if-env-changed=CC_x86_64_unknown_linux_gnu
[INFO] [stderr]   CC_x86_64_unknown_linux_gnu = None
[INFO] [stderr]   cargo:rerun-if-env-changed=HOST_CC
[INFO] [stderr]   HOST_CC = None
[INFO] [stderr]   cargo:rerun-if-env-changed=CC
[INFO] [stderr]   CC = None
[INFO] [stderr]   cargo:rerun-if-env-changed=CRATE_CC_NO_DEFAULTS
[INFO] [stderr]   CRATE_CC_NO_DEFAULTS = None
[INFO] [stderr]   cargo:rerun-if-env-changed=CFLAGS
[INFO] [stderr]   CFLAGS = None
[INFO] [stderr]   cargo:rerun-if-env-changed=HOST_CFLAGS
[INFO] [stderr]   HOST_CFLAGS = None
[INFO] [stderr]   cargo:rerun-if-env-changed=CFLAGS_x86_64_unknown_linux_gnu
[INFO] [stderr]   CFLAGS_x86_64_unknown_linux_gnu = None
[INFO] [stderr]   cargo:rerun-if-env-changed=CFLAGS_x86_64-unknown-linux-gnu
[INFO] [stderr]   CFLAGS_x86_64-unknown-linux-gnu = None
[INFO] [stderr]   cargo:warning=cc: fatal error: Killed signal terminated program cc1
[INFO] [stderr]   cargo:warning=compilation terminated.
[INFO] [stderr] 
[INFO] [stderr]   --- stderr
[INFO] [stderr] 
[INFO] [stderr] 
[INFO] [stderr]   error occurred in cc-rs: command did not execute successfully (status code exit status: 1): LC_ALL="C" "cc" "-O0" "-ffunction-sections" "-fdata-sections" "-fPIC" "-g" "-gdwarf-4" "-fno-omit-frame-pointer" "-mno-omit-leaf-frame-pointer" "-m64" "-Wall" "-Wno-implicit-const-int-float-conversion" "-D_GNU_SOURCE" "-o" "/opt/rustwide/target/debug/build/rquickjs-sys/7e37acca460e3b8d/out/840e21361b4a6f8d-quickjs.o" "-c" "/opt/rustwide/target/debug/build/rquickjs-sys/7e37acca460e3b8d/out/quickjs.c"
[INFO] [stderr] 
[INFO] [stderr] 
[INFO] [stderr] error: could not compile `moxcms` (lib)
[INFO] [stderr] 
[INFO] [stderr] Caused by:
[INFO] [stderr]   process didn't exit successfully: `/opt/rustwide/rustup-home/toolchains/3154cc1a3e6424e44f438a95007d043ed5ceaaf6/bin/rustc --crate-name moxcms --edition=2024 /opt/rustwide/cargo-home/registry/src/index.crates.io-1949cf8c6b5b557f/moxcms-0.8.1/src/lib.rs --error-format=json --json=diagnostic-rendered-ansi,artifacts,future-incompat,unused-externs-silent --crate-type lib --emit=dep-info,metadata -C embed-bitcode=no -C debuginfo=2 --cfg 'feature="avx"' --cfg 'feature="avx_luts"' --cfg 'feature="avx_shaper_fixed_point_paths"' --cfg 'feature="avx_shaper_paths"' --cfg 'feature="default"' --cfg 'feature="lut"' --cfg 'feature="neon"' --cfg 'feature="neon_luts"' --cfg 'feature="neon_shaper_fixed_point_paths"' --cfg 'feature="neon_shaper_paths"' --cfg 'feature="sse"' --cfg 'feature="sse_luts"' --cfg 'feature="sse_shaper_fixed_point_paths"' --cfg 'feature="sse_shaper_paths"' --check-cfg 'cfg(docsrs,test)' --check-cfg 'cfg(feature, values("any_to_any", "avx", "avx512", "avx512_shaper_fixed_point_paths", "avx512_shaper_optimized_paths", "avx_luts", "avx_shaper_fixed_point_paths", "avx_shaper_optimized_paths", "avx_shaper_paths", "default", "extended_range", "in_place", "lut", "neon", "neon_luts", "neon_shaper_fixed_point_paths", "neon_shaper_optimized_paths", "neon_shaper_paths", "options", "sse", "sse_luts", "sse_shaper_fixed_point_paths", "sse_shaper_optimized_paths", "sse_shaper_paths"))' -C metadata=74f37419f4094b31 -C extra-filename=-a30ff888f68305ee --out-dir /opt/rustwide/target/debug/build/moxcms/a30ff888f68305ee/out --extern num_traits=/opt/rustwide/target/debug/build/num-traits/f66f4b200fc490bc/out/libnum_traits-f66f4b200fc490bc.rmeta --extern pxfm=/opt/rustwide/target/debug/build/pxfm/30d46fbfb917f044/out/libpxfm-30d46fbfb917f044.rmeta --cap-lints allow --cap-lints=forbid --force-warn=unused_crate_dependencies` (signal: 9, SIGKILL: kill)
[INFO] [stderr] warning: shaderc-sys@0.10.1: shaderc: searching for native shaderc libraries on system;  use '--features build-from-source' to force building from source code
[INFO] [stderr] warning: shaderc-sys@0.10.1: shaderc: cannot find native shaderc library on system; falling back to build from source
[INFO] [stderr] error: failed to run custom build command for `shaderc-sys v0.10.1`
[INFO] [stderr] note: To improve backtraces for build dependencies, set the CARGO_PROFILE_DEV_BUILD_OVERRIDE_DEBUG=true environment variable to enable debug information generation.
[INFO] [stderr] 
[INFO] [stderr] Caused by:
[INFO] [stderr]   process didn't exit successfully: `/opt/rustwide/target/debug/build/shaderc-sys/a782eeace11cb212/out/build_script_build` (exit status: 101)
[INFO] [stderr]   --- stdout
[INFO] [stderr]   cargo:rerun-if-env-changed=SHADERC_NO_PKG_CONFIG
[INFO] [stderr]   cargo:rerun-if-env-changed=PKG_CONFIG_x86_64-unknown-linux-gnu
[INFO] [stderr]   cargo:rerun-if-env-changed=PKG_CONFIG_x86_64_unknown_linux_gnu
[INFO] [stderr]   cargo:rerun-if-env-changed=HOST_PKG_CONFIG
[INFO] [stderr]   cargo:rerun-if-env-changed=PKG_CONFIG
[INFO] [stderr]   cargo:rerun-if-env-changed=SHADERC_STATIC
[INFO] [stderr]   cargo:rerun-if-env-changed=SHADERC_DYNAMIC
[INFO] [stderr]   cargo:rerun-if-env-changed=PKG_CONFIG_ALL_STATIC
[INFO] [stderr]   cargo:rerun-if-env-changed=PKG_CONFIG_ALL_DYNAMIC
[INFO] [stderr]   cargo:rerun-if-env-changed=PKG_CONFIG_PATH_x86_64-unknown-linux-gnu
[INFO] [stderr]   cargo:rerun-if-env-changed=PKG_CONFIG_PATH_x86_64_unknown_linux_gnu
[INFO] [stderr]   cargo:rerun-if-env-changed=HOST_PKG_CONFIG_PATH
[INFO] [stderr]   cargo:rerun-if-env-changed=PKG_CONFIG_PATH
[INFO] [stderr]   cargo:rerun-if-env-changed=PKG_CONFIG_LIBDIR_x86_64-unknown-linux-gnu
[INFO] [stderr]   cargo:rerun-if-env-changed=PKG_CONFIG_LIBDIR_x86_64_unknown_linux_gnu
[INFO] [stderr]   cargo:rerun-if-env-changed=HOST_PKG_CONFIG_LIBDIR
[INFO] [stderr]   cargo:rerun-if-env-changed=PKG_CONFIG_LIBDIR
[INFO] [stderr]   cargo:rerun-if-env-changed=PKG_CONFIG_SYSROOT_DIR_x86_64-unknown-linux-gnu
[INFO] [stderr]   cargo:rerun-if-env-changed=PKG_CONFIG_SYSROOT_DIR_x86_64_unknown_linux_gnu
[INFO] [stderr]   cargo:rerun-if-env-changed=HOST_PKG_CONFIG_SYSROOT_DIR
[INFO] [stderr]   cargo:rerun-if-env-changed=PKG_CONFIG_SYSROOT_DIR
[INFO] [stderr]   cargo:warning=shaderc: searching for native shaderc libraries on system;  use '--features build-from-source' to force building from source code
[INFO] [stderr]   cargo:warning=shaderc: cannot find native shaderc library on system; falling back to build from source
[INFO] [stderr]   CMAKE_TOOLCHAIN_FILE_x86_64-unknown-linux-gnu = None
[INFO] [stderr]   CMAKE_TOOLCHAIN_FILE_x86_64_unknown_linux_gnu = None
[INFO] [stderr]   HOST_CMAKE_TOOLCHAIN_FILE = None
[INFO] [stderr]   CMAKE_TOOLCHAIN_FILE = None
[INFO] [stderr]   CMAKE_PREFIX_PATH_x86_64-unknown-linux-gnu = None
[INFO] [stderr]   CMAKE_PREFIX_PATH_x86_64_unknown_linux_gnu = None
[INFO] [stderr]   HOST_CMAKE_PREFIX_PATH = None
[INFO] [stderr]   CMAKE_PREFIX_PATH = None
[INFO] [stderr]   CMAKE_x86_64-unknown-linux-gnu = None
[INFO] [stderr]   CMAKE_x86_64_unknown_linux_gnu = None
[INFO] [stderr]   HOST_CMAKE = None
[INFO] [stderr]   CMAKE = None
[INFO] [stderr]   -- The C compiler identification is GNU 15.2.0
[INFO] [stderr]   -- The CXX compiler identification is GNU 15.2.0
[INFO] [stderr]   -- Detecting C compiler ABI info
[INFO] [stderr]   -- Detecting C compiler ABI info - done
[INFO] [stderr]   -- Check for working C compiler: /usr/bin/cc - skipped
[INFO] [stderr]   -- Detecting C compile features
[INFO] [stderr]   -- Detecting C compile features - done
[INFO] [stderr]   -- Detecting CXX compiler ABI info
[INFO] [stderr]   -- Detecting CXX compiler ABI info - done
[INFO] [stderr]   -- Check for working CXX compiler: /usr/bin/c++ - skipped
[INFO] [stderr]   -- Detecting CXX compile features
[INFO] [stderr]   -- Detecting CXX compile features - done
[INFO] [stderr]   -- Found Python3: /usr/bin/python3 (found version "3.14.4") found components: Interpreter
[INFO] [stderr]   -- optimizer enabled
[INFO] [stderr]   -- Performing Test CMAKE_HAVE_LIBC_PTHREAD
[INFO] [stderr]   -- Performing Test CMAKE_HAVE_LIBC_PTHREAD - Success
[INFO] [stderr]   -- Found Threads: TRUE
[INFO] [stderr]   -- Shaderc: build type is "Release".
[INFO] [stderr]   -- Configuring Shaderc to avoid building tests.
[INFO] [stderr]   -- Configuring Shaderc to build examples.
[INFO] [stderr]   -- Configuring Shaderc to build executables.
[INFO] [stderr]   -- Configuring Shaderc to check copyrights.
[INFO] [stderr]   -- asciidoctor was not found - no documentation will be generated
[INFO] [stderr]   -- Found Python: /usr/bin/python3 (found version "3.14.4") found components: Interpreter
[INFO] [stderr]   -- Performing Test COMPILER_SUPPORTS_FALLTHROUGH_WARNING
[INFO] [stderr]   -- Performing Test COMPILER_SUPPORTS_FALLTHROUGH_WARNING - Success
[INFO] [stderr]   -- Performing Test COMPILER_SUPPORTS_EXTRA_SEMI_WARNING
[INFO] [stderr]   -- Performing Test COMPILER_SUPPORTS_EXTRA_SEMI_WARNING - Success
[INFO] [stderr]   -- Performing Test COMPILER_SUPPORTS_PIC
[INFO] [stderr]   -- Performing Test COMPILER_SUPPORTS_PIC - Success
[INFO] [stderr]   -- Configuring done (6.7s)
[INFO] [stderr]   -- Generating done (0.6s)
[INFO] [stderr]   -- Build files have been written to: /opt/rustwide/target/debug/build/shaderc-sys/a8adf8c2fa7b09de/out/build
[INFO] [stderr]   [1/412] Generating SPIRV-Tools-shared.pc
[INFO] [stderr]   [2/412] cd /opt/rustwide/target/debug/build/shaderc-sys/a8adf8c2fa7b09de/out/build/shaderc && /usr/bin/cmake -DCHANGES_FILE=/opt/rustwide/cargo-home/registry/src/index.crates.io-1949cf8c6b5b557f/shaderc-sys-0.10.1/build/shaderc/CHANGES -DTEMPLATE_FILE=/opt/rustwide/cargo-home/registry/src/index.crates.io-1949cf8c6b5b557f/shaderc-sys-0.10.1/build/shaderc/cmake/shaderc.pc.in -DOUT_FILE=/opt/rustwide/target/debug/build/shaderc-sys/a8adf8c2fa7b09de/out/build/shaderc/shaderc.pc -DCMAKE_INSTALL_PREFIX=/opt/rustwide/target/debug/build/shaderc-sys/a8adf8c2fa7b09de/out -DCMAKE_INSTALL_LIBDIR=lib -DCMAKE_INSTALL_INCLUDEDIR=include -DLIBS=-lshaderc_shared -P /opt/rustwide/cargo-home/registry/src/index.crates.io-1949cf8c6b5b557f/shaderc-sys-0.10.1/build/shaderc/cmake/write_pkg_config.cmake
[INFO] [stderr]   [3/412] cd /opt/rustwide/target/debug/build/shaderc-sys/a8adf8c2fa7b09de/out/build/shaderc && /usr/bin/cmake -DCHANGES_FILE=/opt/rustwide/cargo-home/registry/src/index.crates.io-1949cf8c6b5b557f/shaderc-sys-0.10.1/build/shaderc/CHANGES -DTEMPLATE_FILE=/opt/rustwide/cargo-home/registry/src/index.crates.io-1949cf8c6b5b557f/shaderc-sys-0.10.1/build/shaderc/cmake/shaderc_static.pc.in -DOUT_FILE=/opt/rustwide/target/debug/build/shaderc-sys/a8adf8c2fa7b09de/out/build/shaderc/shaderc_static.pc -DCMAKE_INSTALL_PREFIX=/opt/rustwide/target/debug/build/shaderc-sys/a8adf8c2fa7b09de/out -DCMAKE_INSTALL_LIBDIR=lib -DCMAKE_INSTALL_INCLUDEDIR=include -DLIBS=-lshaderc\ \ -lshaderc_util -P /opt/rustwide/cargo-home/registry/src/index.crates.io-1949cf8c6b5b557f/shaderc-sys-0.10.1/build/shaderc/cmake/write_pkg_config.cmake
[INFO] [stderr]   [4/412] Building CXX object glslang/glslang/CMakeFiles/MachineIndependent.dir/stub.cpp.o
[INFO] [stderr]   [5/412] Generating SPIRV-Tools.pc
[INFO] [stderr]   [6/412] cd /opt/rustwide/target/debug/build/shaderc-sys/a8adf8c2fa7b09de/out/build/shaderc && /usr/bin/cmake -DCHANGES_FILE=/opt/rustwide/cargo-home/registry/src/index.crates.io-1949cf8c6b5b557f/shaderc-sys-0.10.1/build/shaderc/CHANGES -DTEMPLATE_FILE=/opt/rustwide/cargo-home/registry/src/index.crates.io-1949cf8c6b5b557f/shaderc-sys-0.10.1/build/shaderc/cmake/shaderc_combined.pc.in -DOUT_FILE=/opt/rustwide/target/debug/build/shaderc-sys/a8adf8c2fa7b09de/out/build/shaderc/shaderc_combined.pc -DCMAKE_INSTALL_PREFIX=/opt/rustwide/target/debug/build/shaderc-sys/a8adf8c2fa7b09de/out -DCMAKE_INSTALL_LIBDIR=lib -DCMAKE_INSTALL_INCLUDEDIR=include -DLIBS=-lshaderc_combined -P /opt/rustwide/cargo-home/registry/src/index.crates.io-1949cf8c6b5b557f/shaderc-sys-0.10.1/build/shaderc/cmake/write_pkg_config.cmake
[INFO] [stderr]   [7/412] Building CXX object glslang/glslang/OSDependent/Unix/CMakeFiles/OSDependent.dir/__/__/stub.cpp.o
[INFO] [stderr]   [8/412] Building CXX object glslang/glslang/CMakeFiles/GenericCodeGen.dir/stub.cpp.o
[INFO] [stderr]   [9/412] Check copyright
[INFO] [stderr]   [10/412] Linking CXX static library glslang/glslang/libMachineIndependent.a
[INFO] [stderr]   [11/412] Generate language specific header for DebugInfo.
[INFO] [stderr]   [12/412] Linking CXX static library glslang/glslang/OSDependent/Unix/libOSDependent.a
[INFO] [stderr]   [13/412] Generate language specific header for NonSemanticShaderDebugInfo100.
[INFO] [stderr]   [14/412] Generate tables based on the SPIR-V XML registry.
[INFO] [stderr]   [15/412] Update build-version.inc in the Shaderc build directory (if necessary).
[INFO] [stderr]   [16/412] Linking CXX static library glslang/glslang/libGenericCodeGen.a
[INFO] [stderr]   [17/412] Generate language specific header for OpenCLDebugInfo100.
[INFO] [stderr]   [18/412] Generate grammar tables
[INFO] [stderr]   [19/412] Update build-version.inc in the SPIRV-Tools build directory (if necessary).
[INFO] [stderr]   [20/412] Building CXX object glslang/glslang/CMakeFiles/glslang-default-resource-limits.dir/ResourceLimits/resource_limits_c.cpp.o
[INFO] [stderr]   [21/412] Building CXX object spirv-tools/source/CMakeFiles/SPIRV-Tools-static.dir/util/string_utils.cpp.o
[INFO] [stderr]   [22/412] Building CXX object spirv-tools/source/CMakeFiles/SPIRV-Tools-static.dir/software_version.cpp.o
[INFO] [stderr]   [23/412] Building CXX object spirv-tools/source/CMakeFiles/SPIRV-Tools-static.dir/ext_inst.cpp.o
[INFO] [stderr]   [24/412] Building CXX object spirv-tools/source/CMakeFiles/SPIRV-Tools-static.dir/spirv_endian.cpp.o
[INFO] [stderr]   [25/412] Building CXX object spirv-tools/source/CMakeFiles/SPIRV-Tools-static.dir/libspirv.cpp.o
[INFO] [stderr]   [26/412] Building CXX object spirv-tools/source/CMakeFiles/SPIRV-Tools-static.dir/util/bit_vector.cpp.o
[INFO] [stderr]   [27/412] Building CXX object spirv-tools/source/CMakeFiles/SPIRV-Tools-static.dir/print.cpp.o
[INFO] [stderr]   [28/412] Building CXX object spirv-tools/source/CMakeFiles/SPIRV-Tools-static.dir/spirv_optimizer_options.cpp.o
[INFO] [stderr]   [29/412] Building CXX object spirv-tools/source/CMakeFiles/SPIRV-Tools-static.dir/extensions.cpp.o
[INFO] [stderr]   [30/412] Building CXX object spirv-tools/source/CMakeFiles/SPIRV-Tools-static.dir/assembly_grammar.cpp.o
[INFO] [stderr]   [31/412] Building CXX object spirv-tools/source/CMakeFiles/SPIRV-Tools-static.dir/spirv_validator_options.cpp.o
[INFO] [stderr]   [32/412] Building CXX object spirv-tools/source/CMakeFiles/SPIRV-Tools-static.dir/opcode.cpp.o
[INFO] [stderr]   [33/412] Building CXX object spirv-tools/source/CMakeFiles/SPIRV-Tools-static.dir/diagnostic.cpp.o
[INFO] [stderr]   [34/412] Building CXX object glslang/glslang/CMakeFiles/glslang-default-resource-limits.dir/ResourceLimits/ResourceLimits.cpp.o
[INFO] [stderr]   [35/412] Building CXX object spirv-tools/source/CMakeFiles/SPIRV-Tools-static.dir/parsed_operand.cpp.o
[INFO] [stderr]   [36/412] Building CXX object spirv-tools/source/CMakeFiles/SPIRV-Tools-static.dir/spirv_reducer_options.cpp.o
[INFO] [stderr]   [37/412] Building CXX object spirv-tools/source/CMakeFiles/SPIRV-Tools-static.dir/spirv_fuzzer_options.cpp.o
[INFO] [stderr]   [38/412] Building CXX object spirv-tools/source/CMakeFiles/SPIRV-Tools-static.dir/to_string.cpp.o
[INFO] [stderr]   [39/412] Building CXX object spirv-tools/source/CMakeFiles/SPIRV-Tools-static.dir/spirv_target_env.cpp.o
[INFO] [stderr]   [40/412] Building CXX object spirv-tools/source/CMakeFiles/SPIRV-Tools-static.dir/operand.cpp.o
[INFO] [stderr]   [41/412] Building CXX object spirv-tools/source/CMakeFiles/SPIRV-Tools-static.dir/disassemble.cpp.o
[INFO] [stderr]   FAILED: [code=1] spirv-tools/source/CMakeFiles/SPIRV-Tools-static.dir/disassemble.cpp.o 
[INFO] [stderr]   /usr/bin/c++ -DSPIRV_COLOR_TERMINAL -DSPIRV_TIMER_ENABLED -I/opt/rustwide/cargo-home/registry/src/index.crates.io-1949cf8c6b5b557f/shaderc-sys-0.10.1/build/spirv-tools -I/opt/rustwide/cargo-home/registry/src/index.crates.io-1949cf8c6b5b557f/shaderc-sys-0.10.1/build/spirv-tools/include -I/opt/rustwide/target/debug/build/shaderc-sys/a8adf8c2fa7b09de/out/build/spirv-tools -I/opt/rustwide/cargo-home/registry/src/index.crates.io-1949cf8c6b5b557f/shaderc-sys-0.10.1/build/spirv-headers/include -ffunction-sections -fdata-sections -fPIC -m64 -w -O3 -DNDEBUG -std=c++17 -fPIC -fno-rtti -Wall -Wextra -Wnon-virtual-dtor -Wno-missing-field-initializers -Wno-long-long -Wshadow -Wundef -Wconversion -Wno-sign-conversion -fno-exceptions -MD -MT spirv-tools/source/CMakeFiles/SPIRV-Tools-static.dir/disassemble.cpp.o -MF spirv-tools/source/CMakeFiles/SPIRV-Tools-static.dir/disassemble.cpp.o.d -o spirv-tools/source/CMakeFiles/SPIRV-Tools-static.dir/disassemble.cpp.o -c /opt/rustwide/cargo-home/registry/src/index.crates.io-1949cf8c6b5b557f/shaderc-sys-0.10.1/build/spirv-tools/source/disassemble.cpp
[INFO] [stderr]   c++: fatal error: Killed signal terminated program cc1plus
[INFO] [stderr]   compilation terminated.
[INFO] [stderr]   [42/412] Building CXX object spirv-tools/source/CMakeFiles/SPIRV-Tools-static.dir/table.cpp.o
[INFO] [stderr]   [43/412] Building CXX object spirv-tools/source/CMakeFiles/SPIRV-Tools-static.dir/text.cpp.o
[INFO] [stderr]   FAILED: [code=1] spirv-tools/source/CMakeFiles/SPIRV-Tools-static.dir/text.cpp.o 
[INFO] [stderr]   /usr/bin/c++ -DSPIRV_COLOR_TERMINAL -DSPIRV_TIMER_ENABLED -I/opt/rustwide/cargo-home/registry/src/index.crates.io-1949cf8c6b5b557f/shaderc-sys-0.10.1/build/spirv-tools -I/opt/rustwide/cargo-home/registry/src/index.crates.io-1949cf8c6b5b557f/shaderc-sys-0.10.1/build/spirv-tools/include -I/opt/rustwide/target/debug/build/shaderc-sys/a8adf8c2fa7b09de/out/build/spirv-tools -I/opt/rustwide/cargo-home/registry/src/index.crates.io-1949cf8c6b5b557f/shaderc-sys-0.10.1/build/spirv-headers/include -ffunction-sections -fdata-sections -fPIC -m64 -w -O3 -DNDEBUG -std=c++17 -fPIC -fno-rtti -Wall -Wextra -Wnon-virtual-dtor -Wno-missing-field-initializers -Wno-long-long -Wshadow -Wundef -Wconversion -Wno-sign-conversion -fno-exceptions -MD -MT spirv-tools/source/CMakeFiles/SPIRV-Tools-static.dir/text.cpp.o -MF spirv-tools/source/CMakeFiles/SPIRV-Tools-static.dir/text.cpp.o.d -o spirv-tools/source/CMakeFiles/SPIRV-Tools-static.dir/text.cpp.o -c /opt/rustwide/cargo-home/registry/src/index.crates.io-1949cf8c6b5b557f/shaderc-sys-0.10.1/build/spirv-tools/source/text.cpp
[INFO] [stderr]   c++: fatal error: Killed signal terminated program cc1plus
[INFO] [stderr]   compilation terminated.
[INFO] [stderr]   [44/412] Building CXX object spirv-tools/source/CMakeFiles/SPIRV-Tools-static.dir/util/parse_number.cpp.o
[INFO] [stderr]   FAILED: [code=1] spirv-tools/source/CMakeFiles/SPIRV-Tools-static.dir/util/parse_number.cpp.o 
[INFO] [stderr]   /usr/bin/c++ -DSPIRV_COLOR_TERMINAL -DSPIRV_TIMER_ENABLED -I/opt/rustwide/cargo-home/registry/src/index.crates.io-1949cf8c6b5b557f/shaderc-sys-0.10.1/build/spirv-tools -I/opt/rustwide/cargo-home/registry/src/index.crates.io-1949cf8c6b5b557f/shaderc-sys-0.10.1/build/spirv-tools/include -I/opt/rustwide/target/debug/build/shaderc-sys/a8adf8c2fa7b09de/out/build/spirv-tools -I/opt/rustwide/cargo-home/registry/src/index.crates.io-1949cf8c6b5b557f/shaderc-sys-0.10.1/build/spirv-headers/include -ffunction-sections -fdata-sections -fPIC -m64 -w -O3 -DNDEBUG -std=c++17 -fPIC -fno-rtti -Wall -Wextra -Wnon-virtual-dtor -Wno-missing-field-initializers -Wno-long-long -Wshadow -Wundef -Wconversion -Wno-sign-conversion -fno-exceptions -MD -MT spirv-tools/source/CMakeFiles/SPIRV-Tools-static.dir/util/parse_number.cpp.o -MF spirv-tools/source/CMakeFiles/SPIRV-Tools-static.dir/util/parse_number.cpp.o.d -o spirv-tools/source/CMakeFiles/SPIRV-Tools-static.dir/util/parse_number.cpp.o -c /opt/rustwide/cargo-home/registry/src/index.crates.io-1949cf8c6b5b557f/shaderc-sys-0.10.1/build/spirv-tools/source/util/parse_number.cpp
[INFO] [stderr]   c++: fatal error: Killed signal terminated program cc1plus
[INFO] [stderr]   compilation terminated.
[INFO] [stderr]   [45/412] Building CXX object spirv-tools/source/CMakeFiles/SPIRV-Tools-static.dir/table2.cpp.o
[INFO] [stderr]   [46/412] Building CXX object spirv-tools/source/CMakeFiles/SPIRV-Tools-static.dir/name_mapper.cpp.o
[INFO] [stderr]   [47/412] Building CXX object spirv-tools/source/CMakeFiles/SPIRV-Tools-static.dir/val/validate_barriers.cpp.o
[INFO] [stderr]   [48/412] Building CXX object spirv-tools/source/CMakeFiles/SPIRV-Tools-static.dir/val/validate_adjacency.cpp.o
[INFO] [stderr]   [49/412] Building CXX object spirv-tools/source/CMakeFiles/SPIRV-Tools-static.dir/binary.cpp.o
[INFO] [stderr]   [50/412] Building CXX object spirv-tools/source/CMakeFiles/SPIRV-Tools-static.dir/val/validate_atomics.cpp.o
[INFO] [stderr]   [51/412] Building CXX object spirv-tools/source/CMakeFiles/SPIRV-Tools-static.dir/val/validate_bitwise.cpp.o
[INFO] [stderr]   [52/412] Building CXX object spirv-tools/source/CMakeFiles/SPIRV-Tools-static.dir/text_handler.cpp.o
[INFO] [stderr]   [53/412] Building CXX object spirv-tools/source/CMakeFiles/SPIRV-Tools-static.dir/val/validate_arithmetics.cpp.o
[INFO] [stderr]   [54/412] Building CXX object spirv-tools/source/CMakeFiles/SPIRV-Tools-static.dir/val/validate_annotation.cpp.o
[INFO] [stderr]   [55/412] Building CXX object spirv-tools/source/CMakeFiles/SPIRV-Tools-static.dir/val/validate.cpp.o
[INFO] [stderr]   [56/412] Building CXX object spirv-tools/source/CMakeFiles/SPIRV-Tools-static.dir/val/validate_builtins.cpp.o
[INFO] [stderr]   ninja: build stopped: subcommand failed.
[INFO] [stderr] 
[INFO] [stderr]   --- stderr
[INFO] [stderr]   running: cd "/opt/rustwide/target/debug/build/shaderc-sys/a8adf8c2fa7b09de/out/build" && CMAKE_PREFIX_PATH="" LC_ALL="C" "cmake" "/opt/rustwide/cargo-home/registry/src/index.crates.io-1949cf8c6b5b557f/shaderc-sys-0.10.1/build" "-B" "/opt/rustwide/target/debug/build/shaderc-sys/a8adf8c2fa7b09de/out/build" "-G" "Ninja" "-DCMAKE_INSTALL_LIBDIR=lib" "-DCMAKE_POSITION_INDEPENDENT_CODE=ON" "-DENABLE_SPVREMAPPER=OFF" "-DENABLE_GLSLANG_BINARIES=OFF" "-DSHADERC_SKIP_TESTS=ON" "-DSPIRV_SKIP_EXECUTABLES=ON" "-DSPIRV_WERROR=OFF" "-DCMAKE_INSTALL_PREFIX=/opt/rustwide/target/debug/build/shaderc-sys/a8adf8c2fa7b09de/out" "-DCMAKE_C_FLAGS= -ffunction-sections -fdata-sections -fPIC -m64 -w" "-DCMAKE_C_COMPILER=/usr/bin/cc" "-DCMAKE_CXX_FLAGS= -ffunction-sections -fdata-sections -fPIC -m64 -w" "-DCMAKE_CXX_COMPILER=/usr/bin/c++" "-DCMAKE_ASM_FLAGS= -ffunction-sections -fdata-sections -fPIC -m64 -w" "-DCMAKE_ASM_COMPILER=/usr/bin/cc" "-DCMAKE_BUILD_TYPE=Release"
[INFO] [stderr]   CMake Warning:
[INFO] [stderr]     Manually-specified variables were not used by the project:
[INFO] [stderr] 
[INFO] [stderr]       CMAKE_ASM_COMPILER
[INFO] [stderr]       CMAKE_ASM_FLAGS
[INFO] [stderr] 
[INFO] [stderr] 
[INFO] [stderr]   running: cd "/opt/rustwide/target/debug/build/shaderc-sys/a8adf8c2fa7b09de/out/build" && LC_ALL="C" "cmake" "--build" "/opt/rustwide/target/debug/build/shaderc-sys/a8adf8c2fa7b09de/out/build" "--target" "install" "--config" "Release" "--parallel" "16"
[INFO] [stderr] 
[INFO] [stderr]   thread 'main' (338) panicked at /opt/rustwide/cargo-home/registry/src/index.crates.io-1949cf8c6b5b557f/cmake-0.1.58/src/lib.rs:1132:5:
[INFO] [stderr] 
[INFO] [stderr]   command did not execute successfully, got: exit status: 1
[INFO] [stderr] 
[INFO] [stderr]   build script failed, must exit now
[INFO] [stderr]   stack backtrace:
[INFO] [stderr]      0:     0x5a7b002f0e01 - std[3164a59e47d3bde]::backtrace_rs::backtrace::libunwind::trace
[INFO] [stderr]                                  at /rustc/3154cc1a3e6424e44f438a95007d043ed5ceaaf6/library/std/src/../../backtrace/src/backtrace/libunwind.rs:117:9
[INFO] [stderr]      1:     0x5a7b002f0e01 - std[3164a59e47d3bde]::backtrace_rs::backtrace::trace_unsynchronized::<std[3164a59e47d3bde]::sys::backtrace::_print_fmt::{closure#1}>
[INFO] [stderr]                                  at /rustc/3154cc1a3e6424e44f438a95007d043ed5ceaaf6/library/std/src/../../backtrace/src/backtrace/mod.rs:66:14
[INFO] [stderr]      2:     0x5a7b002f0e01 - std[3164a59e47d3bde]::sys::backtrace::_print_fmt
[INFO] [stderr]                                  at /rustc/3154cc1a3e6424e44f438a95007d043ed5ceaaf6/library/std/src/sys/backtrace.rs:74:9
[INFO] [stderr]      3:     0x5a7b002f0e01 - <<std[3164a59e47d3bde]::sys::backtrace::BacktraceLock>::print::DisplayBacktrace as core[934024a1e6126fb4]::fmt::Display>::fmt
[INFO] [stderr]                                  at /rustc/3154cc1a3e6424e44f438a95007d043ed5ceaaf6/library/std/src/sys/backtrace.rs:44:26
[INFO] [stderr]      4:     0x5a7b0030536a - <core[934024a1e6126fb4]::fmt::rt::Argument>::fmt
[INFO] [stderr]                                  at /rustc/3154cc1a3e6424e44f438a95007d043ed5ceaaf6/library/core/src/fmt/rt.rs:152:76
[INFO] [stderr]      5:     0x5a7b0030536a - core[934024a1e6126fb4]::fmt::write
[INFO] [stderr]      6:     0x5a7b002f685c - core[934024a1e6126fb4]::io::write::default_write_fmt::<std[3164a59e47d3bde]::sys::stdio::unix::Stderr>
[INFO] [stderr]                                  at /rustc/3154cc1a3e6424e44f438a95007d043ed5ceaaf6/library/core/src/io/write.rs:402:11
[INFO] [stderr]      7:     0x5a7b002f685c - <std[3164a59e47d3bde]::sys::stdio::unix::Stderr as core[934024a1e6126fb4]::io::write::Write>::write_fmt
[INFO] [stderr]                                  at /rustc/3154cc1a3e6424e44f438a95007d043ed5ceaaf6/library/core/src/io/write.rs:335:13
[INFO] [stderr]      8:     0x5a7b002cf906 - <std[3164a59e47d3bde]::sys::backtrace::BacktraceLock>::print
[INFO] [stderr]                                  at /rustc/3154cc1a3e6424e44f438a95007d043ed5ceaaf6/library/std/src/sys/backtrace.rs:47:9
[INFO] [stderr]      9:     0x5a7b002cf906 - std[3164a59e47d3bde]::panicking::default_hook::{closure#0}
[INFO] [stderr]                                  at /rustc/3154cc1a3e6424e44f438a95007d043ed5ceaaf6/library/std/src/panicking.rs:289:27
[INFO] [stderr]     10:     0x5a7b002eb641 - std[3164a59e47d3bde]::panicking::default_hook
[INFO] [stderr]                                  at /rustc/3154cc1a3e6424e44f438a95007d043ed5ceaaf6/library/std/src/panicking.rs:316:9
[INFO] [stderr]     11:     0x5a7b002eb7fb - std[3164a59e47d3bde]::panicking::panic_with_hook
[INFO] [stderr]                                  at /rustc/3154cc1a3e6424e44f438a95007d043ed5ceaaf6/library/std/src/panicking.rs:811:13
[INFO] [stderr]     12:     0x5a7b002cf9b2 - std[3164a59e47d3bde]::panicking::panic_handler::{closure#0}
[INFO] [stderr]                                  at /rustc/3154cc1a3e6424e44f438a95007d043ed5ceaaf6/library/std/src/panicking.rs:685:13
[INFO] [stderr]     13:     0x5a7b002c84c9 - std[3164a59e47d3bde]::sys::backtrace::__rust_end_short_backtrace::<std[3164a59e47d3bde]::panicking::panic_handler::{closure#0}, !>
[INFO] [stderr]                                  at /rustc/3154cc1a3e6424e44f438a95007d043ed5ceaaf6/library/std/src/sys/backtrace.rs:182:18
[INFO] [stderr]     14:     0x5a7b002d019d - __rustc[2e7b49d4226056d3]::rust_begin_unwind
[INFO] [stderr]                                  at /rustc/3154cc1a3e6424e44f438a95007d043ed5ceaaf6/library/std/src/panicking.rs:676:5
[INFO] [stderr]     15:     0x5a7b00305b5c - core[934024a1e6126fb4]::panicking::panic_fmt
[INFO] [stderr]                                  at /rustc/3154cc1a3e6424e44f438a95007d043ed5ceaaf6/library/core/src/panicking.rs:80:14
[INFO] [stderr]     16:     0x5a7b00258b47 - cmake[6f41a9355e352c40]::fail
[INFO] [stderr]     17:     0x5a7b002587d3 - cmake[6f41a9355e352c40]::run
[INFO] [stderr]     18:     0x5a7b0025e7a5 - <cmake[6f41a9355e352c40]::Config>::build
[INFO] [stderr]     19:     0x5a7b00209d6f - build_script_build[e96c6067de9ff8df]::build_shaderc_unix
[INFO] [stderr]     20:     0x5a7b00209488 - build_script_build[e96c6067de9ff8df]::build_from_source
[INFO] [stderr]     21:     0x5a7b0020c910 - build_script_build[e96c6067de9ff8df]::main
[INFO] [stderr]     22:     0x5a7b00205c23 - <fn() as core[934024a1e6126fb4]::ops::function::FnOnce<()>>::call_once
[INFO] [stderr]     23:     0x5a7b0020361e - std[3164a59e47d3bde]::sys::backtrace::__rust_begin_short_backtrace::<fn(), ()>
[INFO] [stderr]     24:     0x5a7b00203919 - std[3164a59e47d3bde]::rt::lang_start::<()>::{closure#0}
[INFO] [stderr]     25:     0x5a7b002ea948 - <&dyn core[934024a1e6126fb4]::ops::function::Fn<(), Output = i32> + core[934024a1e6126fb4]::marker::Sync + core[934024a1e6126fb4]::panic::unwind_safe::RefUnwindSafe as core[934024a1e6126fb4]::ops::function::FnOnce<()>>::call_once
[INFO] [stderr]                                  at /rustc/3154cc1a3e6424e44f438a95007d043ed5ceaaf6/library/core/src/ops/function.rs:287:21
[INFO] [stderr]     26:     0x5a7b002ea948 - std[3164a59e47d3bde]::panicking::catch_unwind::do_call::<&dyn core[934024a1e6126fb4]::ops::function::Fn<(), Output = i32> + core[934024a1e6126fb4]::marker::Sync + core[934024a1e6126fb4]::panic::unwind_safe::RefUnwindSafe, i32>
[INFO] [stderr]                                  at /rustc/3154cc1a3e6424e44f438a95007d043ed5ceaaf6/library/std/src/panicking.rs:573:43
[INFO] [stderr]     27:     0x5a7b002ea948 - std[3164a59e47d3bde]::panicking::catch_unwind::<i32, &dyn core[934024a1e6126fb4]::ops::function::Fn<(), Output = i32> + core[934024a1e6126fb4]::marker::Sync + core[934024a1e6126fb4]::panic::unwind_safe::RefUnwindSafe>
[INFO] [stderr]                                  at /rustc/3154cc1a3e6424e44f438a95007d043ed5ceaaf6/library/std/src/panicking.rs:541:19
[INFO] [stderr]     28:     0x5a7b002ea948 - std[3164a59e47d3bde]::panic::catch_unwind::<&dyn core[934024a1e6126fb4]::ops::function::Fn<(), Output = i32> + core[934024a1e6126fb4]::marker::Sync + core[934024a1e6126fb4]::panic::unwind_safe::RefUnwindSafe, i32>
[INFO] [stderr]                                  at /rustc/3154cc1a3e6424e44f438a95007d043ed5ceaaf6/library/std/src/panic.rs:359:14
[INFO] [stderr]     29:     0x5a7b002ea948 - std[3164a59e47d3bde]::rt::lang_start_internal::{closure#0}
[INFO] [stderr]                                  at /rustc/3154cc1a3e6424e44f438a95007d043ed5ceaaf6/library/std/src/rt.rs:175:24
[INFO] [stderr]     30:     0x5a7b002ea948 - std[3164a59e47d3bde]::panicking::catch_unwind::do_call::<std[3164a59e47d3bde]::rt::lang_start_internal::{closure#0}, isize>
[INFO] [stderr]                                  at /rustc/3154cc1a3e6424e44f438a95007d043ed5ceaaf6/library/std/src/panicking.rs:573:43
[INFO] [stderr]     31:     0x5a7b002ea948 - std[3164a59e47d3bde]::panicking::catch_unwind::<isize, std[3164a59e47d3bde]::rt::lang_start_internal::{closure#0}>
[INFO] [stderr]                                  at /rustc/3154cc1a3e6424e44f438a95007d043ed5ceaaf6/library/std/src/panicking.rs:541:19
[INFO] [stderr]     32:     0x5a7b002ea948 - std[3164a59e47d3bde]::panic::catch_unwind::<std[3164a59e47d3bde]::rt::lang_start_internal::{closure#0}, isize>
[INFO] [stderr]                                  at /rustc/3154cc1a3e6424e44f438a95007d043ed5ceaaf6/library/std/src/panic.rs:359:14
[INFO] [stderr]     33:     0x5a7b002ea948 - std[3164a59e47d3bde]::rt::lang_start_internal
[INFO] [stderr]                                  at /rustc/3154cc1a3e6424e44f438a95007d043ed5ceaaf6/library/std/src/rt.rs:171:5
[INFO] [stderr]     34:     0x5a7b00203611 - std[3164a59e47d3bde]::rt::lang_start::<()>
[INFO] [stderr]     35:     0x5a7b0020dc05 - main
[INFO] [stderr]     36:     0x7adf9104d601 - <unknown>
[INFO] [stderr]     37:     0x7adf9104d718 - __libc_start_main
[INFO] [stderr]     38:     0x5a7b00200705 - _start
[INFO] [stderr]     39:                0x0 - <unknown>
[INFO] running `Command { std: "docker" "inspect" "ef4f34825511b0f2374691f40bd86540b5155d6e83d6013ec4081d24447e27b6", kill_on_drop: false }`
[INFO] running `Command { std: "docker" "rm" "-f" "ef4f34825511b0f2374691f40bd86540b5155d6e83d6013ec4081d24447e27b6", kill_on_drop: false }`
[INFO] [stdout] ef4f34825511b0f2374691f40bd86540b5155d6e83d6013ec4081d24447e27b6
