[INFO] cloning repository https://github.com/themoretheless/allpaka
[INFO] running `Command { std: "git" "-c" "credential.helper=" "-c" "credential.helper=/workspace/cargo-home/bin/git-credential-null" "clone" "--bare" "https://github.com/themoretheless/allpaka" "/workspace/cache/git-repos/https%3A%2F%2Fgithub.com%2Fthemoretheless%2Fallpaka", kill_on_drop: false }`
[INFO] [stderr] Cloning into bare repository '/workspace/cache/git-repos/https%3A%2F%2Fgithub.com%2Fthemoretheless%2Fallpaka'...
[INFO] running `Command { std: "git" "rev-parse" "HEAD", kill_on_drop: false }`
[INFO] [stdout] aae9c7959fb12c4939dd52179a3865a9356decf6
[INFO] checking themoretheless/allpaka against 3154cc1a3e6424e44f438a95007d043ed5ceaaf6 for pr-133502-30
[INFO] running `Command { std: "git" "clone" "/workspace/cache/git-repos/https%3A%2F%2Fgithub.com%2Fthemoretheless%2Fallpaka" "/workspace/builds/worker-1-tc2/source", kill_on_drop: false }`
[INFO] [stderr] Cloning into '/workspace/builds/worker-1-tc2/source'...
[INFO] [stderr] done.
[INFO] removed /workspace/builds/worker-1-tc2/source/.cargo/config.toml
[INFO] removed /workspace/builds/worker-1-tc2/source/rust-toolchain.toml
[INFO] started tweaking git repo https://github.com/themoretheless/allpaka
[INFO] finished tweaking git repo https://github.com/themoretheless/allpaka
[INFO] tweaked toml for git repo https://github.com/themoretheless/allpaka written to /workspace/builds/worker-1-tc2/source/Cargo.toml
[INFO] validating manifest of git repo https://github.com/themoretheless/allpaka on toolchain 3154cc1a3e6424e44f438a95007d043ed5ceaaf6
[INFO] running `Command { std: CARGO_HOME="/workspace/cargo-home" RUSTUP_HOME="/workspace/rustup-home" "/workspace/cargo-home/bin/cargo" "+3154cc1a3e6424e44f438a95007d043ed5ceaaf6" "metadata" "--manifest-path" "Cargo.toml" "--no-deps", kill_on_drop: false }`
[INFO] crate git repo https://github.com/themoretheless/allpaka already has a lockfile, it will not be regenerated
[INFO] running `Command { std: CARGO_HOME="/workspace/cargo-home" RUSTUP_HOME="/workspace/rustup-home" "/workspace/cargo-home/bin/cargo" "+3154cc1a3e6424e44f438a95007d043ed5ceaaf6" "fetch" "--manifest-path" "Cargo.toml", kill_on_drop: false }`
[INFO] [stderr] warning: unused workspace dependency `allpaka-cli`
[INFO] [stderr]   --> Cargo.toml:42:25
[INFO] [stderr]    |
[INFO] [stderr] 42 | [workspace.dependencies.allpaka-cli]
[INFO] [stderr]    |                         ^^^^^^^^^^^
[INFO] [stderr]    |
[INFO] [stderr]    = note: `cargo::unused_workspace_dependencies` is set to `warn` by default
[INFO] [stderr] help: consider removing the workspace dependency `allpaka-cli`
[INFO] [stderr] warning: unused workspace dependency `allpaka-mlx`
[INFO] [stderr]   --> Cargo.toml:51:25
[INFO] [stderr]    |
[INFO] [stderr] 51 | [workspace.dependencies.allpaka-mlx]
[INFO] [stderr]    |                         ^^^^^^^^^^^
[INFO] [stderr]    |
[INFO] [stderr] help: consider removing the workspace dependency `allpaka-mlx`
[INFO] [stderr] warning: unused workspace dependency `bytemuck`
[INFO] [stderr]   --> Cargo.toml:15:1
[INFO] [stderr]    |
[INFO] [stderr] 15 | bytemuck = "1"
[INFO] [stderr]    | ^^^^^^^^
[INFO] [stderr]    |
[INFO] [stderr] help: consider removing the workspace dependency `bytemuck`
[INFO] [stderr] warning: unused workspace dependency `byteorder`
[INFO] [stderr]   --> Cargo.toml:16:1
[INFO] [stderr]    |
[INFO] [stderr] 16 | byteorder = "1"
[INFO] [stderr]    | ^^^^^^^^^
[INFO] [stderr]    |
[INFO] [stderr] help: consider removing the workspace dependency `byteorder`
[INFO] [stderr] warning: workspace (manifest) generated 4 warnings
[INFO] [stderr]     Blocking waiting for file lock on package cache
[INFO] [stderr]     Blocking waiting for file lock on package cache
[INFO] running `Command { std: "docker" "create" "-v" "/var/lib/crater-agent-workspace/builds/worker-1-tc2/source:/opt/rustwide/workdir:ro,Z" "-v" "/var/lib/crater-agent-workspace/builds/worker-1-tc2/target:/opt/rustwide/target:rw,Z" "-v" "/var/lib/crater-agent-workspace/cargo-home:/opt/rustwide/cargo-home:ro,Z" "-v" "/var/lib/crater-agent-workspace/rustup-home:/opt/rustwide/rustup-home:ro,Z" "-m" "1610612736" "--network" "none" "ghcr.io/rust-lang/crates-build-env/linux@sha256:77db811e55d90add9212f6832c23229e3de5f1c1f9905e8cb07319ea15df73ac" "sleep" "infinity", kill_on_drop: false }`
[INFO] [stdout] c3fdf2e99cebda211ecd01de0b0a7a317807b2f884d39f8012b88feb19fdf95c
[INFO] running `Command { std: "docker" "start" "c3fdf2e99cebda211ecd01de0b0a7a317807b2f884d39f8012b88feb19fdf95c", kill_on_drop: false }`
[INFO] running `Command { std: "docker" "inspect" "c3fdf2e99cebda211ecd01de0b0a7a317807b2f884d39f8012b88feb19fdf95c", kill_on_drop: false }`
[INFO] running `Command { std: "docker" "exec" "-e" "SOURCE_DIR=/opt/rustwide/workdir" "-e" "CARGO_HOME=/opt/rustwide/cargo-home" "-e" "RUSTUP_HOME=/opt/rustwide/rustup-home" "-e" "CARGO_TARGET_DIR=/opt/rustwide/target" "-w" "/opt/rustwide/workdir" "--user" "0:0" "c3fdf2e99cebda211ecd01de0b0a7a317807b2f884d39f8012b88feb19fdf95c" "/opt/rustwide/cargo-home/bin/cargo" "+3154cc1a3e6424e44f438a95007d043ed5ceaaf6" "metadata" "--no-deps" "--format-version=1", kill_on_drop: false }`
[INFO] running `Command { std: "docker" "inspect" "c3fdf2e99cebda211ecd01de0b0a7a317807b2f884d39f8012b88feb19fdf95c", kill_on_drop: false }`
[INFO] running `Command { std: "docker" "exec" "-e" "SOURCE_DIR=/opt/rustwide/workdir" "-e" "CARGO_HOME=/opt/rustwide/cargo-home" "-e" "RUSTUP_HOME=/opt/rustwide/rustup-home" "-e" "CARGO_TARGET_DIR=/opt/rustwide/target" "-e" "CARGO_INCREMENTAL=0" "-e" "RUST_BACKTRACE=full" "-e" "RUSTFLAGS=--cap-lints=forbid" "-e" "RUSTDOCFLAGS=--cap-lints=forbid" "-w" "/opt/rustwide/workdir" "--user" "0:0" "c3fdf2e99cebda211ecd01de0b0a7a317807b2f884d39f8012b88feb19fdf95c" "/opt/rustwide/cargo-home/bin/cargo" "+3154cc1a3e6424e44f438a95007d043ed5ceaaf6" "check" "--frozen" "--all" "--all-targets" "--message-format=json", kill_on_drop: false }`
[INFO] [stderr] warning: unused workspace dependency `allpaka-cli`
[INFO] [stderr]   --> Cargo.toml:42:25
[INFO] [stderr]    |
[INFO] [stderr] 42 | [workspace.dependencies.allpaka-cli]
[INFO] [stderr]    |                         ^^^^^^^^^^^
[INFO] [stderr]    |
[INFO] [stderr]    = note: `cargo::unused_workspace_dependencies` is set to `warn` by default
[INFO] [stderr] help: consider removing the workspace dependency `allpaka-cli`
[INFO] [stderr] warning: unused workspace dependency `allpaka-mlx`
[INFO] [stderr]   --> Cargo.toml:51:25
[INFO] [stderr]    |
[INFO] [stderr] 51 | [workspace.dependencies.allpaka-mlx]
[INFO] [stderr]    |                         ^^^^^^^^^^^
[INFO] [stderr]    |
[INFO] [stderr] help: consider removing the workspace dependency `allpaka-mlx`
[INFO] [stderr] warning: unused workspace dependency `bytemuck`
[INFO] [stderr]   --> Cargo.toml:15:1
[INFO] [stderr]    |
[INFO] [stderr] 15 | bytemuck = "1"
[INFO] [stderr]    | ^^^^^^^^
[INFO] [stderr]    |
[INFO] [stderr] help: consider removing the workspace dependency `bytemuck`
[INFO] [stderr] warning: unused workspace dependency `byteorder`
[INFO] [stderr]   --> Cargo.toml:16:1
[INFO] [stderr]    |
[INFO] [stderr] 16 | byteorder = "1"
[INFO] [stderr]    | ^^^^^^^^^
[INFO] [stderr]    |
[INFO] [stderr] help: consider removing the workspace dependency `byteorder`
[INFO] [stderr] warning: workspace (manifest) generated 4 warnings
[INFO] [stderr]    Compiling zerocopy v0.8.57
[INFO] [stderr]     Checking hybrid-array v0.4.15
[INFO] [stderr]    Compiling syn v3.0.3
[INFO] [stderr]    Compiling zerocopy-derive v0.8.57
[INFO] [stderr]    Compiling serde v1.0.229
[INFO] [stderr]    Compiling num-traits v0.2.19
[INFO] [stderr]     Checking serde_json v1.0.151
[INFO] [stderr]    Compiling cudarc v0.19.9
[INFO] [stderr]     Checking libloading v0.9.0
[INFO] [stderr]     Checking tracing-core v0.1.36
[INFO] [stderr]     Checking log v0.4.33
[INFO] [stderr]     Checking futures-io v0.3.34
[INFO] [stderr]     Checking smallvec v1.16.1
[INFO] [stderr]     Checking crypto-common v0.2.2
[INFO] [stderr]     Checking block-buffer v0.12.1
[INFO] [stderr]    Compiling find-msvc-tools v0.1.13
[INFO] [stderr]     Checking getrandom v0.2.17
[INFO] [stderr]     Checking tracing v0.1.44
[INFO] [stderr]    Compiling cc v1.4.7
[INFO] [stderr]     Checking ipnet v2.12.2
[INFO] [stderr]    Compiling prost-derive v0.13.5
[INFO] [stderr]     Checking serde_path_to_error v0.1.20
[INFO] [stderr]     Checking fs2 v0.4.3
[INFO] [stderr]     Checking themoretheless-tokenizer v0.3.1 (https://github.com/themoretheless/tokenizer?tag=v0.3.1#67d01daa)
[INFO] [stderr]     Checking digest v0.11.3
[INFO] [stderr]     Checking sha2 v0.11.0
[INFO] [stderr]    Compiling getrandom v0.4.3
[INFO] [stderr]    Compiling rustix v1.1.5
[INFO] [stderr]     Checking clap_lex v1.1.0
[INFO] [stderr]     Checking winnow v0.7.15
[INFO] [stderr]     Checking clap_builder v4.6.6
[INFO] [stderr]     Checking allpaka-gguf v0.1.0 (/opt/rustwide/workdir/crates/allpaka-gguf)
[INFO] [stderr]    Compiling airbug-bench-macros v0.6.0 (https://github.com/themoretheless/airbug?rev=ce464fac#ce464fac)
[INFO] [stderr]     Checking glob v0.3.4
[INFO] [stderr]    Compiling ring v0.17.14
[INFO] [stderr]     Checking prost v0.13.5
[INFO] [stderr]    Compiling allpaka-cli v0.1.0 (/opt/rustwide/workdir/crates/allpaka-cli)
[INFO] [stderr]     Checking tempfile v3.27.0
[INFO] [stderr]    Compiling serde_derive v1.0.229
[INFO] [stderr]    Compiling tokio-macros v2.7.2
[INFO] [stderr]    Compiling zerovec-derive v0.11.6
[INFO] [stderr]    Compiling displaydoc v0.2.7
[INFO] [stderr]    Compiling futures-macro v0.3.34
[INFO] [stderr]    Compiling async-trait v0.1.92
[INFO] [stderr]     Checking zerotrie v0.2.5
[INFO] [stderr]     Checking tokio v1.53.1
[INFO] [stderr]     Checking futures-util v0.3.34
[INFO] [stderr]    Compiling rustls v0.23.45
[INFO] [stderr]    Compiling thiserror-impl v2.0.20
[INFO] [stderr]    Compiling clap_derive v4.6.4
[INFO] [stderr]     Checking zerovec v0.11.8
[INFO] [stderr]     Checking rustls-webpki v0.103.15
[INFO] [stderr]     Checking tinystr v0.8.4
[INFO] [stderr]     Checking ppv-lite86 v0.2.21
[INFO] [stderr]     Checking icu_locale_core v2.3.0
[INFO] [stderr]     Checking potential_utf v0.1.6
[INFO] [stderr]     Checking icu_collections v2.3.0
[INFO] [stderr]     Checking rand_chacha v0.9.0
[INFO] [stderr]     Checking rand v0.9.5
[INFO] [stderr]     Checking thiserror v2.0.20
[INFO] [stderr]     Checking opentelemetry v0.30.0
[INFO] [stderr]     Checking icu_provider v2.3.1
[INFO] [stderr]     Checking icu_normalizer v2.3.0
[INFO] [stderr]     Checking rand_distr v0.5.1
[INFO] [stderr]     Checking icu_properties v2.3.0
[INFO] [stderr]     Checking clap v4.6.6
[INFO] [stderr]     Checking half v2.7.1
[INFO] [stderr]     Checking axum-core v0.4.5
[INFO] [stderr]     Checking futures-executor v0.3.34
[INFO] [stderr]     Checking opentelemetry_sdk v0.30.0
[INFO] [stderr]     Checking serde_urlencoded v0.7.1
[INFO] [stderr]     Checking toml_datetime v0.6.11
[INFO] [stderr]     Checking serde_spanned v0.6.9
[INFO] [stderr]     Checking allpaka-core v0.1.0 (/opt/rustwide/workdir/crates/allpaka-core)
[INFO] [stderr]     Checking toml_edit v0.22.27
[INFO] [stderr]     Checking idna_adapter v1.2.2
[INFO] [stderr]     Checking idna v1.1.0
[INFO] [stderr]     Checking airbug-bench v0.6.0 (https://github.com/themoretheless/airbug?rev=ce464fac#ce464fac)
[INFO] [stderr]     Checking url v2.5.8
[INFO] [stderr]     Checking airbug-bench v0.6.0 (https://github.com/themoretheless/airbug?rev=75b1321b5d7ff2cee983379f539c07726a7d27e5#75b1321b)
[INFO] [stderr]     Checking allpaka-mlx v0.1.0 (/opt/rustwide/workdir/crates/allpaka-mlx)
[INFO] [stdout] warning: unused import: `std::io::BufReader`
[INFO] [stdout]  --> crates/allpaka-mlx/src/container.rs:7:5
[INFO] [stdout]   |
[INFO] [stdout] 7 | use std::io::BufReader;
[INFO] [stdout]   |     ^^^^^^^^^^^^^^^^^^
[INFO] [stdout]   |
[INFO] [stdout]   = note: `#[warn(unused_imports)]` (part of `#[warn(unused)]`) on by default
[INFO] [stdout] 
[INFO] [stdout] 
[INFO] [stdout] warning: unused import: `serde_json::json`
[INFO] [stdout]   --> crates/allpaka-mlx/src/container.rs:11:5
[INFO] [stdout]    |
[INFO] [stdout] 11 | use serde_json::json;
[INFO] [stdout]    |     ^^^^^^^^^^^^^^^^
[INFO] [stdout] 
[INFO] [stdout] 
[INFO] [stdout] warning: unnecessary trailing semicolon
[INFO] [stdout]   --> crates/allpaka-mlx/src/dequant.rs:45:108
[INFO] [stdout]    |
[INFO] [stdout] 45 |     macro_rules! nib { ($word:expr, $k:expr) => { (((($word) >> (4*($k))) & 0xf)) as f32 * scale + bias } };
[INFO] [stdout]    |                                                                                                            ^ help: remove this semicolon
[INFO] [stdout]    |
[INFO] [stdout]    = note: `#[warn(redundant_semicolons)]` (part of `#[warn(unused)]`) on by default
[INFO] [stdout] 
[INFO] [stdout] 
[INFO] [stdout] warning: type `mlx_dtype_t` should have an upper camel case name
[INFO] [stdout]   --> crates/allpaka-mlx/src/ffi.rs:22:10
[INFO] [stdout]    |
[INFO] [stdout] 22 | pub enum mlx_dtype_t {
[INFO] [stdout]    |          ^^^^^^^^^^^ help: convert the identifier to upper camel case: `MlxDtypeT`
[INFO] [stdout]    |
[INFO] [stdout]    = note: `#[warn(non_camel_case_types)]` (part of `#[warn(nonstandard_style)]`) on by default
[INFO] [stdout] 
[INFO] [stdout] 
[INFO] [stdout] warning: variant `MLX_Q4_AFFINE` should have an upper camel case name
[INFO] [stdout]   --> crates/allpaka-mlx/src/ffi.rs:28:5
[INFO] [stdout]    |
[INFO] [stdout] 28 |     MLX_Q4_AFFINE = 100,
[INFO] [stdout]    |     ^^^^^^^^^^^^^ help: convert the identifier to upper camel case: `MlxQ4Affine`
[INFO] [stdout] 
[INFO] [stdout] 
[INFO] [stdout] warning: variant `MLX_Q8_AFFINE` should have an upper camel case name
[INFO] [stdout]   --> crates/allpaka-mlx/src/ffi.rs:29:5
[INFO] [stdout]    |
[INFO] [stdout] 29 |     MLX_Q8_AFFINE = 101,
[INFO] [stdout]    |     ^^^^^^^^^^^^^ help: convert the identifier to upper camel case: `MlxQ8Affine`
[INFO] [stdout] 
[INFO] [stdout] 
[INFO] [stdout] warning: variant `Q6_K` should have an upper camel case name
[INFO] [stdout]   --> crates/allpaka-mlx/src/ffi.rs:90:5
[INFO] [stdout]    |
[INFO] [stdout] 90 |     Q6_K = 14,
[INFO] [stdout]    |     ^^^^ help: convert the identifier to upper camel case: `Q6K`
[INFO] [stdout] 
[INFO] [stdout] 
[INFO] [stdout] warning: fields `mmaps` and `data_starts` are never read
[INFO] [stdout]   --> crates/allpaka-mlx/src/container.rs:27:5
[INFO] [stdout]    |
[INFO] [stdout] 25 | pub struct MlxSafetensors {
[INFO] [stdout]    |            -------------- fields in this struct
[INFO] [stdout] 26 |     tensors: Vec<TensorInfo>,
[INFO] [stdout] 27 |     mmaps: Vec<memmap2::Mmap>,
[INFO] [stdout]    |     ^^^^^
[INFO] [stdout] 28 |     data_starts: Vec<u64>,
[INFO] [stdout]    |     ^^^^^^^^^^^
[INFO] [stdout]    |
[INFO] [stdout]    = note: `MlxSafetensors` has a derived impl for the trait `Debug`, but this is intentionally ignored during dead code analysis
[INFO] [stdout]    = note: `#[warn(dead_code)]` (part of `#[warn(unused)]`) on by default
[INFO] [stdout] 
[INFO] [stdout] 
[INFO] [stdout] warning: field `map` is never read
[INFO] [stdout]   --> crates/allpaka-mlx/src/container.rs:33:5
[INFO] [stdout]    |
[INFO] [stdout] 32 | struct ShardedIndex {
[INFO] [stdout]    |        ------------ field in this struct
[INFO] [stdout] 33 |     map: HashMap<String, (String, u64, u64)>, // name -> (filename, offset, end)
[INFO] [stdout]    |     ^^^
[INFO] [stdout] 
[INFO] [stdout] 
[INFO] [stdout] warning: method `data_section_start` is never used
[INFO] [stdout]    --> crates/allpaka-mlx/src/container.rs:154:8
[INFO] [stdout]     |
[INFO] [stdout] 153 | impl FileInfo {
[INFO] [stdout]     | ------------- method in this implementation
[INFO] [stdout] 154 |     fn data_section_start(&self) -> usize { self.data_start }
[INFO] [stdout]     |        ^^^^^^^^^^^^^^^^^^
[INFO] [stdout] 
[INFO] [stdout] 
[INFO] [stdout] warning: function `tensor_data` is never used
[INFO] [stdout]    --> crates/allpaka-mlx/src/container.rs:157:8
[INFO] [stdout]     |
[INFO] [stdout] 157 | pub fn tensor_data<'a>(f: &'a MlxSafetensors, t: &TensorInfo) -> anyhow::Result<&'a [u8]> {
[INFO] [stdout]     |        ^^^^^^^^^^^
[INFO] [stdout] 
[INFO] [stdout] 
[INFO] [stdout] warning: function `mlx_repack_to_allpaka` is never used
[INFO] [stdout]   --> crates/allpaka-mlx/src/ffi.rs:63:12
[INFO] [stdout]    |
[INFO] [stdout] 63 |     pub fn mlx_repack_to_allpaka(_src: *const f32, _dst: *mut std::ffi::c_void, _n_elements: usize, _ty: GgmlType) -> *mut std::ffi:...
[INFO] [stdout]    |            ^^^^^^^^^^^^^^^^^^^^^
[INFO] [stdout] 
[INFO] [stdout] 
[INFO] [stdout] warning: function `mlx_load_tensor_sparse` is never used
[INFO] [stdout]   --> crates/allpaka-mlx/src/ffi.rs:68:12
[INFO] [stdout]    |
[INFO] [stdout] 68 |     pub fn mlx_load_tensor_sparse(_tensor_name: *const std::ffi::c_char, _layout_ptr: *const std::ffi::c_void) -> *mut MlxBlob {
[INFO] [stdout]    |            ^^^^^^^^^^^^^^^^^^^^^^
[INFO] [stdout] 
[INFO] [stdout] 
[INFO] [stdout] warning: function `is_3d_expert_shape` is never used
[INFO] [stdout]   --> crates/allpaka-mlx/src/shapes.rs:25:8
[INFO] [stdout]    |
[INFO] [stdout] 25 | pub fn is_3d_expert_shape(shape: &[u64]) -> bool {
[INFO] [stdout]    |        ^^^^^^^^^^^^^^^^^^
[INFO] [stdout] 
[INFO] [stdout] 
[INFO] [stdout] warning: function `json_to_shape` is never used
[INFO] [stdout]   --> crates/allpaka-mlx/src/shapes.rs:30:8
[INFO] [stdout]    |
[INFO] [stdout] 30 | pub fn json_to_shape(v: &serde_json::Value) -> Option<MlxShape> {
[INFO] [stdout]    |        ^^^^^^^^^^^^^
[INFO] [stdout] 
[INFO] [stdout] 
[INFO] [stdout] warning: function `vec_u64_opt` is never used
[INFO] [stdout]   --> crates/allpaka-mlx/src/shapes.rs:35:4
[INFO] [stdout]    |
[INFO] [stdout] 35 | fn vec_u64_opt(arr: &[serde_json::Value]) -> Option<Vec<u64>> {
[INFO] [stdout]    |    ^^^^^^^^^^^
[INFO] [stdout] 
[INFO] [stdout] 
[INFO] [stdout] warning: comparison is useless due to type limits
[INFO] [stdout]   --> crates/allpaka-mlx/examples/verify_mlq_format.rs:35:17
[INFO] [stdout]    |
[INFO] [stdout] 35 |         assert!(t.offset >= 0);
[INFO] [stdout]    |                 ^^^^^^^^^^^^^
[INFO] [stdout]    |
[INFO] [stdout]    = note: `#[warn(unused_comparisons)]` on by default
[INFO] [stdout] 
[INFO] [stdout] 
[INFO] [stdout] warning: duplicated attribute
[INFO] [stdout]   --> crates/allpaka-mlx/tests/integration.rs:63:5
[INFO] [stdout]    |
[INFO] [stdout] 63 |     #[test]
[INFO] [stdout]    |     ^^^^^^^
[INFO] [stdout]    |
[INFO] [stdout]    = note: `#[warn(duplicate_macro_attributes)]` on by default
[INFO] [stdout] 
[INFO] [stdout] 
[INFO] [stdout] warning: duplicated attribute
[INFO] [stdout]    --> crates/allpaka-mlx/tests/integration.rs:102:5
[INFO] [stdout]     |
[INFO] [stdout] 102 |     #[test]
[INFO] [stdout]     |     ^^^^^^^
[INFO] [stdout] 
[INFO] [stdout] 
[INFO] [stderr]     Checking hyper v1.11.1
[INFO] [stdout] warning: function `create_test_safetensors` is never used
[INFO] [stdout]   --> crates/allpaka-mlx/tests/integration.rs:13:8
[INFO] [stdout]    |
[INFO] [stdout] 13 |     fn create_test_safetensors() -> tempfile::TempDir {
[INFO] [stdout]    |        ^^^^^^^^^^^^^^^^^^^^^^^
[INFO] [stdout]    |
[INFO] [stdout]    = note: `#[warn(dead_code)]` (part of `#[warn(unused)]`) on by default
[INFO] [stdout] 
[INFO] [stdout] 
[INFO] [stderr]     Checking tower v0.5.3
[INFO] [stdout] warning: unused import: `std::io::BufReader`
[INFO] [stdout]  --> crates/allpaka-mlx/src/container.rs:7:5
[INFO] [stdout]   |
[INFO] [stdout] 7 | use std::io::BufReader;
[INFO] [stdout]   |     ^^^^^^^^^^^^^^^^^^
[INFO] [stdout]   |
[INFO] [stdout]   = note: `#[warn(unused_imports)]` (part of `#[warn(unused)]`) on by default
[INFO] [stdout] 
[INFO] [stdout] 
[INFO] [stdout] warning: unused import: `serde_json::json`
[INFO] [stdout]   --> crates/allpaka-mlx/src/container.rs:11:5
[INFO] [stdout]    |
[INFO] [stdout] 11 | use serde_json::json;
[INFO] [stdout]    |     ^^^^^^^^^^^^^^^^
[INFO] [stdout] 
[INFO] [stdout] 
[INFO] [stdout] warning: unnecessary trailing semicolon
[INFO] [stdout]   --> crates/allpaka-mlx/src/dequant.rs:45:108
[INFO] [stdout]    |
[INFO] [stdout] 45 |     macro_rules! nib { ($word:expr, $k:expr) => { (((($word) >> (4*($k))) & 0xf)) as f32 * scale + bias } };
[INFO] [stdout]    |                                                                                                            ^ help: remove this semicolon
[INFO] [stdout]    |
[INFO] [stdout]    = note: `#[warn(redundant_semicolons)]` (part of `#[warn(unused)]`) on by default
[INFO] [stdout] 
[INFO] [stdout] 
[INFO] [stdout] warning: type `mlx_dtype_t` should have an upper camel case name
[INFO] [stdout]   --> crates/allpaka-mlx/src/ffi.rs:22:10
[INFO] [stdout]    |
[INFO] [stdout] 22 | pub enum mlx_dtype_t {
[INFO] [stdout]    |          ^^^^^^^^^^^ help: convert the identifier to upper camel case: `MlxDtypeT`
[INFO] [stdout]    |
[INFO] [stdout]    = note: `#[warn(non_camel_case_types)]` (part of `#[warn(nonstandard_style)]`) on by default
[INFO] [stdout] 
[INFO] [stdout] 
[INFO] [stdout] warning: variant `MLX_Q4_AFFINE` should have an upper camel case name
[INFO] [stdout]   --> crates/allpaka-mlx/src/ffi.rs:28:5
[INFO] [stdout]    |
[INFO] [stdout] 28 |     MLX_Q4_AFFINE = 100,
[INFO] [stdout]    |     ^^^^^^^^^^^^^ help: convert the identifier to upper camel case: `MlxQ4Affine`
[INFO] [stdout] 
[INFO] [stdout] 
[INFO] [stdout] warning: variant `MLX_Q8_AFFINE` should have an upper camel case name
[INFO] [stdout]   --> crates/allpaka-mlx/src/ffi.rs:29:5
[INFO] [stdout]    |
[INFO] [stdout] 29 |     MLX_Q8_AFFINE = 101,
[INFO] [stdout]    |     ^^^^^^^^^^^^^ help: convert the identifier to upper camel case: `MlxQ8Affine`
[INFO] [stdout] 
[INFO] [stdout] 
[INFO] [stdout] warning: variant `Q6_K` should have an upper camel case name
[INFO] [stdout]   --> crates/allpaka-mlx/src/ffi.rs:90:5
[INFO] [stdout]    |
[INFO] [stdout] 90 |     Q6_K = 14,
[INFO] [stdout]    |     ^^^^ help: convert the identifier to upper camel case: `Q6K`
[INFO] [stdout] 
[INFO] [stdout] 
[INFO] [stderr]     Checking tokio-rustls v0.26.5
[INFO] [stdout] warning: fields `mmaps` and `data_starts` are never read
[INFO] [stdout]   --> crates/allpaka-mlx/src/container.rs:27:5
[INFO] [stdout]    |
[INFO] [stdout] 25 | pub struct MlxSafetensors {
[INFO] [stdout]    |            -------------- fields in this struct
[INFO] [stdout] 26 |     tensors: Vec<TensorInfo>,
[INFO] [stdout] 27 |     mmaps: Vec<memmap2::Mmap>,
[INFO] [stdout]    |     ^^^^^
[INFO] [stdout] 28 |     data_starts: Vec<u64>,
[INFO] [stdout]    |     ^^^^^^^^^^^
[INFO] [stdout]    |
[INFO] [stdout]    = note: `MlxSafetensors` has a derived impl for the trait `Debug`, but this is intentionally ignored during dead code analysis
[INFO] [stdout]    = note: `#[warn(dead_code)]` (part of `#[warn(unused)]`) on by default
[INFO] [stdout] 
[INFO] [stdout] 
[INFO] [stdout] warning: field `map` is never read
[INFO] [stdout]   --> crates/allpaka-mlx/src/container.rs:33:5
[INFO] [stdout]    |
[INFO] [stdout] 32 | struct ShardedIndex {
[INFO] [stdout]    |        ------------ field in this struct
[INFO] [stdout] 33 |     map: HashMap<String, (String, u64, u64)>, // name -> (filename, offset, end)
[INFO] [stdout]    |     ^^^
[INFO] [stdout] 
[INFO] [stdout] 
[INFO] [stdout] warning: method `data_section_start` is never used
[INFO] [stdout]    --> crates/allpaka-mlx/src/container.rs:154:8
[INFO] [stdout]     |
[INFO] [stdout] 153 | impl FileInfo {
[INFO] [stdout]     | ------------- method in this implementation
[INFO] [stdout] 154 |     fn data_section_start(&self) -> usize { self.data_start }
[INFO] [stdout]     |        ^^^^^^^^^^^^^^^^^^
[INFO] [stdout] 
[INFO] [stdout] 
[INFO] [stdout] warning: function `tensor_data` is never used
[INFO] [stdout]    --> crates/allpaka-mlx/src/container.rs:157:8
[INFO] [stdout]     |
[INFO] [stdout] 157 | pub fn tensor_data<'a>(f: &'a MlxSafetensors, t: &TensorInfo) -> anyhow::Result<&'a [u8]> {
[INFO] [stdout]     |        ^^^^^^^^^^^
[INFO] [stdout] 
[INFO] [stdout] 
[INFO] [stdout] warning: function `mlx_repack_to_allpaka` is never used
[INFO] [stdout]   --> crates/allpaka-mlx/src/ffi.rs:63:12
[INFO] [stdout]    |
[INFO] [stdout] 63 |     pub fn mlx_repack_to_allpaka(_src: *const f32, _dst: *mut std::ffi::c_void, _n_elements: usize, _ty: GgmlType) -> *mut std::ffi:...
[INFO] [stdout]    |            ^^^^^^^^^^^^^^^^^^^^^
[INFO] [stdout] 
[INFO] [stdout] 
[INFO] [stdout] warning: function `mlx_load_tensor_sparse` is never used
[INFO] [stdout]   --> crates/allpaka-mlx/src/ffi.rs:68:12
[INFO] [stdout]    |
[INFO] [stdout] 68 |     pub fn mlx_load_tensor_sparse(_tensor_name: *const std::ffi::c_char, _layout_ptr: *const std::ffi::c_void) -> *mut MlxBlob {
[INFO] [stdout]    |            ^^^^^^^^^^^^^^^^^^^^^^
[INFO] [stdout] 
[INFO] [stdout] 
[INFO] [stdout] warning: function `is_3d_expert_shape` is never used
[INFO] [stdout]   --> crates/allpaka-mlx/src/shapes.rs:25:8
[INFO] [stdout]    |
[INFO] [stdout] 25 | pub fn is_3d_expert_shape(shape: &[u64]) -> bool {
[INFO] [stdout]    |        ^^^^^^^^^^^^^^^^^^
[INFO] [stdout] 
[INFO] [stdout] 
[INFO] [stdout] warning: function `json_to_shape` is never used
[INFO] [stdout]   --> crates/allpaka-mlx/src/shapes.rs:30:8
[INFO] [stdout]    |
[INFO] [stdout] 30 | pub fn json_to_shape(v: &serde_json::Value) -> Option<MlxShape> {
[INFO] [stdout]    |        ^^^^^^^^^^^^^
[INFO] [stdout] 
[INFO] [stdout] 
[INFO] [stdout] warning: function `vec_u64_opt` is never used
[INFO] [stdout]   --> crates/allpaka-mlx/src/shapes.rs:35:4
[INFO] [stdout]    |
[INFO] [stdout] 35 | fn vec_u64_opt(arr: &[serde_json::Value]) -> Option<Vec<u64>> {
[INFO] [stdout]    |    ^^^^^^^^^^^
[INFO] [stdout] 
[INFO] [stdout] 
[INFO] [stderr]     Checking tokio-util v0.7.19
[INFO] [stderr]     Checking tokio-stream v0.1.19
[INFO] [stderr]     Checking tower-http v0.6.11
[INFO] [stderr]     Checking tonic v0.13.1
[INFO] [stderr]     Checking toml v0.8.23
[INFO] [stderr]     Checking hyper-util v0.1.20
[INFO] [stderr]     Checking opentelemetry-proto v0.30.0
[INFO] [stderr]     Checking allpaka-backend v0.1.0 (/opt/rustwide/workdir/crates/allpaka-backend)
[INFO] [stdout] warning: unused imports: `launch_embed_row_dtoken_ptr`, `launch_inc_u32_ptr`, and `launch_store_u32_at_ptr`
[INFO] [stdout]   --> crates/allpaka-backend/src/gpu/cuda/mod.rs:16:31
[INFO] [stdout]    |
[INFO] [stdout] 16 |     dq_fmt, launch_embed_row, launch_embed_row_dtoken_ptr, launch_gemm_dequant, launch_inc_u32_ptr,
[INFO] [stdout]    |                               ^^^^^^^^^^^^^^^^^^^^^^^^^^^                       ^^^^^^^^^^^^^^^^^^
[INFO] [stdout] 17 |     launch_matvec_q4k_2, launch_matvec_q4k_qkv, launch_matvec_y_ptr, launch_store_u32_at_ptr,
[INFO] [stdout]    |                                                                      ^^^^^^^^^^^^^^^^^^^^^^^
[INFO] [stdout]    |
[INFO] [stdout]    = note: `#[warn(unused_imports)]` (part of `#[warn(unused)]`) on by default
[INFO] [stdout] 
[INFO] [stdout] 
[INFO] [stdout] warning: unused imports: `launch_embed_row_dtoken_ptr`, `launch_inc_u32_ptr`, and `launch_store_u32_at_ptr`
[INFO] [stdout]   --> crates/allpaka-backend/src/gpu/cuda/mod.rs:16:31
[INFO] [stdout]    |
[INFO] [stdout] 16 |     dq_fmt, launch_embed_row, launch_embed_row_dtoken_ptr, launch_gemm_dequant, launch_inc_u32_ptr,
[INFO] [stdout]    |                               ^^^^^^^^^^^^^^^^^^^^^^^^^^^                       ^^^^^^^^^^^^^^^^^^
[INFO] [stdout] 17 |     launch_matvec_q4k_2, launch_matvec_q4k_qkv, launch_matvec_y_ptr, launch_store_u32_at_ptr,
[INFO] [stdout]    |                                                                      ^^^^^^^^^^^^^^^^^^^^^^^
[INFO] [stdout]    |
[INFO] [stdout]    = note: `#[warn(unused_imports)]` (part of `#[warn(unused)]`) on by default
[INFO] [stdout] 
[INFO] [stdout] 
[INFO] [stdout] error[E0004]: non-exhaustive patterns: `GgmlType::MlxQ4` and `GgmlType::MlxQ8` not covered
[INFO] [stdout]    --> crates/allpaka-backend/src/gpu/cuda/runtime.rs:684:16
[INFO] [stdout]     |
[INFO] [stdout] 684 |     Some(match ty {
[INFO] [stdout]     |                ^^ patterns `GgmlType::MlxQ4` and `GgmlType::MlxQ8` not covered
[INFO] [stdout]     |
[INFO] [stdout] note: `GgmlType` defined here
[INFO] [stdout]    --> crates/allpaka-gguf/src/tensors.rs:16:1
[INFO] [stdout]     |
[INFO] [stdout]  16 | pub enum GgmlType {
[INFO] [stdout]     | ^^^^^^^^^^^^^^^^^
[INFO] [stdout] ...
[INFO] [stdout]  35 |     MlxQ4,
[INFO] [stdout]     |     ----- not covered
[INFO] [stdout]  36 |     /// The same affine group quant at 8 bits: 64 payload bytes, scale, bias.
[INFO] [stdout]  37 |     MlxQ8,
[INFO] [stdout]     |     ----- not covered
[INFO] [stdout]     = note: the matched value is of type `GgmlType`
[INFO] [stdout] help: ensure that all possible cases are being handled by adding a match arm with a wildcard pattern, a match arm with multiple or-patterns as shown, or multiple match arms
[INFO] [stdout]     |
[INFO] [stdout] 695 ~         GgmlType::Other(_) => return None,
[INFO] [stdout] 696 ~         GgmlType::MlxQ4 | GgmlType::MlxQ8 => todo!(),
[INFO] [stdout]     |
[INFO] [stdout] 
[INFO] [stdout] 
[INFO] [stdout] error[E0004]: non-exhaustive patterns: `GgmlType::MlxQ4` and `GgmlType::MlxQ8` not covered
[INFO] [stdout]    --> crates/allpaka-backend/src/gpu/cuda/runtime.rs:743:16
[INFO] [stdout]     |
[INFO] [stdout] 743 |     Some(match ty {
[INFO] [stdout]     |                ^^ patterns `GgmlType::MlxQ4` and `GgmlType::MlxQ8` not covered
[INFO] [stdout]     |
[INFO] [stdout] note: `GgmlType` defined here
[INFO] [stdout]    --> crates/allpaka-gguf/src/tensors.rs:16:1
[INFO] [stdout]     |
[INFO] [stdout]  16 | pub enum GgmlType {
[INFO] [stdout]     | ^^^^^^^^^^^^^^^^^
[INFO] [stdout] ...
[INFO] [stdout]  35 |     MlxQ4,
[INFO] [stdout]     |     ----- not covered
[INFO] [stdout]  36 |     /// The same affine group quant at 8 bits: 64 payload bytes, scale, bias.
[INFO] [stdout]  37 |     MlxQ8,
[INFO] [stdout]     |     ----- not covered
[INFO] [stdout]     = note: the matched value is of type `GgmlType`
[INFO] [stdout] help: ensure that all possible cases are being handled by adding a match arm with a wildcard pattern, a match arm with multiple or-patterns as shown, or multiple match arms
[INFO] [stdout]     |
[INFO] [stdout] 754 ~         GgmlType::Other(_) => return None,
[INFO] [stdout] 755 ~         GgmlType::MlxQ4 | GgmlType::MlxQ8 => todo!(),
[INFO] [stdout]     |
[INFO] [stdout] 
[INFO] [stdout] 
[INFO] [stderr]     Checking hyper-rustls v0.27.10
[INFO] [stderr]     Checking axum v0.7.9
[INFO] [stdout] warning: unreachable pattern
[INFO] [stdout]     --> crates/allpaka-backend/src/gpu/cuda/mod.rs:2620:68
[INFO] [stdout]      |
[INFO] [stdout] 2620 | ...                   (_, Ok(None)) | (false, Ok(Some(_))) | (false, Ok(None)) => {
[INFO] [stdout]      |                       -------------                          ^^^^^^^^^^^^^^^^^ no value can reach this
[INFO] [stdout]      |                       |
[INFO] [stdout]      |                       matches all the relevant values
[INFO] [stdout]      |
[INFO] [stdout]      = note: `#[warn(unreachable_patterns)]` (part of `#[warn(unused)]`) on by default
[INFO] [stdout] 
[INFO] [stdout] 
[INFO] [stderr]     Checking reqwest v0.12.28
[INFO] [stdout] error[E0004]: non-exhaustive patterns: `allpaka_gguf::GgmlType::MlxQ4` and `allpaka_gguf::GgmlType::MlxQ8` not covered
[INFO] [stdout]    --> crates/allpaka-backend/src/gpu/cuda/runtime.rs:684:16
[INFO] [stdout]     |
[INFO] [stdout] 684 |     Some(match ty {
[INFO] [stdout]     |                ^^ patterns `allpaka_gguf::GgmlType::MlxQ4` and `allpaka_gguf::GgmlType::MlxQ8` not covered
[INFO] [stdout]     |
[INFO] [stdout] note: `allpaka_gguf::GgmlType` defined here
[INFO] [stdout]    --> crates/allpaka-gguf/src/tensors.rs:16:1
[INFO] [stdout]     |
[INFO] [stdout]  16 | pub enum GgmlType {
[INFO] [stdout]     | ^^^^^^^^^^^^^^^^^
[INFO] [stdout] ...
[INFO] [stdout]  35 |     MlxQ4,
[INFO] [stdout]     |     ----- not covered
[INFO] [stdout]  36 |     /// The same affine group quant at 8 bits: 64 payload bytes, scale, bias.
[INFO] [stdout]  37 |     MlxQ8,
[INFO] [stdout]     |     ----- not covered
[INFO] [stdout]     = note: the matched value is of type `allpaka_gguf::GgmlType`
[INFO] [stdout] help: ensure that all possible cases are being handled by adding a match arm with a wildcard pattern, a match arm with multiple or-patterns as shown, or multiple match arms
[INFO] [stdout]     |
[INFO] [stdout] 695 ~         GgmlType::Other(_) => return None,
[INFO] [stdout] 696 ~         allpaka_gguf::GgmlType::MlxQ4 | allpaka_gguf::GgmlType::MlxQ8 => todo!(),
[INFO] [stdout]     |
[INFO] [stdout] 
[INFO] [stdout] 
[INFO] [stdout] error[E0004]: non-exhaustive patterns: `allpaka_gguf::GgmlType::MlxQ4` and `allpaka_gguf::GgmlType::MlxQ8` not covered
[INFO] [stdout]    --> crates/allpaka-backend/src/gpu/cuda/runtime.rs:743:16
[INFO] [stdout]     |
[INFO] [stdout] 743 |     Some(match ty {
[INFO] [stdout]     |                ^^ patterns `allpaka_gguf::GgmlType::MlxQ4` and `allpaka_gguf::GgmlType::MlxQ8` not covered
[INFO] [stdout]     |
[INFO] [stdout] note: `allpaka_gguf::GgmlType` defined here
[INFO] [stdout]    --> crates/allpaka-gguf/src/tensors.rs:16:1
[INFO] [stdout]     |
[INFO] [stdout]  16 | pub enum GgmlType {
[INFO] [stdout]     | ^^^^^^^^^^^^^^^^^
[INFO] [stdout] ...
[INFO] [stdout]  35 |     MlxQ4,
[INFO] [stdout]     |     ----- not covered
[INFO] [stdout]  36 |     /// The same affine group quant at 8 bits: 64 payload bytes, scale, bias.
[INFO] [stdout]  37 |     MlxQ8,
[INFO] [stdout]     |     ----- not covered
[INFO] [stdout]     = note: the matched value is of type `allpaka_gguf::GgmlType`
[INFO] [stdout] help: ensure that all possible cases are being handled by adding a match arm with a wildcard pattern, a match arm with multiple or-patterns as shown, or multiple match arms
[INFO] [stdout]     |
[INFO] [stdout] 754 ~         GgmlType::Other(_) => return None,
[INFO] [stdout] 755 ~         allpaka_gguf::GgmlType::MlxQ4 | allpaka_gguf::GgmlType::MlxQ8 => todo!(),
[INFO] [stdout]     |
[INFO] [stdout] 
[INFO] [stdout] 
[INFO] [stdout] warning: unreachable pattern
[INFO] [stdout]     --> crates/allpaka-backend/src/gpu/cuda/mod.rs:2620:68
[INFO] [stdout]      |
[INFO] [stdout] 2620 | ...                   (_, Ok(None)) | (false, Ok(Some(_))) | (false, Ok(None)) => {
[INFO] [stdout]      |                       -------------                          ^^^^^^^^^^^^^^^^^ no value can reach this
[INFO] [stdout]      |                       |
[INFO] [stdout]      |                       matches all the relevant values
[INFO] [stdout]      |
[INFO] [stdout]      = note: `#[warn(unreachable_patterns)]` (part of `#[warn(unused)]`) on by default
[INFO] [stdout] 
[INFO] [stdout] 
[INFO] [stdout] For more information about this error, try `rustc --explain E0004`.
[INFO] [stdout] 
[INFO] [stderr] error: could not compile `allpaka-backend` (lib) due to 2 previous errors; 2 warnings emitted
[INFO] [stderr] warning: build failed, waiting for other jobs to finish...
[INFO] [stdout] For more information about this error, try `rustc --explain E0004`.
[INFO] [stdout] 
[INFO] [stderr] error: could not compile `allpaka-backend` (lib test) due to 2 previous errors; 2 warnings emitted
[INFO] [stderr] warning: unused dependency `serde`
[INFO] [stderr]   --> crates/allpaka-mlx/Cargo.toml:14:1
[INFO] [stderr]    |
[INFO] [stderr] 14 | serde.workspace = true
[INFO] [stderr]    | ^^^^^
[INFO] [stderr]    |
[INFO] [stderr]    = note: `cargo::unused_dependencies` is set to `warn` by default
[INFO] [stderr] help: consider removing the dependency on `serde`
[INFO] [stderr] warning: `allpaka-mlx` (manifest) generated 1 warning
[INFO] running `Command { std: "docker" "inspect" "c3fdf2e99cebda211ecd01de0b0a7a317807b2f884d39f8012b88feb19fdf95c", kill_on_drop: false }`
[INFO] running `Command { std: "docker" "rm" "-f" "c3fdf2e99cebda211ecd01de0b0a7a317807b2f884d39f8012b88feb19fdf95c", kill_on_drop: false }`
[INFO] [stdout] c3fdf2e99cebda211ecd01de0b0a7a317807b2f884d39f8012b88feb19fdf95c
