[INFO] cloning repository https://github.com/themartiancompany/deno
[INFO] running `Command { std: "git" "-c" "credential.helper=" "-c" "credential.helper=/workspace/cargo-home/bin/git-credential-null" "clone" "--bare" "https://github.com/themartiancompany/deno" "/workspace/cache/git-repos/https%3A%2F%2Fgithub.com%2Fthemartiancompany%2Fdeno", kill_on_drop: false }`
[INFO] [stderr] Cloning into bare repository '/workspace/cache/git-repos/https%3A%2F%2Fgithub.com%2Fthemartiancompany%2Fdeno'...
[INFO] running `Command { std: "git" "rev-parse" "HEAD", kill_on_drop: false }`
[INFO] [stdout] 336da420f4343cbb1dcbd5eed9d075ff555ed6ee
[INFO] checking themartiancompany/deno/336da420f4343cbb1dcbd5eed9d075ff555ed6ee against 3154cc1a3e6424e44f438a95007d043ed5ceaaf6+rustflags=-Znext-solver=coherence for pr-133502-30
[INFO] running `Command { std: "git" "clone" "/workspace/cache/git-repos/https%3A%2F%2Fgithub.com%2Fthemartiancompany%2Fdeno" "/workspace/builds/worker-7-tc1/source", kill_on_drop: false }`
[INFO] [stderr] Cloning into '/workspace/builds/worker-7-tc1/source'...
[INFO] [stderr] done.
[INFO] [stderr] Updating files:  37% (5563/14849)
Updating files:  38% (5643/14849)
Updating files:  39% (5792/14849)
Updating files:  40% (5940/14849)
Updating files:  41% (6089/14849)
Updating files:  42% (6237/14849)
Updating files:  43% (6386/14849)
Updating files:  44% (6534/14849)
Updating files:  45% (6683/14849)
Updating files:  46% (6831/14849)
Updating files:  47% (6980/14849)
Updating files:  48% (7128/14849)
Updating files:  49% (7277/14849)
Updating files:  50% (7425/14849)
Updating files:  51% (7573/14849)
Updating files:  52% (7722/14849)
Updating files:  53% (7870/14849)
Updating files:  54% (8019/14849)
Updating files:  55% (8167/14849)
Updating files:  56% (8316/14849)
Updating files:  57% (8464/14849)
Updating files:  58% (8613/14849)
Updating files:  59% (8761/14849)
Updating files:  60% (8910/14849)
Updating files:  61% (9058/14849)
Updating files:  62% (9207/14849)
Updating files:  63% (9355/14849)
Updating files:  64% (9504/14849)
Updating files:  65% (9652/14849)
Updating files:  66% (9801/14849)
Updating files:  67% (9949/14849)
Updating files:  68% (10098/14849)
Updating files:  69% (10246/14849)
Updating files:  70% (10395/14849)
Updating files:  71% (10543/14849)
Updating files:  72% (10692/14849)
Updating files:  73% (10840/14849)
Updating files:  74% (10989/14849)
Updating files:  75% (11137/14849)
Updating files:  76% (11286/14849)
Updating files:  77% (11434/14849)
Updating files:  78% (11583/14849)
Updating files:  79% (11731/14849)
Updating files:  80% (11880/14849)
Updating files:  81% (12028/14849)
Updating files:  82% (12177/14849)
Updating files:  83% (12325/14849)
Updating files:  84% (12474/14849)
Updating files:  85% (12622/14849)
Updating files:  86% (12771/14849)
Updating files:  87% (12919/14849)
Updating files:  88% (13068/14849)
Updating files:  89% (13216/14849)
Updating files:  90% (13365/14849)
Updating files:  91% (13513/14849)
Updating files:  92% (13662/14849)
Updating files:  93% (13810/14849)
Updating files:  94% (13959/14849)
Updating files:  95% (14107/14849)
Updating files:  96% (14256/14849)
Updating files:  97% (14404/14849)
Updating files:  98% (14553/14849)
Updating files:  99% (14701/14849)
Updating files: 100% (14849/14849)
Updating files: 100% (14849/14849), done.
[INFO] removed /workspace/builds/worker-7-tc1/source/.cargo/config.toml
[INFO] removed /workspace/builds/worker-7-tc1/source/rust-toolchain.toml
[INFO] started tweaking git repo https://github.com/themartiancompany/deno
[INFO] finished tweaking git repo https://github.com/themartiancompany/deno
[INFO] tweaked toml for git repo https://github.com/themartiancompany/deno written to /workspace/builds/worker-7-tc1/source/Cargo.toml
[INFO] validating manifest of git repo https://github.com/themartiancompany/deno on toolchain 3154cc1a3e6424e44f438a95007d043ed5ceaaf6
[INFO] running `Command { std: CARGO_HOME="/workspace/cargo-home" RUSTUP_HOME="/workspace/rustup-home" "/workspace/cargo-home/bin/cargo" "+3154cc1a3e6424e44f438a95007d043ed5ceaaf6" "metadata" "--manifest-path" "Cargo.toml" "--no-deps", kill_on_drop: false }`
[INFO] crate git repo https://github.com/themartiancompany/deno already has a lockfile, it will not be regenerated
[INFO] running `Command { std: CARGO_HOME="/workspace/cargo-home" RUSTUP_HOME="/workspace/rustup-home" "/workspace/cargo-home/bin/cargo" "+3154cc1a3e6424e44f438a95007d043ed5ceaaf6" "fetch" "--manifest-path" "Cargo.toml", kill_on_drop: false }`
[INFO] [stderr] warning: Cargo.toml: `panic` setting is ignored for `bench` profile
[INFO] [stderr] warning: unused workspace dependency `base32`
[INFO] [stderr]    --> Cargo.toml:226:1
[INFO] [stderr]     |
[INFO] [stderr] 226 | base32 = "=0.5.1"
[INFO] [stderr]     | ^^^^^^
[INFO] [stderr]     |
[INFO] [stderr]     = note: `cargo::unused_workspace_dependencies` is set to `warn` by default
[INFO] [stderr] help: consider removing the workspace dependency `base32`
[INFO] [stderr] warning: unused workspace dependency `fastrand`
[INFO] [stderr]    --> Cargo.toml:286:1
[INFO] [stderr]     |
[INFO] [stderr] 286 | fastrand = "2"
[INFO] [stderr]     | ^^^^^^^^
[INFO] [stderr]     |
[INFO] [stderr] help: consider removing the workspace dependency `fastrand`
[INFO] [stderr] warning: unused workspace dependency `prost-build`
[INFO] [stderr]    --> Cargo.toml:357:1
[INFO] [stderr]     |
[INFO] [stderr] 357 | prost-build = "0.14"
[INFO] [stderr]     | ^^^^^^^^^^^
[INFO] [stderr]     |
[INFO] [stderr] help: consider removing the workspace dependency `prost-build`
[INFO] [stderr] warning: unused workspace dependency `quick-junit`
[INFO] [stderr]    --> Cargo.toml:359:1
[INFO] [stderr]     |
[INFO] [stderr] 359 | quick-junit = "0.3.5"
[INFO] [stderr]     | ^^^^^^^^^^^
[INFO] [stderr]     |
[INFO] [stderr] help: consider removing the workspace dependency `quick-junit`
[INFO] [stderr] warning: workspace (manifest) generated 5 warnings
[INFO] [stderr]     Blocking waiting for file lock on package cache
[INFO] [stderr]     Updating crates.io index
[INFO] [stderr]     Blocking waiting for file lock on package cache
[INFO] [stderr]  Downloading crates ...
[INFO] [stderr]   Downloaded zip v2.4.1
[INFO] [stderr]   Downloaded bsdiff v0.2.1
[INFO] [stderr]   Downloaded displaydoc v0.2.4
[INFO] [stderr]   Downloaded io-uring v0.7.8
[INFO] [stderr]   Downloaded libz-sys v1.1.20
[INFO] [stderr]   Downloaded lazy-regex v3.1.0
[INFO] [stderr]   Downloaded ref-cast-impl v1.0.22
[INFO] [stderr]   Downloaded lazy-regex-proc_macros v3.1.0
[INFO] [stderr]   Downloaded monch v0.6.0
[INFO] [stderr]   Downloaded ls-types v0.0.3
[INFO] [stderr]   Downloaded ref-cast v1.0.22
[INFO] [stderr]   Downloaded jsonc-parser v0.32.1
[INFO] [stderr]   Downloaded file_test_runner v0.12.1
[INFO] [stderr]   Downloaded deno_terminal v0.2.3
[INFO] [stderr]   Downloaded sys_traits_macros v0.1.0
[INFO] [stderr]   Downloaded deno_error v0.7.1
[INFO] [stderr]   Downloaded deno_error_macro v0.7.1
[INFO] [stderr]   Downloaded deno_path_util v0.6.4
[INFO] [stderr]   Downloaded sys_traits v0.1.28
[INFO] [stderr]   Downloaded vte v0.13.1
[INFO] [stderr]   Downloaded console_static_text v0.8.3
[INFO] [stderr]   Downloaded rustls-tokio-stream v0.8.0
[INFO] [stderr]   Downloaded derive-io-macros v0.4.1
[INFO] [stderr]   Downloaded derive-io v0.4.1
[INFO] [stderr]   Downloaded rustls-pemfile v2.1.2
[INFO] [stderr]   Downloaded webpki-roots v0.26.1
[INFO] [stderr]   Downloaded wasm-streams v0.4.0
[INFO] [stderr]   Downloaded rand_core v0.10.0
[INFO] [stderr]   Downloaded quinn-udp v0.5.9
[INFO] [stderr]   Downloaded async-compression v0.4.11
[INFO] [stderr]   Downloaded fastwebsockets v0.8.1
[INFO] [stderr]   Downloaded denokv_proto v0.14.0
[INFO] [stderr]   Downloaded deno_unsync v0.4.4
[INFO] [stderr]   Downloaded libuv-sys-lite v1.48.3
[INFO] [stderr]   Downloaded zeromq v0.6.0
[INFO] [stderr]   Downloaded win_uds v0.2.2
[INFO] [stderr]   Downloaded scc v3.7.1
[INFO] [stderr]   Downloaded sdd v4.8.6
[INFO] [stderr]   Downloaded saa v5.6.0
[INFO] [stderr]   Downloaded hickory-server v0.25.2
[INFO] [stderr]   Downloaded prefix-trie v0.7.0
[INFO] [stderr]   Downloaded enum-as-inner v0.6.0
[INFO] [stderr]   Downloaded deno-tower-lsp-macros v0.12.0
[INFO] [stderr]   Downloaded capacity_builder v0.5.0
[INFO] [stderr]   Downloaded deno_tower_lsp v0.5.0
[INFO] [stderr]   Downloaded serde_bytes v0.11.14
[INFO] [stderr]   Downloaded ecow v0.2.3
[INFO] [stderr]   Downloaded hipstr v0.6.0
[INFO] [stderr]   Downloaded deno_semver v0.10.1
[INFO] [stderr]   Downloaded capacity_builder_macros v0.3.0
[INFO] [stderr]   Downloaded boxed_error v0.2.3
[INFO] [stderr]   Downloaded deno_media_type v0.4.0
[INFO] [stderr]   Downloaded trybuild v1.0.115
[INFO] [stderr]   Downloaded toml v0.9.6
[INFO] [stderr]   Downloaded target-triple v1.0.0
[INFO] [stderr]   Downloaded relative-path v1.9.2
[INFO] [stderr]   Downloaded syn-match v0.3.1
[INFO] [stderr]   Downloaded strum v0.27.1
[INFO] [stderr]   Downloaded stringcase v0.4.0
[INFO] [stderr]   Downloaded wasm_dep_analyzer v0.4.0
[INFO] [stderr]   Downloaded unicycle v0.10.2
[INFO] [stderr]   Downloaded testing_macros v1.0.1
[INFO] [stderr]   Downloaded sourcemap v9.2.0
[INFO] [stderr]   Downloaded strum_macros v0.27.1
[INFO] [stderr]   Downloaded uniset v0.2.4
[INFO] [stderr]   Downloaded unicode-id-start v1.4.0
[INFO] [stderr]   Downloaded timezone_provider v0.2.3
[INFO] [stderr]   Downloaded outref v0.5.1
[INFO] [stderr]   Downloaded zoneinfo64 v0.3.0
[INFO] [stderr]   Downloaded resb v0.1.2
[INFO] [stderr]   Downloaded ixdtf v0.6.4
[INFO] [stderr]   Downloaded temporal_rs v0.2.3
[INFO] [stderr]   Downloaded diplomat-runtime v0.15.1
[INFO] [stderr]   Downloaded temporal_capi v0.2.3
[INFO] [stderr]   Downloaded diplomat_core v0.15.0
[INFO] [stderr]   Downloaded strck v1.0.0
[INFO] [stderr]   Downloaded diplomat v0.15.0
[INFO] [stderr]   Downloaded v8x v149.4.0-rc.4
[INFO] [stderr]   Downloaded rstest v0.22.0
[INFO] [stderr]   Downloaded rstest_macros v0.22.0
[INFO] [stderr]   Downloaded toml_edit v0.23.5
[INFO] [stderr]   Downloaded swc_atoms v9.0.0
[INFO] [stderr]   Downloaded text_lines v0.6.0
[INFO] [stderr]   Downloaded swc_ts_fast_strip v36.0.0
[INFO] [stderr]   Downloaded bytes-str v0.2.7
[INFO] [stderr]   Downloaded swc_eq_ignore_macros v1.0.1
[INFO] [stderr]   Downloaded hstr v3.0.3
[INFO] [stderr]   Downloaded from_variant v3.0.0
[INFO] [stderr]   Downloaded better_scoped_tls v1.0.1
[INFO] [stderr]   Downloaded is-macro v0.3.5
[INFO] [stderr]   Downloaded swc_ecma_transforms_typescript v33.0.0
[INFO] [stderr]   Downloaded swc_ecma_utils v24.0.0
[INFO] [stderr]   Downloaded ryu-js v1.0.1
[INFO] [stderr]   Downloaded swc_visit v2.0.1
[INFO] [stderr]   Downloaded swc_ecma_ast v18.0.0
[INFO] [stderr]   Downloaded triomphe v0.1.13
[INFO] [stderr]   Downloaded swc_macros_common v1.0.1
[INFO] [stderr]   Downloaded ast_node v5.0.0
[INFO] [stderr]   Downloaded string_enum v1.0.2
[INFO] [stderr]   Downloaded par-core v2.0.0
[INFO] [stderr]   Downloaded swc_ecma_transforms_base v30.0.1
[INFO] [stderr]   Downloaded deno_ast v0.53.3
[INFO] [stderr]   Downloaded swc_ecma_visit v18.0.1
[INFO] [stderr]   Downloaded swc_common v17.0.1
[INFO] [stderr]   Downloaded swc_sourcemap v9.3.4
[INFO] [stderr]   Downloaded swc_ecma_transforms_react v33.0.0
[INFO] [stderr]   Downloaded swc_ecma_parser v27.0.7
[INFO] [stderr]   Downloaded swc_allocator v4.0.1
[INFO] [stderr]   Downloaded swc_config v3.1.2
[INFO] [stderr]   Downloaded swc_config_macro v1.0.1
[INFO] [stderr]   Downloaded swc_ecma_codegen v20.0.2
[INFO] [stderr]   Downloaded swc_ecma_codegen_macros v2.0.2
[INFO] [stderr]   Downloaded swc_ecma_transforms_proposal v30.0.0
[INFO] [stderr]   Downloaded swc_ecma_transforms_classes v30.0.0
[INFO] [stderr]   Downloaded swc_ecma_transforms_macros v1.0.1
[INFO] [stderr]   Downloaded swc_ecma_loader v17.0.0
[INFO] [stderr]   Downloaded terminal_size v0.4.1
[INFO] [stderr]   Downloaded cooked-waker v5.0.0
[INFO] [stderr]   Downloaded fastwebsockets v0.10.0
[INFO] [stderr]   Downloaded swc_ecma_lexer v26.0.0
[INFO] [stderr]   Downloaded dprint-swc-ext v0.26.0
[INFO] [stderr]   Downloaded zune-jpeg v0.4.13
[INFO] [stderr]   Downloaded deno_core_icudata v0.77.0
[INFO] [stderr]   Downloaded image v0.25.4
[INFO] [stderr]   Downloaded libsui v0.16.4
[INFO] [stderr]   Downloaded laufey v0.7.0
[INFO] [stderr]   Downloaded path-clean v0.1.0
[INFO] [stderr]   Downloaded import_map v0.25.0
[INFO] [stderr]   Downloaded tokio-metrics v0.3.1
[INFO] [stderr]   Downloaded clipboard-win v5.3.0
[INFO] [stderr]   Downloaded error-code v3.2.0
[INFO] [stderr]   Downloaded qbsdiff v1.4.4
[INFO] [stderr]   Downloaded suffix_array v0.5.0
[INFO] [stderr]   Downloaded cdivsufsort v2.0.0
[INFO] [stderr]   Downloaded sacabase v2.0.0
[INFO] [stderr]   Downloaded rustyline v17.0.0
[INFO] [stderr]   Downloaded pkcs5 v0.7.1
[INFO] [stderr]   Downloaded aes v0.8.3
[INFO] [stderr]   Downloaded deno_native_certs v0.3.0
[INFO] [stderr]   Downloaded rustls-native-certs v0.7.0
[INFO] [stderr]   Downloaded dlopen2_derive v0.4.0
[INFO] [stderr]   Downloaded dlopen2 v0.6.1
[INFO] [stderr]   Downloaded hashlink v0.12.0
[INFO] [stderr]   Downloaded security-framework v2.10.0
[INFO] [stderr]   Downloaded fiat-crypto v0.2.7
[INFO] [stderr]   Downloaded vsock v0.5.1
[INFO] [stderr]   Downloaded fqdn v0.5.2
[INFO] [stderr]   Downloaded x509-parser v0.15.1
[INFO] [stderr]   Downloaded web-transport-proto v0.2.7
[INFO] [stderr]   Downloaded tokio-vsock v0.7.1
[INFO] [stderr]   Downloaded generator v0.8.4
[INFO] [stderr]   Downloaded deno_tunnel v0.8.1
[INFO] [stderr]   Downloaded error_reporter v1.0.0
[INFO] [stderr]   Downloaded urlpattern v0.4.2
[INFO] [stderr]   Downloaded fast-socks5 v0.9.6
[INFO] [stderr]   Downloaded wgpu-types v29.0.1
[INFO] [stderr]   Downloaded wgpu-core v29.0.1
[INFO] [stderr]   Downloaded deno_graph v0.111.0
[INFO] [stderr]   Downloaded lcms2 v6.1.0
[INFO] [stderr]   Downloaded lcms2-sys v4.0.5
[INFO] [stderr]   Downloaded yaml_parser v0.2.1
[INFO] [stderr]   Downloaded rowan v0.15.15
[INFO] [stderr]   Downloaded divan v0.1.21
[INFO] [stderr]   Downloaded divan-macros v0.1.21
[INFO] [stderr]   Downloaded condtype v1.3.0
[INFO] [stderr]   Downloaded ignore v0.4.20
[INFO] [stderr]   Downloaded bstr v1.9.1
[INFO] [stderr]   Downloaded netif v0.1.6
[INFO] [stderr]   Downloaded sm3 v0.4.2
[INFO] [stderr]   Downloaded num-iter v0.1.44
[INFO] [stderr]   Downloaded p384 v0.13.0
[INFO] [stderr]   Downloaded p224 v0.13.2
[INFO] [stderr]   Downloaded p12 v0.6.3
[INFO] [stderr]   Downloaded rc2 v0.8.1
[INFO] [stderr]   Downloaded des v0.8.1
[INFO] [stderr]   Downloaded k256 v0.13.3
[INFO] [stderr]   Downloaded ed448-goldilocks v0.14.0-pre.10
[INFO] [stderr]   Downloaded digest v0.11.1
[INFO] [stderr]   Downloaded hybrid-array v0.4.7
[INFO] [stderr]   Downloaded keccak v0.2.0-rc.2
[INFO] [stderr]   Downloaded hash2curve v0.14.0-rc.10
[INFO] [stderr]   Downloaded sha3 v0.11.0-rc.8
[INFO] [stderr]   Downloaded v8 v150.4.0
[INFO] [stderr]   Downloaded sec1 v0.8.0-rc.13
[INFO] [stderr]   Downloaded rustcrypto-group v0.14.0-rc.0
[INFO] [stderr]   Downloaded rustcrypto-ff v0.14.0-rc.0
[INFO] [stderr]   Downloaded ed448 v0.5.0-rc.5
[INFO] [stderr]   Downloaded dsa v0.6.3
[INFO] [stderr]   Downloaded aead-gcm-stream v0.4.0
[INFO] [stderr]   Downloaded tokio-eld v0.3.0
[INFO] [stderr]   Downloaded deno_whoami v0.1.0
[INFO] [stderr]   Downloaded whoami v1.6.0
[INFO] [stderr]   Downloaded webpki-root-certs v0.26.6
[INFO] [stderr]   Downloaded libnghttp2 v1.68.0
[INFO] [stderr]   Downloaded denokv_sqlite v0.14.0
[INFO] [stderr]   Downloaded wtf8 v0.1.0
[INFO] [stderr]   Downloaded denokv_remote v0.14.0
[INFO] [stderr]   Downloaded cranelift-native v0.117.2
[INFO] [stderr]   Downloaded v8_valueserializer v0.1.2
[INFO] [stderr]   Downloaded libffi v5.1.0
[INFO] [stderr]   Downloaded cranelift-control v0.117.2
[INFO] [stderr]   Downloaded cranelift-assembler-x64-meta v0.117.2
[INFO] [stderr]   Downloaded cranelift-bforest v0.117.2
[INFO] [stderr]   Downloaded cranelift-codegen v0.117.2
[INFO] [stderr]   Downloaded cranelift-isle v0.117.2
[INFO] [stderr]   Downloaded cranelift-entity v0.117.2
[INFO] [stderr]   Downloaded cranelift-bitset v0.117.2
[INFO] [stderr]   Downloaded cranelift-codegen-shared v0.117.2
[INFO] [stderr]   Downloaded cranelift-codegen-meta v0.117.2
[INFO] [stderr]   Downloaded cranelift-assembler-x64 v0.117.2
[INFO] [stderr]   Downloaded cranelift v0.117.2
[INFO] [stderr]   Downloaded ocb3 v0.1.0
[INFO] [stderr]   Downloaded cranelift-module v0.117.2
[INFO] [stderr]   Downloaded cranelift-frontend v0.117.2
[INFO] [stderr]   Downloaded libffi-sys v4.1.0
[INFO] [stderr]   Downloaded fips203 v0.4.3
[INFO] [stderr]   Downloaded color-print v0.3.5
[INFO] [stderr]   Downloaded color-print-proc-macro v0.3.5
[INFO] [stderr]   Downloaded env_logger v0.11.6
[INFO] [stderr]   Downloaded libdeflater v1.25.2
[INFO] [stderr]   Downloaded libdeflate-sys v1.25.2
[INFO] [stderr]   Downloaded fips205 v0.4.1
[INFO] [stderr]   Downloaded rustyline-derive v0.11.1
[INFO] [stderr]   Downloaded rpm v0.25.1
[INFO] [stderr]   Downloaded rpm-version v0.5.0
[INFO] [stderr]   Downloaded num v0.4.2
[INFO] [stderr]   Downloaded enum-primitive-derive v0.3.0
[INFO] [stderr]   Downloaded enum-display-derive v0.1.1
[INFO] [stderr]   Downloaded pretty_yaml v0.5.0
[INFO] [stderr]   Downloaded tiny_pretty v0.2.0
[INFO] [stderr]   Downloaded open v5.1.2
[INFO] [stderr]   Downloaded lax-sql v0.3.0
[INFO] [stderr]   Downloaded lax-core v0.3.0
[INFO] [stderr]   Downloaded lax-markup v0.3.2
[INFO] [stderr]   Downloaded lax-css v0.3.0
[INFO] [stderr]   Downloaded msi v0.10.0
[INFO] [stderr]   Downloaded locked-tripwire v0.1.1
[INFO] [stderr]   Downloaded liblzma v0.4.6
[INFO] [stderr]   Downloaded dprint-core v0.67.4
[INFO] [stderr]   Downloaded liblzma-sys v0.4.6
[INFO] [stderr]   Downloaded dbus-secret-service v4.0.3
[INFO] [stderr]   Downloaded esbuild_client v0.7.2
[INFO] [stderr]   Downloaded dprint-core-macros v0.1.0
[INFO] [stderr]   Downloaded dprint-plugin-markdown v0.20.0
[INFO] [stderr]   Downloaded dbus v0.9.7
[INFO] [stderr]   Downloaded dprint-plugin-typescript v0.96.1
[INFO] [stderr]   Downloaded pulldown-cmark v0.11.2
[INFO] [stderr]   Downloaded dprint-plugin-jupyter v0.2.2
[INFO] [stderr]   Downloaded dprint-plugin-json v0.21.3
[INFO] [stderr]   Downloaded mintex v0.1.3
[INFO] [stderr]   Downloaded deno_task_shell v0.33.3
[INFO] [stderr]   Downloaded path-dedot v3.1.1
[INFO] [stderr]   Downloaded deno_lint v0.84.1
[INFO] [stderr]   Downloaded deno_doc v0.207.0
[INFO] [stderr]   Downloaded libdbus-sys v0.2.5
[INFO] [stderr]   Downloaded handlebars v6.1.0
[INFO] [stderr]   Downloaded comrak v0.29.0
[INFO] [stderr]   Downloaded deunicode v1.4.3
[INFO] [stderr]   Downloaded deno_panic v0.2.1
[INFO] [stderr]   Downloaded lzxd v0.2.6
[INFO] [stderr]   Downloaded caseless v0.2.1
[INFO] [stderr]   Downloaded cab v0.6.0
[INFO] [stderr]   Downloaded backhand v0.25.1
[INFO] [stderr]   Downloaded deku v0.20.3
[INFO] [stderr]   Downloaded deku_derive v0.20.3
[INFO] [stderr]   Downloaded anstyle-query v1.0.2
[INFO] [stderr]   Downloaded anstyle-parse v0.2.3
[INFO] [stderr]   Downloaded openssl-src v300.5.0+3.5.0
[INFO] running `Command { std: "docker" "create" "-v" "/var/lib/crater-agent-workspace/builds/worker-7-tc1/source:/opt/rustwide/workdir:ro,Z" "-v" "/var/lib/crater-agent-workspace/builds/worker-7-tc1/target:/opt/rustwide/target:rw,Z" "-v" "/var/lib/crater-agent-workspace/cargo-home:/opt/rustwide/cargo-home:ro,Z" "-v" "/var/lib/crater-agent-workspace/rustup-home:/opt/rustwide/rustup-home:ro,Z" "-m" "1610612736" "--network" "none" "ghcr.io/rust-lang/crates-build-env/linux@sha256:77db811e55d90add9212f6832c23229e3de5f1c1f9905e8cb07319ea15df73ac" "sleep" "infinity", kill_on_drop: false }`
[INFO] [stdout] cebefba9c3cda0f00deea5e082f9f99c66e28ad36a85714e06c841055e6f3d2f
[INFO] running `Command { std: "docker" "start" "cebefba9c3cda0f00deea5e082f9f99c66e28ad36a85714e06c841055e6f3d2f", kill_on_drop: false }`
[INFO] running `Command { std: "docker" "inspect" "cebefba9c3cda0f00deea5e082f9f99c66e28ad36a85714e06c841055e6f3d2f", kill_on_drop: false }`
[INFO] running `Command { std: "docker" "exec" "-e" "SOURCE_DIR=/opt/rustwide/workdir" "-e" "CARGO_HOME=/opt/rustwide/cargo-home" "-e" "RUSTUP_HOME=/opt/rustwide/rustup-home" "-e" "CARGO_TARGET_DIR=/opt/rustwide/target" "-w" "/opt/rustwide/workdir" "--user" "0:0" "cebefba9c3cda0f00deea5e082f9f99c66e28ad36a85714e06c841055e6f3d2f" "/opt/rustwide/cargo-home/bin/cargo" "+3154cc1a3e6424e44f438a95007d043ed5ceaaf6" "metadata" "--no-deps" "--format-version=1", kill_on_drop: false }`
[INFO] running `Command { std: "docker" "inspect" "cebefba9c3cda0f00deea5e082f9f99c66e28ad36a85714e06c841055e6f3d2f", kill_on_drop: false }`
[INFO] running `Command { std: "docker" "exec" "-e" "SOURCE_DIR=/opt/rustwide/workdir" "-e" "CARGO_HOME=/opt/rustwide/cargo-home" "-e" "RUSTUP_HOME=/opt/rustwide/rustup-home" "-e" "CARGO_TARGET_DIR=/opt/rustwide/target" "-e" "CARGO_INCREMENTAL=0" "-e" "RUST_BACKTRACE=full" "-e" "RUSTFLAGS=--cap-lints=forbid -Znext-solver=coherence" "-e" "RUSTDOCFLAGS=--cap-lints=forbid" "-w" "/opt/rustwide/workdir" "--user" "0:0" "cebefba9c3cda0f00deea5e082f9f99c66e28ad36a85714e06c841055e6f3d2f" "/opt/rustwide/cargo-home/bin/cargo" "+3154cc1a3e6424e44f438a95007d043ed5ceaaf6" "check" "--frozen" "--all" "--all-targets" "--message-format=json", kill_on_drop: false }`
[INFO] [stderr] warning: Cargo.toml: `panic` setting is ignored for `bench` profile
[INFO] [stderr] warning: unused workspace dependency `base32`
[INFO] [stderr]    --> Cargo.toml:226:1
[INFO] [stderr]     |
[INFO] [stderr] 226 | base32 = "=0.5.1"
[INFO] [stderr]     | ^^^^^^
[INFO] [stderr]     |
[INFO] [stderr]     = note: `cargo::unused_workspace_dependencies` is set to `warn` by default
[INFO] [stderr] help: consider removing the workspace dependency `base32`
[INFO] [stderr] warning: unused workspace dependency `fastrand`
[INFO] [stderr]    --> Cargo.toml:286:1
[INFO] [stderr]     |
[INFO] [stderr] 286 | fastrand = "2"
[INFO] [stderr]     | ^^^^^^^^
[INFO] [stderr]     |
[INFO] [stderr] help: consider removing the workspace dependency `fastrand`
[INFO] [stderr] warning: unused workspace dependency `prost-build`
[INFO] [stderr]    --> Cargo.toml:357:1
[INFO] [stderr]     |
[INFO] [stderr] 357 | prost-build = "0.14"
[INFO] [stderr]     | ^^^^^^^^^^^
[INFO] [stderr]     |
[INFO] [stderr] help: consider removing the workspace dependency `prost-build`
[INFO] [stderr] warning: unused workspace dependency `quick-junit`
[INFO] [stderr]    --> Cargo.toml:359:1
[INFO] [stderr]     |
[INFO] [stderr] 359 | quick-junit = "0.3.5"
[INFO] [stderr]     | ^^^^^^^^^^^
[INFO] [stderr]     |
[INFO] [stderr] help: consider removing the workspace dependency `quick-junit`
[INFO] [stderr] warning: workspace (manifest) generated 5 warnings
[INFO] [stderr]    Compiling proc-macro2 v1.0.101
[INFO] [stderr]    Compiling cfg-if v1.0.3
[INFO] [stderr]    Compiling libm v0.2.8
[INFO] [stderr]    Compiling portable-atomic v1.14.0
[INFO] [stderr]    Compiling parking_lot_core v0.9.9
[INFO] [stderr]    Compiling serde_json v1.0.140
[INFO] [stderr]    Compiling num-traits v0.2.19
[INFO] [stderr]    Compiling lock_api v0.4.11
[INFO] [stderr]    Compiling thiserror v2.0.12
[INFO] [stderr]    Compiling libc v0.2.186
[INFO] [stderr]    Compiling serde_core v1.0.228
[INFO] [stderr]    Compiling typenum v1.17.0
[INFO] [stderr]    Compiling log v0.4.32
[INFO] [stderr]     Checking allocator-api2 v0.2.21
[INFO] [stderr]     Checking getrandom v0.2.14
[INFO] [stderr]    Compiling getrandom v0.4.1
[INFO] [stderr]    Compiling generic-array v0.14.7
[INFO] [stderr]    Compiling anyhow v1.0.98
[INFO] [stderr]    Compiling aho-corasick v1.1.3
[INFO] [stderr]    Compiling regex-syntax v0.8.8
[INFO] [stderr]    Compiling equivalent v1.0.1
[INFO] [stderr]     Checking rand_core v0.6.4
[INFO] [stderr]    Compiling either v1.10.0
[INFO] [stderr]     Checking ryu v1.0.17
[INFO] [stderr]    Compiling rustix v0.38.34
[INFO] [stderr]    Compiling rustc-hash v2.1.1
[INFO] [stderr]     Checking hashbrown v0.16.1
[INFO] [stderr]     Checking critical-section v1.2.0
[INFO] [stderr]     Checking signal-hook-registry v1.4.2
[INFO] [stderr]     Checking socket2 v0.6.4
[INFO] [stderr]     Checking litemap v0.7.3
[INFO] [stderr]    Compiling radium v0.7.0
[INFO] [stderr]    Compiling glob v0.3.1
[INFO] [stderr]     Checking mio v1.0.3
[INFO] [stderr]    Compiling nom v7.1.3
[INFO] [stderr]    Compiling libloading v0.8.5
[INFO] [stderr]    Compiling quote v1.0.45
[INFO] [stderr]    Compiling itertools v0.10.5
[INFO] [stderr]     Checking ppv-lite86 v0.2.17
[INFO] [stderr]    Compiling icu_locale_data v2.2.0
[INFO] [stderr]    Compiling syn v2.0.117
[INFO] [stderr]    Compiling crc32fast v1.4.2
[INFO] [stderr]    Compiling adler2 v2.0.0
[INFO] [stderr]    Compiling icu_calendar_data v2.2.0
[INFO] [stderr]     Checking rand_core v0.10.0
[INFO] [stderr]    Compiling clang-sys v1.8.1
[INFO] [stderr]    Compiling miniz_oxide v0.8.8
[INFO] [stderr]     Checking once_cell v1.21.3
[INFO] [stderr]     Checking indexmap v2.12.0
[INFO] [stderr]    Compiling linux-raw-sys v0.4.13
[INFO] [stderr]    Compiling ahash v0.8.11
[INFO] [stderr]    Compiling strck v1.0.0
[INFO] [stderr]    Compiling home v0.5.9
[INFO] [stderr]    Compiling bindgen v0.72.1
[INFO] [stderr]     Checking rand_chacha v0.3.1
[INFO] [stderr]    Compiling gzip-header v1.0.0
[INFO] [stderr]     Checking rand v0.8.5
[INFO] [stderr]     Checking filetime v0.2.23
[INFO] [stderr]     Checking sha1_smol v1.0.1
[INFO] [stderr]    Compiling stringcase v0.4.0
[INFO] [stderr]    Compiling itoa v1.0.15
[INFO] [stderr]     Checking num-integer v0.1.46
[INFO] [stderr]     Checking data-encoding v2.5.0
[INFO] [stderr]     Checking uuid v1.21.0
[INFO] [stderr]    Compiling stable_deref_trait v1.2.0
[INFO] [stderr]     Checking tap v1.0.1
[INFO] [stderr]    Compiling jobserver v0.1.32
[INFO] [stderr]    Compiling fslock v0.2.1
[INFO] [stderr]     Checking wyz v0.5.1
[INFO] [stderr]     Checking funty v2.0.0
[INFO] [stderr]     Checking vsimd v0.8.0
[INFO] [stderr]     Checking outref v0.5.1
[INFO] [stderr]    Compiling cc v1.2.56
[INFO] [stderr]     Checking unicode-id-start v1.4.0
[INFO] [stderr]     Checking if_chain v1.0.2
[INFO] [stderr]    Compiling pin-project-lite v0.2.14
[INFO] [stderr]     Checking cpufeatures v0.2.12
[INFO] [stderr]    Compiling regex-automata v0.4.13
[INFO] [stderr]     Checking writeable v0.6.2
[INFO] [stderr]    Compiling memoffset v0.9.1
[INFO] [stderr]     Checking core_maths v0.1.1
[INFO] [stderr]    Compiling scopeguard v1.2.0
[INFO] [stderr]     Checking bitvec v1.0.1
[INFO] [stderr]    Compiling cexpr v0.6.0
[INFO] [stderr]    Compiling subtle v2.6.1
[INFO] [stderr]     Checking base64-simd v0.8.0
[INFO] [stderr]     Checking inventory v0.3.21
[INFO] [stderr]     Checking tracing-core v0.1.36
[INFO] [stderr]     Checking ixdtf v0.6.4
[INFO] [stderr]     Checking diplomat-runtime v0.15.1
[INFO] [stderr]    Compiling writeable v0.5.5
[INFO] [stderr]    Compiling icu_locid_transform_data v1.5.0
[INFO] [stderr]    Compiling icu_properties_data v1.5.0
[INFO] [stderr]    Compiling write16 v1.0.0
[INFO] [stderr]    Compiling utf16_iter v1.0.5
[INFO] [stderr]    Compiling icu_normalizer_data v1.5.0
[INFO] [stderr]     Checking bit-vec v0.8.0
[INFO] [stderr]    Compiling nix v0.30.1
[INFO] [stderr]     Checking cooked-waker v5.0.0
[INFO] [stderr]    Compiling phf_shared v0.11.2
[INFO] [stderr]    Compiling aws-lc-rs v1.16.3
[INFO] [stderr]     Checking sptr v0.3.2
[INFO] [stderr]     Checking deno_terminal v0.2.3
[INFO] [stderr]     Checking foldhash v0.1.4
[INFO] [stderr]    Compiling cmake v0.1.57
[INFO] [stderr]     Checking bit-set v0.8.0
[INFO] [stderr]    Compiling phf_generator v0.11.2
[INFO] [stderr]    Compiling futures-core v0.3.31
[INFO] [stderr]    Compiling httparse v1.10.0
[INFO] [stderr]    Compiling futures-sink v0.3.31
[INFO] [stderr]    Compiling slab v0.4.9
[INFO] [stderr]    Compiling smartstring v1.0.1
[INFO] [stderr]    Compiling futures-io v0.3.31
[INFO] [stderr]    Compiling futures-channel v0.3.31
[INFO] [stderr]    Compiling pin-utils v0.1.0
[INFO] [stderr]    Compiling futures-task v0.3.31
[INFO] [stderr]    Compiling rustls v0.23.40
[INFO] [stderr]    Compiling seq-macro v0.3.6
[INFO] [stderr]    Compiling const-oid v0.9.6
[INFO] [stderr]     Checking crossbeam-epoch v0.9.18
[INFO] [stderr]     Checking http v1.4.0
[INFO] [stderr]    Compiling signal-hook v0.3.17
[INFO] [stderr]    Compiling litemap v0.8.0
[INFO] [stderr]    Compiling aws-lc-sys v0.40.0
[INFO] [stderr]    Compiling libz-sys v1.1.20
[INFO] [stderr]    Compiling ring v0.17.14
[INFO] [stderr]    Compiling psm v0.1.21
[INFO] [stderr]    Compiling stacker v0.1.15
[INFO] [stderr]    Compiling syn v1.0.109
[INFO] [stderr]     Checking encoding_rs v0.8.35
[INFO] [stderr]     Checking unicode-ident v1.0.12
[INFO] [stderr]     Checking crossbeam-deque v0.8.5
[INFO] [stderr]    Compiling semver v1.0.25
[INFO] [stderr]     Checking rayon-core v1.13.0
[INFO] [stderr]     Checking bumpalo v3.19.0
[INFO] [stderr]     Checking diff v0.1.13
[INFO] [stderr]     Checking data-url v0.3.1
[INFO] [stderr]    Compiling regex v1.12.2
[INFO] [stderr]     Checking yansi v1.0.1
[INFO] [stderr]     Checking new_debug_unreachable v1.0.6
[INFO] [stderr]     Checking rayon v1.11.0
[INFO] [stderr]     Checking pretty_assertions v1.4.1
[INFO] [stderr]    Compiling derive-io-macros v0.4.1
[INFO] [stderr]    Compiling zerocopy v0.7.32
[INFO] [stderr]     Checking monch v0.6.0
[INFO] [stderr]     Checking better_scoped_tls v1.0.1
[INFO] [stderr]     Checking swc_visit v2.0.1
[INFO] [stderr]    Compiling zerocopy v0.8.27
[INFO] [stderr]    Compiling rustix v1.1.4
[INFO] [stderr]    Compiling moka v0.12.10
[INFO] [stderr]    Compiling rustc_version v0.4.0
[INFO] [stderr]    Compiling synstructure v0.13.1
[INFO] [stderr]    Compiling prettyplease v0.2.37
[INFO] [stderr]    Compiling swc_macros_common v1.0.1
[INFO] [stderr]    Compiling hashbrown v0.14.5
[INFO] [stderr]     Checking http-body v1.0.0
[INFO] [stderr]     Checking fqdn v0.5.2
[INFO] [stderr]     Checking ryu-js v1.0.1
[INFO] [stderr]    Compiling deno_features v0.55.0 (/opt/rustwide/workdir/runtime/features)
[INFO] [stderr]     Checking par-core v2.0.0
[INFO] [stderr]     Checking num_cpus v1.16.0
[INFO] [stderr]    Compiling siphasher v1.0.1
[INFO] [stderr]    Compiling oid-registry v0.6.1
[INFO] [stderr]    Compiling quinn-udp v0.5.9
[INFO] [stderr]    Compiling itertools v0.14.0
[INFO] [stderr]     Checking brotli-decompressor v4.0.1
[INFO] [stderr]    Compiling quinn v0.11.8
[INFO] [stderr]     Checking castaway v0.2.3
[INFO] [stderr]     Checking os_pipe v1.2.1
[INFO] [stderr]    Compiling deno_npm v0.70.0 (/opt/rustwide/workdir/libs/npm)
[INFO] [stderr]     Checking pathdiff v0.2.1
[INFO] [stderr]     Checking compact_str v0.7.1
[INFO] [stderr]     Checking getrandom v0.3.3
[INFO] [stderr]     Checking twox-hash v2.1.2
[INFO] [stderr]    Compiling fastrand v2.3.0
[INFO] [stderr]    Compiling rustc-hash v1.1.0
[INFO] [stderr]    Compiling curve25519-dalek v4.1.3
[INFO] [stderr]    Compiling zstd-sys v2.0.15+zstd.1.5.7
[INFO] [stderr]    Compiling hashbrown v0.15.5
[INFO] [stderr]    Compiling num-bigint-dig v0.8.6
[INFO] [stderr]     Checking rand_core v0.9.3
[INFO] [stderr]     Checking socket2 v0.5.5
[INFO] [stderr]    Compiling cranelift-assembler-x64-meta v0.117.2
[INFO] [stderr]     Checking rand_chacha v0.9.0
[INFO] [stderr]    Compiling naga v29.0.3
[INFO] [stderr]    Compiling scoped-tls v1.0.1
[INFO] [stderr]    Compiling phf_shared v0.13.1
[INFO] [stderr]     Checking rand v0.9.2
[INFO] [stderr]    Compiling pem-rfc7468 v0.7.0
[INFO] [stderr]    Compiling nix v0.29.0
[INFO] [stderr]    Compiling phf_generator v0.13.1
[INFO] [stderr]    Compiling synstructure v0.12.6
[INFO] [stderr]    Compiling cranelift-assembler-x64 v0.117.2
[INFO] [stderr]    Compiling wayland-sys v0.31.11
[INFO] [stderr]    Compiling cranelift-isle v0.117.2
[INFO] [stderr]    Compiling lcms2-sys v4.0.5
[INFO] [stderr]    Compiling cranelift-codegen-shared v0.117.2
[INFO] [stderr]    Compiling target-lexicon v0.13.2
[INFO] [stderr]     Checking brotli v6.0.0
[INFO] [stderr]    Compiling serde_derive v1.0.228
[INFO] [stderr]    Compiling zerofrom-derive v0.1.7
[INFO] [stderr]    Compiling displaydoc v0.2.4
[INFO] [stderr]    Compiling zeroize_derive v1.4.2
[INFO] [stderr]    Compiling yoke-derive v0.7.4
[INFO] [stderr]    Compiling zerovec-derive v0.10.3
[INFO] [stderr]    Compiling tokio-macros v2.5.0
[INFO] [stderr]    Compiling icu_provider_macros v1.5.0
[INFO] [stderr]    Compiling thiserror-impl v2.0.12
[INFO] [stderr]    Compiling futures-macro v0.3.31
[INFO] [stderr]    Compiling deno_error_macro v0.7.1
[INFO] [stderr]    Compiling sys_traits_macros v0.1.0
[INFO] [stderr]     Checking zeroize v1.8.1
[INFO] [stderr]    Compiling yoke-derive v0.8.2
[INFO] [stderr]    Compiling zerovec-derive v0.11.3
[INFO] [stderr]    Compiling boxed_error v0.2.3
[INFO] [stderr]     Checking zerofrom v0.1.7
[INFO] [stderr]    Compiling tracing-attributes v0.1.31
[INFO] [stderr]    Compiling pin-project-internal v1.1.5
[INFO] [stderr]     Checking yoke v0.7.4
[INFO] [stderr]    Compiling strum_macros v0.27.1
[INFO] [stderr]    Compiling syn-match v0.3.1
[INFO] [stderr]     Checking futures-util v0.3.31
[INFO] [stderr]     Checking zerovec v0.10.4
[INFO] [stderr]    Compiling capacity_builder_macros v0.3.0
[INFO] [stderr]     Checking crypto-common v0.1.6
[INFO] [stderr]    Compiling async-trait v0.1.88
[INFO] [stderr]     Checking block-buffer v0.10.4
[INFO] [stderr]     Checking yoke v0.8.2
[INFO] [stderr]     Checking calendrical_calculations v0.2.4
[INFO] [stderr]     Checking digest v0.10.7
[INFO] [stderr]     Checking zerovec v0.11.6
[INFO] [stderr]     Checking zerotrie v0.2.4
[INFO] [stderr]     Checking tracing v0.1.44
[INFO] [stderr]    Compiling zerocopy-derive v0.7.32
[INFO] [stderr]    Compiling thiserror-impl v1.0.69
[INFO] [stderr]     Checking pin-project v1.1.5
[INFO] [stderr]    Compiling phf_macros v0.11.2
[INFO] [stderr]    Compiling ast_node v5.0.0
[INFO] [stderr]    Compiling from_variant v3.0.0
[INFO] [stderr]     Checking tinystr v0.7.6
[INFO] [stderr]     Checking icu_collections v1.5.0
[INFO] [stderr]     Checking icu_locid v1.5.0
[INFO] [stderr]    Compiling swc_eq_ignore_macros v1.0.1
[INFO] [stderr]    Compiling string_enum v1.0.2
[INFO] [stderr]    Compiling is-macro v0.3.5
[INFO] [stderr]     Checking tinystr v0.8.3
[INFO] [stderr]     Checking potential_utf v0.1.3
[INFO] [stderr]    Compiling strum v0.27.1
[INFO] [stderr]    Compiling deno_ops v0.287.0 (/opt/rustwide/workdir/libs/ops)
[INFO] [stderr]     Checking icu_collections v2.2.0
[INFO] [stderr]     Checking icu_locale_core v2.2.0
[INFO] [stderr]     Checking resb v0.1.2
[INFO] [stderr]     Checking icu_provider v1.5.0
[INFO] [stderr]     Checking sha2 v0.10.8
[INFO] [stderr]    Compiling bytemuck_derive v1.10.2
[INFO] [stderr]     Checking serde v1.0.228
[INFO] [stderr]     Checking futures-executor v0.3.31
[INFO] [stderr]     Checking icu_locid_transform v1.5.0
[INFO] [stderr]     Checking futures v0.3.31
[INFO] [stderr]    Compiling der_derive v0.7.3
[INFO] [stderr]    Compiling swc_config_macro v1.0.1
[INFO] [stderr]     Checking smallvec v1.15.1
[INFO] [stderr]    Compiling bitflags v2.9.3
[INFO] [stderr]     Checking icu_properties v1.5.1
[INFO] [stderr]     Checking parking_lot v0.12.3
[INFO] [stderr]     Checking num-bigint v0.4.6
[INFO] [stderr]     Checking debugid v0.8.0
[INFO] [stderr]    Compiling diplomat_core v0.15.0
[INFO] [stderr]     Checking tokio v1.47.1
[INFO] [stderr]     Checking icu_provider v2.2.0
[INFO] [stderr]     Checking zoneinfo64 v0.3.0
[INFO] [stderr]     Checking icu_locale v2.2.0
[INFO] [stderr]     Checking timezone_provider v0.2.3
[INFO] [stderr]     Checking serde_bytes v0.11.14
[INFO] [stderr]     Checking hipstr v0.6.0
[INFO] [stderr]     Checking sys_traits v0.1.28
[INFO] [stderr]     Checking ecow v0.2.3
[INFO] [stderr]     Checking capacity_builder v0.5.0
[INFO] [stderr]     Checking icu_calendar v2.2.1
[INFO] [stderr]     Checking chrono v0.4.42
[INFO] [stderr]     Checking icu_normalizer v1.5.0
[INFO] [stderr]    Compiling diplomat v0.15.0
[INFO] [stderr]    Compiling which v6.0.1
[INFO] [stderr]     Checking ipnet v2.9.0
[INFO] [stderr]     Checking temporal_rs v0.2.3
[INFO] [stderr]     Checking idna_adapter v1.2.0
[INFO] [stderr]     Checking idna v1.1.0
[INFO] [stderr]     Checking sha1 v0.10.6
[INFO] [stderr]     Checking thiserror v1.0.69
[INFO] [stderr]    Compiling swc_ecma_codegen_macros v2.0.2
[INFO] [stderr]     Checking url v2.5.7
[INFO] [stderr]     Checking sourcemap v9.2.0
[INFO] [stderr]     Checking dashmap v5.5.3
[INFO] [stderr]     Checking bytes-str v0.2.7
[INFO] [stderr]     Checking temporal_capi v0.2.3
[INFO] [stderr]     Checking triomphe v0.1.13
[INFO] [stderr]    Compiling swc_ecma_transforms_macros v1.0.1
[INFO] [stderr]     Checking phf v0.11.2
[INFO] [stderr]     Checking swc_sourcemap v9.3.4
[INFO] [stderr]     Checking rustls-pki-types v1.12.0
[INFO] [stderr]     Checking hstr v3.0.3
[INFO] [stderr]    Compiling zerocopy-derive v0.8.27
[INFO] [stderr]     Checking swc_atoms v9.0.0
[INFO] [stderr]     Checking deno_maybe_sync v0.45.0 (/opt/rustwide/workdir/libs/maybe_sync)
[INFO] [stderr]    Compiling enum-as-inner v0.6.0
[INFO] [stderr]     Checking swc_common v17.0.1
[INFO] [stderr]    Compiling asn1-rs-derive v0.4.0
[INFO] [stderr]    Compiling asn1-rs-impl v0.1.0
[INFO] [stderr]     Checking deno_media_type v0.4.0
[INFO] [stderr]    Compiling block-padding v0.3.3
[INFO] [stderr]    Compiling lazy-regex-proc_macros v3.1.0
[INFO] [stderr]     Checking tempfile v3.10.1
[INFO] [stderr]     Checking inout v0.1.3
[INFO] [stderr]    Compiling cipher v0.4.4
[INFO] [stderr]    Compiling prost-derive v0.14.4
[INFO] [stderr]     Checking rustls-pemfile v2.1.2
[INFO] [stderr]     Checking swc_config v3.1.2
[INFO] [stderr]     Checking bytemuck v1.24.0
[INFO] [stderr]     Checking webpki-roots v0.26.1
[INFO] [stderr]     Checking swc_allocator v4.0.1
[INFO] [stderr]     Checking text_lines v0.6.0
[INFO] [stderr]     Checking hmac v0.12.1
[INFO] [stderr]     Checking which v8.0.0
[INFO] [stderr]     Checking deno_error v0.7.1
[INFO] [stderr]     Checking deno_unsync v0.4.4
[INFO] [stderr]     Checking tokio-util v0.7.16
[INFO] [stderr]     Checking http-body-util v0.1.3
[INFO] [stderr]     Checking deno_path_util v0.6.4
[INFO] [stderr]     Checking wasm_dep_analyzer v0.4.0
[INFO] [stderr]     Checking deno_permissions v0.117.0 (/opt/rustwide/workdir/runtime/permissions)
[INFO] [stderr]     Checking deno_semver v0.10.1
[INFO] [stderr]     Checking swc_ecma_ast v18.0.0
[INFO] [stderr]     Checking swc_ecma_loader v17.0.0
[INFO] [stderr]    Compiling v8 v150.4.0
[INFO] [stderr]    Compiling libsqlite3-sys v0.38.1
[INFO] [stderr]    Compiling curve25519-dalek-derive v0.1.1
[INFO] [stderr]     Checking h2 v0.4.7
[INFO] [stderr]    Compiling aes v0.8.3
[INFO] [stderr]     Checking jsonc-parser v0.32.1
[INFO] [stderr]     Checking derive-io v0.4.1
[INFO] [stderr]    Compiling async-stream-impl v0.3.5
[INFO] [stderr]    Compiling pbkdf2 v0.12.2
[INFO] [stderr]    Compiling cbc v0.1.2
[INFO] [stderr]    Compiling salsa20 v0.10.2
[INFO] [stderr]    Compiling der v0.7.9
[INFO] [stderr]     Checking arrayvec v0.7.4
[INFO] [stderr]    Compiling phf_macros v0.13.1
[INFO] [stderr]     Checking scrypt v0.11.0
[INFO] [stderr]    Compiling cranelift-codegen-meta v0.117.2
[INFO] [stderr]     Checking spki v0.7.3
[INFO] [stderr]    Compiling foreign-types-macros v0.2.3
[INFO] [stderr]    Compiling crossbeam-utils v0.8.21
[INFO] [stderr]    Compiling wgpu-hal v29.0.3
[INFO] [stderr]     Checking flate2 v1.0.35
[INFO] [stderr]    Compiling denokv_proto v0.14.0
[INFO] [stderr]    Compiling untrusted v0.7.1
[INFO] [stderr]     Checking quick-error v1.2.3
[INFO] [stderr]     Checking time v0.3.47
[INFO] [stderr]    Compiling pkcs5 v0.7.1
[INFO] [stderr]     Checking half v2.7.1
[INFO] [stderr]     Checking async-compression v0.4.11
[INFO] [stderr]     Checking hyper v1.6.0
[INFO] [stderr]     Checking deno_package_json v0.60.0 (/opt/rustwide/workdir/libs/package_json)
[INFO] [stderr]     Checking tokio-socks v0.5.3
[INFO] [stderr]     Checking hybrid-array v0.4.7
[INFO] [stderr]    Compiling cssparser-macros v0.6.1
[INFO] [stderr]    Compiling bindgen v0.71.1
[INFO] [stderr]     Checking rustls-native-certs v0.7.0
[INFO] [stderr]    Compiling pkcs8 v0.10.2
[INFO] [stderr]     Checking vsock v0.5.1
[INFO] [stderr]     Checking deno_lockfile v0.60.0 (/opt/rustwide/workdir/libs/lockfile)
[INFO] [stderr]     Checking hickory-proto v0.25.2
[INFO] [stderr]     Checking lazy-regex v3.1.0
[INFO] [stderr]    Compiling cranelift-codegen v0.117.2
[INFO] [stderr]     Checking match_cfg v0.1.0
[INFO] [stderr]    Compiling untrusted v0.9.0
[INFO] [stderr]    Compiling bindgen v0.70.1
[INFO] [stderr]     Checking ctutils v0.4.0
[INFO] [stderr]     Checking hostname v0.3.1
[INFO] [stderr]     Checking tokio-vsock v0.7.1
[INFO] [stderr]     Checking hyper-util v0.1.17
[INFO] [stderr]     Checking deno_native_certs v0.3.0
[INFO] [stderr]    Compiling spin v0.9.8
[INFO] [stderr]     Checking tagptr v0.2.0
[INFO] [stderr]    Compiling cmov v0.5.4
[INFO] [stderr]    Compiling lazy_static v1.5.0
[INFO] [stderr]     Checking resolv-conf v0.7.0
[INFO] [stderr]     Checking safe_arch v0.7.4
[INFO] [stderr] warning: libsqlite3-sys@0.38.1: cc: fatal error: Killed signal terminated program cc1
[INFO] [stderr] warning: libsqlite3-sys@0.38.1: compilation terminated.
[INFO] [stderr] error: failed to run custom build command for `libsqlite3-sys v0.38.1`
[INFO] [stderr] note: To improve backtraces for build dependencies, set the CARGO_PROFILE_DEV_BUILD_OVERRIDE_DEBUG=true environment variable to enable debug information generation.
[INFO] [stderr] 
[INFO] [stderr] Caused by:
[INFO] [stderr]   process didn't exit successfully: `/opt/rustwide/target/debug/build/libsqlite3-sys/add1371f36afecf4/out/build_script_build` (exit status: 1)
[INFO] [stderr]   --- stdout
[INFO] [stderr]   cargo:rerun-if-env-changed=LIBSQLITE3_SYS_USE_PKG_CONFIG
[INFO] [stderr]   cargo:rerun-if-env-changed=LIBSQLITE3_SYS_BUNDLING
[INFO] [stderr]   cargo:include=/opt/rustwide/cargo-home/registry/src/index.crates.io-1949cf8c6b5b557f/libsqlite3-sys-0.38.1/sqlite3
[INFO] [stderr]   cargo:rerun-if-changed=sqlite3/sqlite3.c
[INFO] [stderr]   cargo:rerun-if-changed=sqlite3/wasm32-wasi-vfs.c
[INFO] [stderr]   cargo:rerun-if-env-changed=SQLITE_MAX_VARIABLE_NUMBER
[INFO] [stderr]   cargo:rerun-if-env-changed=SQLITE_MAX_EXPR_DEPTH
[INFO] [stderr]   cargo:rerun-if-env-changed=SQLITE_MAX_COLUMN
[INFO] [stderr]   cargo:rerun-if-env-changed=LIBSQLITE3_FLAGS
[INFO] [stderr]   OUT_DIR = Some(/opt/rustwide/target/debug/build/libsqlite3-sys/7a5e30582719668e/out)
[INFO] [stderr]   OPT_LEVEL = Some(0)
[INFO] [stderr]   TARGET = Some(x86_64-unknown-linux-gnu)
[INFO] [stderr]   CARGO_ENCODED_RUSTFLAGS = Some(--cap-lints=forbid-Znext-solver=coherence)
[INFO] [stderr]   HOST = Some(x86_64-unknown-linux-gnu)
[INFO] [stderr]   cargo:rerun-if-env-changed=CC_x86_64-unknown-linux-gnu
[INFO] [stderr]   CC_x86_64-unknown-linux-gnu = None
[INFO] [stderr]   cargo:rerun-if-env-changed=CC_x86_64_unknown_linux_gnu
[INFO] [stderr]   CC_x86_64_unknown_linux_gnu = None
[INFO] [stderr]   cargo:rerun-if-env-changed=HOST_CC
[INFO] [stderr]   HOST_CC = None
[INFO] [stderr]   cargo:rerun-if-env-changed=CC
[INFO] [stderr]   CC = None
[INFO] [stderr]   cargo:rerun-if-env-changed=CC_ENABLE_DEBUG_OUTPUT
[INFO] [stderr]   RUSTC_WRAPPER = None
[INFO] [stderr]   cargo:rerun-if-env-changed=CRATE_CC_NO_DEFAULTS
[INFO] [stderr]   CRATE_CC_NO_DEFAULTS = None
[INFO] [stderr]   DEBUG = Some(true)
[INFO] [stderr]   CARGO_CFG_TARGET_FEATURE = Some(fxsr,sse,sse2,x87)
[INFO] [stderr]   cargo:rerun-if-env-changed=CFLAGS
[INFO] [stderr]   CFLAGS = None
[INFO] [stderr]   cargo:rerun-if-env-changed=HOST_CFLAGS
[INFO] [stderr]   HOST_CFLAGS = None
[INFO] [stderr]   cargo:rerun-if-env-changed=CFLAGS_x86_64_unknown_linux_gnu
[INFO] [stderr]   CFLAGS_x86_64_unknown_linux_gnu = None
[INFO] [stderr]   cargo:rerun-if-env-changed=CFLAGS_x86_64-unknown-linux-gnu
[INFO] [stderr]   CFLAGS_x86_64-unknown-linux-gnu = None
[INFO] [stderr]   cargo:warning=cc: fatal error: Killed signal terminated program cc1
[INFO] [stderr]   cargo:warning=compilation terminated.
[INFO] [stderr] 
[INFO] [stderr]   --- stderr
[INFO] [stderr]   error: 'rustfmt' is not installed for the custom toolchain '3154cc1a3e6424e44f438a95007d043ed5ceaaf6'.
[INFO] [stderr]   note: this is a custom toolchain, which cannot use `rustup component add`
[INFO] [stderr]   help: if you built this toolchain from source, and used `rustup toolchain link`, then you may be able to build the component with `x.py`
[INFO] [stderr]   Failed to run rustfmt: Internal rustfmt error (non-fatal, continuing)
[INFO] [stderr] 
[INFO] [stderr] 
[INFO] [stderr]   error occurred in cc-rs: command did not execute successfully (status code exit status: 1): LC_ALL="C" "cc" "-O0" "-ffunction-sections" "-fdata-sections" "-fPIC" "-g" "-gdwarf-4" "-fno-omit-frame-pointer" "-m64" "-w" "-DSQLITE_CORE" "-DSQLITE_DEFAULT_FOREIGN_KEYS=1" "-DSQLITE_ENABLE_API_ARMOR" "-DSQLITE_ENABLE_COLUMN_METADATA" "-DSQLITE_ENABLE_DBSTAT_VTAB" "-DSQLITE_ENABLE_FTS3" "-DSQLITE_ENABLE_FTS3_PARENTHESIS" "-DSQLITE_ENABLE_FTS5" "-DSQLITE_ENABLE_JSON1" "-DSQLITE_ENABLE_LOAD_EXTENSION=1" "-DSQLITE_ENABLE_MEMORY_MANAGEMENT" "-DSQLITE_ENABLE_RTREE" "-DSQLITE_ENABLE_STAT4" "-DSQLITE_SOUNDEX" "-DSQLITE_THREADSAFE=1" "-DSQLITE_USE_URI" "-DHAVE_USLEEP=1" "-DHAVE_ISNAN" "-D_POSIX_THREAD_SAFE_FUNCTIONS" "-DHAVE_LOCALTIME_R" "-DSQLITE_ENABLE_UNLOCK_NOTIFY" "-DSQLITE_ENABLE_PREUPDATE_HOOK" "-DSQLITE_ENABLE_SESSION" "-o" "/opt/rustwide/target/debug/build/libsqlite3-sys/7a5e30582719668e/out/c877a2978823c39d-sqlite3.o" "-c" "sqlite3/sqlite3.c"
[INFO] [stderr] 
[INFO] [stderr] 
[INFO] [stderr] warning: build failed, waiting for other jobs to finish...
[INFO] [stderr] error: failed to run custom build command for `v8 v150.4.0`
[INFO] [stderr] note: To improve backtraces for build dependencies, set the CARGO_PROFILE_DEV_BUILD_OVERRIDE_DEBUG=true environment variable to enable debug information generation.
[INFO] [stderr] 
[INFO] [stderr] Caused by:
[INFO] [stderr]   process didn't exit successfully: `/opt/rustwide/target/debug/build/v8/b48c9e422855b18d/out/build_script_build` (exit status: 101)
[INFO] [stderr]   --- stdout
[INFO] [stderr]   cargo:rerun-if-changed=.gn
[INFO] [stderr]   cargo:rerun-if-changed=BUILD.gn
[INFO] [stderr]   cargo:rerun-if-changed=src/binding.cc
[INFO] [stderr]   cargo:rerun-if-env-changed=CCACHE
[INFO] [stderr]   cargo:rerun-if-env-changed=CLANG_BASE_PATH
[INFO] [stderr]   cargo:rerun-if-env-changed=CXXSTDLIB
[INFO] [stderr]   cargo:rerun-if-env-changed=DENO_TRYBUILD
[INFO] [stderr]   cargo:rerun-if-env-changed=DOCS_RS
[INFO] [stderr]   cargo:rerun-if-env-changed=GN
[INFO] [stderr]   cargo:rerun-if-env-changed=GN_ARGS
[INFO] [stderr]   cargo:rerun-if-env-changed=HOST
[INFO] [stderr]   cargo:rerun-if-env-changed=NINJA
[INFO] [stderr]   cargo:rerun-if-env-changed=OUT_DIR
[INFO] [stderr]   cargo:rerun-if-env-changed=RUSTY_V8_ARCHIVE
[INFO] [stderr]   cargo:rerun-if-env-changed=RUSTY_V8_MIRROR
[INFO] [stderr]   cargo:rerun-if-env-changed=RUSTY_V8_SRC_BINDING_PATH
[INFO] [stderr]   cargo:rerun-if-env-changed=SCCACHE
[INFO] [stderr]   cargo:rerun-if-env-changed=V8_FORCE_DEBUG
[INFO] [stderr]   cargo:rerun-if-env-changed=V8_FROM_SOURCE
[INFO] [stderr]   cargo:rerun-if-env-changed=PYTHON
[INFO] [stderr]   cargo:rerun-if-env-changed=DISABLE_CLANG
[INFO] [stderr]   cargo:rerun-if-env-changed=EXTRA_GN_ARGS
[INFO] [stderr]   cargo:rerun-if-env-changed=PRINT_GN_ARGS
[INFO] [stderr]   cargo:rerun-if-env-changed=CARGO_ENCODED_RUSTFLAGS
[INFO] [stderr]   cargo:rustc-link-lib=static=rusty_v8
[INFO] [stderr]   lockfile: "/opt/rustwide/target/debug/build/v8/v8.fslock"
[INFO] [stderr]   cargo:rustc-env=RUSTY_V8_SRC_BINDING_PATH=/opt/rustwide/cargo-home/registry/src/index.crates.io-1949cf8c6b5b557f/v8-150.4.0/gen/src_binding_simdutf_release_x86_64-unknown-linux-gnu.rs
[INFO] [stderr]   static lib URL: https://github.com/denoland/rusty_v8/releases/download/v150.4.0/librusty_v8_simdutf_release_x86_64-unknown-linux-gnu.a.gz
[INFO] [stderr]   cargo:rustc-link-search=/opt/rustwide/target/debug/build/gn_out/obj
[INFO] [stderr]   Looking for download in '"/opt/rustwide/cargo-home/.rusty_v8/https___github_com_denoland_rusty_v8_releases_download_v150_4_0_librusty_v8_simdutf_release_x86_64_unknown_linux_gnu_a_gz"'
[INFO] [stderr]   Downloading https://github.com/denoland/rusty_v8/releases/download/v150.4.0/librusty_v8_simdutf_release_x86_64-unknown-linux-gnu.a.gz
[INFO] [stderr]   Trying with Python...
[INFO] [stderr]   Downloading https://github.com/denoland/rusty_v8/releases/download/v150.4.0/librusty_v8_simdutf_release_x86_64-unknown-linux-gnu.a.gz...
[INFO] [stderr]   <urlopen error [Errno -3] Temporary failure in name resolution>
[INFO] [stderr]   Retrying in 5 s ...
[INFO] [stderr]   Downloading https://github.com/denoland/rusty_v8/releases/download/v150.4.0/librusty_v8_simdutf_release_x86_64-unknown-linux-gnu.a.gz...
[INFO] [stderr]   <urlopen error [Errno -3] Temporary failure in name resolution>
[INFO] [stderr]   Retrying in 10 s ...
[INFO] [stderr]   Downloading https://github.com/denoland/rusty_v8/releases/download/v150.4.0/librusty_v8_simdutf_release_x86_64-unknown-linux-gnu.a.gz...
[INFO] [stderr]   <urlopen error [Errno -3] Temporary failure in name resolution>
[INFO] [stderr]   Retrying in 20 s ...
[INFO] [stderr]   Downloading https://github.com/denoland/rusty_v8/releases/download/v150.4.0/librusty_v8_simdutf_release_x86_64-unknown-linux-gnu.a.gz...
[INFO] [stderr]   <urlopen error [Errno -3] Temporary failure in name resolution>
[INFO] [stderr]   Python downloader failed, trying with curl.
[INFO] [stderr] 
[INFO] [stderr]   --- stderr
[INFO] [stderr]   Traceback (most recent call last):
[INFO] [stderr]     File "/usr/lib/python3.14/urllib/request.py", line 1321, in do_open
[INFO] [stderr]       h.request(req.get_method(), req.selector, req.data, headers,
[INFO] [stderr]       ~~~~~~~~~^^^^^^^^^^^^^^^^^^^^^^^^^^^^^^^^^^^^^^^^^^^^^^^^^^^
[INFO] [stderr]                 encode_chunked=req.has_header('Transfer-encoding'))
[INFO] [stderr]                 ^^^^^^^^^^^^^^^^^^^^^^^^^^^^^^^^^^^^^^^^^^^^^^^^^^^
[INFO] [stderr]     File "/usr/lib/python3.14/http/client.py", line 1367, in request
[INFO] [stderr]       self._send_request(method, url, body, headers, encode_chunked)
[INFO] [stderr]       ~~~~~~~~~~~~~~~~~~^^^^^^^^^^^^^^^^^^^^^^^^^^^^^^^^^^^^^^^^^^^^
[INFO] [stderr]     File "/usr/lib/python3.14/http/client.py", line 1413, in _send_request
[INFO] [stderr]       self.endheaders(body, encode_chunked=encode_chunked)
[INFO] [stderr]       ~~~~~~~~~~~~~~~^^^^^^^^^^^^^^^^^^^^^^^^^^^^^^^^^^^^^
[INFO] [stderr]     File "/usr/lib/python3.14/http/client.py", line 1362, in endheaders
[INFO] [stderr]       self._send_output(message_body, encode_chunked=encode_chunked)
[INFO] [stderr]       ~~~~~~~~~~~~~~~~~^^^^^^^^^^^^^^^^^^^^^^^^^^^^^^^^^^^^^^^^^^^^^
[INFO] [stderr]     File "/usr/lib/python3.14/http/client.py", line 1122, in _send_output
[INFO] [stderr]       self.send(msg)
[INFO] [stderr]       ~~~~~~~~~^^^^^
[INFO] [stderr]     File "/usr/lib/python3.14/http/client.py", line 1066, in send
[INFO] [stderr]       self.connect()
[INFO] [stderr]       ~~~~~~~~~~~~^^
[INFO] [stderr]     File "/usr/lib/python3.14/http/client.py", line 1501, in connect
[INFO] [stderr]       super().connect()
[INFO] [stderr]       ~~~~~~~~~~~~~~~^^
[INFO] [stderr]     File "/usr/lib/python3.14/http/client.py", line 1032, in connect
[INFO] [stderr]       self.sock = self._create_connection(
[INFO] [stderr]                   ~~~~~~~~~~~~~~~~~~~~~~~^
[INFO] [stderr]           (self.host,self.port), self.timeout, self.source_address)
[INFO] [stderr]           ^^^^^^^^^^^^^^^^^^^^^^^^^^^^^^^^^^^^^^^^^^^^^^^^^^^^^^^^^
[INFO] [stderr]     File "/usr/lib/python3.14/socket.py", line 846, in create_connection
[INFO] [stderr]       for res in getaddrinfo(host, port, 0, SOCK_STREAM):
[INFO] [stderr]                  ~~~~~~~~~~~^^^^^^^^^^^^^^^^^^^^^^^^^^^^
[INFO] [stderr]     File "/usr/lib/python3.14/socket.py", line 983, in getaddrinfo
[INFO] [stderr]       for res in _socket.getaddrinfo(host, port, family, type, proto, flags):
[INFO] [stderr]                  ~~~~~~~~~~~~~~~~~~~^^^^^^^^^^^^^^^^^^^^^^^^^^^^^^^^^^^^^^^^
[INFO] [stderr]   socket.gaierror: [Errno -3] Temporary failure in name resolution
[INFO] [stderr] 
[INFO] [stderr]   During handling of the above exception, another exception occurred:
[INFO] [stderr] 
[INFO] [stderr]   Traceback (most recent call last):
[INFO] [stderr]     File "/opt/rustwide/cargo-home/registry/src/index.crates.io-1949cf8c6b5b557f/v8-150.4.0/./tools/download_file.py", line 63, in <module>
[INFO] [stderr]       sys.exit(main())
[INFO] [stderr]                ~~~~^^
[INFO] [stderr]     File "/opt/rustwide/cargo-home/registry/src/index.crates.io-1949cf8c6b5b557f/v8-150.4.0/./tools/download_file.py", line 58, in main
[INFO] [stderr]       DownloadUrl(args.url, f)
[INFO] [stderr]       ~~~~~~~~~~~^^^^^^^^^^^^^
[INFO] [stderr]     File "/opt/rustwide/cargo-home/registry/src/index.crates.io-1949cf8c6b5b557f/v8-150.4.0/./tools/download_file.py", line 44, in DownloadUrl
[INFO] [stderr]       raise e
[INFO] [stderr]     File "/opt/rustwide/cargo-home/registry/src/index.crates.io-1949cf8c6b5b557f/v8-150.4.0/./tools/download_file.py", line 28, in DownloadUrl
[INFO] [stderr]       response = urlopen(url)
[INFO] [stderr]     File "/usr/lib/python3.14/urllib/request.py", line 187, in urlopen
[INFO] [stderr]       return opener.open(url, data, timeout)
[INFO] [stderr]              ~~~~~~~~~~~^^^^^^^^^^^^^^^^^^^^
[INFO] [stderr]     File "/usr/lib/python3.14/urllib/request.py", line 487, in open
[INFO] [stderr]       response = self._open(req, data)
[INFO] [stderr]     File "/usr/lib/python3.14/urllib/request.py", line 504, in _open
[INFO] [stderr]       result = self._call_chain(self.handle_open, protocol, protocol +
[INFO] [stderr]                                 '_open', req)
[INFO] [stderr]     File "/usr/lib/python3.14/urllib/request.py", line 464, in _call_chain
[INFO] [stderr]       result = func(*args)
[INFO] [stderr]     File "/usr/lib/python3.14/urllib/request.py", line 1369, in https_open
[INFO] [stderr]       return self.do_open(http.client.HTTPSConnection, req,
[INFO] [stderr]              ~~~~~~~~~~~~^^^^^^^^^^^^^^^^^^^^^^^^^^^^^^^^^^
[INFO] [stderr]                           context=self._context)
[INFO] [stderr]                           ^^^^^^^^^^^^^^^^^^^^^^
[INFO] [stderr]     File "/usr/lib/python3.14/urllib/request.py", line 1324, in do_open
[INFO] [stderr]       raise URLError(err)
[INFO] [stderr]   urllib.error.URLError: <urlopen error [Errno -3] Temporary failure in name resolution>
[INFO] [stderr] 
[INFO] [stderr]   thread 'main' (7598) panicked at /opt/rustwide/cargo-home/registry/src/index.crates.io-1949cf8c6b5b557f/v8-150.4.0/build.rs:852:5:
[INFO] [stderr]   Failed to download V8 prebuilt archive from https://github.com/denoland/rusty_v8/releases/download/v150.4.0/librusty_v8_simdutf_release_x86_64-unknown-linux-gnu.a.gz
[INFO] [stderr]   This is usually because no prebuilt archive is published for your target, in which case you should compile V8 from source by setting V8_FROM_SOURCE=1. It can also indicate a network connectivity problem.
[INFO] [stderr]   stack backtrace:
[INFO] [stderr]      0:     0x5bdc0f417ae1 - std[3164a59e47d3bde]::backtrace_rs::backtrace::libunwind::trace
[INFO] [stderr]                                  at /rustc/3154cc1a3e6424e44f438a95007d043ed5ceaaf6/library/std/src/../../backtrace/src/backtrace/libunwind.rs:117:9
[INFO] [stderr]      1:     0x5bdc0f417ae1 - std[3164a59e47d3bde]::backtrace_rs::backtrace::trace_unsynchronized::<std[3164a59e47d3bde]::sys::backtrace::_print_fmt::{closure#1}>
[INFO] [stderr]                                  at /rustc/3154cc1a3e6424e44f438a95007d043ed5ceaaf6/library/std/src/../../backtrace/src/backtrace/mod.rs:66:14
[INFO] [stderr]      2:     0x5bdc0f417ae1 - std[3164a59e47d3bde]::sys::backtrace::_print_fmt
[INFO] [stderr]                                  at /rustc/3154cc1a3e6424e44f438a95007d043ed5ceaaf6/library/std/src/sys/backtrace.rs:74:9
[INFO] [stderr]      3:     0x5bdc0f417ae1 - <<std[3164a59e47d3bde]::sys::backtrace::BacktraceLock>::print::DisplayBacktrace as core[934024a1e6126fb4]::fmt::Display>::fmt
[INFO] [stderr]                                  at /rustc/3154cc1a3e6424e44f438a95007d043ed5ceaaf6/library/std/src/sys/backtrace.rs:44:26
[INFO] [stderr]      4:     0x5bdc0f42e2da - <core[934024a1e6126fb4]::fmt::rt::Argument>::fmt
[INFO] [stderr]                                  at /rustc/3154cc1a3e6424e44f438a95007d043ed5ceaaf6/library/core/src/fmt/rt.rs:152:76
[INFO] [stderr]      5:     0x5bdc0f42e2da - core[934024a1e6126fb4]::fmt::write
[INFO] [stderr]      6:     0x5bdc0f41cddc - core[934024a1e6126fb4]::io::write::default_write_fmt::<std[3164a59e47d3bde]::sys::stdio::unix::Stderr>
[INFO] [stderr]                                  at /rustc/3154cc1a3e6424e44f438a95007d043ed5ceaaf6/library/core/src/io/write.rs:402:11
[INFO] [stderr]      7:     0x5bdc0f41cddc - <std[3164a59e47d3bde]::sys::stdio::unix::Stderr as core[934024a1e6126fb4]::io::write::Write>::write_fmt
[INFO] [stderr]                                  at /rustc/3154cc1a3e6424e44f438a95007d043ed5ceaaf6/library/core/src/io/write.rs:335:13
[INFO] [stderr]      8:     0x5bdc0f3f4d26 - <std[3164a59e47d3bde]::sys::backtrace::BacktraceLock>::print
[INFO] [stderr]                                  at /rustc/3154cc1a3e6424e44f438a95007d043ed5ceaaf6/library/std/src/sys/backtrace.rs:47:9
[INFO] [stderr]      9:     0x5bdc0f3f4d26 - std[3164a59e47d3bde]::panicking::default_hook::{closure#0}
[INFO] [stderr]                                  at /rustc/3154cc1a3e6424e44f438a95007d043ed5ceaaf6/library/std/src/panicking.rs:289:27
[INFO] [stderr]     10:     0x5bdc0f4115b1 - std[3164a59e47d3bde]::panicking::default_hook
[INFO] [stderr]                                  at /rustc/3154cc1a3e6424e44f438a95007d043ed5ceaaf6/library/std/src/panicking.rs:316:9
[INFO] [stderr]     11:     0x5bdc0f4118db - std[3164a59e47d3bde]::panicking::panic_with_hook
[INFO] [stderr]                                  at /rustc/3154cc1a3e6424e44f438a95007d043ed5ceaaf6/library/std/src/panicking.rs:811:13
[INFO] [stderr]     12:     0x5bdc0f3f4dd2 - std[3164a59e47d3bde]::panicking::panic_handler::{closure#0}
[INFO] [stderr]                                  at /rustc/3154cc1a3e6424e44f438a95007d043ed5ceaaf6/library/std/src/panicking.rs:685:13
[INFO] [stderr]     13:     0x5bdc0f3ed439 - std[3164a59e47d3bde]::sys::backtrace::__rust_end_short_backtrace::<std[3164a59e47d3bde]::panicking::panic_handler::{closure#0}, !>
[INFO] [stderr]                                  at /rustc/3154cc1a3e6424e44f438a95007d043ed5ceaaf6/library/std/src/sys/backtrace.rs:182:18
[INFO] [stderr]     14:     0x5bdc0f3f579d - __rustc[2e7b49d4226056d3]::rust_begin_unwind
[INFO] [stderr]                                  at /rustc/3154cc1a3e6424e44f438a95007d043ed5ceaaf6/library/std/src/panicking.rs:676:5
[INFO] [stderr]     15:     0x5bdc0f42eb7c - core[934024a1e6126fb4]::panicking::panic_fmt
[INFO] [stderr]                                  at /rustc/3154cc1a3e6424e44f438a95007d043ed5ceaaf6/library/core/src/panicking.rs:80:14
[INFO] [stderr]     16:     0x5bdc0ed8ac8b - build_script_build[3fe8177d886fbcff]::download_file
[INFO] [stderr]     17:     0x5bdc0ed8d416 - build_script_build[3fe8177d886fbcff]::main
[INFO] [stderr]     18:     0x5bdc0ed96c0b - std[3164a59e47d3bde]::sys::backtrace::__rust_begin_short_backtrace::<fn(), ()>
[INFO] [stderr]     19:     0x5bdc0ed97389 - std[3164a59e47d3bde]::rt::lang_start::<()>::{closure#0}
[INFO] [stderr]     20:     0x5bdc0f4106e8 - <&dyn core[934024a1e6126fb4]::ops::function::Fn<(), Output = i32> + core[934024a1e6126fb4]::marker::Sync + core[934024a1e6126fb4]::panic::unwind_safe::RefUnwindSafe as core[934024a1e6126fb4]::ops::function::FnOnce<()>>::call_once
[INFO] [stderr]                                  at /rustc/3154cc1a3e6424e44f438a95007d043ed5ceaaf6/library/core/src/ops/function.rs:287:21
[INFO] [stderr]     21:     0x5bdc0f4106e8 - std[3164a59e47d3bde]::panicking::catch_unwind::do_call::<&dyn core[934024a1e6126fb4]::ops::function::Fn<(), Output = i32> + core[934024a1e6126fb4]::marker::Sync + core[934024a1e6126fb4]::panic::unwind_safe::RefUnwindSafe, i32>
[INFO] [stderr]                                  at /rustc/3154cc1a3e6424e44f438a95007d043ed5ceaaf6/library/std/src/panicking.rs:573:43
[INFO] [stderr]     22:     0x5bdc0f4106e8 - std[3164a59e47d3bde]::panicking::catch_unwind::<i32, &dyn core[934024a1e6126fb4]::ops::function::Fn<(), Output = i32> + core[934024a1e6126fb4]::marker::Sync + core[934024a1e6126fb4]::panic::unwind_safe::RefUnwindSafe>
[INFO] [stderr]                                  at /rustc/3154cc1a3e6424e44f438a95007d043ed5ceaaf6/library/std/src/panicking.rs:541:19
[INFO] [stderr]     23:     0x5bdc0f4106e8 - std[3164a59e47d3bde]::panic::catch_unwind::<&dyn core[934024a1e6126fb4]::ops::function::Fn<(), Output = i32> + core[934024a1e6126fb4]::marker::Sync + core[934024a1e6126fb4]::panic::unwind_safe::RefUnwindSafe, i32>
[INFO] [stderr]                                  at /rustc/3154cc1a3e6424e44f438a95007d043ed5ceaaf6/library/std/src/panic.rs:359:14
[INFO] [stderr]     24:     0x5bdc0f4106e8 - std[3164a59e47d3bde]::rt::lang_start_internal::{closure#0}
[INFO] [stderr]                                  at /rustc/3154cc1a3e6424e44f438a95007d043ed5ceaaf6/library/std/src/rt.rs:175:24
[INFO] [stderr]     25:     0x5bdc0f4106e8 - std[3164a59e47d3bde]::panicking::catch_unwind::do_call::<std[3164a59e47d3bde]::rt::lang_start_internal::{closure#0}, isize>
[INFO] [stderr]                                  at /rustc/3154cc1a3e6424e44f438a95007d043ed5ceaaf6/library/std/src/panicking.rs:573:43
[INFO] [stderr]     26:     0x5bdc0f4106e8 - std[3164a59e47d3bde]::panicking::catch_unwind::<isize, std[3164a59e47d3bde]::rt::lang_start_internal::{closure#0}>
[INFO] [stderr]                                  at /rustc/3154cc1a3e6424e44f438a95007d043ed5ceaaf6/library/std/src/panicking.rs:541:19
[INFO] [stderr]     27:     0x5bdc0f4106e8 - std[3164a59e47d3bde]::panic::catch_unwind::<std[3164a59e47d3bde]::rt::lang_start_internal::{closure#0}, isize>
[INFO] [stderr]                                  at /rustc/3154cc1a3e6424e44f438a95007d043ed5ceaaf6/library/std/src/panic.rs:359:14
[INFO] [stderr]     28:     0x5bdc0f4106e8 - std[3164a59e47d3bde]::rt::lang_start_internal
[INFO] [stderr]                                  at /rustc/3154cc1a3e6424e44f438a95007d043ed5ceaaf6/library/std/src/rt.rs:171:5
[INFO] [stderr]     29:     0x5bdc0ed95f15 - main
[INFO] [stderr]     30:     0x70b734b8e601 - <unknown>
[INFO] [stderr]     31:     0x70b734b8e718 - __libc_start_main
[INFO] [stderr]     32:     0x5bdc0ed894e5 - _start
[INFO] [stderr]     33:                0x0 - <unknown>
[INFO] [stderr] error: could not compile `swc_ecma_ast` (lib)
[INFO] [stderr] 
[INFO] [stderr] Caused by:
[INFO] [stderr]   process didn't exit successfully: `/opt/rustwide/rustup-home/toolchains/3154cc1a3e6424e44f438a95007d043ed5ceaaf6/bin/rustc --crate-name swc_ecma_ast --edition=2021 /opt/rustwide/cargo-home/registry/src/index.crates.io-1949cf8c6b5b557f/swc_ecma_ast-18.0.0/src/lib.rs --error-format=json --json=diagnostic-rendered-ansi,artifacts,future-incompat,unused-externs-silent --crate-type lib --emit=dep-info,metadata -C embed-bitcode=no -C debuginfo=2 --cfg 'feature="default"' --cfg 'feature="serde"' --cfg 'feature="serde-impl"' --check-cfg 'cfg(docsrs,test)' --check-cfg 'cfg(feature, values("__rkyv", "arbitrary", "bytecheck", "cbor4ii", "default", "encoding-impl", "fuzzing", "rancor", "rkyv", "rkyv-impl", "serde", "serde-impl", "shrink-to-fit"))' -C metadata=3e0ef80849873552 -C extra-filename=-0402cdade1482a3e --out-dir /opt/rustwide/target/debug/build/swc_ecma_ast/0402cdade1482a3e/out -L dependency=/opt/rustwide/target/debug/build/ahash/bbcc4abf09225205/out -L dependency=/opt/rustwide/target/debug/build/allocator-api2/62553f1198541bf6/out -L dependency=/opt/rustwide/target/debug/build/anyhow/90e193725ca5b9c6/out -L dependency=/opt/rustwide/target/debug/build/ast_node/21c69aefe8b4edf0/out -L dependency=/opt/rustwide/target/debug/build/base64-simd/078d9ca819786d73/out -L dependency=/opt/rustwide/target/debug/build/better_scoped_tls/a07d2ab2689fa607/out -L dependency=/opt/rustwide/target/debug/build/bitvec/1dbd1dd2cbcfa03d/out -L dependency=/opt/rustwide/target/debug/build/byteorder/1faabe2fe6089cfe/out -L dependency=/opt/rustwide/target/debug/build/bytes-str/670c4944d106c252/out -L dependency=/opt/rustwide/target/debug/build/bytes/3aadfa1b17fcccf1/out -L dependency=/opt/rustwide/target/debug/build/cfg-if/dbbf0e19f44b3725/out -L dependency=/opt/rustwide/target/debug/build/critical-section/eccb42b79f92499e/out -L dependency=/opt/rustwide/target/debug/build/data-encoding/b91e927d833c1f13/out -L dependency=/opt/rustwide/target/debug/build/debugid/0b78fdb42a7a08fa/out -L dependency=/opt/rustwide/target/debug/build/displaydoc/cce80135afd9cfd5/out -L dependency=/opt/rustwide/target/debug/build/either/ee078175e91b6f46/out -L dependency=/opt/rustwide/target/debug/build/equivalent/fb4fa2bfdfc38fa6/out -L dependency=/opt/rustwide/target/debug/build/foldhash/d794f8647a7c5183/out -L dependency=/opt/rustwide/target/debug/build/form_urlencoded/8558270de8c5e9db/out -L dependency=/opt/rustwide/target/debug/build/from_variant/bd672bfe3703dc60/out -L dependency=/opt/rustwide/target/debug/build/funty/afe18b9c1a364713/out -L dependency=/opt/rustwide/target/debug/build/getrandom/89c5be428d502306/out -L dependency=/opt/rustwide/target/debug/build/getrandom/bd11d599601dadd6/out -L dependency=/opt/rustwide/target/debug/build/hashbrown/ed32cf5dbf2072d7/out -L dependency=/opt/rustwide/target/debug/build/hashbrown/faa3da34e712cee5/out -L dependency=/opt/rustwide/target/debug/build/hstr/c7be67f82e6743d3/out -L dependency=/opt/rustwide/target/debug/build/icu_collections/eb9e615a9a89a10b/out -L dependency=/opt/rustwide/target/debug/build/icu_locid/7ba0e5bc43840229/out -L dependency=/opt/rustwide/target/debug/build/icu_locid_transform/60908a61cefbcc7c/out -L dependency=/opt/rustwide/target/debug/build/icu_locid_transform_data/6d095c93792ae372/out -L dependency=/opt/rustwide/target/debug/build/icu_normalizer/9717cb41bdddb8c1/out -L dependency=/opt/rustwide/target/debug/build/icu_normalizer_data/033f1694e48a88eb/out -L dependency=/opt/rustwide/target/debug/build/icu_properties/254caa5d08a10d33/out -L dependency=/opt/rustwide/target/debug/build/icu_properties_data/3ac64057272cd0fb/out -L dependency=/opt/rustwide/target/debug/build/icu_provider/236a82508fea35ed/out -L dependency=/opt/rustwide/target/debug/build/icu_provider_macros/ee4ac0ac9097004e/out -L dependency=/opt/rustwide/target/debug/build/idna/a97a9a76b10eb479/out -L dependency=/opt/rustwide/target/debug/build/idna_adapter/721891efd082afe1/out -L dependency=/opt/rustwide/target/debug/build/if_chain/df43202ce27e6070/out -L dependency=/opt/rustwide/target/debug/build/indexmap/86c839e40058f31f/out -L dependency=/opt/rustwide/target/debug/build/itoa/5e6fae9653c9d29e/out -L dependency=/opt/rustwide/target/debug/build/libc/3bd0ba84fcbcedd3/out -L dependency=/opt/rustwide/target/debug/build/libm/d487cb1df926d798/out -L dependency=/opt/rustwide/target/debug/build/litemap/f8aca461f9fc6818/out -L dependency=/opt/rustwide/target/debug/build/log/296377f1b7fe0c55/out -L dependency=/opt/rustwide/target/debug/build/memchr/deda56e775f24a62/out -L dependency=/opt/rustwide/target/debug/build/new_debug_unreachable/e1f8d6583b6e2c7c/out -L dependency=/opt/rustwide/target/debug/build/num-bigint/70734fb877ff52e6/out -L dependency=/opt/rustwide/target/debug/build/num-integer/7a40219e488bfe46/out -L dependency=/opt/rustwide/target/debug/build/num-traits/3b0e6f8332470f37/out -L dependency=/opt/rustwide/target/debug/build/once_cell/4224afb088287633/out -L dependency=/opt/rustwide/target/debug/build/outref/991343ddb1424594/out -L dependency=/opt/rustwide/target/debug/build/percent-encoding/528721a9f54dc4b1/out -L dependency=/opt/rustwide/target/debug/build/phf_macros/ec89e4ffaa314ce4/out -L dependency=/opt/rustwide/target/debug/build/phf_shared/a53864a7fd47efc8/out -L dependency=/opt/rustwide/target/debug/build/pin-project-lite/a57bf5bc5e83730e/out -L dependency=/opt/rustwide/target/debug/build/portable-atomic/c1a0eb69b7663f09/out -L dependency=/opt/rustwide/target/debug/build/ppv-lite86/3a6c1cb8c8b4681d/out -L dependency=/opt/rustwide/target/debug/build/radium/9ca7325be4e4a02a/out -L dependency=/opt/rustwide/target/debug/build/rand/cd0c5c00304318df/out -L dependency=/opt/rustwide/target/debug/build/rand_chacha/7818d179f1f92fcf/out -L dependency=/opt/rustwide/target/debug/build/rand_core/24980ca5fb042aa1/out -L dependency=/opt/rustwide/target/debug/build/rand_core/6a874a9b0bd3af3c/out -L dependency=/opt/rustwide/target/debug/build/rustc-hash/ed73b79c6871c314/out -L dependency=/opt/rustwide/target/debug/build/ryu/a84da4cc6355fb5c/out -L dependency=/opt/rustwide/target/debug/build/scoped-tls/e22ae9c0b59591a0/out -L dependency=/opt/rustwide/target/debug/build/serde/12a9c3050d237fbb/out -L dependency=/opt/rustwide/target/debug/build/serde_core/6cb90b35080491a4/out -L dependency=/opt/rustwide/target/debug/build/serde_derive/03312baced3774a1/out -L dependency=/opt/rustwide/target/debug/build/serde_json/cbe0069a6e7a9fbc/out -L dependency=/opt/rustwide/target/debug/build/sha1_smol/70ec36e45f12e343/out -L dependency=/opt/rustwide/target/debug/build/siphasher/eaef5954cf1b45ab/out -L dependency=/opt/rustwide/target/debug/build/smallvec/4077a6570e8ed0c7/out -L dependency=/opt/rustwide/target/debug/build/stable_deref_trait/0e8b9ea900c8ae76/out -L dependency=/opt/rustwide/target/debug/build/swc_atoms/4f349d741d515d40/out -L dependency=/opt/rustwide/target/debug/build/swc_eq_ignore_macros/aa1c7ce53a5bd175/out -L dependency=/opt/rustwide/target/debug/build/swc_sourcemap/66b2100a4e94b0f9/out -L dependency=/opt/rustwide/target/debug/build/swc_visit/5c27575ec21478d5/out -L dependency=/opt/rustwide/target/debug/build/tap/3e66966ee826b1a4/out -L dependency=/opt/rustwide/target/debug/build/tinystr/a557e0b2ce0dda02/out -L dependency=/opt/rustwide/target/debug/build/tracing-attributes/d453c27b6ee88956/out -L dependency=/opt/rustwide/target/debug/build/tracing-core/f234e904866bfc26/out -L dependency=/opt/rustwide/target/debug/build/tracing/cf3cad68842782e6/out -L dependency=/opt/rustwide/target/debug/build/triomphe/05945a487e0bf06d/out -L dependency=/opt/rustwide/target/debug/build/unicode-id-start/83c7c308bd36e1db/out -L dependency=/opt/rustwide/target/debug/build/unicode-width/d240299c8c3a1bab/out -L dependency=/opt/rustwide/target/debug/build/url/c84b357cc934f4e6/out -L dependency=/opt/rustwide/target/debug/build/utf16_iter/e38c8a6c76b955f5/out -L dependency=/opt/rustwide/target/debug/build/utf8_iter/2a9a14295c98e961/out -L dependency=/opt/rustwide/target/debug/build/uuid/f1715137e980165c/out -L dependency=/opt/rustwide/target/debug/build/vsimd/f237167291ace128/out -L dependency=/opt/rustwide/target/debug/build/write16/a00b4a594ea4a887/out -L dependency=/opt/rustwide/target/debug/build/writeable/029530d590248c79/out -L dependency=/opt/rustwide/target/debug/build/wyz/76895a3b0c18a9ee/out -L dependency=/opt/rustwide/target/debug/build/yoke-derive/4193e626273cb038/out -L dependency=/opt/rustwide/target/debug/build/yoke/3ee5ec96b681f778/out -L dependency=/opt/rustwide/target/debug/build/zerocopy-derive/58f3cb56dc9b14aa/out -L dependency=/opt/rustwide/target/debug/build/zerocopy/71131011466b535c/out -L dependency=/opt/rustwide/target/debug/build/zerofrom-derive/d3c7ce545429cf9c/out -L dependency=/opt/rustwide/target/debug/build/zerofrom/2f6a1b532bbba928/out -L dependency=/opt/rustwide/target/debug/build/zerovec-derive/f01ffe9d61a84a41/out -L dependency=/opt/rustwide/target/debug/build/zerovec/46732f0eacc95df7/out --extern bitflags=/opt/rustwide/target/debug/build/bitflags/0b97a5d04f89c3d4/out/libbitflags-0b97a5d04f89c3d4.rmeta --extern is_macro=/opt/rustwide/target/debug/build/is-macro/ef6d1056f9df78ac/out/libis_macro-ef6d1056f9df78ac.so --extern num_bigint=/opt/rustwide/target/debug/build/num-bigint/70734fb877ff52e6/out/libnum_bigint-70734fb877ff52e6.rmeta --extern once_cell=/opt/rustwide/target/debug/build/once_cell/4224afb088287633/out/libonce_cell-4224afb088287633.rmeta --extern phf=/opt/rustwide/target/debug/build/phf/5c521966c2a0e679/out/libphf-5c521966c2a0e679.rmeta --extern rustc_hash=/opt/rustwide/target/debug/build/rustc-hash/ed73b79c6871c314/out/librustc_hash-ed73b79c6871c314.rmeta --extern serde=/opt/rustwide/target/debug/build/serde/12a9c3050d237fbb/out/libserde-12a9c3050d237fbb.rmeta --extern string_enum=/opt/rustwide/target/debug/build/string_enum/08f6e6869387def1/out/libstring_enum-08f6e6869387def1.so --extern swc_atoms=/opt/rustwide/target/debug/build/swc_atoms/4f349d741d515d40/out/libswc_atoms-4f349d741d515d40.rmeta --extern swc_common=/opt/rustwide/target/debug/build/swc_common/ae792aee8d4d5ec7/out/libswc_common-ae792aee8d4d5ec7.rmeta --extern swc_visit=/opt/rustwide/target/debug/build/swc_visit/5c27575ec21478d5/out/libswc_visit-5c27575ec21478d5.rmeta --extern unicode_id_start=/opt/rustwide/target/debug/build/unicode-id-start/83c7c308bd36e1db/out/libunicode_id_start-83c7c308bd36e1db.rmeta --cap-lints allow --cap-lints=forbid -Znext-solver=coherence --force-warn=unused_crate_dependencies` (signal: 9, SIGKILL: kill)
[INFO] running `Command { std: "docker" "inspect" "cebefba9c3cda0f00deea5e082f9f99c66e28ad36a85714e06c841055e6f3d2f", kill_on_drop: false }`
[INFO] running `Command { std: "docker" "rm" "-f" "cebefba9c3cda0f00deea5e082f9f99c66e28ad36a85714e06c841055e6f3d2f", kill_on_drop: false }`
[INFO] [stdout] cebefba9c3cda0f00deea5e082f9f99c66e28ad36a85714e06c841055e6f3d2f
