[INFO] cloning repository https://github.com/thefoenixweb/gds-reader
[INFO] running `Command { std: "git" "-c" "credential.helper=" "-c" "credential.helper=/workspace/cargo-home/bin/git-credential-null" "clone" "--bare" "https://github.com/thefoenixweb/gds-reader" "/workspace/cache/git-repos/https%3A%2F%2Fgithub.com%2Fthefoenixweb%2Fgds-reader", kill_on_drop: false }`
[INFO] [stderr] Cloning into bare repository '/workspace/cache/git-repos/https%3A%2F%2Fgithub.com%2Fthefoenixweb%2Fgds-reader'...
[INFO] running `Command { std: "git" "rev-parse" "HEAD", kill_on_drop: false }`
[INFO] [stdout] 5494b2b2459391d8c39ed3809cce65a4dcbec566
[INFO] checking thefoenixweb/gds-reader against 3154cc1a3e6424e44f438a95007d043ed5ceaaf6 for pr-133502-30
[INFO] running `Command { std: "git" "clone" "/workspace/cache/git-repos/https%3A%2F%2Fgithub.com%2Fthefoenixweb%2Fgds-reader" "/workspace/builds/worker-3-tc2/source", kill_on_drop: false }`
[INFO] [stderr] Cloning into '/workspace/builds/worker-3-tc2/source'...
[INFO] [stderr] done.
[INFO] started tweaking git repo https://github.com/thefoenixweb/gds-reader
[INFO] finished tweaking git repo https://github.com/thefoenixweb/gds-reader
[INFO] tweaked toml for git repo https://github.com/thefoenixweb/gds-reader written to /workspace/builds/worker-3-tc2/source/Cargo.toml
[INFO] validating manifest of git repo https://github.com/thefoenixweb/gds-reader on toolchain 3154cc1a3e6424e44f438a95007d043ed5ceaaf6
[INFO] running `Command { std: CARGO_HOME="/workspace/cargo-home" RUSTUP_HOME="/workspace/rustup-home" "/workspace/cargo-home/bin/cargo" "+3154cc1a3e6424e44f438a95007d043ed5ceaaf6" "metadata" "--manifest-path" "Cargo.toml" "--no-deps", kill_on_drop: false }`
[INFO] crate git repo https://github.com/thefoenixweb/gds-reader already has a lockfile, it will not be regenerated
[INFO] running `Command { std: CARGO_HOME="/workspace/cargo-home" RUSTUP_HOME="/workspace/rustup-home" "/workspace/cargo-home/bin/cargo" "+3154cc1a3e6424e44f438a95007d043ed5ceaaf6" "fetch" "--manifest-path" "Cargo.toml", kill_on_drop: false }`
[INFO] running `Command { std: "docker" "create" "-v" "/var/lib/crater-agent-workspace/builds/worker-3-tc2/source:/opt/rustwide/workdir:ro,Z" "-v" "/var/lib/crater-agent-workspace/builds/worker-3-tc2/target:/opt/rustwide/target:rw,Z" "-v" "/var/lib/crater-agent-workspace/cargo-home:/opt/rustwide/cargo-home:ro,Z" "-v" "/var/lib/crater-agent-workspace/rustup-home:/opt/rustwide/rustup-home:ro,Z" "-m" "1610612736" "--network" "none" "ghcr.io/rust-lang/crates-build-env/linux@sha256:77db811e55d90add9212f6832c23229e3de5f1c1f9905e8cb07319ea15df73ac" "sleep" "infinity", kill_on_drop: false }`
[INFO] [stdout] 93e685bdf4d7db1059acbfb622673767f091bb936d40d4f9f7882bf7995785ea
[INFO] running `Command { std: "docker" "start" "93e685bdf4d7db1059acbfb622673767f091bb936d40d4f9f7882bf7995785ea", kill_on_drop: false }`
[INFO] running `Command { std: "docker" "inspect" "93e685bdf4d7db1059acbfb622673767f091bb936d40d4f9f7882bf7995785ea", kill_on_drop: false }`
[INFO] running `Command { std: "docker" "exec" "-e" "SOURCE_DIR=/opt/rustwide/workdir" "-e" "CARGO_HOME=/opt/rustwide/cargo-home" "-e" "RUSTUP_HOME=/opt/rustwide/rustup-home" "-e" "CARGO_TARGET_DIR=/opt/rustwide/target" "-w" "/opt/rustwide/workdir" "--user" "0:0" "93e685bdf4d7db1059acbfb622673767f091bb936d40d4f9f7882bf7995785ea" "/opt/rustwide/cargo-home/bin/cargo" "+3154cc1a3e6424e44f438a95007d043ed5ceaaf6" "metadata" "--no-deps" "--format-version=1", kill_on_drop: false }`
[INFO] running `Command { std: "docker" "inspect" "93e685bdf4d7db1059acbfb622673767f091bb936d40d4f9f7882bf7995785ea", kill_on_drop: false }`
[INFO] running `Command { std: "docker" "exec" "-e" "SOURCE_DIR=/opt/rustwide/workdir" "-e" "CARGO_HOME=/opt/rustwide/cargo-home" "-e" "RUSTUP_HOME=/opt/rustwide/rustup-home" "-e" "CARGO_TARGET_DIR=/opt/rustwide/target" "-e" "CARGO_INCREMENTAL=0" "-e" "RUST_BACKTRACE=full" "-e" "RUSTFLAGS=--cap-lints=forbid" "-e" "RUSTDOCFLAGS=--cap-lints=forbid" "-w" "/opt/rustwide/workdir" "--user" "0:0" "93e685bdf4d7db1059acbfb622673767f091bb936d40d4f9f7882bf7995785ea" "/opt/rustwide/cargo-home/bin/cargo" "+3154cc1a3e6424e44f438a95007d043ed5ceaaf6" "check" "--frozen" "--all" "--all-targets" "--message-format=json", kill_on_drop: false }`
[INFO] [stderr]    Compiling unicode-ident v1.0.26
[INFO] [stderr]     Checking futures-core v0.3.34
[INFO] [stderr]     Checking cfg-if v1.0.5
[INFO] [stderr]     Checking byteorder v1.5.0
[INFO] [stderr]    Compiling rustversion v1.0.23
[INFO] [stderr]    Compiling zerocopy v0.8.57
[INFO] [stderr]     Checking typenum v1.20.1
[INFO] [stderr]     Checking futures-sink v0.3.34
[INFO] [stderr]    Compiling libm v0.2.16
[INFO] [stderr]     Checking smallvec v1.16.1
[INFO] [stderr]    Compiling num-traits v0.2.19
[INFO] [stderr]     Checking futures-task v0.3.34
[INFO] [stderr]    Compiling heapless v0.8.0
[INFO] [stderr]     Checking mio v1.2.3
[INFO] [stderr]     Checking log v0.4.34
[INFO] [stderr]    Compiling serde_core v1.0.229
[INFO] [stderr]     Checking tracing-core v0.1.36
[INFO] [stderr]     Checking futures-channel v0.3.34
[INFO] [stderr]     Checking getrandom v0.2.17
[INFO] [stderr]    Compiling proc-macro2 v1.0.107
[INFO] [stderr]     Checking http-body-util v0.1.5
[INFO] [stderr]     Checking simdutf8 v0.1.5
[INFO] [stderr]     Checking sync_wrapper v1.0.2
[INFO] [stderr]    Compiling multiversion_no_op v1.0.0
[INFO] [stderr]     Checking rand_core v0.6.4
[INFO] [stderr]    Compiling quote v1.0.47
[INFO] [stderr]     Checking core_detect v1.0.0
[INFO] [stderr]     Checking hash32 v0.3.1
[INFO] [stderr]     Checking utf-8 v0.7.6
[INFO] [stderr]     Checking data-encoding v2.11.1
[INFO] [stderr]     Checking http-range-header v0.4.2
[INFO] [stderr]     Checking matchit v0.7.3
[INFO] [stderr]     Checking bitflags v2.13.2
[INFO] [stderr]    Compiling syn v3.0.6
[INFO] [stderr]    Compiling syn v2.0.119
[INFO] [stderr]    Compiling encoding_rs v0.8.41
[INFO] [stderr]     Checking tracing v0.1.44
[INFO] [stderr]     Checking generic-array v0.14.7
[INFO] [stderr]     Checking rstar v0.12.2
[INFO] [stderr]     Checking block-buffer v0.10.4
[INFO] [stderr]     Checking crypto-common v0.1.7
[INFO] [stderr]    Compiling thiserror-impl v1.0.69
[INFO] [stderr]     Checking digest v0.10.7
[INFO] [stderr]     Checking sha1 v0.10.7
[INFO] [stderr]     Checking layout-db v0.1.0 (/opt/rustwide/workdir/backend/crates/layout-db)
[INFO] [stdout] error[E0061]: this method takes 2 arguments but 1 argument was supplied
[INFO] [stdout]    --> backend/crates/layout-db/src/index.rs:594:29
[INFO] [stdout]     |
[INFO] [stdout] 594 |         let results = index.query(&vp);
[INFO] [stdout]     |                             ^^^^^----- argument #2 of type `f64` is missing
[INFO] [stdout]     |
[INFO] [stdout] note: method defined here
[INFO] [stdout]    --> backend/crates/layout-db/src/index.rs:468:12
[INFO] [stdout]     |
[INFO] [stdout] 468 |     pub fn query(&self, viewport: &BoundingBox, min_size: f64) -> Vec<IndexedShape> {
[INFO] [stdout]     |            ^^^^^                                -------------
[INFO] [stdout] help: provide the argument
[INFO] [stdout]     |
[INFO] [stdout] 594 |         let results = index.query(&vp, /* f64 */);
[INFO] [stdout]     |                                      +++++++++++
[INFO] [stdout] 
[INFO] [stdout] 
[INFO] [stdout] error[E0061]: this method takes 2 arguments but 1 argument was supplied
[INFO] [stdout]    --> backend/crates/layout-db/src/index.rs:602:29
[INFO] [stdout]     |
[INFO] [stdout] 602 |         let results = index.query(&vp);
[INFO] [stdout]     |                             ^^^^^----- argument #2 of type `f64` is missing
[INFO] [stdout]     |
[INFO] [stdout] note: method defined here
[INFO] [stdout]    --> backend/crates/layout-db/src/index.rs:468:12
[INFO] [stdout]     |
[INFO] [stdout] 468 |     pub fn query(&self, viewport: &BoundingBox, min_size: f64) -> Vec<IndexedShape> {
[INFO] [stdout]     |            ^^^^^                                -------------
[INFO] [stdout] help: provide the argument
[INFO] [stdout]     |
[INFO] [stdout] 602 |         let results = index.query(&vp, /* f64 */);
[INFO] [stdout]     |                                      +++++++++++
[INFO] [stdout] 
[INFO] [stdout] 
[INFO] [stdout] error[E0061]: this method takes 2 arguments but 1 argument was supplied
[INFO] [stdout]    --> backend/crates/layout-db/src/index.rs:610:29
[INFO] [stdout]     |
[INFO] [stdout] 610 |         let results = index.query(&vp);
[INFO] [stdout]     |                             ^^^^^----- argument #2 of type `f64` is missing
[INFO] [stdout]     |
[INFO] [stdout] note: method defined here
[INFO] [stdout]    --> backend/crates/layout-db/src/index.rs:468:12
[INFO] [stdout]     |
[INFO] [stdout] 468 |     pub fn query(&self, viewport: &BoundingBox, min_size: f64) -> Vec<IndexedShape> {
[INFO] [stdout]     |            ^^^^^                                -------------
[INFO] [stdout] help: provide the argument
[INFO] [stdout]     |
[INFO] [stdout] 610 |         let results = index.query(&vp, /* f64 */);
[INFO] [stdout]     |                                      +++++++++++
[INFO] [stdout] 
[INFO] [stdout] 
[INFO] [stdout] For more information about this error, try `rustc --explain E0061`.
[INFO] [stdout] 
[INFO] [stderr] error: could not compile `layout-db` (lib test) due to 3 previous errors
[INFO] [stderr] warning: build failed, waiting for other jobs to finish...
[INFO] running `Command { std: "docker" "inspect" "93e685bdf4d7db1059acbfb622673767f091bb936d40d4f9f7882bf7995785ea", kill_on_drop: false }`
[INFO] running `Command { std: "docker" "rm" "-f" "93e685bdf4d7db1059acbfb622673767f091bb936d40d4f9f7882bf7995785ea", kill_on_drop: false }`
[INFO] [stdout] 93e685bdf4d7db1059acbfb622673767f091bb936d40d4f9f7882bf7995785ea
