[INFO] cloning repository https://github.com/thaylanponte/reports-agente
[INFO] running `Command { std: "git" "-c" "credential.helper=" "-c" "credential.helper=/workspace/cargo-home/bin/git-credential-null" "clone" "--bare" "https://github.com/thaylanponte/reports-agente" "/workspace/cache/git-repos/https%3A%2F%2Fgithub.com%2Fthaylanponte%2Freports-agente", kill_on_drop: false }`
[INFO] [stderr] Cloning into bare repository '/workspace/cache/git-repos/https%3A%2F%2Fgithub.com%2Fthaylanponte%2Freports-agente'...
[INFO] running `Command { std: "git" "rev-parse" "HEAD", kill_on_drop: false }`
[INFO] [stdout] 5c5155cf5aa8d40e9430c9cd516d2a86010065fa
[INFO] checking thaylanponte/reports-agente against 3154cc1a3e6424e44f438a95007d043ed5ceaaf6+rustflags=-Znext-solver=coherence for pr-133502-30
[INFO] running `Command { std: "git" "clone" "/workspace/cache/git-repos/https%3A%2F%2Fgithub.com%2Fthaylanponte%2Freports-agente" "/workspace/builds/worker-5-tc1/source", kill_on_drop: false }`
[INFO] [stderr] Cloning into '/workspace/builds/worker-5-tc1/source'...
[INFO] [stderr] done.
[INFO] started tweaking git repo https://github.com/thaylanponte/reports-agente
[INFO] finished tweaking git repo https://github.com/thaylanponte/reports-agente
[INFO] tweaked toml for git repo https://github.com/thaylanponte/reports-agente written to /workspace/builds/worker-5-tc1/source/Cargo.toml
[INFO] validating manifest of git repo https://github.com/thaylanponte/reports-agente on toolchain 3154cc1a3e6424e44f438a95007d043ed5ceaaf6
[INFO] running `Command { std: CARGO_HOME="/workspace/cargo-home" RUSTUP_HOME="/workspace/rustup-home" "/workspace/cargo-home/bin/cargo" "+3154cc1a3e6424e44f438a95007d043ed5ceaaf6" "metadata" "--manifest-path" "Cargo.toml" "--no-deps", kill_on_drop: false }`
[INFO] crate git repo https://github.com/thaylanponte/reports-agente already has a lockfile, it will not be regenerated
[INFO] running `Command { std: CARGO_HOME="/workspace/cargo-home" RUSTUP_HOME="/workspace/rustup-home" "/workspace/cargo-home/bin/cargo" "+3154cc1a3e6424e44f438a95007d043ed5ceaaf6" "fetch" "--manifest-path" "Cargo.toml", kill_on_drop: false }`
[INFO] [stderr]     Updating crates.io index
[INFO] [stderr]  Downloading crates ...
[INFO] [stderr]   Downloaded windows-service v0.8.0
[INFO] [stderr]   Downloaded libredox v0.1.12
[INFO] [stderr]   Downloaded wasm-bindgen-macro v0.2.112
[INFO] [stderr]   Downloaded wayland-cursor v0.31.13
[INFO] [stderr]   Downloaded wasm-bindgen-shared v0.2.112
[INFO] [stderr]   Downloaded jni-sys v0.3.0
[INFO] [stderr]   Downloaded jobserver v0.1.34
[INFO] [stderr]   Downloaded wayland-sys v0.31.10
[INFO] [stderr]   Downloaded redox_syscall v0.7.1
[INFO] [stderr]   Downloaded wasm-bindgen-futures v0.4.62
[INFO] [stderr]   Downloaded zerocopy-derive v0.8.39
[INFO] [stderr]   Downloaded semver v1.0.27
[INFO] [stderr]   Downloaded wayland-protocols-wlr v0.3.11
[INFO] [stderr]   Downloaded num_enum v0.7.5
[INFO] [stderr]   Downloaded num_enum_derive v0.7.5
[INFO] [stderr]   Downloaded simd-adler32 v0.3.8
[INFO] [stderr]   Downloaded tempfile v3.26.0
[INFO] [stderr]   Downloaded schannel v0.1.28
[INFO] [stderr]   Downloaded wayland-scanner v0.31.9
[INFO] [stderr]   Downloaded memmap2 v0.9.10
[INFO] [stderr]   Downloaded toml_parser v1.0.9+spec-1.1.0
[INFO] [stderr]   Downloaded odbc-sys v0.24.0
[INFO] [stderr]   Downloaded ecolor v0.29.1
[INFO] [stderr]   Downloaded getrandom v0.4.1
[INFO] [stderr]   Downloaded wasm-bindgen-macro-support v0.2.112
[INFO] [stderr]   Downloaded socket2 v0.6.2
[INFO] [stderr]   Downloaded wasm-bindgen v0.2.112
[INFO] [stderr]   Downloaded wayland-protocols-plasma v0.3.11
[INFO] [stderr]   Downloaded wayland-client v0.31.13
[INFO] [stderr]   Downloaded wayland-backend v0.3.14
[INFO] [stderr]   Downloaded egui_glow v0.29.1
[INFO] [stderr]   Downloaded emath v0.29.1
[INFO] [stderr]   Downloaded accesskit v0.16.3
[INFO] [stderr]   Downloaded egui-winit v0.29.1
[INFO] [stderr]   Downloaded cc v1.2.56
[INFO] [stderr]   Downloaded js-sys v0.3.89
[INFO] [stderr]   Downloaded toml_edit v0.23.10+spec-1.0.0
[INFO] [stderr]   Downloaded eframe v0.29.1
[INFO] [stderr]   Downloaded epaint v0.29.1
[INFO] [stderr]   Downloaded webbrowser v1.2.0
[INFO] [stderr]   Downloaded icu_properties v2.1.2
[INFO] [stderr]   Downloaded wayland-protocols-misc v0.3.11
[INFO] [stderr]   Downloaded winnow v0.7.14
[INFO] [stderr]   Downloaded openssl-sys v0.9.111
[INFO] [stderr]   Downloaded odbc-api v8.1.4
[INFO] [stderr]   Downloaded wayland-protocols v0.32.11
[INFO] [stderr]   Downloaded jni-macros v0.22.2
[INFO] [stderr]   Downloaded accesskit_winit v0.22.4
[INFO] [stderr]   Downloaded accesskit_windows v0.23.2
[INFO] [stderr]   Downloaded quick-xml v0.39.2
[INFO] [stderr]   Downloaded glow v0.14.2
[INFO] [stderr]   Downloaded icu_properties_data v2.1.2
[INFO] [stderr]   Downloaded zerocopy v0.8.39
[INFO] [stderr]   Downloaded openssl v0.10.75
[INFO] [stderr]   Downloaded android-activity v0.6.0
[INFO] [stderr]   Downloaded image v0.25.9
[INFO] [stderr]   Downloaded jni v0.22.3
[INFO] [stderr]   Downloaded egui v0.29.1
[INFO] [stderr]   Downloaded accesskit_consumer v0.24.3
[INFO] [stderr]   Downloaded accesskit_unix v0.12.3
[INFO] [stderr]   Downloaded zvariant_derive v4.2.0
[INFO] [stderr]   Downloaded zvariant_utils v2.1.0
[INFO] [stderr]   Downloaded zbus_names v3.0.0
[INFO] [stderr]   Downloaded zbus_macros v4.4.0
[INFO] [stderr]   Downloaded xdg-home v1.3.0
[INFO] [stderr]   Downloaded uds_windows v1.2.0
[INFO] [stderr]   Downloaded immutable-chunkmap v2.1.2
[INFO] [stderr]   Downloaded zbus v4.4.0
[INFO] [stderr]   Downloaded zvariant v4.2.0
[INFO] [stderr]   Downloaded winit v0.30.12
[INFO] [stderr]   Downloaded web-sys v0.3.89
[INFO] [stderr]   Downloaded libc v0.2.182
[INFO] [stderr]   Downloaded tokio v1.49.0
[INFO] [stderr]   Downloaded pxfm v0.1.28
[INFO] [stderr]   Downloaded epaint_default_fonts v0.29.1
[INFO] [stderr]   Downloaded async-signal v0.2.13
[INFO] [stderr]   Downloaded egui-wgpu v0.29.1
[INFO] [stderr]   Downloaded orbclient v0.3.50
[INFO] [stderr]   Downloaded atspi v0.22.0
[INFO] [stderr]   Downloaded atspi-proxies v0.6.0
[INFO] [stderr]   Downloaded atspi-common v0.6.0
[INFO] [stderr]   Downloaded zbus-lockstep-macros v0.4.4
[INFO] [stderr]   Downloaded zbus_xml v4.0.0
[INFO] [stderr]   Downloaded quick-xml v0.30.0
[INFO] [stderr]   Downloaded zbus-lockstep v0.4.4
[INFO] [stderr]   Downloaded accesskit_macos v0.17.4
[INFO] [stderr]   Downloaded atspi-connection v0.6.0
[INFO] [stderr]   Downloaded accesskit_atspi_common v0.9.3
[INFO] [stderr]   Downloaded wgpu v22.1.0
[INFO] [stderr]   Downloaded profiling v1.0.17
[INFO] [stderr]   Downloaded wgpu-types v22.0.0
[INFO] [stderr]   Downloaded wgpu-hal v22.0.0
[INFO] [stderr]   Downloaded naga v22.1.0
[INFO] [stderr]   Downloaded cfg_aliases v0.1.1
[INFO] [stderr]   Downloaded hassle-rs v0.11.0
[INFO] [stderr]   Downloaded com v0.6.0
[INFO] [stderr]   Downloaded com_macros v0.6.0
[INFO] [stderr]   Downloaded com_macros_support v0.6.0
[INFO] [stderr]   Downloaded gpu-allocator v0.26.0
[INFO] [stderr]   Downloaded gpu-alloc v0.6.0
[INFO] [stderr]   Downloaded gpu-alloc-types v0.3.0
[INFO] [stderr]   Downloaded wgpu-core v22.1.0
[INFO] [stderr]   Downloaded glow v0.13.1
[INFO] [stderr]   Downloaded metal v0.29.0
[INFO] running `Command { std: "docker" "create" "-v" "/var/lib/crater-agent-workspace/builds/worker-5-tc1/source:/opt/rustwide/workdir:ro,Z" "-v" "/var/lib/crater-agent-workspace/builds/worker-5-tc1/target:/opt/rustwide/target:rw,Z" "-v" "/var/lib/crater-agent-workspace/cargo-home:/opt/rustwide/cargo-home:ro,Z" "-v" "/var/lib/crater-agent-workspace/rustup-home:/opt/rustwide/rustup-home:ro,Z" "-m" "1610612736" "--network" "none" "ghcr.io/rust-lang/crates-build-env/linux@sha256:77db811e55d90add9212f6832c23229e3de5f1c1f9905e8cb07319ea15df73ac" "sleep" "infinity", kill_on_drop: false }`
[INFO] [stdout] 9ea1774b522215dcc3af8c00d33c96d6851ca8e7ad2b6ee46bea252dbd7dba38
[INFO] running `Command { std: "docker" "start" "9ea1774b522215dcc3af8c00d33c96d6851ca8e7ad2b6ee46bea252dbd7dba38", kill_on_drop: false }`
[INFO] running `Command { std: "docker" "inspect" "9ea1774b522215dcc3af8c00d33c96d6851ca8e7ad2b6ee46bea252dbd7dba38", kill_on_drop: false }`
[INFO] running `Command { std: "docker" "exec" "-e" "SOURCE_DIR=/opt/rustwide/workdir" "-e" "CARGO_HOME=/opt/rustwide/cargo-home" "-e" "RUSTUP_HOME=/opt/rustwide/rustup-home" "-e" "CARGO_TARGET_DIR=/opt/rustwide/target" "-w" "/opt/rustwide/workdir" "--user" "0:0" "9ea1774b522215dcc3af8c00d33c96d6851ca8e7ad2b6ee46bea252dbd7dba38" "/opt/rustwide/cargo-home/bin/cargo" "+3154cc1a3e6424e44f438a95007d043ed5ceaaf6" "metadata" "--no-deps" "--format-version=1", kill_on_drop: false }`
[INFO] running `Command { std: "docker" "inspect" "9ea1774b522215dcc3af8c00d33c96d6851ca8e7ad2b6ee46bea252dbd7dba38", kill_on_drop: false }`
[INFO] running `Command { std: "docker" "exec" "-e" "SOURCE_DIR=/opt/rustwide/workdir" "-e" "CARGO_HOME=/opt/rustwide/cargo-home" "-e" "RUSTUP_HOME=/opt/rustwide/rustup-home" "-e" "CARGO_TARGET_DIR=/opt/rustwide/target" "-e" "CARGO_INCREMENTAL=0" "-e" "RUST_BACKTRACE=full" "-e" "RUSTFLAGS=--cap-lints=forbid -Znext-solver=coherence" "-e" "RUSTDOCFLAGS=--cap-lints=forbid" "-w" "/opt/rustwide/workdir" "--user" "0:0" "9ea1774b522215dcc3af8c00d33c96d6851ca8e7ad2b6ee46bea252dbd7dba38" "/opt/rustwide/cargo-home/bin/cargo" "+3154cc1a3e6424e44f438a95007d043ed5ceaaf6" "check" "--frozen" "--all" "--all-targets" "--message-format=json", kill_on_drop: false }`
[INFO] [stderr]    Compiling quote v1.0.44
[INFO] [stderr]    Compiling libc v0.2.182
[INFO] [stderr]     Checking once_cell v1.21.3
[INFO] [stderr]    Compiling pkg-config v0.3.32
[INFO] [stderr]    Compiling rustix v1.1.4
[INFO] [stderr]     Checking smallvec v1.15.1
[INFO] [stderr]    Compiling cc v1.2.56
[INFO] [stderr]     Checking pin-project-lite v0.2.16
[INFO] [stderr]    Compiling memchr v2.8.0
[INFO] [stderr]    Compiling hashbrown v0.16.1
[INFO] [stderr]    Compiling winnow v0.7.14
[INFO] [stderr]    Compiling syn v2.0.117
[INFO] [stderr]    Compiling wayland-sys v0.31.10
[INFO] [stderr]    Compiling toml_datetime v0.7.5+spec-1.1.0
[INFO] [stderr]    Compiling zerocopy v0.8.39
[INFO] [stderr]    Compiling indexmap v2.13.0
[INFO] [stderr]    Compiling quick-xml v0.39.2
[INFO] [stderr]    Compiling wayland-backend v0.3.14
[INFO] [stderr]    Compiling wayland-client v0.31.13
[INFO] [stderr]     Checking tracing-core v0.1.36
[INFO] [stderr]    Compiling serde_core v1.0.228
[INFO] [stderr]     Checking event-listener v5.4.1
[INFO] [stderr]    Compiling wayland-scanner v0.31.9
[INFO] [stderr]     Checking fastrand v2.3.0
[INFO] [stderr]     Checking event-listener-strategy v0.5.4
[INFO] [stderr]    Compiling toml_parser v1.0.9+spec-1.1.0
[INFO] [stderr]     Checking getrandom v0.2.17
[INFO] [stderr]     Checking futures-lite v2.6.1
[INFO] [stderr]     Checking rand_core v0.6.4
[INFO] [stderr]    Compiling memoffset v0.9.1
[INFO] [stderr]    Compiling static_assertions v1.1.0
[INFO] [stderr]     Checking piper v0.2.5
[INFO] [stderr]    Compiling toml_edit v0.23.10+spec-1.0.0
[INFO] [stderr]     Checking async-channel v2.5.0
[INFO] [stderr]    Compiling nix v0.29.0
[INFO] [stderr]    Compiling async-io v2.6.0
[INFO] [stderr]    Compiling khronos_api v3.1.0
[INFO] [stderr]     Checking blocking v1.6.2
[INFO] [stderr]     Checking async-lock v3.4.2
[INFO] [stderr]    Compiling rustix v0.38.44
[INFO] [stderr]    Compiling proc-macro-crate v3.4.0
[INFO] [stderr]     Checking ttf-parser v0.25.1
[INFO] [stderr]     Checking arrayvec v0.7.6
[INFO] [stderr]    Compiling getrandom v0.3.4
[INFO] [stderr]     Checking async-fs v2.2.0
[INFO] [stderr]     Checking parking_lot_core v0.9.12
[INFO] [stderr]     Checking polling v3.11.0
[INFO] [stderr]     Checking async-executor v1.14.0
[INFO] [stderr]     Checking async-broadcast v0.7.2
[INFO] [stderr]    Compiling zvariant_utils v2.1.0
[INFO] [stderr]    Compiling synstructure v0.13.2
[INFO] [stderr]     Checking xdg-home v1.3.0
[INFO] [stderr]     Checking ordered-stream v0.2.0
[INFO] [stderr]     Checking writeable v0.6.2
[INFO] [stderr]    Compiling xml-rs v0.8.28
[INFO] [stderr]     Checking xkeysym v0.2.1
[INFO] [stderr]     Checking linux-raw-sys v0.4.15
[INFO] [stderr]     Checking ppv-lite86 v0.2.21
[INFO] [stderr]    Compiling log v0.4.29
[INFO] [stderr]     Checking litemap v0.8.1
[INFO] [stderr]    Compiling gl_generator v0.14.0
[INFO] [stderr]     Checking rand_chacha v0.3.1
[INFO] [stderr]     Checking wayland-csd-frame v0.3.0
[INFO] [stderr]     Checking rand v0.8.5
[INFO] [stderr]    Compiling openssl-sys v0.9.111
[INFO] [stderr]     Checking parking_lot v0.12.5
[INFO] [stderr]     Checking wayland-protocols v0.32.11
[INFO] [stderr]     Checking wayland-cursor v0.31.13
[INFO] [stderr]     Checking owned_ttf_parser v0.25.1
[INFO] [stderr]     Checking ab_glyph v0.2.32
[INFO] [stderr]     Checking memmap2 v0.9.10
[INFO] [stderr]    Compiling x11-dl v2.21.0
[INFO] [stderr]    Compiling icu_normalizer_data v2.1.1
[INFO] [stderr]    Compiling serde_derive v1.0.228
[INFO] [stderr]    Compiling enumflags2_derive v0.7.12
[INFO] [stderr]    Compiling zvariant_derive v4.2.0
[INFO] [stderr]    Compiling zerofrom-derive v0.1.6
[INFO] [stderr]    Compiling tracing-attributes v0.1.31
[INFO] [stderr]    Compiling yoke-derive v0.8.1
[INFO] [stderr]    Compiling thiserror-impl v1.0.69
[INFO] [stderr]    Compiling bytemuck_derive v1.10.2
[INFO] [stderr]    Compiling zerovec-derive v0.11.2
[INFO] [stderr]     Checking zerofrom v0.1.6
[INFO] [stderr]     Checking tracing v0.1.44
[INFO] [stderr]     Checking yoke v0.8.1
[INFO] [stderr]    Compiling displaydoc v0.2.5
[INFO] [stderr]    Compiling futures-macro v0.3.32
[INFO] [stderr]     Checking thiserror v1.0.69
[INFO] [stderr]    Compiling serde_repr v0.1.20
[INFO] [stderr]     Checking bytemuck v1.25.0
[INFO] [stderr]    Compiling async-trait v0.1.89
[INFO] [stderr]    Compiling zbus_macros v4.4.0
[INFO] [stderr]     Checking zerotrie v0.2.3
[INFO] [stderr]    Compiling icu_properties_data v2.1.2
[INFO] [stderr]     Checking calloop v0.13.0
[INFO] [stderr]     Checking futures-util v0.3.32
[INFO] [stderr]     Checking zerovec v0.11.5
[INFO] [stderr]     Checking ahash v0.8.12
[INFO] [stderr]     Checking strict-num v0.1.1
[INFO] [stderr]    Compiling smithay-client-toolkit v0.19.2
[INFO] [stderr]     Checking accesskit v0.16.3
[INFO] [stderr]     Checking tiny-skia-path v0.11.4
[INFO] [stderr]     Checking calloop-wayland-source v0.3.0
[INFO] [stderr]     Checking tinystr v0.8.2
[INFO] [stderr]     Checking potential_utf v0.1.4
[INFO] [stderr]     Checking icu_collections v2.1.1
[INFO] [stderr]     Checking icu_locale_core v2.1.1
[INFO] [stderr]     Checking gethostname v1.1.0
[INFO] [stderr]     Checking x11rb-protocol v0.13.2
[INFO] [stderr]     Checking tiny-skia v0.11.4
[INFO] [stderr]     Checking serde v1.0.228
[INFO] [stderr]     Checking enumflags2 v0.7.12
[INFO] [stderr]     Checking zvariant v4.2.0
[INFO] [stderr]    Compiling quick-xml v0.30.0
[INFO] [stderr]     Checking wayland-protocols-wlr v0.3.11
[INFO] [stderr]     Checking icu_provider v2.1.1
[INFO] [stderr]     Checking emath v0.29.1
[INFO] [stderr]     Checking immutable-chunkmap v2.1.2
[INFO] [stderr]     Checking icu_properties v2.1.2
[INFO] [stderr]     Checking icu_normalizer v2.1.1
[INFO] [stderr]    Compiling winit v0.30.12
[INFO] [stderr]    Compiling openssl v0.10.75
[INFO] [stderr]     Checking simd-adler32 v0.3.8
[INFO] [stderr]     Checking zbus_names v3.0.0
[INFO] [stderr]     Checking accesskit_consumer v0.24.3
[INFO] [stderr]     Checking ecolor v0.29.1
[INFO] [stderr]     Checking wayland-protocols-plasma v0.3.11
[INFO] [stderr]     Checking calloop v0.14.4
[INFO] [stderr]     Checking zbus_xml v4.0.0
[INFO] [stderr]     Checking zbus-lockstep v0.4.4
[INFO] [stderr]     Checking zbus v4.4.0
[INFO] [stderr]     Checking idna_adapter v1.2.1
[INFO] [stderr]    Compiling openssl-macros v0.1.1
[INFO] [stderr]     Checking sctk-adwaita v0.10.1
[INFO] [stderr]    Compiling thiserror-impl v2.0.18
[INFO] [stderr]    Compiling glutin_egl_sys v0.7.1
[INFO] [stderr]    Compiling glutin_glx_sys v0.6.1
[INFO] [stderr]     Checking xkbcommon-dl v0.4.2
[INFO] [stderr]     Checking epaint_default_fonts v0.29.1
[INFO] [stderr]    Compiling smithay-client-toolkit v0.20.0
[INFO] [stderr]     Checking nohash-hasher v0.2.0
[INFO] [stderr]     Checking smol_str v0.2.2
[INFO] [stderr]     Checking dpi v0.1.2
[INFO] [stderr]     Checking idna v1.1.0
[INFO] [stderr]     Checking epaint v0.29.1
[INFO] [stderr]    Compiling native-tls v0.2.18
[INFO] [stderr]     Checking miniz_oxide v0.8.9
[INFO] [stderr]    Compiling zbus-lockstep-macros v0.4.4
[INFO] [stderr]     Checking calloop-wayland-source v0.4.1
[INFO] [stderr]     Checking wayland-protocols-experimental v20250721.0.1
[INFO] [stderr]     Checking wayland-protocols-misc v0.3.11
[INFO] [stderr]     Checking thiserror v2.0.18
[INFO] [stderr]     Checking errno v0.3.14
[INFO] [stderr]    Compiling glutin v0.32.3
[INFO] [stderr]     Checking itoa v1.0.17
[INFO] [stderr]     Checking flate2 v1.1.9
[INFO] [stderr]     Checking signal-hook-registry v1.4.8
[INFO] [stderr]     Checking url v2.5.8
[INFO] [stderr]     Checking egui v0.29.1
[INFO] [stderr]     Checking fdeflate v0.3.7
[INFO] [stderr]    Compiling tokio-macros v2.6.0
[INFO] [stderr]     Checking mio v1.1.1
[INFO] [stderr]     Checking socket2 v0.6.2
[INFO] [stderr]    Compiling glutin-winit v0.5.0
[INFO] [stderr]     Checking pxfm v0.1.28
[INFO] [stderr]    Compiling odbc-sys v0.24.0
[INFO] [stderr]     Checking tokio v1.49.0
[INFO] [stderr]     Checking smithay-clipboard v0.7.3
[INFO] [stderr]     Checking webbrowser v1.2.0
[INFO] [stderr]     Checking png v0.18.1
[INFO] [stderr]     Checking http v1.4.0
[INFO] [stderr]     Checking toml_datetime v0.6.11
[INFO] [stderr]     Checking moxcms v0.7.11
[INFO] [stderr]     Checking serde_spanned v0.6.9
[INFO] [stderr]     Checking data-encoding v2.10.0
[INFO] [stderr]     Checking glow v0.14.2
[INFO] [stderr]    Compiling litrs v1.0.0
[INFO] [stderr]     Checking byteorder v1.5.0
[INFO] [stderr]     Checking tungstenite v0.24.0
[INFO] [stderr]    Compiling document-features v0.2.12
[INFO] [stderr]     Checking atspi-common v0.6.0
[INFO] [stderr]     Checking atoi v2.0.0
[INFO] [stderr]     Checking widestring v1.2.1
[INFO] [stderr]     Checking chrono v0.4.44
[INFO] [stderr]     Checking egui_glow v0.29.1
[INFO] [stderr]     Checking serde_json v1.0.149
[INFO] [stderr]     Checking toml_edit v0.22.27
[INFO] [stderr]     Checking x11rb v0.13.2
[INFO] [stderr]     Checking odbc-api v8.1.4
[INFO] [stderr]     Checking tokio-native-tls v0.3.1
[INFO] [stderr]     Checking tokio-tungstenite v0.24.0
[INFO] [stderr]     Checking toml v0.8.23
[INFO] [stderr]     Checking arboard v3.6.1
[INFO] [stderr]     Checking image v0.25.9
[INFO] [stderr]     Checking atspi-proxies v0.6.0
[INFO] [stderr]     Checking accesskit_atspi_common v0.9.3
[INFO] [stderr]     Checking atspi-connection v0.6.0
[INFO] [stderr]     Checking atspi v0.22.0
[INFO] [stderr]     Checking accesskit_unix v0.12.3
[INFO] [stderr]     Checking accesskit_winit v0.22.4
[INFO] [stderr]     Checking egui-winit v0.29.1
[INFO] [stderr]     Checking eframe v0.29.1
[INFO] [stderr]     Checking report-studio-agente v0.5.0 (/opt/rustwide/workdir)
[INFO] [stdout] error[E0433]: cannot find module or crate `windows_service` in this scope
[INFO] [stdout]  --> src/service.rs:6:5
[INFO] [stdout]   |
[INFO] [stdout] 6 | use windows_service::service::{
[INFO] [stdout]   |     ^^^^^^^^^^^^^^^ use of unresolved module or unlinked crate `windows_service`
[INFO] [stdout]   |
[INFO] [stdout]   = help: if you wanted to use a crate named `windows_service`, use `cargo add windows_service` to add it to your `Cargo.toml`
[INFO] [stdout] 
[INFO] [stdout] 
[INFO] [stdout] error[E0433]: cannot find module or crate `windows_service` in this scope
[INFO] [stdout]   --> src/service.rs:12:5
[INFO] [stdout]    |
[INFO] [stdout] 12 | use windows_service::service_control_handler::{
[INFO] [stdout]    |     ^^^^^^^^^^^^^^^ use of unresolved module or unlinked crate `windows_service`
[INFO] [stdout]    |
[INFO] [stdout]    = help: if you wanted to use a crate named `windows_service`, use `cargo add windows_service` to add it to your `Cargo.toml`
[INFO] [stdout] 
[INFO] [stdout] 
[INFO] [stdout] error[E0432]: unresolved import `windows_service`
[INFO] [stdout]  --> src/service.rs:5:5
[INFO] [stdout]   |
[INFO] [stdout] 5 | use windows_service::define_windows_service;
[INFO] [stdout]   |     ^^^^^^^^^^^^^^^ use of unresolved module or unlinked crate `windows_service`
[INFO] [stdout]   |
[INFO] [stdout]   = help: if you wanted to use a crate named `windows_service`, use `cargo add windows_service` to add it to your `Cargo.toml`
[INFO] [stdout] 
[INFO] [stdout] 
[INFO] [stdout] error[E0433]: cannot find module or crate `windows_service` in this scope
[INFO] [stdout]   --> src/service.rs:16:5
[INFO] [stdout]    |
[INFO] [stdout] 16 | use windows_service::service_manager::{ServiceManager, ServiceManagerAccess};
[INFO] [stdout]    |     ^^^^^^^^^^^^^^^ use of unresolved module or unlinked crate `windows_service`
[INFO] [stdout]    |
[INFO] [stdout]    = help: if you wanted to use a crate named `windows_service`, use `cargo add windows_service` to add it to your `Cargo.toml`
[INFO] [stdout] 
[INFO] [stdout] 
[INFO] [stdout] error[E0432]: unresolved import `windows_service`
[INFO] [stdout]   --> src/service.rs:15:5
[INFO] [stdout]    |
[INFO] [stdout] 15 | use windows_service::service_dispatcher;
[INFO] [stdout]    |     ^^^^^^^^^^^^^^^ use of unresolved module or unlinked crate `windows_service`
[INFO] [stdout]    |
[INFO] [stdout]    = help: if you wanted to use a crate named `windows_service`, use `cargo add windows_service` to add it to your `Cargo.toml`
[INFO] [stdout] 
[INFO] [stdout] 
[INFO] [stdout] warning: unused import: `SERVICE_NAME`
[INFO] [stdout]  --> src/gui.rs:4:87
[INFO] [stdout]   |
[INFO] [stdout] 4 | use crate::shared::{carregar_config, salvar_config, AgentConfig, SharedState, Status, SERVICE_NAME};
[INFO] [stdout]   |                                                                                       ^^^^^^^^^^^^
[INFO] [stdout]   |
[INFO] [stdout]   = note: `#[warn(unused_imports)]` (part of `#[warn(unused)]`) on by default
[INFO] [stdout] 
[INFO] [stdout] 
[INFO] [stdout] error[E0433]: cannot find module or crate `windows_service` in this scope
[INFO] [stdout]  --> src/service.rs:6:5
[INFO] [stdout]   |
[INFO] [stdout] 6 | use windows_service::service::{
[INFO] [stdout]   |     ^^^^^^^^^^^^^^^ use of unresolved module or unlinked crate `windows_service`
[INFO] [stdout]   |
[INFO] [stdout]   = help: if you wanted to use a crate named `windows_service`, use `cargo add windows_service` to add it to your `Cargo.toml`
[INFO] [stdout] 
[INFO] [stdout] 
[INFO] [stdout] error[E0433]: cannot find module or crate `windows_service` in this scope
[INFO] [stdout]   --> src/service.rs:12:5
[INFO] [stdout]    |
[INFO] [stdout] 12 | use windows_service::service_control_handler::{
[INFO] [stdout]    |     ^^^^^^^^^^^^^^^ use of unresolved module or unlinked crate `windows_service`
[INFO] [stdout]    |
[INFO] [stdout]    = help: if you wanted to use a crate named `windows_service`, use `cargo add windows_service` to add it to your `Cargo.toml`
[INFO] [stdout] 
[INFO] [stdout] 
[INFO] [stdout] error[E0432]: unresolved import `windows_service`
[INFO] [stdout]  --> src/service.rs:5:5
[INFO] [stdout]   |
[INFO] [stdout] 5 | use windows_service::define_windows_service;
[INFO] [stdout]   |     ^^^^^^^^^^^^^^^ use of unresolved module or unlinked crate `windows_service`
[INFO] [stdout]   |
[INFO] [stdout]   = help: if you wanted to use a crate named `windows_service`, use `cargo add windows_service` to add it to your `Cargo.toml`
[INFO] [stdout] 
[INFO] [stdout] 
[INFO] [stdout] error[E0433]: cannot find module or crate `windows_service` in this scope
[INFO] [stdout]   --> src/service.rs:16:5
[INFO] [stdout]    |
[INFO] [stdout] 16 | use windows_service::service_manager::{ServiceManager, ServiceManagerAccess};
[INFO] [stdout]    |     ^^^^^^^^^^^^^^^ use of unresolved module or unlinked crate `windows_service`
[INFO] [stdout]    |
[INFO] [stdout]    = help: if you wanted to use a crate named `windows_service`, use `cargo add windows_service` to add it to your `Cargo.toml`
[INFO] [stdout] 
[INFO] [stdout] 
[INFO] [stdout] error[E0432]: unresolved import `windows_service`
[INFO] [stdout]   --> src/service.rs:15:5
[INFO] [stdout]    |
[INFO] [stdout] 15 | use windows_service::service_dispatcher;
[INFO] [stdout]    |     ^^^^^^^^^^^^^^^ use of unresolved module or unlinked crate `windows_service`
[INFO] [stdout]    |
[INFO] [stdout]    = help: if you wanted to use a crate named `windows_service`, use `cargo add windows_service` to add it to your `Cargo.toml`
[INFO] [stdout] 
[INFO] [stdout] 
[INFO] [stdout] warning: unused import: `SERVICE_NAME`
[INFO] [stdout]  --> src/gui.rs:4:87
[INFO] [stdout]   |
[INFO] [stdout] 4 | use crate::shared::{carregar_config, salvar_config, AgentConfig, SharedState, Status, SERVICE_NAME};
[INFO] [stdout]   |                                                                                       ^^^^^^^^^^^^
[INFO] [stdout]   |
[INFO] [stdout]   = note: `#[warn(unused_imports)]` (part of `#[warn(unused)]`) on by default
[INFO] [stdout] 
[INFO] [stdout] 
[INFO] [stdout] error[E0425]: cannot find value `ffi_service_main` in this scope
[INFO] [stdout]    --> src/service.rs:50:45
[INFO] [stdout]     |
[INFO] [stdout]  50 |     service_dispatcher::start(SERVICE_NAME, ffi_service_main)
[INFO] [stdout]     |                                             ^^^^^^^^^^^^^^^^ not found in this scope
[INFO] [stdout]     |
[INFO] [stdout] note: similarly named function `service_main` defined here
[INFO] [stdout]    --> src/service.rs:478:1
[INFO] [stdout]     |
[INFO] [stdout] 478 | fn service_main(_arguments: Vec<OsString>) {
[INFO] [stdout]     | ^^^^^^^^^^^^^^^^^^^^^^^^^^^^^^^^^^^^^^^^^^
[INFO] [stdout] help: a function with a similar name exists
[INFO] [stdout]     |
[INFO] [stdout]  50 -     service_dispatcher::start(SERVICE_NAME, ffi_service_main)
[INFO] [stdout]  50 +     service_dispatcher::start(SERVICE_NAME, service_main)
[INFO] [stdout]     |
[INFO] [stdout] 
[INFO] [stdout] 
[INFO] [stdout] warning: method call on a diverging inference variable
[INFO] [stdout]   --> src/service.rs:84:19
[INFO] [stdout]    |
[INFO] [stdout] 84 |     match manager.create_service(
[INFO] [stdout]    |                   ^^^^^^^^^^^^^^
[INFO] [stdout]    |
[INFO] [stdout]    = help: consider providing a type annotation
[INFO] [stdout]    = warning: this was previously accepted by the compiler but is being phased out; it will become a hard error in a future release!
[INFO] [stdout]    = note: for more information, see issue #156047 <https://github.com/rust-lang/rust/issues/156047>
[INFO] [stdout]    = note: `#[warn(method_call_on_diverging_infer_var)]` (part of `#[warn(future_incompatible)]`) on by default
[INFO] [stdout] 
[INFO] [stdout] 
[INFO] [stdout] error[E0425]: cannot find value `ffi_service_main` in this scope
[INFO] [stdout]    --> src/service.rs:50:45
[INFO] [stdout]     |
[INFO] [stdout]  50 |     service_dispatcher::start(SERVICE_NAME, ffi_service_main)
[INFO] [stdout]     |                                             ^^^^^^^^^^^^^^^^ not found in this scope
[INFO] [stdout]     |
[INFO] [stdout] note: similarly named function `service_main` defined here
[INFO] [stdout]    --> src/service.rs:478:1
[INFO] [stdout]     |
[INFO] [stdout] 478 | fn service_main(_arguments: Vec<OsString>) {
[INFO] [stdout]     | ^^^^^^^^^^^^^^^^^^^^^^^^^^^^^^^^^^^^^^^^^^
[INFO] [stdout] help: a function with a similar name exists
[INFO] [stdout]     |
[INFO] [stdout]  50 -     service_dispatcher::start(SERVICE_NAME, ffi_service_main)
[INFO] [stdout]  50 +     service_dispatcher::start(SERVICE_NAME, service_main)
[INFO] [stdout]     |
[INFO] [stdout] 
[INFO] [stdout] 
[INFO] [stdout] error[E0599]: no method named `create_service` found for type `!` in the current scope
[INFO] [stdout]   --> src/service.rs:84:19
[INFO] [stdout]    |
[INFO] [stdout] 84 |     match manager.create_service(
[INFO] [stdout]    |                   ^^^^^^^^^^^^^^ method not found in `!`
[INFO] [stdout] 
[INFO] [stdout] 
[INFO] [stdout] warning: method call on a diverging inference variable
[INFO] [stdout]    --> src/service.rs:243:33
[INFO] [stdout]     |
[INFO] [stdout] 243 |     let service = match manager.open_service(
[INFO] [stdout]     |                                 ^^^^^^^^^^^^
[INFO] [stdout]     |
[INFO] [stdout]     = help: consider providing a type annotation
[INFO] [stdout]     = warning: this was previously accepted by the compiler but is being phased out; it will become a hard error in a future release!
[INFO] [stdout]     = note: for more information, see issue #156047 <https://github.com/rust-lang/rust/issues/156047>
[INFO] [stdout] 
[INFO] [stdout] 
[INFO] [stdout] error[E0599]: no method named `open_service` found for type `!` in the current scope
[INFO] [stdout]    --> src/service.rs:243:33
[INFO] [stdout]     |
[INFO] [stdout] 243 |     let service = match manager.open_service(
[INFO] [stdout]     |                                 ^^^^^^^^^^^^ method not found in `!`
[INFO] [stdout] 
[INFO] [stdout] 
[INFO] [stdout] warning: method call on a diverging inference variable
[INFO] [stdout]    --> src/service.rs:258:32
[INFO] [stdout]     |
[INFO] [stdout] 258 |     if let Ok(false) = service.get_failure_actions_on_non_crash_failures() {
[INFO] [stdout]     |                                ^^^^^^^^^^^^^^^^^^^^^^^^^^^^^^^^^^^^^^^^^
[INFO] [stdout]     |
[INFO] [stdout]     = help: consider providing a type annotation
[INFO] [stdout]     = warning: this was previously accepted by the compiler but is being phased out; it will become a hard error in a future release!
[INFO] [stdout]     = note: for more information, see issue #156047 <https://github.com/rust-lang/rust/issues/156047>
[INFO] [stdout] 
[INFO] [stdout] 
[INFO] [stdout] error[E0599]: no method named `get_failure_actions_on_non_crash_failures` found for type `!` in the current scope
[INFO] [stdout]    --> src/service.rs:258:32
[INFO] [stdout]     |
[INFO] [stdout] 258 |     if let Ok(false) = service.get_failure_actions_on_non_crash_failures() {
[INFO] [stdout]     |                                ^^^^^^^^^^^^^^^^^^^^^^^^^^^^^^^^^^^^^^^^^ method not found in `!`
[INFO] [stdout] 
[INFO] [stdout] 
[INFO] [stdout] error[E0599]: no method named `get_failure_actions` found for type `!` in the current scope
[INFO] [stdout]    --> src/service.rs:264:32
[INFO] [stdout]     |
[INFO] [stdout] 264 |     if let Ok(atual) = service.get_failure_actions() {
[INFO] [stdout]     |                                ^^^^^^^^^^^^^^^^^^^ method not found in `!`
[INFO] [stdout] 
[INFO] [stdout] 
[INFO] [stdout] warning: unreachable call
[INFO] [stdout]    --> src/service.rs:264:32
[INFO] [stdout]     |
[INFO] [stdout] 264 |     if let Ok(atual) = service.get_failure_actions() {
[INFO] [stdout]     |                        ------- ^^^^^^^^^^^^^^^^^^^ unreachable call
[INFO] [stdout]     |                        |
[INFO] [stdout]     |                        any code following this expression is unreachable
[INFO] [stdout]     |
[INFO] [stdout]     = note: `#[warn(unreachable_code)]` (part of `#[warn(unused)]`) on by default
[INFO] [stdout] 
[INFO] [stdout] 
[INFO] [stdout] warning: method call on a diverging inference variable
[INFO] [stdout]   --> src/service.rs:84:19
[INFO] [stdout]    |
[INFO] [stdout] 84 |     match manager.create_service(
[INFO] [stdout]    |                   ^^^^^^^^^^^^^^
[INFO] [stdout]    |
[INFO] [stdout]    = help: consider providing a type annotation
[INFO] [stdout]    = warning: this was previously accepted by the compiler but is being phased out; it will become a hard error in a future release!
[INFO] [stdout]    = note: for more information, see issue #156047 <https://github.com/rust-lang/rust/issues/156047>
[INFO] [stdout]    = note: `#[warn(method_call_on_diverging_infer_var)]` (part of `#[warn(future_incompatible)]`) on by default
[INFO] [stdout] 
[INFO] [stdout] 
[INFO] [stdout] error[E0599]: no method named `query_config` found for type `!` in the current scope
[INFO] [stdout]    --> src/service.rs:282:33
[INFO] [stdout]     |
[INFO] [stdout] 282 |     if let Ok(config) = service.query_config() {
[INFO] [stdout]     |                                 ^^^^^^^^^^^^ method not found in `!`
[INFO] [stdout] 
[INFO] [stdout] 
[INFO] [stdout] warning: unreachable call
[INFO] [stdout]    --> src/service.rs:282:33
[INFO] [stdout]     |
[INFO] [stdout] 282 |     if let Ok(config) = service.query_config() {
[INFO] [stdout]     |                         ------- ^^^^^^^^^^^^ unreachable call
[INFO] [stdout]     |                         |
[INFO] [stdout]     |                         any code following this expression is unreachable
[INFO] [stdout] 
[INFO] [stdout] 
[INFO] [stdout] warning: method call on a diverging inference variable
[INFO] [stdout]    --> src/service.rs:309:33
[INFO] [stdout]     |
[INFO] [stdout] 309 |     let service = match manager.open_service(
[INFO] [stdout]     |                                 ^^^^^^^^^^^^
[INFO] [stdout]     |
[INFO] [stdout]     = help: consider providing a type annotation
[INFO] [stdout]     = warning: this was previously accepted by the compiler but is being phased out; it will become a hard error in a future release!
[INFO] [stdout]     = note: for more information, see issue #156047 <https://github.com/rust-lang/rust/issues/156047>
[INFO] [stdout] 
[INFO] [stdout] 
[INFO] [stdout] error[E0599]: no method named `open_service` found for type `!` in the current scope
[INFO] [stdout]    --> src/service.rs:309:33
[INFO] [stdout]     |
[INFO] [stdout] 309 |     let service = match manager.open_service(
[INFO] [stdout]     |                                 ^^^^^^^^^^^^ method not found in `!`
[INFO] [stdout] 
[INFO] [stdout] 
[INFO] [stdout] warning: method call on a diverging inference variable
[INFO] [stdout]    --> src/service.rs:320:33
[INFO] [stdout]     |
[INFO] [stdout] 320 |     if let Ok(status) = service.query_status() {
[INFO] [stdout]     |                                 ^^^^^^^^^^^^
[INFO] [stdout]     |
[INFO] [stdout]     = help: consider providing a type annotation
[INFO] [stdout]     = warning: this was previously accepted by the compiler but is being phased out; it will become a hard error in a future release!
[INFO] [stdout]     = note: for more information, see issue #156047 <https://github.com/rust-lang/rust/issues/156047>
[INFO] [stdout] 
[INFO] [stdout] 
[INFO] [stdout] error[E0599]: no method named `query_status` found for type `!` in the current scope
[INFO] [stdout]    --> src/service.rs:320:33
[INFO] [stdout]     |
[INFO] [stdout] 320 |     if let Ok(status) = service.query_status() {
[INFO] [stdout]     |                                 ^^^^^^^^^^^^ method not found in `!`
[INFO] [stdout] 
[INFO] [stdout] 
[INFO] [stdout] error[E0599]: no method named `create_service` found for type `!` in the current scope
[INFO] [stdout]   --> src/service.rs:84:19
[INFO] [stdout]    |
[INFO] [stdout] 84 |     match manager.create_service(
[INFO] [stdout]    |                   ^^^^^^^^^^^^^^ method not found in `!`
[INFO] [stdout] 
[INFO] [stdout] 
[INFO] [stdout] error[E0599]: no method named `stop` found for type `!` in the current scope
[INFO] [stdout]    --> src/service.rs:322:29
[INFO] [stdout]     |
[INFO] [stdout] 322 |             let _ = service.stop();
[INFO] [stdout]     |                             ^^^^ method not found in `!`
[INFO] [stdout] 
[INFO] [stdout] 
[INFO] [stdout] warning: unreachable call
[INFO] [stdout]    --> src/service.rs:322:29
[INFO] [stdout]     |
[INFO] [stdout] 322 |             let _ = service.stop();
[INFO] [stdout]     |                     ------- ^^^^ unreachable call
[INFO] [stdout]     |                     |
[INFO] [stdout]     |                     any code following this expression is unreachable
[INFO] [stdout] 
[INFO] [stdout] 
[INFO] [stdout] warning: method call on a diverging inference variable
[INFO] [stdout]    --> src/service.rs:243:33
[INFO] [stdout]     |
[INFO] [stdout] 243 |     let service = match manager.open_service(
[INFO] [stdout]     |                                 ^^^^^^^^^^^^
[INFO] [stdout]     |
[INFO] [stdout]     = help: consider providing a type annotation
[INFO] [stdout]     = warning: this was previously accepted by the compiler but is being phased out; it will become a hard error in a future release!
[INFO] [stdout]     = note: for more information, see issue #156047 <https://github.com/rust-lang/rust/issues/156047>
[INFO] [stdout] 
[INFO] [stdout] 
[INFO] [stdout] error[E0599]: no method named `delete` found for type `!` in the current scope
[INFO] [stdout]    --> src/service.rs:327:19
[INFO] [stdout]     |
[INFO] [stdout] 327 |     match service.delete() {
[INFO] [stdout]     |                   ^^^^^^ method not found in `!`
[INFO] [stdout] 
[INFO] [stdout] 
[INFO] [stdout] warning: unreachable call
[INFO] [stdout]    --> src/service.rs:327:19
[INFO] [stdout]     |
[INFO] [stdout] 327 |     match service.delete() {
[INFO] [stdout]     |           ------- ^^^^^^ unreachable call
[INFO] [stdout]     |           |
[INFO] [stdout]     |           any code following this expression is unreachable
[INFO] [stdout] 
[INFO] [stdout] 
[INFO] [stdout] warning: method call on a diverging inference variable
[INFO] [stdout]    --> src/service.rs:348:33
[INFO] [stdout]     |
[INFO] [stdout] 348 |     let service = match manager.open_service(SERVICE_NAME, ServiceAccess::START) {
[INFO] [stdout]     |                                 ^^^^^^^^^^^^
[INFO] [stdout]     |
[INFO] [stdout]     = help: consider providing a type annotation
[INFO] [stdout]     = warning: this was previously accepted by the compiler but is being phased out; it will become a hard error in a future release!
[INFO] [stdout]     = note: for more information, see issue #156047 <https://github.com/rust-lang/rust/issues/156047>
[INFO] [stdout] 
[INFO] [stdout] 
[INFO] [stdout] error[E0599]: no method named `open_service` found for type `!` in the current scope
[INFO] [stdout]    --> src/service.rs:243:33
[INFO] [stdout]     |
[INFO] [stdout] 243 |     let service = match manager.open_service(
[INFO] [stdout]     |                                 ^^^^^^^^^^^^ method not found in `!`
[INFO] [stdout] 
[INFO] [stdout] 
[INFO] [stdout] warning: method call on a diverging inference variable
[INFO] [stdout]    --> src/service.rs:258:32
[INFO] [stdout]     |
[INFO] [stdout] 258 |     if let Ok(false) = service.get_failure_actions_on_non_crash_failures() {
[INFO] [stdout]     |                                ^^^^^^^^^^^^^^^^^^^^^^^^^^^^^^^^^^^^^^^^^
[INFO] [stdout]     |
[INFO] [stdout]     = help: consider providing a type annotation
[INFO] [stdout]     = warning: this was previously accepted by the compiler but is being phased out; it will become a hard error in a future release!
[INFO] [stdout]     = note: for more information, see issue #156047 <https://github.com/rust-lang/rust/issues/156047>
[INFO] [stdout] 
[INFO] [stdout] 
[INFO] [stdout] error[E0599]: no method named `get_failure_actions_on_non_crash_failures` found for type `!` in the current scope
[INFO] [stdout]    --> src/service.rs:258:32
[INFO] [stdout]     |
[INFO] [stdout] 258 |     if let Ok(false) = service.get_failure_actions_on_non_crash_failures() {
[INFO] [stdout]     |                                ^^^^^^^^^^^^^^^^^^^^^^^^^^^^^^^^^^^^^^^^^ method not found in `!`
[INFO] [stdout] 
[INFO] [stdout] 
[INFO] [stdout] error[E0599]: no method named `open_service` found for type `!` in the current scope
[INFO] [stdout]    --> src/service.rs:348:33
[INFO] [stdout]     |
[INFO] [stdout] 348 |     let service = match manager.open_service(SERVICE_NAME, ServiceAccess::START) {
[INFO] [stdout]     |                                 ^^^^^^^^^^^^ method not found in `!`
[INFO] [stdout] 
[INFO] [stdout] 
[INFO] [stdout] warning: method call on a diverging inference variable
[INFO] [stdout]    --> src/service.rs:356:19
[INFO] [stdout]     |
[INFO] [stdout] 356 |     match service.start(&[] as &[&str]) {
[INFO] [stdout]     |                   ^^^^^
[INFO] [stdout]     |
[INFO] [stdout]     = help: consider providing a type annotation
[INFO] [stdout]     = warning: this was previously accepted by the compiler but is being phased out; it will become a hard error in a future release!
[INFO] [stdout]     = note: for more information, see issue #156047 <https://github.com/rust-lang/rust/issues/156047>
[INFO] [stdout] 
[INFO] [stdout] 
[INFO] [stdout] warning: variants `NaoInstalado`, `Parado`, `Rodando`, `Iniciando`, and `Parando` are never constructed
[INFO] [stdout]   --> src/gui.rs:8:5
[INFO] [stdout]    |
[INFO] [stdout]  7 | enum StatusServico {
[INFO] [stdout]    |      ------------- variants in this enum
[INFO] [stdout]  8 |     NaoInstalado,
[INFO] [stdout]    |     ^^^^^^^^^^^^
[INFO] [stdout]  9 |     Parado,
[INFO] [stdout]    |     ^^^^^^
[INFO] [stdout] 10 |     Rodando,
[INFO] [stdout]    |     ^^^^^^^
[INFO] [stdout] 11 |     Iniciando,
[INFO] [stdout]    |     ^^^^^^^^^
[INFO] [stdout] 12 |     Parando,
[INFO] [stdout]    |     ^^^^^^^
[INFO] [stdout]    |
[INFO] [stdout]    = note: `StatusServico` has a derived impl for the trait `Clone`, but this is intentionally ignored during dead code analysis
[INFO] [stdout]    = note: `#[warn(dead_code)]` (part of `#[warn(unused)]`) on by default
[INFO] [stdout] 
[INFO] [stdout] 
[INFO] [stdout] warning: constant `SERVICE_NAME` is never used
[INFO] [stdout]  --> src/shared.rs:5:11
[INFO] [stdout]   |
[INFO] [stdout] 5 | pub const SERVICE_NAME: &str = "ReportStudioAgent";
[INFO] [stdout]   |           ^^^^^^^^^^^^
[INFO] [stdout] 
[INFO] [stdout] 
[INFO] [stdout] warning: constant `SERVICE_DISPLAY` is never used
[INFO] [stdout]  --> src/shared.rs:6:11
[INFO] [stdout]   |
[INFO] [stdout] 6 | pub const SERVICE_DISPLAY: &str = "Report Studio Agent";
[INFO] [stdout]   |           ^^^^^^^^^^^^^^^
[INFO] [stdout] 
[INFO] [stdout] 
[INFO] [stdout] warning: constant `SERVICE_NAME_ANTIGO` is never used
[INFO] [stdout]  --> src/shared.rs:9:11
[INFO] [stdout]   |
[INFO] [stdout] 9 | pub const SERVICE_NAME_ANTIGO: &str = "GuidettiAnalyticsAgent";
[INFO] [stdout]   |           ^^^^^^^^^^^^^^^^^^^
[INFO] [stdout] 
[INFO] [stdout] 
[INFO] [stdout] warning: variants `NaoInstalado`, `Parado`, `Rodando`, `Iniciando`, and `Parando` are never constructed
[INFO] [stdout]   --> src/gui.rs:8:5
[INFO] [stdout]    |
[INFO] [stdout]  7 | enum StatusServico {
[INFO] [stdout]    |      ------------- variants in this enum
[INFO] [stdout]  8 |     NaoInstalado,
[INFO] [stdout]    |     ^^^^^^^^^^^^
[INFO] [stdout]  9 |     Parado,
[INFO] [stdout]    |     ^^^^^^
[INFO] [stdout] 10 |     Rodando,
[INFO] [stdout]    |     ^^^^^^^
[INFO] [stdout] 11 |     Iniciando,
[INFO] [stdout]    |     ^^^^^^^^^
[INFO] [stdout] 12 |     Parando,
[INFO] [stdout]    |     ^^^^^^^
[INFO] [stdout]    |
[INFO] [stdout]    = note: `StatusServico` has a derived impl for the trait `Clone`, but this is intentionally ignored during dead code analysis
[INFO] [stdout]    = note: `#[warn(dead_code)]` (part of `#[warn(unused)]`) on by default
[INFO] [stdout] 
[INFO] [stdout] 
[INFO] [stdout] warning: constant `SERVICE_NAME` is never used
[INFO] [stdout]  --> src/shared.rs:5:11
[INFO] [stdout]   |
[INFO] [stdout] 5 | pub const SERVICE_NAME: &str = "ReportStudioAgent";
[INFO] [stdout]   |           ^^^^^^^^^^^^
[INFO] [stdout] 
[INFO] [stdout] 
[INFO] [stdout] warning: constant `SERVICE_DISPLAY` is never used
[INFO] [stdout]  --> src/shared.rs:6:11
[INFO] [stdout]   |
[INFO] [stdout] 6 | pub const SERVICE_DISPLAY: &str = "Report Studio Agent";
[INFO] [stdout]   |           ^^^^^^^^^^^^^^^
[INFO] [stdout] 
[INFO] [stdout] 
[INFO] [stdout] warning: constant `SERVICE_NAME_ANTIGO` is never used
[INFO] [stdout]  --> src/shared.rs:9:11
[INFO] [stdout]   |
[INFO] [stdout] 9 | pub const SERVICE_NAME_ANTIGO: &str = "GuidettiAnalyticsAgent";
[INFO] [stdout]   |           ^^^^^^^^^^^^^^^^^^^
[INFO] [stdout] 
[INFO] [stdout] 
[INFO] [stdout] error[E0599]: no method named `get_failure_actions` found for type `!` in the current scope
[INFO] [stdout]    --> src/service.rs:264:32
[INFO] [stdout]     |
[INFO] [stdout] 264 |     if let Ok(atual) = service.get_failure_actions() {
[INFO] [stdout]     |                                ^^^^^^^^^^^^^^^^^^^ method not found in `!`
[INFO] [stdout] 
[INFO] [stdout] 
[INFO] [stdout] warning: unreachable call
[INFO] [stdout]    --> src/service.rs:264:32
[INFO] [stdout]     |
[INFO] [stdout] 264 |     if let Ok(atual) = service.get_failure_actions() {
[INFO] [stdout]     |                        ------- ^^^^^^^^^^^^^^^^^^^ unreachable call
[INFO] [stdout]     |                        |
[INFO] [stdout]     |                        any code following this expression is unreachable
[INFO] [stdout]     |
[INFO] [stdout]     = note: `#[warn(unreachable_code)]` (part of `#[warn(unused)]`) on by default
[INFO] [stdout] 
[INFO] [stdout] 
[INFO] [stdout] error[E0599]: no method named `start` found for type `!` in the current scope
[INFO] [stdout]    --> src/service.rs:356:19
[INFO] [stdout]     |
[INFO] [stdout] 356 |     match service.start(&[] as &[&str]) {
[INFO] [stdout]     |                   ^^^^^ method not found in `!`
[INFO] [stdout] 
[INFO] [stdout] 
[INFO] [stdout] warning: method call on a diverging inference variable
[INFO] [stdout]    --> src/service.rs:377:33
[INFO] [stdout]     |
[INFO] [stdout] 377 |     let service = match manager.open_service(SERVICE_NAME, ServiceAccess::STOP) {
[INFO] [stdout]     |                                 ^^^^^^^^^^^^
[INFO] [stdout]     |
[INFO] [stdout]     = help: consider providing a type annotation
[INFO] [stdout]     = warning: this was previously accepted by the compiler but is being phased out; it will become a hard error in a future release!
[INFO] [stdout]     = note: for more information, see issue #156047 <https://github.com/rust-lang/rust/issues/156047>
[INFO] [stdout] 
[INFO] [stdout] 
[INFO] [stdout] error[E0599]: no method named `query_config` found for type `!` in the current scope
[INFO] [stdout]    --> src/service.rs:282:33
[INFO] [stdout]     |
[INFO] [stdout] 282 |     if let Ok(config) = service.query_config() {
[INFO] [stdout]     |                                 ^^^^^^^^^^^^ method not found in `!`
[INFO] [stdout] 
[INFO] [stdout] 
[INFO] [stdout] warning: unreachable call
[INFO] [stdout]    --> src/service.rs:282:33
[INFO] [stdout]     |
[INFO] [stdout] 282 |     if let Ok(config) = service.query_config() {
[INFO] [stdout]     |                         ------- ^^^^^^^^^^^^ unreachable call
[INFO] [stdout]     |                         |
[INFO] [stdout]     |                         any code following this expression is unreachable
[INFO] [stdout] 
[INFO] [stdout] 
[INFO] [stdout] warning: method call on a diverging inference variable
[INFO] [stdout]    --> src/service.rs:309:33
[INFO] [stdout]     |
[INFO] [stdout] 309 |     let service = match manager.open_service(
[INFO] [stdout]     |                                 ^^^^^^^^^^^^
[INFO] [stdout]     |
[INFO] [stdout]     = help: consider providing a type annotation
[INFO] [stdout]     = warning: this was previously accepted by the compiler but is being phased out; it will become a hard error in a future release!
[INFO] [stdout]     = note: for more information, see issue #156047 <https://github.com/rust-lang/rust/issues/156047>
[INFO] [stdout] 
[INFO] [stdout] 
[INFO] [stdout] error[E0599]: no method named `open_service` found for type `!` in the current scope
[INFO] [stdout]    --> src/service.rs:309:33
[INFO] [stdout]     |
[INFO] [stdout] 309 |     let service = match manager.open_service(
[INFO] [stdout]     |                                 ^^^^^^^^^^^^ method not found in `!`
[INFO] [stdout] 
[INFO] [stdout] 
[INFO] [stdout] warning: method call on a diverging inference variable
[INFO] [stdout]    --> src/service.rs:320:33
[INFO] [stdout]     |
[INFO] [stdout] 320 |     if let Ok(status) = service.query_status() {
[INFO] [stdout]     |                                 ^^^^^^^^^^^^
[INFO] [stdout]     |
[INFO] [stdout]     = help: consider providing a type annotation
[INFO] [stdout]     = warning: this was previously accepted by the compiler but is being phased out; it will become a hard error in a future release!
[INFO] [stdout]     = note: for more information, see issue #156047 <https://github.com/rust-lang/rust/issues/156047>
[INFO] [stdout] 
[INFO] [stdout] 
[INFO] [stdout] error[E0599]: no method named `query_status` found for type `!` in the current scope
[INFO] [stdout]    --> src/service.rs:320:33
[INFO] [stdout]     |
[INFO] [stdout] 320 |     if let Ok(status) = service.query_status() {
[INFO] [stdout]     |                                 ^^^^^^^^^^^^ method not found in `!`
[INFO] [stdout] 
[INFO] [stdout] 
[INFO] [stdout] error[E0599]: no method named `open_service` found for type `!` in the current scope
[INFO] [stdout]    --> src/service.rs:377:33
[INFO] [stdout]     |
[INFO] [stdout] 377 |     let service = match manager.open_service(SERVICE_NAME, ServiceAccess::STOP) {
[INFO] [stdout]     |                                 ^^^^^^^^^^^^ method not found in `!`
[INFO] [stdout] 
[INFO] [stdout] 
[INFO] [stdout] warning: method call on a diverging inference variable
[INFO] [stdout]    --> src/service.rs:385:19
[INFO] [stdout]     |
[INFO] [stdout] 385 |     match service.stop() {
[INFO] [stdout]     |                   ^^^^
[INFO] [stdout]     |
[INFO] [stdout]     = help: consider providing a type annotation
[INFO] [stdout]     = warning: this was previously accepted by the compiler but is being phased out; it will become a hard error in a future release!
[INFO] [stdout]     = note: for more information, see issue #156047 <https://github.com/rust-lang/rust/issues/156047>
[INFO] [stdout] 
[INFO] [stdout] 
[INFO] [stdout] error[E0599]: no method named `stop` found for type `!` in the current scope
[INFO] [stdout]    --> src/service.rs:322:29
[INFO] [stdout]     |
[INFO] [stdout] 322 |             let _ = service.stop();
[INFO] [stdout]     |                             ^^^^ method not found in `!`
[INFO] [stdout] 
[INFO] [stdout] 
[INFO] [stdout] warning: unreachable call
[INFO] [stdout]    --> src/service.rs:322:29
[INFO] [stdout]     |
[INFO] [stdout] 322 |             let _ = service.stop();
[INFO] [stdout]     |                     ------- ^^^^ unreachable call
[INFO] [stdout]     |                     |
[INFO] [stdout]     |                     any code following this expression is unreachable
[INFO] [stdout] 
[INFO] [stdout] 
[INFO] [stdout] error[E0599]: no method named `delete` found for type `!` in the current scope
[INFO] [stdout]    --> src/service.rs:327:19
[INFO] [stdout]     |
[INFO] [stdout] 327 |     match service.delete() {
[INFO] [stdout]     |                   ^^^^^^ method not found in `!`
[INFO] [stdout] 
[INFO] [stdout] 
[INFO] [stdout] warning: unreachable call
[INFO] [stdout]    --> src/service.rs:327:19
[INFO] [stdout]     |
[INFO] [stdout] 327 |     match service.delete() {
[INFO] [stdout]     |           ------- ^^^^^^ unreachable call
[INFO] [stdout]     |           |
[INFO] [stdout]     |           any code following this expression is unreachable
[INFO] [stdout] 
[INFO] [stdout] 
[INFO] [stdout] warning: method call on a diverging inference variable
[INFO] [stdout]    --> src/service.rs:348:33
[INFO] [stdout]     |
[INFO] [stdout] 348 |     let service = match manager.open_service(SERVICE_NAME, ServiceAccess::START) {
[INFO] [stdout]     |                                 ^^^^^^^^^^^^
[INFO] [stdout]     |
[INFO] [stdout]     = help: consider providing a type annotation
[INFO] [stdout]     = warning: this was previously accepted by the compiler but is being phased out; it will become a hard error in a future release!
[INFO] [stdout]     = note: for more information, see issue #156047 <https://github.com/rust-lang/rust/issues/156047>
[INFO] [stdout] 
[INFO] [stdout] 
[INFO] [stdout] error[E0599]: no method named `open_service` found for type `!` in the current scope
[INFO] [stdout]    --> src/service.rs:348:33
[INFO] [stdout]     |
[INFO] [stdout] 348 |     let service = match manager.open_service(SERVICE_NAME, ServiceAccess::START) {
[INFO] [stdout]     |                                 ^^^^^^^^^^^^ method not found in `!`
[INFO] [stdout] 
[INFO] [stdout] 
[INFO] [stdout] warning: method call on a diverging inference variable
[INFO] [stdout]    --> src/service.rs:356:19
[INFO] [stdout]     |
[INFO] [stdout] 356 |     match service.start(&[] as &[&str]) {
[INFO] [stdout]     |                   ^^^^^
[INFO] [stdout]     |
[INFO] [stdout]     = help: consider providing a type annotation
[INFO] [stdout]     = warning: this was previously accepted by the compiler but is being phased out; it will become a hard error in a future release!
[INFO] [stdout]     = note: for more information, see issue #156047 <https://github.com/rust-lang/rust/issues/156047>
[INFO] [stdout] 
[INFO] [stdout] 
[INFO] [stdout] error[E0599]: no method named `stop` found for type `!` in the current scope
[INFO] [stdout]    --> src/service.rs:385:19
[INFO] [stdout]     |
[INFO] [stdout] 385 |     match service.stop() {
[INFO] [stdout]     |                   ^^^^ method not found in `!`
[INFO] [stdout] 
[INFO] [stdout] 
[INFO] [stdout] warning: method call on a diverging inference variable
[INFO] [stdout]    --> src/service.rs:409:17
[INFO] [stdout]     |
[INFO] [stdout] 409 |         manager.open_service(SERVICE_NAME, ServiceAccess::STOP | ServiceAccess::QUERY_STATUS)
[INFO] [stdout]     |                 ^^^^^^^^^^^^
[INFO] [stdout]     |
[INFO] [stdout]     = help: consider providing a type annotation
[INFO] [stdout]     = warning: this was previously accepted by the compiler but is being phased out; it will become a hard error in a future release!
[INFO] [stdout]     = note: for more information, see issue #156047 <https://github.com/rust-lang/rust/issues/156047>
[INFO] [stdout] 
[INFO] [stdout] 
[INFO] [stdout] error[E0599]: no method named `start` found for type `!` in the current scope
[INFO] [stdout]    --> src/service.rs:356:19
[INFO] [stdout]     |
[INFO] [stdout] 356 |     match service.start(&[] as &[&str]) {
[INFO] [stdout]     |                   ^^^^^ method not found in `!`
[INFO] [stdout] 
[INFO] [stdout] 
[INFO] [stdout] warning: method call on a diverging inference variable
[INFO] [stdout]    --> src/service.rs:377:33
[INFO] [stdout]     |
[INFO] [stdout] 377 |     let service = match manager.open_service(SERVICE_NAME, ServiceAccess::STOP) {
[INFO] [stdout]     |                                 ^^^^^^^^^^^^
[INFO] [stdout]     |
[INFO] [stdout]     = help: consider providing a type annotation
[INFO] [stdout]     = warning: this was previously accepted by the compiler but is being phased out; it will become a hard error in a future release!
[INFO] [stdout]     = note: for more information, see issue #156047 <https://github.com/rust-lang/rust/issues/156047>
[INFO] [stdout] 
[INFO] [stdout] 
[INFO] [stdout] error[E0599]: no method named `open_service` found for type `!` in the current scope
[INFO] [stdout]    --> src/service.rs:377:33
[INFO] [stdout]     |
[INFO] [stdout] 377 |     let service = match manager.open_service(SERVICE_NAME, ServiceAccess::STOP) {
[INFO] [stdout]     |                                 ^^^^^^^^^^^^ method not found in `!`
[INFO] [stdout] 
[INFO] [stdout] 
[INFO] [stdout] warning: method call on a diverging inference variable
[INFO] [stdout]    --> src/service.rs:385:19
[INFO] [stdout]     |
[INFO] [stdout] 385 |     match service.stop() {
[INFO] [stdout]     |                   ^^^^
[INFO] [stdout]     |
[INFO] [stdout]     = help: consider providing a type annotation
[INFO] [stdout]     = warning: this was previously accepted by the compiler but is being phased out; it will become a hard error in a future release!
[INFO] [stdout]     = note: for more information, see issue #156047 <https://github.com/rust-lang/rust/issues/156047>
[INFO] [stdout] 
[INFO] [stdout] 
[INFO] [stdout] error[E0599]: no method named `open_service` found for type `!` in the current scope
[INFO] [stdout]    --> src/service.rs:409:17
[INFO] [stdout]     |
[INFO] [stdout] 409 |         manager.open_service(SERVICE_NAME, ServiceAccess::STOP | ServiceAccess::QUERY_STATUS)
[INFO] [stdout]     |                 ^^^^^^^^^^^^ method not found in `!`
[INFO] [stdout] 
[INFO] [stdout] 
[INFO] [stdout] error[E0599]: no method named `stop` found for type `!` in the current scope
[INFO] [stdout]    --> src/service.rs:385:19
[INFO] [stdout]     |
[INFO] [stdout] 385 |     match service.stop() {
[INFO] [stdout]     |                   ^^^^ method not found in `!`
[INFO] [stdout] 
[INFO] [stdout] 
[INFO] [stdout] warning: method call on a diverging inference variable
[INFO] [stdout]    --> src/service.rs:409:17
[INFO] [stdout]     |
[INFO] [stdout] 409 |         manager.open_service(SERVICE_NAME, ServiceAccess::STOP | ServiceAccess::QUERY_STATUS)
[INFO] [stdout]     |                 ^^^^^^^^^^^^
[INFO] [stdout]     |
[INFO] [stdout]     = help: consider providing a type annotation
[INFO] [stdout]     = warning: this was previously accepted by the compiler but is being phased out; it will become a hard error in a future release!
[INFO] [stdout]     = note: for more information, see issue #156047 <https://github.com/rust-lang/rust/issues/156047>
[INFO] [stdout] 
[INFO] [stdout] 
[INFO] [stdout] error[E0599]: no method named `open_service` found for type `!` in the current scope
[INFO] [stdout]    --> src/service.rs:409:17
[INFO] [stdout]     |
[INFO] [stdout] 409 |         manager.open_service(SERVICE_NAME, ServiceAccess::STOP | ServiceAccess::QUERY_STATUS)
[INFO] [stdout]     |                 ^^^^^^^^^^^^ method not found in `!`
[INFO] [stdout] 
[INFO] [stdout] 
[INFO] [stdout] error[E0599]: no method named `open_service` found for type `!` in the current scope
[INFO] [stdout]    --> src/service.rs:426:33
[INFO] [stdout]     |
[INFO] [stdout] 426 |     let service = match manager.open_service(SERVICE_NAME, ServiceAccess::START) {
[INFO] [stdout]     |                                 ^^^^^^^^^^^^ method not found in `!`
[INFO] [stdout] 
[INFO] [stdout] 
[INFO] [stdout] warning: unreachable expression
[INFO] [stdout]    --> src/service.rs:426:46
[INFO] [stdout]     |
[INFO] [stdout] 426 |     let service = match manager.open_service(SERVICE_NAME, ServiceAccess::START) {
[INFO] [stdout]     |                         -------              ^^^^^^^^^^^^ unreachable expression
[INFO] [stdout]     |                         |
[INFO] [stdout]     |                         any code following this expression is unreachable
[INFO] [stdout] 
[INFO] [stdout] 
[INFO] [stdout] warning: method call on a diverging inference variable
[INFO] [stdout]    --> src/service.rs:434:19
[INFO] [stdout]     |
[INFO] [stdout] 434 |     match service.start(&[] as &[&str]) {
[INFO] [stdout]     |                   ^^^^^
[INFO] [stdout]     |
[INFO] [stdout]     = help: consider providing a type annotation
[INFO] [stdout]     = warning: this was previously accepted by the compiler but is being phased out; it will become a hard error in a future release!
[INFO] [stdout]     = note: for more information, see issue #156047 <https://github.com/rust-lang/rust/issues/156047>
[INFO] [stdout] 
[INFO] [stdout] 
[INFO] [stdout] error[E0599]: no method named `open_service` found for type `!` in the current scope
[INFO] [stdout]    --> src/service.rs:426:33
[INFO] [stdout]     |
[INFO] [stdout] 426 |     let service = match manager.open_service(SERVICE_NAME, ServiceAccess::START) {
[INFO] [stdout]     |                                 ^^^^^^^^^^^^ method not found in `!`
[INFO] [stdout] 
[INFO] [stdout] 
[INFO] [stdout] warning: unreachable expression
[INFO] [stdout]    --> src/service.rs:426:46
[INFO] [stdout]     |
[INFO] [stdout] 426 |     let service = match manager.open_service(SERVICE_NAME, ServiceAccess::START) {
[INFO] [stdout]     |                         -------              ^^^^^^^^^^^^ unreachable expression
[INFO] [stdout]     |                         |
[INFO] [stdout]     |                         any code following this expression is unreachable
[INFO] [stdout] 
[INFO] [stdout] 
[INFO] [stdout] warning: method call on a diverging inference variable
[INFO] [stdout]    --> src/service.rs:434:19
[INFO] [stdout]     |
[INFO] [stdout] 434 |     match service.start(&[] as &[&str]) {
[INFO] [stdout]     |                   ^^^^^
[INFO] [stdout]     |
[INFO] [stdout]     = help: consider providing a type annotation
[INFO] [stdout]     = warning: this was previously accepted by the compiler but is being phased out; it will become a hard error in a future release!
[INFO] [stdout]     = note: for more information, see issue #156047 <https://github.com/rust-lang/rust/issues/156047>
[INFO] [stdout] 
[INFO] [stdout] 
[INFO] [stdout] error[E0599]: no method named `start` found for type `!` in the current scope
[INFO] [stdout]    --> src/service.rs:434:19
[INFO] [stdout]     |
[INFO] [stdout] 434 |     match service.start(&[] as &[&str]) {
[INFO] [stdout]     |                   ^^^^^ method not found in `!`
[INFO] [stdout] 
[INFO] [stdout] 
[INFO] [stdout] warning: method call on a diverging inference variable
[INFO] [stdout]    --> src/service.rs:455:33
[INFO] [stdout]     |
[INFO] [stdout] 455 |     let service = match manager.open_service(SERVICE_NAME, ServiceAccess::QUERY_STATUS) {
[INFO] [stdout]     |                                 ^^^^^^^^^^^^
[INFO] [stdout]     |
[INFO] [stdout]     = help: consider providing a type annotation
[INFO] [stdout]     = warning: this was previously accepted by the compiler but is being phased out; it will become a hard error in a future release!
[INFO] [stdout]     = note: for more information, see issue #156047 <https://github.com/rust-lang/rust/issues/156047>
[INFO] [stdout] 
[INFO] [stdout] 
[INFO] [stdout] error[E0599]: no method named `start` found for type `!` in the current scope
[INFO] [stdout]    --> src/service.rs:434:19
[INFO] [stdout]     |
[INFO] [stdout] 434 |     match service.start(&[] as &[&str]) {
[INFO] [stdout]     |                   ^^^^^ method not found in `!`
[INFO] [stdout] 
[INFO] [stdout] 
[INFO] [stdout] warning: method call on a diverging inference variable
[INFO] [stdout]    --> src/service.rs:455:33
[INFO] [stdout]     |
[INFO] [stdout] 455 |     let service = match manager.open_service(SERVICE_NAME, ServiceAccess::QUERY_STATUS) {
[INFO] [stdout]     |                                 ^^^^^^^^^^^^
[INFO] [stdout]     |
[INFO] [stdout]     = help: consider providing a type annotation
[INFO] [stdout]     = warning: this was previously accepted by the compiler but is being phased out; it will become a hard error in a future release!
[INFO] [stdout]     = note: for more information, see issue #156047 <https://github.com/rust-lang/rust/issues/156047>
[INFO] [stdout] 
[INFO] [stdout] 
[INFO] [stdout] error[E0599]: no method named `open_service` found for type `!` in the current scope
[INFO] [stdout]    --> src/service.rs:455:33
[INFO] [stdout]     |
[INFO] [stdout] 455 |     let service = match manager.open_service(SERVICE_NAME, ServiceAccess::QUERY_STATUS) {
[INFO] [stdout]     |                                 ^^^^^^^^^^^^ method not found in `!`
[INFO] [stdout] 
[INFO] [stdout] 
[INFO] [stdout] warning: method call on a diverging inference variable
[INFO] [stdout]    --> src/service.rs:463:19
[INFO] [stdout]     |
[INFO] [stdout] 463 |     match service.query_status() {
[INFO] [stdout]     |                   ^^^^^^^^^^^^
[INFO] [stdout]     |
[INFO] [stdout]     = help: consider providing a type annotation
[INFO] [stdout]     = warning: this was previously accepted by the compiler but is being phased out; it will become a hard error in a future release!
[INFO] [stdout]     = note: for more information, see issue #156047 <https://github.com/rust-lang/rust/issues/156047>
[INFO] [stdout] 
[INFO] [stdout] 
[INFO] [stdout] error[E0599]: no method named `open_service` found for type `!` in the current scope
[INFO] [stdout]    --> src/service.rs:455:33
[INFO] [stdout]     |
[INFO] [stdout] 455 |     let service = match manager.open_service(SERVICE_NAME, ServiceAccess::QUERY_STATUS) {
[INFO] [stdout]     |                                 ^^^^^^^^^^^^ method not found in `!`
[INFO] [stdout] 
[INFO] [stdout] 
[INFO] [stdout] warning: method call on a diverging inference variable
[INFO] [stdout]    --> src/service.rs:463:19
[INFO] [stdout]     |
[INFO] [stdout] 463 |     match service.query_status() {
[INFO] [stdout]     |                   ^^^^^^^^^^^^
[INFO] [stdout]     |
[INFO] [stdout]     = help: consider providing a type annotation
[INFO] [stdout]     = warning: this was previously accepted by the compiler but is being phased out; it will become a hard error in a future release!
[INFO] [stdout]     = note: for more information, see issue #156047 <https://github.com/rust-lang/rust/issues/156047>
[INFO] [stdout] 
[INFO] [stdout] 
[INFO] [stdout] error[E0599]: no method named `query_status` found for type `!` in the current scope
[INFO] [stdout]    --> src/service.rs:463:19
[INFO] [stdout]     |
[INFO] [stdout] 463 |     match service.query_status() {
[INFO] [stdout]     |                   ^^^^^^^^^^^^ method not found in `!`
[INFO] [stdout] 
[INFO] [stdout] 
[INFO] [stdout] error[E0599]: no method named `query_status` found for type `!` in the current scope
[INFO] [stdout]    --> src/service.rs:463:19
[INFO] [stdout]     |
[INFO] [stdout] 463 |     match service.query_status() {
[INFO] [stdout]     |                   ^^^^^^^^^^^^ method not found in `!`
[INFO] [stdout] 
[INFO] [stdout] 
[INFO] [stdout] error[E0433]: cannot find module or crate `windows_service` in this scope
[INFO] [stdout]   --> src/service.rs:49:17
[INFO] [stdout]    |
[INFO] [stdout] 49 | pub fn run() -> windows_service::Result<()> {
[INFO] [stdout]    |                 ^^^^^^^^^^^^^^^ use of unresolved module or unlinked crate `windows_service`
[INFO] [stdout]    |
[INFO] [stdout]    = help: if you wanted to use a crate named `windows_service`, use `cargo add windows_service` to add it to your `Cargo.toml`
[INFO] [stdout] 
[INFO] [stdout] 
[INFO] [stdout] error[E0433]: cannot find module or crate `windows_service` in this scope
[INFO] [stdout]    --> src/service.rs:498:21
[INFO] [stdout]     |
[INFO] [stdout] 498 | fn run_service() -> windows_service::Result<()> {
[INFO] [stdout]     |                     ^^^^^^^^^^^^^^^ use of unresolved module or unlinked crate `windows_service`
[INFO] [stdout]     |
[INFO] [stdout]     = help: if you wanted to use a crate named `windows_service`, use `cargo add windows_service` to add it to your `Cargo.toml`
[INFO] [stdout] 
[INFO] [stdout] 
[INFO] [stdout] Some errors have detailed explanations: E0425, E0432, E0433, E0599.
[INFO] [stdout] 
[INFO] [stdout] For more information about an error, try `rustc --explain E0425`.
[INFO] [stdout] 
[INFO] [stderr] error: could not compile `report-studio-agente` (bin "agente-service") due to 26 previous errors; 31 warnings emitted
[INFO] [stderr] warning: build failed, waiting for other jobs to finish...
[INFO] [stdout] error[E0433]: cannot find module or crate `windows_service` in this scope
[INFO] [stdout]   --> src/service.rs:49:17
[INFO] [stdout]    |
[INFO] [stdout] 49 | pub fn run() -> windows_service::Result<()> {
[INFO] [stdout]    |                 ^^^^^^^^^^^^^^^ use of unresolved module or unlinked crate `windows_service`
[INFO] [stdout]    |
[INFO] [stdout]    = help: if you wanted to use a crate named `windows_service`, use `cargo add windows_service` to add it to your `Cargo.toml`
[INFO] [stdout] 
[INFO] [stdout] 
[INFO] [stdout] error[E0433]: cannot find module or crate `windows_service` in this scope
[INFO] [stdout]    --> src/service.rs:498:21
[INFO] [stdout]     |
[INFO] [stdout] 498 | fn run_service() -> windows_service::Result<()> {
[INFO] [stdout]     |                     ^^^^^^^^^^^^^^^ use of unresolved module or unlinked crate `windows_service`
[INFO] [stdout]     |
[INFO] [stdout]     = help: if you wanted to use a crate named `windows_service`, use `cargo add windows_service` to add it to your `Cargo.toml`
[INFO] [stdout] 
[INFO] [stdout] 
[INFO] [stdout] Some errors have detailed explanations: E0425, E0432, E0433, E0599.
[INFO] [stdout] 
[INFO] [stdout] For more information about an error, try `rustc --explain E0425`.
[INFO] [stdout] 
[INFO] [stderr] error: could not compile `report-studio-agente` (bin "agente-service" test) due to 26 previous errors; 31 warnings emitted
[INFO] running `Command { std: "docker" "inspect" "9ea1774b522215dcc3af8c00d33c96d6851ca8e7ad2b6ee46bea252dbd7dba38", kill_on_drop: false }`
[INFO] running `Command { std: "docker" "rm" "-f" "9ea1774b522215dcc3af8c00d33c96d6851ca8e7ad2b6ee46bea252dbd7dba38", kill_on_drop: false }`
[INFO] [stdout] 9ea1774b522215dcc3af8c00d33c96d6851ca8e7ad2b6ee46bea252dbd7dba38
