[INFO] cloning repository https://github.com/tenzoki/callscope
[INFO] running `Command { std: "git" "-c" "credential.helper=" "-c" "credential.helper=/workspace/cargo-home/bin/git-credential-null" "clone" "--bare" "https://github.com/tenzoki/callscope" "/workspace/cache/git-repos/https%3A%2F%2Fgithub.com%2Ftenzoki%2Fcallscope", kill_on_drop: false }`
[INFO] [stderr] Cloning into bare repository '/workspace/cache/git-repos/https%3A%2F%2Fgithub.com%2Ftenzoki%2Fcallscope'...
[INFO] running `Command { std: "git" "rev-parse" "HEAD", kill_on_drop: false }`
[INFO] [stdout] 2de4dc86b99a35c0ae1e42fd35732388028aaf7b
[INFO] checking tenzoki/callscope against 3154cc1a3e6424e44f438a95007d043ed5ceaaf6+rustflags=-Znext-solver=coherence for pr-133502-30
[INFO] running `Command { std: "git" "clone" "/workspace/cache/git-repos/https%3A%2F%2Fgithub.com%2Ftenzoki%2Fcallscope" "/workspace/builds/worker-7-tc1/source", kill_on_drop: false }`
[INFO] [stderr] Cloning into '/workspace/builds/worker-7-tc1/source'...
[INFO] [stderr] done.
[INFO] removed /workspace/builds/worker-7-tc1/source/rust-toolchain.toml
[INFO] started tweaking git repo https://github.com/tenzoki/callscope
[INFO] finished tweaking git repo https://github.com/tenzoki/callscope
[INFO] tweaked toml for git repo https://github.com/tenzoki/callscope written to /workspace/builds/worker-7-tc1/source/Cargo.toml
[INFO] validating manifest of git repo https://github.com/tenzoki/callscope on toolchain 3154cc1a3e6424e44f438a95007d043ed5ceaaf6
[INFO] running `Command { std: CARGO_HOME="/workspace/cargo-home" RUSTUP_HOME="/workspace/rustup-home" "/workspace/cargo-home/bin/cargo" "+3154cc1a3e6424e44f438a95007d043ed5ceaaf6" "metadata" "--manifest-path" "Cargo.toml" "--no-deps", kill_on_drop: false }`
[INFO] crate git repo https://github.com/tenzoki/callscope already has a lockfile, it will not be regenerated
[INFO] running `Command { std: CARGO_HOME="/workspace/cargo-home" RUSTUP_HOME="/workspace/rustup-home" "/workspace/cargo-home/bin/cargo" "+3154cc1a3e6424e44f438a95007d043ed5ceaaf6" "fetch" "--manifest-path" "Cargo.toml", kill_on_drop: false }`
[INFO] [stderr]  Downloading crates ...
[INFO] [stderr]   Downloaded rmcp-macros v2.2.0
[INFO] [stderr]   Downloaded rmcp v2.2.0
[INFO] running `Command { std: "docker" "create" "-v" "/var/lib/crater-agent-workspace/builds/worker-7-tc1/source:/opt/rustwide/workdir:ro,Z" "-v" "/var/lib/crater-agent-workspace/builds/worker-7-tc1/target:/opt/rustwide/target:rw,Z" "-v" "/var/lib/crater-agent-workspace/cargo-home:/opt/rustwide/cargo-home:ro,Z" "-v" "/var/lib/crater-agent-workspace/rustup-home:/opt/rustwide/rustup-home:ro,Z" "-m" "1610612736" "--network" "none" "ghcr.io/rust-lang/crates-build-env/linux@sha256:77db811e55d90add9212f6832c23229e3de5f1c1f9905e8cb07319ea15df73ac" "sleep" "infinity", kill_on_drop: false }`
[INFO] [stdout] 44cd80b40c6af3e2785479f6aa6e24672f7a6a8779083a0b72002dcc3ddc0092
[INFO] running `Command { std: "docker" "start" "44cd80b40c6af3e2785479f6aa6e24672f7a6a8779083a0b72002dcc3ddc0092", kill_on_drop: false }`
[INFO] running `Command { std: "docker" "inspect" "44cd80b40c6af3e2785479f6aa6e24672f7a6a8779083a0b72002dcc3ddc0092", kill_on_drop: false }`
[INFO] running `Command { std: "docker" "exec" "-e" "SOURCE_DIR=/opt/rustwide/workdir" "-e" "CARGO_HOME=/opt/rustwide/cargo-home" "-e" "RUSTUP_HOME=/opt/rustwide/rustup-home" "-e" "CARGO_TARGET_DIR=/opt/rustwide/target" "-w" "/opt/rustwide/workdir" "--user" "0:0" "44cd80b40c6af3e2785479f6aa6e24672f7a6a8779083a0b72002dcc3ddc0092" "/opt/rustwide/cargo-home/bin/cargo" "+3154cc1a3e6424e44f438a95007d043ed5ceaaf6" "metadata" "--no-deps" "--format-version=1", kill_on_drop: false }`
[INFO] running `Command { std: "docker" "inspect" "44cd80b40c6af3e2785479f6aa6e24672f7a6a8779083a0b72002dcc3ddc0092", kill_on_drop: false }`
[INFO] running `Command { std: "docker" "exec" "-e" "SOURCE_DIR=/opt/rustwide/workdir" "-e" "CARGO_HOME=/opt/rustwide/cargo-home" "-e" "RUSTUP_HOME=/opt/rustwide/rustup-home" "-e" "CARGO_TARGET_DIR=/opt/rustwide/target" "-e" "CARGO_INCREMENTAL=0" "-e" "RUST_BACKTRACE=full" "-e" "RUSTFLAGS=--cap-lints=forbid -Znext-solver=coherence" "-e" "RUSTDOCFLAGS=--cap-lints=forbid" "-w" "/opt/rustwide/workdir" "--user" "0:0" "44cd80b40c6af3e2785479f6aa6e24672f7a6a8779083a0b72002dcc3ddc0092" "/opt/rustwide/cargo-home/bin/cargo" "+3154cc1a3e6424e44f438a95007d043ed5ceaaf6" "check" "--frozen" "--all" "--all-targets" "--message-format=json", kill_on_drop: false }`
[INFO] [stderr]    Compiling proc-macro2 v1.0.107
[INFO] [stderr]    Compiling quote v1.0.47
[INFO] [stderr]    Compiling zmij v1.0.23
[INFO] [stderr]    Compiling serde_core v1.0.229
[INFO] [stderr]     Checking memchr v2.8.3
[INFO] [stderr]    Compiling serde v1.0.229
[INFO] [stderr]    Compiling serde_json v1.0.151
[INFO] [stderr]     Checking futures-core v0.3.33
[INFO] [stderr]     Checking futures-sink v0.3.33
[INFO] [stderr]    Compiling num-traits v0.2.19
[INFO] [stderr]     Checking futures-io v0.3.33
[INFO] [stderr]     Checking futures-task v0.3.33
[INFO] [stderr]     Checking slab v0.4.12
[INFO] [stderr]    Compiling ref-cast v1.0.26
[INFO] [stderr]    Compiling libc v0.2.189
[INFO] [stderr]     Checking futures-channel v0.3.33
[INFO] [stderr]     Checking bytes v1.12.1
[INFO] [stderr]    Compiling thiserror v2.0.19
[INFO] [stderr]    Compiling itoa v1.0.18
[INFO] [stderr]     Checking dyn-clone v1.0.20
[INFO] [stderr]    Compiling rmcp v2.2.0
[INFO] [stderr]    Compiling pastey v0.2.3
[INFO] [stderr]    Compiling callscope-index v0.1.0 (/opt/rustwide/workdir/crates/callscope-index)
[INFO] [stderr]    Compiling syn v2.0.119
[INFO] [stderr]    Compiling syn v3.0.3
[INFO] [stderr]    Compiling serde_derive v1.0.229
[INFO] [stderr]    Compiling ref-cast-impl v1.0.26
[INFO] [stderr]    Compiling thiserror-impl v2.0.19
[INFO] [stderr]    Compiling async-trait v0.1.91
[INFO] [stderr]    Compiling darling_core v0.23.0
[INFO] [stderr]    Compiling serde_derive_internals v0.29.1
[INFO] [stderr]    Compiling futures-macro v0.3.33
[INFO] [stderr]    Compiling tokio-macros v2.7.1
[INFO] [stderr]    Compiling schemars_derive v1.2.1
[INFO] [stderr]    Compiling tracing-attributes v0.1.31
[INFO] [stderr]     Checking futures-util v0.3.33
[INFO] [stderr]     Checking tokio v1.53.1
[INFO] [stderr]     Checking tracing v0.1.44
[INFO] [stderr]     Checking callscope-core v0.1.0 (/opt/rustwide/workdir/crates/callscope-core)
[INFO] [stderr]     Checking chrono v0.4.45
[INFO] [stderr]    Compiling darling_macro v0.23.0
[INFO] [stdout] error[E0463]: can't find crate for `rustc_driver`
[INFO] [stdout]   --> crates/callscope-index/src/main.rs:21:1
[INFO] [stdout]    |
[INFO] [stdout] 21 | extern crate rustc_driver;
[INFO] [stdout]    | ^^^^^^^^^^^^^^^^^^^^^^^^^^ can't find crate
[INFO] [stdout]    |
[INFO] [stdout]    = help: maybe you need to install the missing components with: `rustup component add rust-src rustc-dev llvm-tools-preview`
[INFO] [stdout] 
[INFO] [stdout] 
[INFO] [stdout] error[E0463]: can't find crate for `rustc_interface`
[INFO] [stdout]   --> crates/callscope-index/src/main.rs:22:1
[INFO] [stdout]    |
[INFO] [stdout] 22 | extern crate rustc_interface;
[INFO] [stdout]    | ^^^^^^^^^^^^^^^^^^^^^^^^^^^^^ can't find crate
[INFO] [stdout]    |
[INFO] [stdout]    = help: maybe you need to install the missing components with: `rustup component add rust-src rustc-dev llvm-tools-preview`
[INFO] [stdout] 
[INFO] [stdout] 
[INFO] [stdout] error[E0463]: can't find crate for `rustc_middle`
[INFO] [stdout]   --> crates/callscope-index/src/main.rs:23:1
[INFO] [stdout]    |
[INFO] [stdout] 23 | extern crate rustc_middle;
[INFO] [stdout]    | ^^^^^^^^^^^^^^^^^^^^^^^^^^ can't find crate
[INFO] [stdout]    |
[INFO] [stdout]    = help: maybe you need to install the missing components with: `rustup component add rust-src rustc-dev llvm-tools-preview`
[INFO] [stdout] 
[INFO] [stdout] 
[INFO] [stdout] error[E0463]: can't find crate for `rustc_public`
[INFO] [stdout]   --> crates/callscope-index/src/main.rs:24:1
[INFO] [stdout]    |
[INFO] [stdout] 24 | extern crate rustc_public;
[INFO] [stdout]    | ^^^^^^^^^^^^^^^^^^^^^^^^^^ can't find crate
[INFO] [stdout]    |
[INFO] [stdout]    = help: maybe you need to install the missing components with: `rustup component add rust-src rustc-dev llvm-tools-preview`
[INFO] [stdout] 
[INFO] [stdout] 
[INFO] [stdout] error[E0463]: can't find crate for `rustc_span`
[INFO] [stdout]   --> crates/callscope-index/src/main.rs:25:1
[INFO] [stdout]    |
[INFO] [stdout] 25 | extern crate rustc_span;
[INFO] [stdout]    | ^^^^^^^^^^^^^^^^^^^^^^^^ can't find crate
[INFO] [stdout]    |
[INFO] [stdout]    = help: maybe you need to install the missing components with: `rustup component add rust-src rustc-dev llvm-tools-preview`
[INFO] [stdout] 
[INFO] [stdout] 
[INFO] [stdout] error[E0463]: can't find crate for `rustc_driver`
[INFO] [stdout]   --> crates/callscope-index/src/main.rs:21:1
[INFO] [stdout]    |
[INFO] [stdout] 21 | extern crate rustc_driver;
[INFO] [stdout]    | ^^^^^^^^^^^^^^^^^^^^^^^^^^ can't find crate
[INFO] [stdout]    |
[INFO] [stdout]    = help: maybe you need to install the missing components with: `rustup component add rust-src rustc-dev llvm-tools-preview`
[INFO] [stdout] 
[INFO] [stdout] 
[INFO] [stdout] error[E0463]: can't find crate for `rustc_interface`
[INFO] [stdout]   --> crates/callscope-index/src/main.rs:22:1
[INFO] [stdout]    |
[INFO] [stdout] 22 | extern crate rustc_interface;
[INFO] [stdout]    | ^^^^^^^^^^^^^^^^^^^^^^^^^^^^^ can't find crate
[INFO] [stdout]    |
[INFO] [stdout]    = help: maybe you need to install the missing components with: `rustup component add rust-src rustc-dev llvm-tools-preview`
[INFO] [stdout] 
[INFO] [stdout] 
[INFO] [stdout] error[E0463]: can't find crate for `rustc_middle`
[INFO] [stdout]   --> crates/callscope-index/src/main.rs:23:1
[INFO] [stdout]    |
[INFO] [stdout] 23 | extern crate rustc_middle;
[INFO] [stdout]    | ^^^^^^^^^^^^^^^^^^^^^^^^^^ can't find crate
[INFO] [stdout]    |
[INFO] [stdout]    = help: maybe you need to install the missing components with: `rustup component add rust-src rustc-dev llvm-tools-preview`
[INFO] [stdout] 
[INFO] [stdout] 
[INFO] [stdout] error[E0463]: can't find crate for `rustc_public`
[INFO] [stdout]   --> crates/callscope-index/src/main.rs:24:1
[INFO] [stdout]    |
[INFO] [stdout] 24 | extern crate rustc_public;
[INFO] [stdout]    | ^^^^^^^^^^^^^^^^^^^^^^^^^^ can't find crate
[INFO] [stdout]    |
[INFO] [stdout]    = help: maybe you need to install the missing components with: `rustup component add rust-src rustc-dev llvm-tools-preview`
[INFO] [stdout] 
[INFO] [stdout] 
[INFO] [stdout] error[E0463]: can't find crate for `rustc_span`
[INFO] [stdout]   --> crates/callscope-index/src/main.rs:25:1
[INFO] [stdout]    |
[INFO] [stdout] 25 | extern crate rustc_span;
[INFO] [stdout]    | ^^^^^^^^^^^^^^^^^^^^^^^^ can't find crate
[INFO] [stdout]    |
[INFO] [stdout]    = help: maybe you need to install the missing components with: `rustup component add rust-src rustc-dev llvm-tools-preview`
[INFO] [stdout] 
[INFO] [stdout] 
[INFO] [stdout] For more information about this error, try `rustc --explain E0463`.
[INFO] [stdout] 
[INFO] [stderr] error: could not compile `callscope-index` (bin "callscope-index" test) due to 5 previous errors
[INFO] [stderr] warning: build failed, waiting for other jobs to finish...
[INFO] [stderr] error: could not compile `callscope-index` (bin "callscope-index") due to 5 previous errors
[INFO] [stdout] For more information about this error, try `rustc --explain E0463`.
[INFO] [stdout] 
[INFO] running `Command { std: "docker" "inspect" "44cd80b40c6af3e2785479f6aa6e24672f7a6a8779083a0b72002dcc3ddc0092", kill_on_drop: false }`
[INFO] running `Command { std: "docker" "rm" "-f" "44cd80b40c6af3e2785479f6aa6e24672f7a6a8779083a0b72002dcc3ddc0092", kill_on_drop: false }`
[INFO] [stdout] 44cd80b40c6af3e2785479f6aa6e24672f7a6a8779083a0b72002dcc3ddc0092
