[INFO] cloning repository https://github.com/tellers-project/tellers-tl
[INFO] running `Command { std: "git" "-c" "credential.helper=" "-c" "credential.helper=/workspace/cargo-home/bin/git-credential-null" "clone" "--bare" "https://github.com/tellers-project/tellers-tl" "/workspace/cache/git-repos/https%3A%2F%2Fgithub.com%2Ftellers-project%2Ftellers-tl", kill_on_drop: false }`
[INFO] [stderr] Cloning into bare repository '/workspace/cache/git-repos/https%3A%2F%2Fgithub.com%2Ftellers-project%2Ftellers-tl'...
[INFO] running `Command { std: "git" "rev-parse" "HEAD", kill_on_drop: false }`
[INFO] [stdout] f712ec4f9704d4c610fc65ca421f8a0ef54b6658
[INFO] checking tellers-project/tellers-tl against 3154cc1a3e6424e44f438a95007d043ed5ceaaf6+rustflags=-Znext-solver=coherence for pr-133502-30
[INFO] running `Command { std: "git" "clone" "/workspace/cache/git-repos/https%3A%2F%2Fgithub.com%2Ftellers-project%2Ftellers-tl" "/workspace/builds/worker-5-tc1/source", kill_on_drop: false }`
[INFO] [stderr] Cloning into '/workspace/builds/worker-5-tc1/source'...
[INFO] [stderr] done.
[INFO] removed /workspace/builds/worker-5-tc1/source/.cargo/config.toml
[INFO] started tweaking git repo https://github.com/tellers-project/tellers-tl
[INFO] finished tweaking git repo https://github.com/tellers-project/tellers-tl
[INFO] tweaked toml for git repo https://github.com/tellers-project/tellers-tl written to /workspace/builds/worker-5-tc1/source/Cargo.toml
[INFO] validating manifest of git repo https://github.com/tellers-project/tellers-tl on toolchain 3154cc1a3e6424e44f438a95007d043ed5ceaaf6
[INFO] running `Command { std: CARGO_HOME="/workspace/cargo-home" RUSTUP_HOME="/workspace/rustup-home" "/workspace/cargo-home/bin/cargo" "+3154cc1a3e6424e44f438a95007d043ed5ceaaf6" "metadata" "--manifest-path" "Cargo.toml" "--no-deps", kill_on_drop: false }`
[INFO] crate git repo https://github.com/tellers-project/tellers-tl already has a lockfile, it will not be regenerated
[INFO] running `Command { std: CARGO_HOME="/workspace/cargo-home" RUSTUP_HOME="/workspace/rustup-home" "/workspace/cargo-home/bin/cargo" "+3154cc1a3e6424e44f438a95007d043ed5ceaaf6" "fetch" "--manifest-path" "Cargo.toml", kill_on_drop: false }`
[INFO] [stderr] warning: `package.homepage` is redundant with `package.repository`
[INFO] [stderr]  --> crates/xtask/Cargo.toml:9:1
[INFO] [stderr]   |
[INFO] [stderr] 8 | repository.workspace = true
[INFO] [stderr]   | ----------
[INFO] [stderr] 9 | homepage.workspace = true
[INFO] [stderr]   | ^^^^^^^^
[INFO] [stderr]   |
[INFO] [stderr]   = note: `cargo::redundant_homepage` is set to `warn` by default
[INFO] [stderr] help: consider removing `package.homepage`
[INFO] [stderr] warning: `tellers-xtask` (manifest) generated 1 warning
[INFO] [stderr] warning: `package.homepage` is redundant with `package.repository`
[INFO] [stderr]  --> crates/tl-codegen/Cargo.toml:9:1
[INFO] [stderr]   |
[INFO] [stderr] 8 | repository.workspace = true
[INFO] [stderr]   | ----------
[INFO] [stderr] 9 | homepage.workspace = true
[INFO] [stderr]   | ^^^^^^^^
[INFO] [stderr]   |
[INFO] [stderr]   = note: `cargo::redundant_homepage` is set to `warn` by default
[INFO] [stderr] help: consider removing `package.homepage`
[INFO] [stderr] warning: `tellers-tl-rust` (manifest) generated 1 warning
[INFO] [stderr] warning: `package.homepage` is redundant with `package.repository`
[INFO] [stderr]  --> crates/tl-parser/Cargo.toml:9:1
[INFO] [stderr]   |
[INFO] [stderr] 8 | repository.workspace = true
[INFO] [stderr]   | ----------
[INFO] [stderr] 9 | homepage.workspace = true
[INFO] [stderr]   | ^^^^^^^^
[INFO] [stderr]   |
[INFO] [stderr]   = note: `cargo::redundant_homepage` is set to `warn` by default
[INFO] [stderr] help: consider removing `package.homepage`
[INFO] [stderr] warning: `tellers-tl-parser` (manifest) generated 1 warning
[INFO] [stderr] warning: `package.homepage` is redundant with `package.repository`
[INFO] [stderr]  --> crates/mtproto-types/Cargo.toml:9:1
[INFO] [stderr]   |
[INFO] [stderr] 8 | repository.workspace = true
[INFO] [stderr]   | ----------
[INFO] [stderr] 9 | homepage.workspace = true
[INFO] [stderr]   | ^^^^^^^^
[INFO] [stderr]   |
[INFO] [stderr]   = note: `cargo::redundant_homepage` is set to `warn` by default
[INFO] [stderr] help: consider removing `package.homepage`
[INFO] [stderr] warning: `tellers-mtproto` (manifest) generated 1 warning
[INFO] [stderr] warning: `package.homepage` is redundant with `package.repository`
[INFO] [stderr]  --> crates/tl-model/Cargo.toml:9:1
[INFO] [stderr]   |
[INFO] [stderr] 8 | repository.workspace = true
[INFO] [stderr]   | ----------
[INFO] [stderr] 9 | homepage.workspace = true
[INFO] [stderr]   | ^^^^^^^^
[INFO] [stderr]   |
[INFO] [stderr]   = note: `cargo::redundant_homepage` is set to `warn` by default
[INFO] [stderr] help: consider removing `package.homepage`
[INFO] [stderr] warning: `tellers-tl-schema` (manifest) generated 1 warning
[INFO] [stderr] warning: `package.homepage` is redundant with `package.repository`
[INFO] [stderr]  --> crates/tl-json/Cargo.toml:9:1
[INFO] [stderr]   |
[INFO] [stderr] 8 | repository.workspace = true
[INFO] [stderr]   | ----------
[INFO] [stderr] 9 | homepage.workspace = true
[INFO] [stderr]   | ^^^^^^^^
[INFO] [stderr]   |
[INFO] [stderr]   = note: `cargo::redundant_homepage` is set to `warn` by default
[INFO] [stderr] help: consider removing `package.homepage`
[INFO] [stderr] warning: `tellers-tl-json` (manifest) generated 1 warning
[INFO] [stderr]  Downloading crates ...
[INFO] [stderr]   Downloaded eyre v0.6.14
[INFO] [stderr]   Downloaded bnum v0.14.4
[INFO] running `Command { std: "docker" "create" "-v" "/var/lib/crater-agent-workspace/builds/worker-5-tc1/source:/opt/rustwide/workdir:ro,Z" "-v" "/var/lib/crater-agent-workspace/builds/worker-5-tc1/target:/opt/rustwide/target:rw,Z" "-v" "/var/lib/crater-agent-workspace/cargo-home:/opt/rustwide/cargo-home:ro,Z" "-v" "/var/lib/crater-agent-workspace/rustup-home:/opt/rustwide/rustup-home:ro,Z" "-m" "1610612736" "--network" "none" "ghcr.io/rust-lang/crates-build-env/linux@sha256:77db811e55d90add9212f6832c23229e3de5f1c1f9905e8cb07319ea15df73ac" "sleep" "infinity", kill_on_drop: false }`
[INFO] [stdout] 694339bf69a33c2014b949cb65feecdb88c565acbba645251338e679699abd33
[INFO] running `Command { std: "docker" "start" "694339bf69a33c2014b949cb65feecdb88c565acbba645251338e679699abd33", kill_on_drop: false }`
[INFO] running `Command { std: "docker" "inspect" "694339bf69a33c2014b949cb65feecdb88c565acbba645251338e679699abd33", kill_on_drop: false }`
[INFO] running `Command { std: "docker" "exec" "-e" "SOURCE_DIR=/opt/rustwide/workdir" "-e" "CARGO_HOME=/opt/rustwide/cargo-home" "-e" "RUSTUP_HOME=/opt/rustwide/rustup-home" "-e" "CARGO_TARGET_DIR=/opt/rustwide/target" "-w" "/opt/rustwide/workdir" "--user" "0:0" "694339bf69a33c2014b949cb65feecdb88c565acbba645251338e679699abd33" "/opt/rustwide/cargo-home/bin/cargo" "+3154cc1a3e6424e44f438a95007d043ed5ceaaf6" "metadata" "--no-deps" "--format-version=1", kill_on_drop: false }`
[INFO] running `Command { std: "docker" "inspect" "694339bf69a33c2014b949cb65feecdb88c565acbba645251338e679699abd33", kill_on_drop: false }`
[INFO] running `Command { std: "docker" "exec" "-e" "SOURCE_DIR=/opt/rustwide/workdir" "-e" "CARGO_HOME=/opt/rustwide/cargo-home" "-e" "RUSTUP_HOME=/opt/rustwide/rustup-home" "-e" "CARGO_TARGET_DIR=/opt/rustwide/target" "-e" "CARGO_INCREMENTAL=0" "-e" "RUST_BACKTRACE=full" "-e" "RUSTFLAGS=--cap-lints=forbid -Znext-solver=coherence" "-e" "RUSTDOCFLAGS=--cap-lints=forbid" "-w" "/opt/rustwide/workdir" "--user" "0:0" "694339bf69a33c2014b949cb65feecdb88c565acbba645251338e679699abd33" "/opt/rustwide/cargo-home/bin/cargo" "+3154cc1a3e6424e44f438a95007d043ed5ceaaf6" "check" "--frozen" "--all" "--all-targets" "--message-format=json", kill_on_drop: false }`
[INFO] [stderr] warning: `package.homepage` is redundant with `package.repository`
[INFO] [stderr]  --> crates/mtproto-types/Cargo.toml:9:1
[INFO] [stderr]   |
[INFO] [stderr] 8 | repository.workspace = true
[INFO] [stderr]   | ----------
[INFO] [stderr] 9 | homepage.workspace = true
[INFO] [stderr]   | ^^^^^^^^
[INFO] [stderr]   |
[INFO] [stderr]   = note: `cargo::redundant_homepage` is set to `warn` by default
[INFO] [stderr] help: consider removing `package.homepage`
[INFO] [stderr] warning: `tellers-mtproto` (manifest) generated 1 warning
[INFO] [stderr] warning: `package.homepage` is redundant with `package.repository`
[INFO] [stderr]  --> crates/tl-model/Cargo.toml:9:1
[INFO] [stderr]   |
[INFO] [stderr] 8 | repository.workspace = true
[INFO] [stderr]   | ----------
[INFO] [stderr] 9 | homepage.workspace = true
[INFO] [stderr]   | ^^^^^^^^
[INFO] [stderr]   |
[INFO] [stderr]   = note: `cargo::redundant_homepage` is set to `warn` by default
[INFO] [stderr] help: consider removing `package.homepage`
[INFO] [stderr] warning: `tellers-tl-schema` (manifest) generated 1 warning
[INFO] [stderr] warning: `package.homepage` is redundant with `package.repository`
[INFO] [stderr]  --> crates/tl-json/Cargo.toml:9:1
[INFO] [stderr]   |
[INFO] [stderr] 8 | repository.workspace = true
[INFO] [stderr]   | ----------
[INFO] [stderr] 9 | homepage.workspace = true
[INFO] [stderr]   | ^^^^^^^^
[INFO] [stderr]   |
[INFO] [stderr]   = note: `cargo::redundant_homepage` is set to `warn` by default
[INFO] [stderr] help: consider removing `package.homepage`
[INFO] [stderr] warning: `tellers-tl-json` (manifest) generated 1 warning
[INFO] [stderr] warning: `package.homepage` is redundant with `package.repository`
[INFO] [stderr]  --> crates/xtask/Cargo.toml:9:1
[INFO] [stderr]   |
[INFO] [stderr] 8 | repository.workspace = true
[INFO] [stderr]   | ----------
[INFO] [stderr] 9 | homepage.workspace = true
[INFO] [stderr]   | ^^^^^^^^
[INFO] [stderr]   |
[INFO] [stderr]   = note: `cargo::redundant_homepage` is set to `warn` by default
[INFO] [stderr] help: consider removing `package.homepage`
[INFO] [stderr] warning: `tellers-xtask` (manifest) generated 1 warning
[INFO] [stderr] warning: `package.homepage` is redundant with `package.repository`
[INFO] [stderr]  --> crates/tl-codegen/Cargo.toml:9:1
[INFO] [stderr]   |
[INFO] [stderr] 8 | repository.workspace = true
[INFO] [stderr]   | ----------
[INFO] [stderr] 9 | homepage.workspace = true
[INFO] [stderr]   | ^^^^^^^^
[INFO] [stderr]   |
[INFO] [stderr]   = note: `cargo::redundant_homepage` is set to `warn` by default
[INFO] [stderr] help: consider removing `package.homepage`
[INFO] [stderr] warning: `tellers-tl-rust` (manifest) generated 1 warning
[INFO] [stderr] warning: `package.homepage` is redundant with `package.repository`
[INFO] [stderr]  --> crates/tl-parser/Cargo.toml:9:1
[INFO] [stderr]   |
[INFO] [stderr] 8 | repository.workspace = true
[INFO] [stderr]   | ----------
[INFO] [stderr] 9 | homepage.workspace = true
[INFO] [stderr]   | ^^^^^^^^
[INFO] [stderr]   |
[INFO] [stderr]   = note: `cargo::redundant_homepage` is set to `warn` by default
[INFO] [stderr] help: consider removing `package.homepage`
[INFO] [stderr] warning: `tellers-tl-parser` (manifest) generated 1 warning
[INFO] [stderr]     Checking smallvec v1.15.2
[INFO] [stderr]     Checking stable_deref_trait v1.2.1
[INFO] [stderr]    Compiling syn v3.0.3
[INFO] [stderr]    Compiling syn v2.0.119
[INFO] [stderr]    Compiling ref-cast v1.0.26
[INFO] [stderr]    Compiling libc v0.2.189
[INFO] [stderr]     Checking rustix v1.1.4
[INFO] [stderr]     Checking getrandom v0.4.3
[INFO] [stderr]     Checking serde_json v1.0.151
[INFO] [stderr]    Compiling fs_extra v1.3.0
[INFO] [stderr]    Compiling proc-macro2 v1.0.107
[INFO] [stderr]     Checking wait-timeout v0.2.1
[INFO] [stderr]     Checking writeable v0.5.5
[INFO] [stderr]    Compiling icu_locid_transform_data v1.5.1
[INFO] [stderr]    Compiling zerocopy v0.8.56
[INFO] [stderr]    Compiling quote v1.0.47
[INFO] [stderr]     Checking litemap v0.7.5
[INFO] [stderr]     Checking futures-sink v0.3.34
[INFO] [stderr]     Checking errno v0.3.14
[INFO] [stderr]    Compiling icu_properties_data v1.5.1
[INFO] [stderr]    Compiling aws-lc-rs v1.18.0
[INFO] [stderr]     Checking futures-channel v0.3.34
[INFO] [stderr]     Checking signal-hook-registry v1.4.8
[INFO] [stderr]     Checking phf_shared v0.13.1
[INFO] [stderr]     Checking mio v1.2.2
[INFO] [stderr]     Checking socket2 v0.6.5
[INFO] [stderr]     Checking futures-io v0.3.34
[INFO] [stderr]    Compiling prettyplease v0.3.0
[INFO] [stderr]    Compiling icu_normalizer_data v1.5.1
[INFO] [stderr]     Checking bit-vec v0.8.0
[INFO] [stderr]     Checking http-body v1.1.0
[INFO] [stderr]     Checking parking_lot_core v0.9.12
[INFO] [stderr]     Checking rand v0.9.5
[INFO] [stderr]     Checking rand_xorshift v0.4.0
[INFO] [stderr]    Compiling string_cache_codegen v0.6.1
[INFO] [stderr]     Checking utf16_iter v1.0.5
[INFO] [stderr]     Checking precomputed-hash v0.1.1
[INFO] [stderr]    Compiling rustls v0.23.43
[INFO] [stderr]     Checking write16 v1.0.0
[INFO] [stderr]     Checking mac v0.1.1
[INFO] [stderr]    Compiling bnum v0.14.4
[INFO] [stderr]     Checking hybrid-array v0.4.14
[INFO] [stderr]     Checking clap_builder v4.6.6
[INFO] [stderr]     Checking bit-set v0.8.0
[INFO] [stderr]     Checking futf v0.1.5
[INFO] [stderr]     Checking parking_lot v0.12.5
[INFO] [stderr]     Checking regex-automata v0.4.18
[INFO] [stderr]     Checking dtoa v1.0.11
[INFO] [stderr]     Checking tendril v0.4.3
[INFO] [stderr]     Checking dtoa-short v0.3.5
[INFO] [stderr]     Checking tracing v0.1.44
[INFO] [stderr]     Checking string_cache v0.9.0
[INFO] [stderr]    Compiling selectors v0.33.0
[INFO] [stderr]    Compiling web_atoms v0.2.6
[INFO] [stderr]     Checking sync_wrapper v1.0.2
[INFO] [stderr]     Checking predicates-core v1.0.10
[INFO] [stderr]     Checking yansi v1.0.1
[INFO] [stderr]     Checking ipnet v2.12.1
[INFO] [stderr]     Checking diff v0.1.13
[INFO] [stderr]    Compiling jobserver v0.1.35
[INFO] [stderr]     Checking rustls-native-certs v0.8.4
[INFO] [stderr]     Checking crypto-common v0.2.2
[INFO] [stderr]     Checking block-buffer v0.12.1
[INFO] [stderr]     Checking servo_arc v0.4.3
[INFO] [stderr]     Checking float-cmp v0.10.0
[INFO] [stderr]     Checking console v0.16.4
[INFO] [stderr]    Compiling eyre v0.6.14
[INFO] [stderr]     Checking difflib v0.4.0
[INFO] [stderr]    Compiling assert_cmd v2.2.2
[INFO] [stderr]     Checking const-oid v0.10.2
[INFO] [stderr]     Checking predicates-tree v1.0.13
[INFO] [stderr]    Compiling cc v1.4.2
[INFO] [stderr]     Checking toml_parser v1.1.3+spec-1.1.0
[INFO] [stderr]     Checking getopts v0.2.24
[INFO] [stderr]     Checking pretty_assertions v1.4.1
[INFO] [stderr]     Checking http-body-util v0.1.5
[INFO] [stderr]     Checking ego-tree v0.10.0
[INFO] [stderr]     Checking toml_writer v1.1.2+spec-1.1.0
[INFO] [stderr]     Checking toml_datetime v1.1.1+spec-1.1.0
[INFO] [stderr]     Checking toml_edit v0.25.13+spec-1.1.0
[INFO] [stderr]     Checking digest v0.11.3
[INFO] [stderr]     Checking sha2 v0.11.0
[INFO] [stderr]     Checking tempfile v3.27.0
[INFO] [stderr]     Checking rusty-fork v0.3.1
[INFO] [stderr]     Checking insta v1.48.0
[INFO] [stderr]    Compiling cmake v0.1.58
[INFO] [stderr]    Compiling serde_derive_internals v0.30.0
[INFO] [stderr]     Checking regex v1.13.1
[INFO] [stderr]     Checking bstr v1.13.1
[INFO] [stderr]    Compiling aws-lc-sys v0.44.0
[INFO] [stderr]    Compiling thiserror-impl v2.0.20
[INFO] [stderr]    Compiling ref-cast-impl v1.0.26
[INFO] [stderr]    Compiling serde_derive v1.0.229
[INFO] [stderr]    Compiling displaydoc v0.2.7
[INFO] [stderr]    Compiling tokio-macros v2.7.2
[INFO] [stderr]    Compiling futures-macro v0.3.34
[INFO] [stderr]    Compiling clap_derive v4.6.4
[INFO] [stderr]     Checking predicates v3.1.4
[INFO] [stderr]     Checking tokio v1.53.1
[INFO] [stderr]    Compiling schemars_derive v1.2.2
[INFO] [stderr]    Compiling synstructure v0.13.2
[INFO] [stderr]     Checking futures-util v0.3.34
[INFO] [stderr]     Checking thiserror v2.0.20
[INFO] [stderr]     Checking tellers-tl-parser v0.2.0 (/opt/rustwide/workdir/crates/tl-parser)
[INFO] [stderr]     Checking tellers-mtproto v0.2.0+layer.223 (/opt/rustwide/workdir/crates/mtproto-types)
[INFO] [stderr]     Checking clap v4.6.6
[INFO] [stderr]     Checking ppv-lite86 v0.2.21
[INFO] [stderr]    Compiling zerofrom-derive v0.1.7
[INFO] [stderr]    Compiling yoke-derive v0.7.5
[INFO] [stderr]    Compiling zerovec-derive v0.10.3
[INFO] [stderr]    Compiling icu_provider_macros v1.5.0
[INFO] [stderr]    Compiling phf_macros v0.13.1
[INFO] [stderr]    Compiling cssparser-macros v0.6.1
[INFO] [stderr]    Compiling derive_more-impl v2.1.1
[INFO] [stderr]     Checking phf v0.13.1
[INFO] [stderr]     Checking rand_chacha v0.9.0
[INFO] [stderr]     Checking cssparser v0.36.0
[INFO] [stderr]     Checking proptest v1.11.0
[INFO] [stderr]     Checking derive_more v2.1.1
[INFO] [stderr]     Checking zerofrom v0.1.8
[INFO] [stderr]     Checking yoke v0.7.5
[INFO] [stderr]     Checking zerovec v0.10.4
[INFO] [stderr]     Checking serde v1.0.229
[INFO] [stderr]     Checking markup5ever v0.36.1
[INFO] [stderr]     Checking html5ever v0.36.1
[INFO] [stderr]     Checking schemars v1.2.2
[INFO] [stderr]     Checking tinystr v0.7.6
[INFO] [stderr]     Checking icu_collections v1.5.0
[INFO] [stderr]     Checking futures-executor v0.3.34
[INFO] [stderr]     Checking icu_locid v1.5.0
[INFO] [stderr]     Checking futures v0.3.34
[INFO] [stderr]     Checking scraper v0.25.0
[INFO] [stderr]     Checking tellers-tl-schema v0.2.0 (/opt/rustwide/workdir/crates/tl-model)
[INFO] [stderr]     Checking icu_provider v1.5.0
[INFO] [stderr]     Checking icu_locid_transform v1.5.0
[INFO] [stderr]     Checking tellers-tl-rust v0.2.0 (/opt/rustwide/workdir/crates/tl-codegen)
[INFO] [stderr]     Checking tellers-tl-json v0.2.0 (/opt/rustwide/workdir/crates/tl-json)
[INFO] [stderr]     Checking hyper v1.11.0
[INFO] [stderr]     Checking tower v0.5.3
[INFO] [stderr]     Checking icu_properties v1.5.1
[INFO] [stderr]     Checking hyper-util v0.1.20
[INFO] [stderr]     Checking icu_normalizer v1.5.0
[INFO] [stderr]     Checking idna_adapter v1.2.0
[INFO] [stderr]     Checking idna v1.1.0
[INFO] [stderr]     Checking url v2.5.8
[INFO] [stdout] error[E0599]: no method named `to_bits` found for reference `&Integer<true, 16, 0, 1>` in the current scope
[INFO] [stdout]   --> crates/mtproto-types/src/codec/value.rs:34:35
[INFO] [stdout]    |
[INFO] [stdout] 30 | macro_rules! fixed_bigint {
[INFO] [stdout] ...
[INFO] [stdout] 34 |                 for digit in self.to_bits().digits() {
[INFO] [stdout]    |                                   ^^^^^^^
[INFO] [stdout] ...
[INFO] [stdout] 48 | fixed_bigint!(bnum::types::I128, 16);
[INFO] [stdout]    | ------------------------------------ in this macro invocation
[INFO] [stdout] 
[INFO] [stdout] 
[INFO] [stdout] error[E0599]: no method named `to_bits` found for reference `&Integer<true, 32, 0, 1>` in the current scope
[INFO] [stdout]   --> crates/mtproto-types/src/codec/value.rs:34:35
[INFO] [stdout]    |
[INFO] [stdout] 30 | macro_rules! fixed_bigint {
[INFO] [stdout] ...
[INFO] [stdout] 34 |                 for digit in self.to_bits().digits() {
[INFO] [stdout]    |                                   ^^^^^^^
[INFO] [stdout] ...
[INFO] [stdout] 49 | fixed_bigint!(bnum::types::I256, 32);
[INFO] [stdout]    | ------------------------------------ in this macro invocation
[INFO] [stdout] 
[INFO] [stdout] 
[INFO] [stdout] error[E0599]: no method named `to_bits` found for reference `&Integer<true, 64, 0, 1>` in the current scope
[INFO] [stdout]   --> crates/mtproto-types/src/codec/value.rs:34:35
[INFO] [stdout]    |
[INFO] [stdout] 30 | macro_rules! fixed_bigint {
[INFO] [stdout] ...
[INFO] [stdout] 34 |                 for digit in self.to_bits().digits() {
[INFO] [stdout]    |                                   ^^^^^^^
[INFO] [stdout] ...
[INFO] [stdout] 50 | fixed_bigint!(bnum::types::I512, 64);
[INFO] [stdout]    | ------------------------------------ in this macro invocation
[INFO] [stdout] 
[INFO] [stdout] 
[INFO] [stderr]     Checking tower-http v0.6.11
[INFO] [stdout] error[E0599]: no method named `to_bits` found for reference `&Integer<true, 16, 0, 1>` in the current scope
[INFO] [stdout]   --> crates/mtproto-types/src/codec/value.rs:34:35
[INFO] [stdout]    |
[INFO] [stdout] 30 | macro_rules! fixed_bigint {
[INFO] [stdout] ...
[INFO] [stdout] 34 |                 for digit in self.to_bits().digits() {
[INFO] [stdout]    |                                   ^^^^^^^
[INFO] [stdout] ...
[INFO] [stdout] 48 | fixed_bigint!(bnum::types::I128, 16);
[INFO] [stdout]    | ------------------------------------ in this macro invocation
[INFO] [stdout] 
[INFO] [stdout] 
[INFO] [stdout] error[E0599]: no method named `to_bits` found for reference `&Integer<true, 32, 0, 1>` in the current scope
[INFO] [stdout]   --> crates/mtproto-types/src/codec/value.rs:34:35
[INFO] [stdout]    |
[INFO] [stdout] 30 | macro_rules! fixed_bigint {
[INFO] [stdout] ...
[INFO] [stdout] 34 |                 for digit in self.to_bits().digits() {
[INFO] [stdout]    |                                   ^^^^^^^
[INFO] [stdout] ...
[INFO] [stdout] 49 | fixed_bigint!(bnum::types::I256, 32);
[INFO] [stdout]    | ------------------------------------ in this macro invocation
[INFO] [stdout] 
[INFO] [stdout] 
[INFO] [stdout] error[E0599]: no method named `to_bits` found for reference `&Integer<true, 64, 0, 1>` in the current scope
[INFO] [stdout]   --> crates/mtproto-types/src/codec/value.rs:34:35
[INFO] [stdout]    |
[INFO] [stdout] 30 | macro_rules! fixed_bigint {
[INFO] [stdout] ...
[INFO] [stdout] 34 |                 for digit in self.to_bits().digits() {
[INFO] [stdout]    |                                   ^^^^^^^
[INFO] [stdout] ...
[INFO] [stdout] 50 | fixed_bigint!(bnum::types::I512, 64);
[INFO] [stdout]    | ------------------------------------ in this macro invocation
[INFO] [stdout] 
[INFO] [stdout] 
[INFO] [stdout] error[E0624]: associated constant `NEG_ONE` is private
[INFO] [stdout]    --> crates/mtproto-types/src/codec/tests.rs:45:23
[INFO] [stdout]     |
[INFO] [stdout]  45 |     round_trip(&I128::NEG_ONE, 16);
[INFO] [stdout]     |                       ^^^^^^^ private associated constant
[INFO] [stdout]     |
[INFO] [stdout]    ::: /opt/rustwide/cargo-home/registry/src/index.crates.io-1949cf8c6b5b557f/bnum-0.14.4/src/integer/consts.rs:141:5
[INFO] [stdout]     |
[INFO] [stdout] 141 |     pub(crate) const NEG_ONE: Self = Self::ALL_ONES;
[INFO] [stdout]     |     ------------------------------ private associated constant defined here
[INFO] [stdout] 
[INFO] [stdout] 
[INFO] [stderr]     Checking rustls-webpki v0.103.14
[INFO] [stderr] error: could not compile `rustls` (lib)
[INFO] [stderr] 
[INFO] [stderr] Caused by:
[INFO] [stderr]   process didn't exit successfully: `/opt/rustwide/rustup-home/toolchains/3154cc1a3e6424e44f438a95007d043ed5ceaaf6/bin/rustc --crate-name rustls --edition=2021 /opt/rustwide/cargo-home/registry/src/index.crates.io-1949cf8c6b5b557f/rustls-0.23.43/src/lib.rs --error-format=json --json=diagnostic-rendered-ansi,artifacts,future-incompat,unused-externs-silent --crate-type lib --emit=dep-info,metadata -C embed-bitcode=no -C debuginfo=2 --cfg 'feature="aws-lc-rs"' --cfg 'feature="aws_lc_rs"' --cfg 'feature="std"' --cfg 'feature="tls12"' --check-cfg 'cfg(docsrs,test)' --check-cfg 'cfg(feature, values("aws-lc-rs", "aws_lc_rs", "brotli", "custom-provider", "default", "fips", "hashbrown", "log", "logging", "prefer-post-quantum", "read_buf", "ring", "rustversion", "std", "tls12", "zlib"))' -C metadata=a9bf1a7f08ba73db -C extra-filename=-fb58a5753a8d0803 --out-dir /opt/rustwide/target/debug/build/rustls/fb58a5753a8d0803/out -L dependency=/opt/rustwide/target/debug/build/aws-lc-rs/d69c23276a82d386/out -L dependency=/opt/rustwide/target/debug/build/aws-lc-sys/edcbdc9c89651b8c/out -L dependency=/opt/rustwide/target/debug/build/rustls-pki-types/f292a830a5fafa44/out -L dependency=/opt/rustwide/target/debug/build/untrusted/6fab01473f7c0eb0/out -L dependency=/opt/rustwide/target/debug/build/zeroize/3eac6d5ae8ba8e2f/out --extern aws_lc_rs=/opt/rustwide/target/debug/build/aws-lc-rs/d69c23276a82d386/out/libaws_lc_rs-d69c23276a82d386.rmeta --extern once_cell=/opt/rustwide/target/debug/build/once_cell/c3517054d55a7dff/out/libonce_cell-c3517054d55a7dff.rmeta --extern pki_types=/opt/rustwide/target/debug/build/rustls-pki-types/f292a830a5fafa44/out/librustls_pki_types-f292a830a5fafa44.rmeta --extern webpki=/opt/rustwide/target/debug/build/rustls-webpki/842761b89a5e7b95/out/libwebpki-842761b89a5e7b95.rmeta --extern subtle=/opt/rustwide/target/debug/build/subtle/8f505b5194b43595/out/libsubtle-8f505b5194b43595.rmeta --extern zeroize=/opt/rustwide/target/debug/build/zeroize/3eac6d5ae8ba8e2f/out/libzeroize-3eac6d5ae8ba8e2f.rmeta --cap-lints allow --cap-lints=forbid -Znext-solver=coherence --force-warn=unused_crate_dependencies -L native=/opt/rustwide/target/debug/build/aws-lc-sys/8feb81aac8eab2ac/out` (signal: 9, SIGKILL: kill)
[INFO] [stderr] warning: build failed, waiting for other jobs to finish...
[INFO] [stderr] error: could not compile `tellers-mtproto` (lib) due to 3 previous errors
[INFO] [stderr] 
[INFO] [stderr] Caused by:
[INFO] [stderr]   process didn't exit successfully: `/opt/rustwide/rustup-home/toolchains/3154cc1a3e6424e44f438a95007d043ed5ceaaf6/bin/rustc --crate-name tellers_mtproto --edition=2024 crates/mtproto-types/src/lib.rs --error-format=json --json=diagnostic-rendered-ansi,artifacts,future-incompat,unused-externs-silent --crate-type lib --emit=dep-info,metadata -C embed-bitcode=no -C debuginfo=2 '--warn=clippy::pedantic' '--warn=clippy::all' --forbid=unsafe_code '--allow=clippy::module_name_repetitions' --warn=missing_docs --cfg 'feature="default"' --cfg 'feature="layer-223"' --check-cfg 'cfg(docsrs,test)' --check-cfg 'cfg(feature, values("all-layers", "bon", "dangerous-unredacted-logging", "default", "layer-223", "secret-chat", "serde", "tracing"))' -C metadata=9b399fedfa54245d -C extra-filename=-92a9f7313951a4a5 --out-dir /opt/rustwide/target/debug/build/tellers-mtproto/92a9f7313951a4a5/out -L dependency=/opt/rustwide/target/debug/build/thiserror-impl/297e9d9cf02b50d1/out --extern bnum=/opt/rustwide/target/debug/build/bnum/b5bf65f01735bc60/out/libbnum-b5bf65f01735bc60.rmeta --extern thiserror=/opt/rustwide/target/debug/build/thiserror/b76a824fd90b79dc/out/libthiserror-b76a824fd90b79dc.rmeta --cap-lints=forbid -Znext-solver=coherence --force-warn=unused_crate_dependencies` (signal: 9, SIGKILL: kill)
[INFO] [stderr] error: could not compile `tellers-mtproto` (lib test) due to 4 previous errors
[INFO] [stderr] 
[INFO] [stderr] Caused by:
[INFO] [stderr]   process didn't exit successfully: `/opt/rustwide/rustup-home/toolchains/3154cc1a3e6424e44f438a95007d043ed5ceaaf6/bin/rustc --crate-name tellers_mtproto --edition=2024 crates/mtproto-types/src/lib.rs --error-format=json --json=diagnostic-rendered-ansi,artifacts,future-incompat,unused-externs-silent --emit=dep-info,metadata -C embed-bitcode=no -C debuginfo=2 '--warn=clippy::pedantic' '--warn=clippy::all' --forbid=unsafe_code '--allow=clippy::module_name_repetitions' --warn=missing_docs --test --cfg 'feature="default"' --cfg 'feature="layer-223"' --check-cfg 'cfg(docsrs,test)' --check-cfg 'cfg(feature, values("all-layers", "bon", "dangerous-unredacted-logging", "default", "layer-223", "secret-chat", "serde", "tracing"))' -C metadata=fff1060be3b2a5c8 -C extra-filename=-8c4b684abf831a38 --out-dir /opt/rustwide/target/debug/build/tellers-mtproto/8c4b684abf831a38/out -L dependency=/opt/rustwide/target/debug/build/bit-set/beed8ef3a9012317/out -L dependency=/opt/rustwide/target/debug/build/bit-vec/99568281a650de7f/out -L dependency=/opt/rustwide/target/debug/build/bitflags/cac3c35dac4bb677/out -L dependency=/opt/rustwide/target/debug/build/cfg-if/455a21b2886a1534/out -L dependency=/opt/rustwide/target/debug/build/fastrand/bcc29a0d1db74e44/out -L dependency=/opt/rustwide/target/debug/build/fnv/65440ab31d1f3d7a/out -L dependency=/opt/rustwide/target/debug/build/getrandom/6126cedb6e9f09ea/out -L dependency=/opt/rustwide/target/debug/build/getrandom/7c388bc4271b88d5/out -L dependency=/opt/rustwide/target/debug/build/libc/6c469ea5525a8374/out -L dependency=/opt/rustwide/target/debug/build/linux-raw-sys/d7c2b8f3e85e9f02/out -L dependency=/opt/rustwide/target/debug/build/num-traits/cca087b3ecbc6a29/out -L dependency=/opt/rustwide/target/debug/build/once_cell/c3517054d55a7dff/out -L dependency=/opt/rustwide/target/debug/build/ppv-lite86/e63ea6e1f23e2c7b/out -L dependency=/opt/rustwide/target/debug/build/quick-error/3fd2f7aa78d8fbd5/out -L dependency=/opt/rustwide/target/debug/build/rand/0c83ffb81b85f201/out -L dependency=/opt/rustwide/target/debug/build/rand_chacha/a8a338277530f28a/out -L dependency=/opt/rustwide/target/debug/build/rand_core/8951c0c4903cadf5/out -L dependency=/opt/rustwide/target/debug/build/rand_xorshift/c2ef549d1b8ff70c/out -L dependency=/opt/rustwide/target/debug/build/regex-syntax/8191e3a61fa341b7/out -L dependency=/opt/rustwide/target/debug/build/rustix/03916c2fa9a4160c/out -L dependency=/opt/rustwide/target/debug/build/rusty-fork/722661b2c61a080e/out -L dependency=/opt/rustwide/target/debug/build/tempfile/325097ca37a88dbe/out -L dependency=/opt/rustwide/target/debug/build/thiserror-impl/297e9d9cf02b50d1/out -L dependency=/opt/rustwide/target/debug/build/unarray/69d933218ec98005/out -L dependency=/opt/rustwide/target/debug/build/wait-timeout/2569be4afa73ecfa/out -L dependency=/opt/rustwide/target/debug/build/zerocopy/bc27e93b97b3e913/out --extern bnum=/opt/rustwide/target/debug/build/bnum/b5bf65f01735bc60/out/libbnum-b5bf65f01735bc60.rmeta --extern proptest=/opt/rustwide/target/debug/build/proptest/10c3332161c3fda5/out/libproptest-10c3332161c3fda5.rmeta --extern thiserror=/opt/rustwide/target/debug/build/thiserror/b76a824fd90b79dc/out/libthiserror-b76a824fd90b79dc.rmeta --cap-lints=forbid -Znext-solver=coherence --force-warn=unused_crate_dependencies` (signal: 9, SIGKILL: kill)
[INFO] running `Command { std: "docker" "inspect" "694339bf69a33c2014b949cb65feecdb88c565acbba645251338e679699abd33", kill_on_drop: false }`
[INFO] running `Command { std: "docker" "rm" "-f" "694339bf69a33c2014b949cb65feecdb88c565acbba645251338e679699abd33", kill_on_drop: false }`
[INFO] [stdout] 694339bf69a33c2014b949cb65feecdb88c565acbba645251338e679699abd33
