[INFO] cloning repository https://github.com/teambarlandz/HR-OS
[INFO] running `Command { std: "git" "-c" "credential.helper=" "-c" "credential.helper=/workspace/cargo-home/bin/git-credential-null" "clone" "--bare" "https://github.com/teambarlandz/HR-OS" "/workspace/cache/git-repos/https%3A%2F%2Fgithub.com%2Fteambarlandz%2FHR-OS", kill_on_drop: false }`
[INFO] [stderr] Cloning into bare repository '/workspace/cache/git-repos/https%3A%2F%2Fgithub.com%2Fteambarlandz%2FHR-OS'...
[INFO] running `Command { std: "git" "rev-parse" "HEAD", kill_on_drop: false }`
[INFO] [stdout] 93e2997d811d4f552bc69295aab00359bc47713e
[INFO] checking teambarlandz/HR-OS against 3154cc1a3e6424e44f438a95007d043ed5ceaaf6 for pr-133502-30
[INFO] running `Command { std: "git" "clone" "/workspace/cache/git-repos/https%3A%2F%2Fgithub.com%2Fteambarlandz%2FHR-OS" "/workspace/builds/worker-1-tc2/source", kill_on_drop: false }`
[INFO] [stderr] Cloning into '/workspace/builds/worker-1-tc2/source'...
[INFO] [stderr] done.
[INFO] removed /workspace/builds/worker-1-tc2/source/.cargo/config.toml
[INFO] removed /workspace/builds/worker-1-tc2/source/rust-toolchain.toml
[INFO] started tweaking git repo https://github.com/teambarlandz/HR-OS
[INFO] finished tweaking git repo https://github.com/teambarlandz/HR-OS
[INFO] tweaked toml for git repo https://github.com/teambarlandz/HR-OS written to /workspace/builds/worker-1-tc2/source/Cargo.toml
[INFO] validating manifest of git repo https://github.com/teambarlandz/HR-OS on toolchain 3154cc1a3e6424e44f438a95007d043ed5ceaaf6
[INFO] running `Command { std: CARGO_HOME="/workspace/cargo-home" RUSTUP_HOME="/workspace/rustup-home" "/workspace/cargo-home/bin/cargo" "+3154cc1a3e6424e44f438a95007d043ed5ceaaf6" "metadata" "--manifest-path" "Cargo.toml" "--no-deps", kill_on_drop: false }`
[INFO] crate git repo https://github.com/teambarlandz/HR-OS already has a lockfile, it will not be regenerated
[INFO] running `Command { std: CARGO_HOME="/workspace/cargo-home" RUSTUP_HOME="/workspace/rustup-home" "/workspace/cargo-home/bin/cargo" "+3154cc1a3e6424e44f438a95007d043ed5ceaaf6" "fetch" "--manifest-path" "Cargo.toml", kill_on_drop: false }`
[INFO] [stderr] warning: unused workspace dependency `embedded-hal`
[INFO] [stderr]   --> Cargo.toml:26:1
[INFO] [stderr]    |
[INFO] [stderr] 26 | embedded-hal = "1.0"
[INFO] [stderr]    | ^^^^^^^^^^^^
[INFO] [stderr]    |
[INFO] [stderr]    = note: `cargo::unused_workspace_dependencies` is set to `warn` by default
[INFO] [stderr] help: consider removing the workspace dependency `embedded-hal`
[INFO] [stderr] warning: unused workspace dependency `hros-cap`
[INFO] [stderr]   --> Cargo.toml:28:25
[INFO] [stderr]    |
[INFO] [stderr] 28 | [workspace.dependencies.hros-cap]
[INFO] [stderr]    |                         ^^^^^^^^
[INFO] [stderr]    |
[INFO] [stderr] help: consider removing the workspace dependency `hros-cap`
[INFO] [stderr] warning: unused workspace dependency `hros-drivers`
[INFO] [stderr]   --> Cargo.toml:31:25
[INFO] [stderr]    |
[INFO] [stderr] 31 | [workspace.dependencies.hros-drivers]
[INFO] [stderr]    |                         ^^^^^^^^^^^^
[INFO] [stderr]    |
[INFO] [stderr] help: consider removing the workspace dependency `hros-drivers`
[INFO] [stderr] warning: unused workspace dependency `hros-hal`
[INFO] [stderr]   --> Cargo.toml:34:25
[INFO] [stderr]    |
[INFO] [stderr] 34 | [workspace.dependencies.hros-hal]
[INFO] [stderr]    |                         ^^^^^^^^
[INFO] [stderr]    |
[INFO] [stderr] help: consider removing the workspace dependency `hros-hal`
[INFO] [stderr] warning: unused workspace dependency `hros-jit`
[INFO] [stderr]   --> Cargo.toml:37:25
[INFO] [stderr]    |
[INFO] [stderr] 37 | [workspace.dependencies.hros-jit]
[INFO] [stderr]    |                         ^^^^^^^^
[INFO] [stderr]    |
[INFO] [stderr] help: consider removing the workspace dependency `hros-jit`
[INFO] [stderr] warning: unused workspace dependency `hros-kernel`
[INFO] [stderr]   --> Cargo.toml:40:25
[INFO] [stderr]    |
[INFO] [stderr] 40 | [workspace.dependencies.hros-kernel]
[INFO] [stderr]    |                         ^^^^^^^^^^^
[INFO] [stderr]    |
[INFO] [stderr] help: consider removing the workspace dependency `hros-kernel`
[INFO] [stderr] warning: workspace (manifest) generated 6 warnings
[INFO] running `Command { std: "docker" "create" "-v" "/var/lib/crater-agent-workspace/builds/worker-1-tc2/source:/opt/rustwide/workdir:ro,Z" "-v" "/var/lib/crater-agent-workspace/builds/worker-1-tc2/target:/opt/rustwide/target:rw,Z" "-v" "/var/lib/crater-agent-workspace/cargo-home:/opt/rustwide/cargo-home:ro,Z" "-v" "/var/lib/crater-agent-workspace/rustup-home:/opt/rustwide/rustup-home:ro,Z" "-m" "1610612736" "--network" "none" "ghcr.io/rust-lang/crates-build-env/linux@sha256:77db811e55d90add9212f6832c23229e3de5f1c1f9905e8cb07319ea15df73ac" "sleep" "infinity", kill_on_drop: false }`
[INFO] [stdout] becddef942dbe01664eaa49a25c8b0cf57406b259160c906f6c62ac78f33bcd2
[INFO] running `Command { std: "docker" "start" "becddef942dbe01664eaa49a25c8b0cf57406b259160c906f6c62ac78f33bcd2", kill_on_drop: false }`
[INFO] running `Command { std: "docker" "inspect" "becddef942dbe01664eaa49a25c8b0cf57406b259160c906f6c62ac78f33bcd2", kill_on_drop: false }`
[INFO] running `Command { std: "docker" "exec" "-e" "SOURCE_DIR=/opt/rustwide/workdir" "-e" "CARGO_HOME=/opt/rustwide/cargo-home" "-e" "RUSTUP_HOME=/opt/rustwide/rustup-home" "-e" "CARGO_TARGET_DIR=/opt/rustwide/target" "-w" "/opt/rustwide/workdir" "--user" "0:0" "becddef942dbe01664eaa49a25c8b0cf57406b259160c906f6c62ac78f33bcd2" "/opt/rustwide/cargo-home/bin/cargo" "+3154cc1a3e6424e44f438a95007d043ed5ceaaf6" "metadata" "--no-deps" "--format-version=1", kill_on_drop: false }`
[INFO] running `Command { std: "docker" "inspect" "becddef942dbe01664eaa49a25c8b0cf57406b259160c906f6c62ac78f33bcd2", kill_on_drop: false }`
[INFO] running `Command { std: "docker" "exec" "-e" "SOURCE_DIR=/opt/rustwide/workdir" "-e" "CARGO_HOME=/opt/rustwide/cargo-home" "-e" "RUSTUP_HOME=/opt/rustwide/rustup-home" "-e" "CARGO_TARGET_DIR=/opt/rustwide/target" "-e" "CARGO_INCREMENTAL=0" "-e" "RUST_BACKTRACE=full" "-e" "RUSTFLAGS=--cap-lints=forbid" "-e" "RUSTDOCFLAGS=--cap-lints=forbid" "-w" "/opt/rustwide/workdir" "--user" "0:0" "becddef942dbe01664eaa49a25c8b0cf57406b259160c906f6c62ac78f33bcd2" "/opt/rustwide/cargo-home/bin/cargo" "+3154cc1a3e6424e44f438a95007d043ed5ceaaf6" "check" "--frozen" "--all" "--all-targets" "--message-format=json", kill_on_drop: false }`
[INFO] [stderr] warning: unused workspace dependency `embedded-hal`
[INFO] [stderr]   --> Cargo.toml:26:1
[INFO] [stderr]    |
[INFO] [stderr] 26 | embedded-hal = "1.0"
[INFO] [stderr]    | ^^^^^^^^^^^^
[INFO] [stderr]    |
[INFO] [stderr]    = note: `cargo::unused_workspace_dependencies` is set to `warn` by default
[INFO] [stderr] help: consider removing the workspace dependency `embedded-hal`
[INFO] [stderr] warning: unused workspace dependency `hros-cap`
[INFO] [stderr]   --> Cargo.toml:28:25
[INFO] [stderr]    |
[INFO] [stderr] 28 | [workspace.dependencies.hros-cap]
[INFO] [stderr]    |                         ^^^^^^^^
[INFO] [stderr]    |
[INFO] [stderr] help: consider removing the workspace dependency `hros-cap`
[INFO] [stderr] warning: unused workspace dependency `hros-drivers`
[INFO] [stderr]   --> Cargo.toml:31:25
[INFO] [stderr]    |
[INFO] [stderr] 31 | [workspace.dependencies.hros-drivers]
[INFO] [stderr]    |                         ^^^^^^^^^^^^
[INFO] [stderr]    |
[INFO] [stderr] help: consider removing the workspace dependency `hros-drivers`
[INFO] [stderr] warning: unused workspace dependency `hros-hal`
[INFO] [stderr]   --> Cargo.toml:34:25
[INFO] [stderr]    |
[INFO] [stderr] 34 | [workspace.dependencies.hros-hal]
[INFO] [stderr]    |                         ^^^^^^^^
[INFO] [stderr]    |
[INFO] [stderr] help: consider removing the workspace dependency `hros-hal`
[INFO] [stderr] warning: unused workspace dependency `hros-jit`
[INFO] [stderr]   --> Cargo.toml:37:25
[INFO] [stderr]    |
[INFO] [stderr] 37 | [workspace.dependencies.hros-jit]
[INFO] [stderr]    |                         ^^^^^^^^
[INFO] [stderr]    |
[INFO] [stderr] help: consider removing the workspace dependency `hros-jit`
[INFO] [stderr] warning: unused workspace dependency `hros-kernel`
[INFO] [stderr]   --> Cargo.toml:40:25
[INFO] [stderr]    |
[INFO] [stderr] 40 | [workspace.dependencies.hros-kernel]
[INFO] [stderr]    |                         ^^^^^^^^^^^
[INFO] [stderr]    |
[INFO] [stderr] help: consider removing the workspace dependency `hros-kernel`
[INFO] [stderr] warning: workspace (manifest) generated 6 warnings
[INFO] [stderr]     Checking hros-hal v0.1.0 (/opt/rustwide/workdir/crates/hros-hal)
[INFO] [stderr]    Compiling holy-rust v0.2.0 (/opt/rustwide/workdir)
[INFO] [stderr]     Checking embedded-hal v1.0.0
[INFO] [stderr]     Checking xtask v0.1.0 (/opt/rustwide/workdir/xtask)
[INFO] [stderr]     Checking hros-cap v0.1.0 (/opt/rustwide/workdir/crates/hros-cap)
[INFO] [stderr]     Checking hros-arch-arm v0.1.0 (/opt/rustwide/workdir/crates/hros-arch-arm)
[INFO] [stderr]     Checking hros-arch-riscv v0.1.0 (/opt/rustwide/workdir/crates/hros-arch-riscv)
[INFO] [stderr]     Checking hros-arch-x86 v0.1.0 (/opt/rustwide/workdir/crates/hros-arch-x86)
[INFO] [stderr]     Checking hros-kernel v0.1.0 (/opt/rustwide/workdir/crates/hros-kernel)
[INFO] [stderr]     Checking hros-jit v0.1.0 (/opt/rustwide/workdir/crates/hros-jit)
[INFO] [stdout] error[E0425]: cannot find value `em` in this scope
[INFO] [stdout]   --> src/compiler/native.rs:99:17
[INFO] [stdout]    |
[INFO] [stdout] 99 |                 em.emit_mov_imm(regs::SCRATCH, val).map_err(|_| ())?;
[INFO] [stdout]    |                 ^^ not found in this scope
[INFO] [stdout] 
[INFO] [stdout] 
[INFO] [stdout] error[E0425]: cannot find value `em` in this scope
[INFO] [stdout]    --> src/compiler/native.rs:102:17
[INFO] [stdout]     |
[INFO] [stdout] 102 |                 em.emit_mov_imm(regs::ACC, val).map_err(|_| ())?;
[INFO] [stdout]     |                 ^^ not found in this scope
[INFO] [stdout] 
[INFO] [stdout] 
[INFO] [stdout] error[E0425]: cannot find value `em` in this scope
[INFO] [stdout]    --> src/compiler/native.rs:106:17
[INFO] [stdout]     |
[INFO] [stdout] 106 |                 em.emit_mov_imm(regs::SCRATCH, val).map_err(|_| ())?;
[INFO] [stdout]     |                 ^^ not found in this scope
[INFO] [stdout] 
[INFO] [stdout] 
[INFO] [stdout] error[E0425]: cannot find value `em` in this scope
[INFO] [stdout]    --> src/compiler/native.rs:109:13
[INFO] [stdout]     |
[INFO] [stdout] 109 |             em.emit_add(regs::ACC, regs::ACC, regs::SCRATCH)
[INFO] [stdout]     |             ^^ not found in this scope
[INFO] [stdout] 
[INFO] [stdout] 
[INFO] [stdout] error[E0425]: cannot find value `em` in this scope
[INFO] [stdout]    --> src/compiler/native.rs:113:13
[INFO] [stdout]     |
[INFO] [stdout] 113 |             em.emit_sub(regs::ACC, regs::ACC, regs::SCRATCH)
[INFO] [stdout]     |             ^^ not found in this scope
[INFO] [stdout] 
[INFO] [stdout] 
[INFO] [stdout] error[E0425]: cannot find value `em` in this scope
[INFO] [stdout]    --> src/compiler/native.rs:117:13
[INFO] [stdout]     |
[INFO] [stdout] 117 |             em.emit_mul(regs::ACC, regs::ACC, regs::SCRATCH)
[INFO] [stdout]     |             ^^ not found in this scope
[INFO] [stdout] 
[INFO] [stdout] 
[INFO] [stdout] error[E0425]: cannot find value `em` in this scope
[INFO] [stdout]    --> src/compiler/native.rs:121:13
[INFO] [stdout]     |
[INFO] [stdout] 121 |             em.emit_div(regs::ACC, regs::ACC, regs::SCRATCH)
[INFO] [stdout]     |             ^^ not found in this scope
[INFO] [stdout] 
[INFO] [stdout] 
[INFO] [stdout] error[E0425]: cannot find value `em` in this scope
[INFO] [stdout]    --> src/compiler/native.rs:126:13
[INFO] [stdout]     |
[INFO] [stdout] 126 |             em.emit_load_u32(regs::ACC, regs::SCRATCH).map_err(|_| ())?;
[INFO] [stdout]     |             ^^ not found in this scope
[INFO] [stdout] 
[INFO] [stdout] 
[INFO] [stdout] error[E0425]: cannot find value `em` in this scope
[INFO] [stdout]    --> src/compiler/native.rs:131:13
[INFO] [stdout]     |
[INFO] [stdout] 131 |             em.emit_store_u32(regs::SCRATCH, regs::ACC)
[INFO] [stdout]     |             ^^ not found in this scope
[INFO] [stdout] 
[INFO] [stdout] 
[INFO] [stdout] error[E0425]: cannot find value `em` in this scope
[INFO] [stdout]    --> src/compiler/native.rs:140:5
[INFO] [stdout]     |
[INFO] [stdout] 140 |     em.emit_ret().map_err(|_| ())?;
[INFO] [stdout]     |     ^^ not found in this scope
[INFO] [stdout] 
[INFO] [stdout] 
[INFO] [stdout] error[E0433]: cannot find module or crate `regs` in this scope
[INFO] [stdout]   --> src/compiler/native.rs:99:33
[INFO] [stdout]    |
[INFO] [stdout] 99 |                 em.emit_mov_imm(regs::SCRATCH, val).map_err(|_| ())?;
[INFO] [stdout]    |                                 ^^^^ use of unresolved module or unlinked crate `regs`
[INFO] [stdout]    |
[INFO] [stdout]    = help: if you wanted to use a crate named `regs`, use `cargo add regs` to add it to your `Cargo.toml`
[INFO] [stdout] 
[INFO] [stdout] 
[INFO] [stdout] error[E0433]: cannot find module or crate `regs` in this scope
[INFO] [stdout]    --> src/compiler/native.rs:102:33
[INFO] [stdout]     |
[INFO] [stdout] 102 |                 em.emit_mov_imm(regs::ACC, val).map_err(|_| ())?;
[INFO] [stdout]     |                                 ^^^^ use of unresolved module or unlinked crate `regs`
[INFO] [stdout]     |
[INFO] [stdout]     = help: if you wanted to use a crate named `regs`, use `cargo add regs` to add it to your `Cargo.toml`
[INFO] [stdout] 
[INFO] [stdout] 
[INFO] [stdout] error[E0433]: cannot find module or crate `regs` in this scope
[INFO] [stdout]    --> src/compiler/native.rs:106:33
[INFO] [stdout]     |
[INFO] [stdout] 106 |                 em.emit_mov_imm(regs::SCRATCH, val).map_err(|_| ())?;
[INFO] [stdout]     |                                 ^^^^ use of unresolved module or unlinked crate `regs`
[INFO] [stdout]     |
[INFO] [stdout]     = help: if you wanted to use a crate named `regs`, use `cargo add regs` to add it to your `Cargo.toml`
[INFO] [stdout] 
[INFO] [stdout] 
[INFO] [stdout] error[E0433]: cannot find module or crate `regs` in this scope
[INFO] [stdout]    --> src/compiler/native.rs:109:25
[INFO] [stdout]     |
[INFO] [stdout] 109 |             em.emit_add(regs::ACC, regs::ACC, regs::SCRATCH)
[INFO] [stdout]     |                         ^^^^ use of unresolved module or unlinked crate `regs`
[INFO] [stdout]     |
[INFO] [stdout]     = help: if you wanted to use a crate named `regs`, use `cargo add regs` to add it to your `Cargo.toml`
[INFO] [stdout] 
[INFO] [stdout] 
[INFO] [stdout] error[E0433]: cannot find module or crate `regs` in this scope
[INFO] [stdout]    --> src/compiler/native.rs:109:36
[INFO] [stdout]     |
[INFO] [stdout] 109 |             em.emit_add(regs::ACC, regs::ACC, regs::SCRATCH)
[INFO] [stdout]     |                                    ^^^^ use of unresolved module or unlinked crate `regs`
[INFO] [stdout]     |
[INFO] [stdout]     = help: if you wanted to use a crate named `regs`, use `cargo add regs` to add it to your `Cargo.toml`
[INFO] [stdout] 
[INFO] [stdout] 
[INFO] [stdout] error[E0433]: cannot find module or crate `regs` in this scope
[INFO] [stdout]    --> src/compiler/native.rs:109:47
[INFO] [stdout]     |
[INFO] [stdout] 109 |             em.emit_add(regs::ACC, regs::ACC, regs::SCRATCH)
[INFO] [stdout]     |                                               ^^^^ use of unresolved module or unlinked crate `regs`
[INFO] [stdout]     |
[INFO] [stdout]     = help: if you wanted to use a crate named `regs`, use `cargo add regs` to add it to your `Cargo.toml`
[INFO] [stdout] 
[INFO] [stdout] 
[INFO] [stdout] error[E0433]: cannot find module or crate `regs` in this scope
[INFO] [stdout]    --> src/compiler/native.rs:113:25
[INFO] [stdout]     |
[INFO] [stdout] 113 |             em.emit_sub(regs::ACC, regs::ACC, regs::SCRATCH)
[INFO] [stdout]     |                         ^^^^ use of unresolved module or unlinked crate `regs`
[INFO] [stdout]     |
[INFO] [stdout]     = help: if you wanted to use a crate named `regs`, use `cargo add regs` to add it to your `Cargo.toml`
[INFO] [stdout] 
[INFO] [stdout] 
[INFO] [stdout] error[E0433]: cannot find module or crate `regs` in this scope
[INFO] [stdout]    --> src/compiler/native.rs:113:36
[INFO] [stdout]     |
[INFO] [stdout] 113 |             em.emit_sub(regs::ACC, regs::ACC, regs::SCRATCH)
[INFO] [stdout]     |                                    ^^^^ use of unresolved module or unlinked crate `regs`
[INFO] [stdout]     |
[INFO] [stdout]     = help: if you wanted to use a crate named `regs`, use `cargo add regs` to add it to your `Cargo.toml`
[INFO] [stdout] 
[INFO] [stdout] 
[INFO] [stdout] error[E0433]: cannot find module or crate `regs` in this scope
[INFO] [stdout]    --> src/compiler/native.rs:113:47
[INFO] [stdout]     |
[INFO] [stdout] 113 |             em.emit_sub(regs::ACC, regs::ACC, regs::SCRATCH)
[INFO] [stdout]     |                                               ^^^^ use of unresolved module or unlinked crate `regs`
[INFO] [stdout]     |
[INFO] [stdout]     = help: if you wanted to use a crate named `regs`, use `cargo add regs` to add it to your `Cargo.toml`
[INFO] [stdout] 
[INFO] [stdout] 
[INFO] [stdout] error[E0433]: cannot find module or crate `regs` in this scope
[INFO] [stdout]    --> src/compiler/native.rs:117:25
[INFO] [stdout]     |
[INFO] [stdout] 117 |             em.emit_mul(regs::ACC, regs::ACC, regs::SCRATCH)
[INFO] [stdout]     |                         ^^^^ use of unresolved module or unlinked crate `regs`
[INFO] [stdout]     |
[INFO] [stdout]     = help: if you wanted to use a crate named `regs`, use `cargo add regs` to add it to your `Cargo.toml`
[INFO] [stdout] 
[INFO] [stdout] 
[INFO] [stdout] error[E0433]: cannot find module or crate `regs` in this scope
[INFO] [stdout]    --> src/compiler/native.rs:117:36
[INFO] [stdout]     |
[INFO] [stdout] 117 |             em.emit_mul(regs::ACC, regs::ACC, regs::SCRATCH)
[INFO] [stdout]     |                                    ^^^^ use of unresolved module or unlinked crate `regs`
[INFO] [stdout]     |
[INFO] [stdout]     = help: if you wanted to use a crate named `regs`, use `cargo add regs` to add it to your `Cargo.toml`
[INFO] [stdout] 
[INFO] [stdout] 
[INFO] [stdout] error[E0433]: cannot find module or crate `regs` in this scope
[INFO] [stdout]    --> src/compiler/native.rs:117:47
[INFO] [stdout]     |
[INFO] [stdout] 117 |             em.emit_mul(regs::ACC, regs::ACC, regs::SCRATCH)
[INFO] [stdout]     |                                               ^^^^ use of unresolved module or unlinked crate `regs`
[INFO] [stdout]     |
[INFO] [stdout]     = help: if you wanted to use a crate named `regs`, use `cargo add regs` to add it to your `Cargo.toml`
[INFO] [stdout] 
[INFO] [stdout] 
[INFO] [stdout] error[E0433]: cannot find module or crate `regs` in this scope
[INFO] [stdout]    --> src/compiler/native.rs:121:25
[INFO] [stdout]     |
[INFO] [stdout] 121 |             em.emit_div(regs::ACC, regs::ACC, regs::SCRATCH)
[INFO] [stdout]     |                         ^^^^ use of unresolved module or unlinked crate `regs`
[INFO] [stdout]     |
[INFO] [stdout]     = help: if you wanted to use a crate named `regs`, use `cargo add regs` to add it to your `Cargo.toml`
[INFO] [stdout] 
[INFO] [stdout] 
[INFO] [stdout] error[E0433]: cannot find module or crate `regs` in this scope
[INFO] [stdout]    --> src/compiler/native.rs:121:36
[INFO] [stdout]     |
[INFO] [stdout] 121 |             em.emit_div(regs::ACC, regs::ACC, regs::SCRATCH)
[INFO] [stdout]     |                                    ^^^^ use of unresolved module or unlinked crate `regs`
[INFO] [stdout]     |
[INFO] [stdout]     = help: if you wanted to use a crate named `regs`, use `cargo add regs` to add it to your `Cargo.toml`
[INFO] [stdout] 
[INFO] [stdout] 
[INFO] [stdout] error[E0433]: cannot find module or crate `regs` in this scope
[INFO] [stdout]    --> src/compiler/native.rs:121:47
[INFO] [stdout]     |
[INFO] [stdout] 121 |             em.emit_div(regs::ACC, regs::ACC, regs::SCRATCH)
[INFO] [stdout]     |                                               ^^^^ use of unresolved module or unlinked crate `regs`
[INFO] [stdout]     |
[INFO] [stdout]     = help: if you wanted to use a crate named `regs`, use `cargo add regs` to add it to your `Cargo.toml`
[INFO] [stdout] 
[INFO] [stdout] 
[INFO] [stdout] error[E0433]: cannot find module or crate `regs` in this scope
[INFO] [stdout]    --> src/compiler/native.rs:126:30
[INFO] [stdout]     |
[INFO] [stdout] 126 |             em.emit_load_u32(regs::ACC, regs::SCRATCH).map_err(|_| ())?;
[INFO] [stdout]     |                              ^^^^ use of unresolved module or unlinked crate `regs`
[INFO] [stdout]     |
[INFO] [stdout]     = help: if you wanted to use a crate named `regs`, use `cargo add regs` to add it to your `Cargo.toml`
[INFO] [stdout] 
[INFO] [stdout] 
[INFO] [stdout] error[E0433]: cannot find module or crate `regs` in this scope
[INFO] [stdout]    --> src/compiler/native.rs:126:41
[INFO] [stdout]     |
[INFO] [stdout] 126 |             em.emit_load_u32(regs::ACC, regs::SCRATCH).map_err(|_| ())?;
[INFO] [stdout]     |                                         ^^^^ use of unresolved module or unlinked crate `regs`
[INFO] [stdout]     |
[INFO] [stdout]     = help: if you wanted to use a crate named `regs`, use `cargo add regs` to add it to your `Cargo.toml`
[INFO] [stdout] 
[INFO] [stdout] 
[INFO] [stdout] error[E0433]: cannot find module or crate `regs` in this scope
[INFO] [stdout]    --> src/compiler/native.rs:131:31
[INFO] [stdout]     |
[INFO] [stdout] 131 |             em.emit_store_u32(regs::SCRATCH, regs::ACC)
[INFO] [stdout]     |                               ^^^^ use of unresolved module or unlinked crate `regs`
[INFO] [stdout]     |
[INFO] [stdout]     = help: if you wanted to use a crate named `regs`, use `cargo add regs` to add it to your `Cargo.toml`
[INFO] [stdout] 
[INFO] [stdout] 
[INFO] [stdout] error[E0433]: cannot find module or crate `regs` in this scope
[INFO] [stdout]    --> src/compiler/native.rs:131:46
[INFO] [stdout]     |
[INFO] [stdout] 131 |             em.emit_store_u32(regs::SCRATCH, regs::ACC)
[INFO] [stdout]     |                                              ^^^^ use of unresolved module or unlinked crate `regs`
[INFO] [stdout]     |
[INFO] [stdout]     = help: if you wanted to use a crate named `regs`, use `cargo add regs` to add it to your `Cargo.toml`
[INFO] [stdout] 
[INFO] [stdout] 
[INFO] [stderr]     Checking hros-drivers v0.1.0 (/opt/rustwide/workdir/crates/hros-drivers)
[INFO] [stdout] error[E0308]: mismatched types
[INFO] [stdout]   --> src/drivers/uart.rs:91:27
[INFO] [stdout]    |
[INFO] [stdout] 91 | pub fn poll_get_byte() -> Option<u8> {
[INFO] [stdout]    |        -------------      ^^^^^^^^^^ expected `Option<u8>`, found `()`
[INFO] [stdout]    |        |
[INFO] [stdout]    |        implicitly returns `()` as its body has no tail or `return` expression
[INFO] [stdout]    |
[INFO] [stdout]    = note:   expected enum `Option<u8>`
[INFO] [stdout]            found unit type `()`
[INFO] [stdout] 
[INFO] [stdout] 
[INFO] [stdout] error[E0425]: cannot find function `func_ptr` in this scope
[INFO] [stdout]    --> src/kernel/exec.rs:207:5
[INFO] [stdout]     |
[INFO] [stdout] 207 |     func_ptr()
[INFO] [stdout]     |     ^^^^^^^^ not found in this scope
[INFO] [stdout] 
[INFO] [stdout] 
[INFO] [stderr]     Checking hros-core v0.1.0 (/opt/rustwide/workdir/crates/hros-core)
[INFO] [stdout] warning: unused variable: `name`
[INFO] [stdout]    --> src/drivers/repl.rs:256:24
[INFO] [stdout]     |
[INFO] [stdout] 256 |         Outcome::Spawn(name) => {
[INFO] [stdout]     |                        ^^^^ help: if this is intentional, prefix it with an underscore: `_name`
[INFO] [stdout]     |
[INFO] [stdout]     = note: `#[warn(unused_variables)]` (part of `#[warn(unused)]`) on by default
[INFO] [stdout] 
[INFO] [stdout] 
[INFO] [stdout] warning: unused variable: `byte`
[INFO] [stdout]   --> src/drivers/uart.rs:73:17
[INFO] [stdout]    |
[INFO] [stdout] 73 | pub fn put_byte(byte: u8) {
[INFO] [stdout]    |                 ^^^^ help: if this is intentional, prefix it with an underscore: `_byte`
[INFO] [stdout] 
[INFO] [stdout] 
[INFO] [stdout] Some errors have detailed explanations: E0308, E0425, E0433.
[INFO] [stdout] 
[INFO] [stdout] For more information about an error, try `rustc --explain E0308`.
[INFO] [stdout] 
[INFO] [stderr] error: could not compile `holy-rust` (lib) due to 31 previous errors; 2 warnings emitted
[INFO] [stderr] warning: build failed, waiting for other jobs to finish...
[INFO] [stdout] error[E0425]: cannot find value `em` in this scope
[INFO] [stdout]   --> src/compiler/native.rs:99:17
[INFO] [stdout]    |
[INFO] [stdout] 99 |                 em.emit_mov_imm(regs::SCRATCH, val).map_err(|_| ())?;
[INFO] [stdout]    |                 ^^ not found in this scope
[INFO] [stdout] 
[INFO] [stdout] 
[INFO] [stdout] error[E0425]: cannot find value `em` in this scope
[INFO] [stdout]    --> src/compiler/native.rs:102:17
[INFO] [stdout]     |
[INFO] [stdout] 102 |                 em.emit_mov_imm(regs::ACC, val).map_err(|_| ())?;
[INFO] [stdout]     |                 ^^ not found in this scope
[INFO] [stdout] 
[INFO] [stdout] 
[INFO] [stdout] error[E0425]: cannot find value `em` in this scope
[INFO] [stdout]    --> src/compiler/native.rs:106:17
[INFO] [stdout]     |
[INFO] [stdout] 106 |                 em.emit_mov_imm(regs::SCRATCH, val).map_err(|_| ())?;
[INFO] [stdout]     |                 ^^ not found in this scope
[INFO] [stdout] 
[INFO] [stdout] 
[INFO] [stdout] error[E0425]: cannot find value `em` in this scope
[INFO] [stdout]    --> src/compiler/native.rs:109:13
[INFO] [stdout]     |
[INFO] [stdout] 109 |             em.emit_add(regs::ACC, regs::ACC, regs::SCRATCH)
[INFO] [stdout]     |             ^^ not found in this scope
[INFO] [stdout] 
[INFO] [stdout] 
[INFO] [stdout] error[E0425]: cannot find value `em` in this scope
[INFO] [stdout]    --> src/compiler/native.rs:113:13
[INFO] [stdout]     |
[INFO] [stdout] 113 |             em.emit_sub(regs::ACC, regs::ACC, regs::SCRATCH)
[INFO] [stdout]     |             ^^ not found in this scope
[INFO] [stdout] 
[INFO] [stdout] 
[INFO] [stdout] error[E0425]: cannot find value `em` in this scope
[INFO] [stdout]    --> src/compiler/native.rs:117:13
[INFO] [stdout]     |
[INFO] [stdout] 117 |             em.emit_mul(regs::ACC, regs::ACC, regs::SCRATCH)
[INFO] [stdout]     |             ^^ not found in this scope
[INFO] [stdout] 
[INFO] [stdout] 
[INFO] [stdout] error[E0425]: cannot find value `em` in this scope
[INFO] [stdout]    --> src/compiler/native.rs:121:13
[INFO] [stdout]     |
[INFO] [stdout] 121 |             em.emit_div(regs::ACC, regs::ACC, regs::SCRATCH)
[INFO] [stdout]     |             ^^ not found in this scope
[INFO] [stdout] 
[INFO] [stdout] 
[INFO] [stdout] error[E0425]: cannot find value `em` in this scope
[INFO] [stdout]    --> src/compiler/native.rs:126:13
[INFO] [stdout]     |
[INFO] [stdout] 126 |             em.emit_load_u32(regs::ACC, regs::SCRATCH).map_err(|_| ())?;
[INFO] [stdout]     |             ^^ not found in this scope
[INFO] [stdout] 
[INFO] [stdout] 
[INFO] [stdout] error[E0425]: cannot find value `em` in this scope
[INFO] [stdout]    --> src/compiler/native.rs:131:13
[INFO] [stdout]     |
[INFO] [stdout] 131 |             em.emit_store_u32(regs::SCRATCH, regs::ACC)
[INFO] [stdout]     |             ^^ not found in this scope
[INFO] [stdout] 
[INFO] [stdout] 
[INFO] [stdout] error[E0425]: cannot find value `em` in this scope
[INFO] [stdout]    --> src/compiler/native.rs:140:5
[INFO] [stdout]     |
[INFO] [stdout] 140 |     em.emit_ret().map_err(|_| ())?;
[INFO] [stdout]     |     ^^ not found in this scope
[INFO] [stdout] 
[INFO] [stdout] 
[INFO] [stdout] error[E0433]: cannot find module or crate `regs` in this scope
[INFO] [stdout]   --> src/compiler/native.rs:99:33
[INFO] [stdout]    |
[INFO] [stdout] 99 |                 em.emit_mov_imm(regs::SCRATCH, val).map_err(|_| ())?;
[INFO] [stdout]    |                                 ^^^^ use of unresolved module or unlinked crate `regs`
[INFO] [stdout]    |
[INFO] [stdout]    = help: if you wanted to use a crate named `regs`, use `cargo add regs` to add it to your `Cargo.toml`
[INFO] [stdout] 
[INFO] [stdout] 
[INFO] [stdout] error[E0433]: cannot find module or crate `regs` in this scope
[INFO] [stdout]    --> src/compiler/native.rs:102:33
[INFO] [stdout]     |
[INFO] [stdout] 102 |                 em.emit_mov_imm(regs::ACC, val).map_err(|_| ())?;
[INFO] [stdout]     |                                 ^^^^ use of unresolved module or unlinked crate `regs`
[INFO] [stdout]     |
[INFO] [stdout]     = help: if you wanted to use a crate named `regs`, use `cargo add regs` to add it to your `Cargo.toml`
[INFO] [stdout] 
[INFO] [stdout] 
[INFO] [stdout] error[E0433]: cannot find module or crate `regs` in this scope
[INFO] [stdout]    --> src/compiler/native.rs:106:33
[INFO] [stdout]     |
[INFO] [stdout] 106 |                 em.emit_mov_imm(regs::SCRATCH, val).map_err(|_| ())?;
[INFO] [stdout]     |                                 ^^^^ use of unresolved module or unlinked crate `regs`
[INFO] [stdout]     |
[INFO] [stdout]     = help: if you wanted to use a crate named `regs`, use `cargo add regs` to add it to your `Cargo.toml`
[INFO] [stdout] 
[INFO] [stdout] 
[INFO] [stdout] error[E0433]: cannot find module or crate `regs` in this scope
[INFO] [stdout]    --> src/compiler/native.rs:109:25
[INFO] [stdout]     |
[INFO] [stdout] 109 |             em.emit_add(regs::ACC, regs::ACC, regs::SCRATCH)
[INFO] [stdout]     |                         ^^^^ use of unresolved module or unlinked crate `regs`
[INFO] [stdout]     |
[INFO] [stdout]     = help: if you wanted to use a crate named `regs`, use `cargo add regs` to add it to your `Cargo.toml`
[INFO] [stdout] 
[INFO] [stdout] 
[INFO] [stdout] error[E0433]: cannot find module or crate `regs` in this scope
[INFO] [stdout]    --> src/compiler/native.rs:109:36
[INFO] [stdout]     |
[INFO] [stdout] 109 |             em.emit_add(regs::ACC, regs::ACC, regs::SCRATCH)
[INFO] [stdout]     |                                    ^^^^ use of unresolved module or unlinked crate `regs`
[INFO] [stdout]     |
[INFO] [stdout]     = help: if you wanted to use a crate named `regs`, use `cargo add regs` to add it to your `Cargo.toml`
[INFO] [stdout] 
[INFO] [stdout] 
[INFO] [stdout] error[E0433]: cannot find module or crate `regs` in this scope
[INFO] [stdout]    --> src/compiler/native.rs:109:47
[INFO] [stdout]     |
[INFO] [stdout] 109 |             em.emit_add(regs::ACC, regs::ACC, regs::SCRATCH)
[INFO] [stdout]     |                                               ^^^^ use of unresolved module or unlinked crate `regs`
[INFO] [stdout]     |
[INFO] [stdout]     = help: if you wanted to use a crate named `regs`, use `cargo add regs` to add it to your `Cargo.toml`
[INFO] [stdout] 
[INFO] [stdout] 
[INFO] [stdout] error[E0433]: cannot find module or crate `regs` in this scope
[INFO] [stdout]    --> src/compiler/native.rs:113:25
[INFO] [stdout]     |
[INFO] [stdout] 113 |             em.emit_sub(regs::ACC, regs::ACC, regs::SCRATCH)
[INFO] [stdout]     |                         ^^^^ use of unresolved module or unlinked crate `regs`
[INFO] [stdout]     |
[INFO] [stdout]     = help: if you wanted to use a crate named `regs`, use `cargo add regs` to add it to your `Cargo.toml`
[INFO] [stdout] 
[INFO] [stdout] 
[INFO] [stdout] error[E0433]: cannot find module or crate `regs` in this scope
[INFO] [stdout]    --> src/compiler/native.rs:113:36
[INFO] [stdout]     |
[INFO] [stdout] 113 |             em.emit_sub(regs::ACC, regs::ACC, regs::SCRATCH)
[INFO] [stdout]     |                                    ^^^^ use of unresolved module or unlinked crate `regs`
[INFO] [stdout]     |
[INFO] [stdout]     = help: if you wanted to use a crate named `regs`, use `cargo add regs` to add it to your `Cargo.toml`
[INFO] [stdout] 
[INFO] [stdout] 
[INFO] [stdout] error[E0433]: cannot find module or crate `regs` in this scope
[INFO] [stdout]    --> src/compiler/native.rs:113:47
[INFO] [stdout]     |
[INFO] [stdout] 113 |             em.emit_sub(regs::ACC, regs::ACC, regs::SCRATCH)
[INFO] [stdout]     |                                               ^^^^ use of unresolved module or unlinked crate `regs`
[INFO] [stdout]     |
[INFO] [stdout]     = help: if you wanted to use a crate named `regs`, use `cargo add regs` to add it to your `Cargo.toml`
[INFO] [stdout] 
[INFO] [stdout] 
[INFO] [stdout] error[E0433]: cannot find module or crate `regs` in this scope
[INFO] [stdout]    --> src/compiler/native.rs:117:25
[INFO] [stdout]     |
[INFO] [stdout] 117 |             em.emit_mul(regs::ACC, regs::ACC, regs::SCRATCH)
[INFO] [stdout]     |                         ^^^^ use of unresolved module or unlinked crate `regs`
[INFO] [stdout]     |
[INFO] [stdout]     = help: if you wanted to use a crate named `regs`, use `cargo add regs` to add it to your `Cargo.toml`
[INFO] [stdout] 
[INFO] [stdout] 
[INFO] [stdout] error[E0433]: cannot find module or crate `regs` in this scope
[INFO] [stdout]    --> src/compiler/native.rs:117:36
[INFO] [stdout]     |
[INFO] [stdout] 117 |             em.emit_mul(regs::ACC, regs::ACC, regs::SCRATCH)
[INFO] [stdout]     |                                    ^^^^ use of unresolved module or unlinked crate `regs`
[INFO] [stdout]     |
[INFO] [stdout]     = help: if you wanted to use a crate named `regs`, use `cargo add regs` to add it to your `Cargo.toml`
[INFO] [stdout] 
[INFO] [stdout] 
[INFO] [stdout] error[E0433]: cannot find module or crate `regs` in this scope
[INFO] [stdout]    --> src/compiler/native.rs:117:47
[INFO] [stdout]     |
[INFO] [stdout] 117 |             em.emit_mul(regs::ACC, regs::ACC, regs::SCRATCH)
[INFO] [stdout]     |                                               ^^^^ use of unresolved module or unlinked crate `regs`
[INFO] [stdout]     |
[INFO] [stdout]     = help: if you wanted to use a crate named `regs`, use `cargo add regs` to add it to your `Cargo.toml`
[INFO] [stdout] 
[INFO] [stdout] 
[INFO] [stdout] error[E0433]: cannot find module or crate `regs` in this scope
[INFO] [stdout]    --> src/compiler/native.rs:121:25
[INFO] [stdout]     |
[INFO] [stdout] 121 |             em.emit_div(regs::ACC, regs::ACC, regs::SCRATCH)
[INFO] [stdout]     |                         ^^^^ use of unresolved module or unlinked crate `regs`
[INFO] [stdout]     |
[INFO] [stdout]     = help: if you wanted to use a crate named `regs`, use `cargo add regs` to add it to your `Cargo.toml`
[INFO] [stdout] 
[INFO] [stdout] 
[INFO] [stdout] error[E0433]: cannot find module or crate `regs` in this scope
[INFO] [stdout]    --> src/compiler/native.rs:121:36
[INFO] [stdout]     |
[INFO] [stdout] 121 |             em.emit_div(regs::ACC, regs::ACC, regs::SCRATCH)
[INFO] [stdout]     |                                    ^^^^ use of unresolved module or unlinked crate `regs`
[INFO] [stdout]     |
[INFO] [stdout]     = help: if you wanted to use a crate named `regs`, use `cargo add regs` to add it to your `Cargo.toml`
[INFO] [stdout] 
[INFO] [stdout] 
[INFO] [stdout] error[E0433]: cannot find module or crate `regs` in this scope
[INFO] [stdout]    --> src/compiler/native.rs:121:47
[INFO] [stdout]     |
[INFO] [stdout] 121 |             em.emit_div(regs::ACC, regs::ACC, regs::SCRATCH)
[INFO] [stdout]     |                                               ^^^^ use of unresolved module or unlinked crate `regs`
[INFO] [stdout]     |
[INFO] [stdout]     = help: if you wanted to use a crate named `regs`, use `cargo add regs` to add it to your `Cargo.toml`
[INFO] [stdout] 
[INFO] [stdout] 
[INFO] [stdout] error[E0433]: cannot find module or crate `regs` in this scope
[INFO] [stdout]    --> src/compiler/native.rs:126:30
[INFO] [stdout]     |
[INFO] [stdout] 126 |             em.emit_load_u32(regs::ACC, regs::SCRATCH).map_err(|_| ())?;
[INFO] [stdout]     |                              ^^^^ use of unresolved module or unlinked crate `regs`
[INFO] [stdout]     |
[INFO] [stdout]     = help: if you wanted to use a crate named `regs`, use `cargo add regs` to add it to your `Cargo.toml`
[INFO] [stdout] 
[INFO] [stdout] 
[INFO] [stdout] error[E0433]: cannot find module or crate `regs` in this scope
[INFO] [stdout]    --> src/compiler/native.rs:126:41
[INFO] [stdout]     |
[INFO] [stdout] 126 |             em.emit_load_u32(regs::ACC, regs::SCRATCH).map_err(|_| ())?;
[INFO] [stdout]     |                                         ^^^^ use of unresolved module or unlinked crate `regs`
[INFO] [stdout]     |
[INFO] [stdout]     = help: if you wanted to use a crate named `regs`, use `cargo add regs` to add it to your `Cargo.toml`
[INFO] [stdout] 
[INFO] [stdout] 
[INFO] [stdout] error[E0433]: cannot find module or crate `regs` in this scope
[INFO] [stdout]    --> src/compiler/native.rs:131:31
[INFO] [stdout]     |
[INFO] [stdout] 131 |             em.emit_store_u32(regs::SCRATCH, regs::ACC)
[INFO] [stdout]     |                               ^^^^ use of unresolved module or unlinked crate `regs`
[INFO] [stdout]     |
[INFO] [stdout]     = help: if you wanted to use a crate named `regs`, use `cargo add regs` to add it to your `Cargo.toml`
[INFO] [stdout] 
[INFO] [stdout] 
[INFO] [stdout] error[E0433]: cannot find module or crate `regs` in this scope
[INFO] [stdout]    --> src/compiler/native.rs:131:46
[INFO] [stdout]     |
[INFO] [stdout] 131 |             em.emit_store_u32(regs::SCRATCH, regs::ACC)
[INFO] [stdout]     |                                              ^^^^ use of unresolved module or unlinked crate `regs`
[INFO] [stdout]     |
[INFO] [stdout]     = help: if you wanted to use a crate named `regs`, use `cargo add regs` to add it to your `Cargo.toml`
[INFO] [stdout] 
[INFO] [stdout] 
[INFO] [stdout] error[E0308]: mismatched types
[INFO] [stdout]   --> src/drivers/uart.rs:91:27
[INFO] [stdout]    |
[INFO] [stdout] 91 | pub fn poll_get_byte() -> Option<u8> {
[INFO] [stdout]    |        -------------      ^^^^^^^^^^ expected `Option<u8>`, found `()`
[INFO] [stdout]    |        |
[INFO] [stdout]    |        implicitly returns `()` as its body has no tail or `return` expression
[INFO] [stdout]    |
[INFO] [stdout]    = note:   expected enum `Option<u8>`
[INFO] [stdout]            found unit type `()`
[INFO] [stdout] 
[INFO] [stdout] 
[INFO] [stdout] error[E0425]: cannot find function `func_ptr` in this scope
[INFO] [stdout]    --> src/kernel/exec.rs:207:5
[INFO] [stdout]     |
[INFO] [stdout] 207 |     func_ptr()
[INFO] [stdout]     |     ^^^^^^^^ not found in this scope
[INFO] [stdout] 
[INFO] [stdout] 
[INFO] [stdout] warning: unused variable: `name`
[INFO] [stdout]    --> src/drivers/repl.rs:256:24
[INFO] [stdout]     |
[INFO] [stdout] 256 |         Outcome::Spawn(name) => {
[INFO] [stdout]     |                        ^^^^ help: if this is intentional, prefix it with an underscore: `_name`
[INFO] [stdout]     |
[INFO] [stdout]     = note: `#[warn(unused_variables)]` (part of `#[warn(unused)]`) on by default
[INFO] [stdout] 
[INFO] [stdout] 
[INFO] [stdout] warning: unused variable: `byte`
[INFO] [stdout]   --> src/drivers/uart.rs:73:17
[INFO] [stdout]    |
[INFO] [stdout] 73 | pub fn put_byte(byte: u8) {
[INFO] [stdout]    |                 ^^^^ help: if this is intentional, prefix it with an underscore: `_byte`
[INFO] [stdout] 
[INFO] [stdout] 
[INFO] [stdout] Some errors have detailed explanations: E0308, E0425, E0433.
[INFO] [stdout] 
[INFO] [stdout] For more information about an error, try `rustc --explain E0308`.
[INFO] [stdout] 
[INFO] [stderr] error: could not compile `holy-rust` (lib test) due to 31 previous errors; 2 warnings emitted
[INFO] [stderr] warning: unused dependency `hros-hal`
[INFO] [stderr]  --> crates/hros-cap/Cargo.toml:9:1
[INFO] [stderr]   |
[INFO] [stderr] 9 | hros-hal = { path = "../hros-hal" }
[INFO] [stderr]   | ^^^^^^^^^^^^^^^^^^^^^^^^^^^^^^^^^^^
[INFO] [stderr]   |
[INFO] [stderr]   = note: `cargo::unused_dependencies` is set to `warn` by default
[INFO] [stderr] help: consider removing the dependency on `hros-hal`
[INFO] [stderr] warning: `hros-cap` (manifest) generated 1 warning
[INFO] [stderr] warning: unused dependency `hros-jit`
[INFO] [stderr]   --> crates/hros-drivers/Cargo.toml:12:1
[INFO] [stderr]    |
[INFO] [stderr] 12 | hros-jit = { path = "../hros-jit" }
[INFO] [stderr]    | ^^^^^^^^^^^^^^^^^^^^^^^^^^^^^^^^^^^
[INFO] [stderr]    |
[INFO] [stderr]    = note: `cargo::unused_dependencies` is set to `warn` by default
[INFO] [stderr] help: consider removing the dependency on `hros-jit`
[INFO] [stderr] warning: `hros-drivers` (manifest) generated 1 warning
[INFO] [stderr] warning: unused dependency `hros-kernel`
[INFO] [stderr]   --> crates/hros-jit/Cargo.toml:11:1
[INFO] [stderr]    |
[INFO] [stderr] 11 | hros-kernel = { path = "../hros-kernel" }
[INFO] [stderr]    | ^^^^^^^^^^^^^^^^^^^^^^^^^^^^^^^^^^^^^^^^^
[INFO] [stderr]    |
[INFO] [stderr]    = note: `cargo::unused_dependencies` is set to `warn` by default
[INFO] [stderr] help: consider removing the dependency on `hros-kernel`
[INFO] [stderr] warning: `hros-jit` (manifest) generated 1 warning
[INFO] [stderr] warning: unused dependency `hros-cap`
[INFO] [stderr]   --> crates/hros-kernel/Cargo.toml:16:1
[INFO] [stderr]    |
[INFO] [stderr] 16 | hros-cap = { path = "../hros-cap" }
[INFO] [stderr]    | ^^^^^^^^^^^^^^^^^^^^^^^^^^^^^^^^^^^
[INFO] [stderr]    |
[INFO] [stderr]    = note: `cargo::unused_dependencies` is set to `warn` by default
[INFO] [stderr] help: consider removing the dependency on `hros-cap`
[INFO] [stderr] warning: `hros-kernel` (manifest) generated 1 warning
[INFO] running `Command { std: "docker" "inspect" "becddef942dbe01664eaa49a25c8b0cf57406b259160c906f6c62ac78f33bcd2", kill_on_drop: false }`
[INFO] running `Command { std: "docker" "rm" "-f" "becddef942dbe01664eaa49a25c8b0cf57406b259160c906f6c62ac78f33bcd2", kill_on_drop: false }`
[INFO] [stdout] becddef942dbe01664eaa49a25c8b0cf57406b259160c906f6c62ac78f33bcd2
