[INFO] cloning repository https://github.com/taufik-ridwan/dxtup
[INFO] running `Command { std: "git" "-c" "credential.helper=" "-c" "credential.helper=/workspace/cargo-home/bin/git-credential-null" "clone" "--bare" "https://github.com/taufik-ridwan/dxtup" "/workspace/cache/git-repos/https%3A%2F%2Fgithub.com%2Ftaufik-ridwan%2Fdxtup", kill_on_drop: false }`
[INFO] [stderr] Cloning into bare repository '/workspace/cache/git-repos/https%3A%2F%2Fgithub.com%2Ftaufik-ridwan%2Fdxtup'...
[INFO] running `Command { std: "git" "rev-parse" "HEAD", kill_on_drop: false }`
[INFO] [stdout] e315887aec24ca9234da60cd3dc6e0a117f5673b
[INFO] checking taufik-ridwan/dxtup against 3154cc1a3e6424e44f438a95007d043ed5ceaaf6 for pr-133502-30
[INFO] running `Command { std: "git" "clone" "/workspace/cache/git-repos/https%3A%2F%2Fgithub.com%2Ftaufik-ridwan%2Fdxtup" "/workspace/builds/worker-4-tc2/source", kill_on_drop: false }`
[INFO] [stderr] Cloning into '/workspace/builds/worker-4-tc2/source'...
[INFO] [stderr] done.
[INFO] started tweaking git repo https://github.com/taufik-ridwan/dxtup
[INFO] finished tweaking git repo https://github.com/taufik-ridwan/dxtup
[INFO] tweaked toml for git repo https://github.com/taufik-ridwan/dxtup written to /workspace/builds/worker-4-tc2/source/Cargo.toml
[INFO] validating manifest of git repo https://github.com/taufik-ridwan/dxtup on toolchain 3154cc1a3e6424e44f438a95007d043ed5ceaaf6
[INFO] running `Command { std: CARGO_HOME="/workspace/cargo-home" RUSTUP_HOME="/workspace/rustup-home" "/workspace/cargo-home/bin/cargo" "+3154cc1a3e6424e44f438a95007d043ed5ceaaf6" "metadata" "--manifest-path" "Cargo.toml" "--no-deps", kill_on_drop: false }`
[INFO] crate git repo https://github.com/taufik-ridwan/dxtup already has a lockfile, it will not be regenerated
[INFO] running `Command { std: CARGO_HOME="/workspace/cargo-home" RUSTUP_HOME="/workspace/rustup-home" "/workspace/cargo-home/bin/cargo" "+3154cc1a3e6424e44f438a95007d043ed5ceaaf6" "fetch" "--manifest-path" "Cargo.toml", kill_on_drop: false }`
[INFO] running `Command { std: "docker" "create" "-v" "/var/lib/crater-agent-workspace/builds/worker-4-tc2/source:/opt/rustwide/workdir:ro,Z" "-v" "/var/lib/crater-agent-workspace/builds/worker-4-tc2/target:/opt/rustwide/target:rw,Z" "-v" "/var/lib/crater-agent-workspace/cargo-home:/opt/rustwide/cargo-home:ro,Z" "-v" "/var/lib/crater-agent-workspace/rustup-home:/opt/rustwide/rustup-home:ro,Z" "-m" "1610612736" "--network" "none" "ghcr.io/rust-lang/crates-build-env/linux@sha256:77db811e55d90add9212f6832c23229e3de5f1c1f9905e8cb07319ea15df73ac" "sleep" "infinity", kill_on_drop: false }`
[INFO] [stdout] d605c27ea349e191f83d0e8625d875ef54ef083527f7dc8c1a6095e1df579892
[INFO] running `Command { std: "docker" "start" "d605c27ea349e191f83d0e8625d875ef54ef083527f7dc8c1a6095e1df579892", kill_on_drop: false }`
[INFO] running `Command { std: "docker" "inspect" "d605c27ea349e191f83d0e8625d875ef54ef083527f7dc8c1a6095e1df579892", kill_on_drop: false }`
[INFO] running `Command { std: "docker" "exec" "-e" "SOURCE_DIR=/opt/rustwide/workdir" "-e" "CARGO_HOME=/opt/rustwide/cargo-home" "-e" "RUSTUP_HOME=/opt/rustwide/rustup-home" "-e" "CARGO_TARGET_DIR=/opt/rustwide/target" "-w" "/opt/rustwide/workdir" "--user" "0:0" "d605c27ea349e191f83d0e8625d875ef54ef083527f7dc8c1a6095e1df579892" "/opt/rustwide/cargo-home/bin/cargo" "+3154cc1a3e6424e44f438a95007d043ed5ceaaf6" "metadata" "--no-deps" "--format-version=1", kill_on_drop: false }`
[INFO] running `Command { std: "docker" "inspect" "d605c27ea349e191f83d0e8625d875ef54ef083527f7dc8c1a6095e1df579892", kill_on_drop: false }`
[INFO] running `Command { std: "docker" "exec" "-e" "SOURCE_DIR=/opt/rustwide/workdir" "-e" "CARGO_HOME=/opt/rustwide/cargo-home" "-e" "RUSTUP_HOME=/opt/rustwide/rustup-home" "-e" "CARGO_TARGET_DIR=/opt/rustwide/target" "-e" "CARGO_INCREMENTAL=0" "-e" "RUST_BACKTRACE=full" "-e" "RUSTFLAGS=--cap-lints=forbid" "-e" "RUSTDOCFLAGS=--cap-lints=forbid" "-w" "/opt/rustwide/workdir" "--user" "0:0" "d605c27ea349e191f83d0e8625d875ef54ef083527f7dc8c1a6095e1df579892" "/opt/rustwide/cargo-home/bin/cargo" "+3154cc1a3e6424e44f438a95007d043ed5ceaaf6" "check" "--frozen" "--all" "--all-targets" "--message-format=json", kill_on_drop: false }`
[INFO] [stderr]    Compiling libc v0.2.189
[INFO] [stderr]    Compiling cc v1.4.3
[INFO] [stderr]    Compiling wayland-sys v0.31.11
[INFO] [stderr]    Compiling syn v3.0.3
[INFO] [stderr]    Compiling toml_edit v0.25.13+spec-1.1.0
[INFO] [stderr]    Compiling enumflags2_derive v0.7.12
[INFO] [stderr]    Compiling zvariant_utils v2.1.0
[INFO] [stderr]     Checking zerocopy v0.8.56
[INFO] [stderr]    Compiling wayland-scanner v0.31.11
[INFO] [stderr]     Checking tracing v0.1.44
[INFO] [stderr]     Checking async-channel v2.5.0
[INFO] [stderr]     Checking piper v0.2.5
[INFO] [stderr]    Compiling thiserror-impl v1.0.69
[INFO] [stderr]    Compiling nix v0.29.0
[INFO] [stderr]     Checking async-lock v3.4.2
[INFO] [stderr]     Checking async-io v2.6.0
[INFO] [stderr]     Checking async-executor v1.14.0
[INFO] [stderr]     Checking async-broadcast v0.7.2
[INFO] [stderr]     Checking ordered-stream v0.2.0
[INFO] [stderr]     Checking blocking v1.6.2
[INFO] [stderr]    Compiling gl_generator v0.14.0
[INFO] [stderr]     Checking strict-num v0.1.1
[INFO] [stderr]     Checking accesskit v0.16.3
[INFO] [stderr]    Compiling num-traits v0.2.19
[INFO] [stderr]     Checking immutable-chunkmap v2.1.3
[INFO] [stderr]    Compiling winit v0.30.13
[INFO] [stderr]     Checking xkbcommon-dl v0.4.2
[INFO] [stderr]     Checking calloop v0.14.4
[INFO] [stderr]     Checking epaint_default_fonts v0.29.1
[INFO] [stderr]    Compiling glutin v0.32.3
[INFO] [stderr]     Checking futures-channel v0.3.34
[INFO] [stderr]    Compiling glutin-winit v0.5.0
[INFO] [stderr]     Checking ipnet v2.12.1
[INFO] [stderr]     Checking glow v0.14.2
[INFO] [stderr]     Checking async-fs v2.2.0
[INFO] [stderr]    Compiling glutin_glx_sys v0.6.1
[INFO] [stderr]     Checking accesskit_consumer v0.24.3
[INFO] [stderr]    Compiling glutin_egl_sys v0.7.1
[INFO] [stderr]     Checking serde_json v1.0.151
[INFO] [stderr]     Checking http-body-util v0.1.5
[INFO] [stderr]     Checking regex v1.13.1
[INFO] [stderr]    Compiling proc-macro-crate v3.5.0
[INFO] [stderr]     Checking moxcms v0.8.1
[INFO] [stderr]    Compiling zvariant_derive v4.2.0
[INFO] [stderr]    Compiling zbus_macros v4.4.0
[INFO] [stderr]     Checking thiserror v1.0.69
[INFO] [stderr]     Checking calloop v0.13.0
[INFO] [stderr]    Compiling wayland-backend v0.3.17
[INFO] [stderr]    Compiling ring v0.17.14
[INFO] [stderr]     Checking getrandom v0.2.17
[INFO] [stderr]     Checking parking_lot_core v0.9.12
[INFO] [stderr]     Checking errno v0.3.14
[INFO] [stderr]     Checking mio v1.2.2
[INFO] [stderr]     Checking xdg-home v1.3.0
[INFO] [stderr]     Checking socket2 v0.6.5
[INFO] [stderr]     Checking getrandom v0.3.4
[INFO] [stderr]     Checking memmap2 v0.9.11
[INFO] [stderr]     Checking rand_core v0.6.4
[INFO] [stderr]     Checking signal-hook-registry v1.4.8
[INFO] [stderr]     Checking x11-dl v2.21.0
[INFO] [stderr]     Checking parking_lot v0.12.5
[INFO] [stderr]     Checking x11rb v0.13.2
[INFO] [stderr]     Checking wayland-client v0.31.15
[INFO] [stderr]     Checking wayland-csd-frame v0.3.0
[INFO] [stderr]    Compiling rustls v0.23.43
[INFO] [stderr]     Checking wayland-protocols v0.32.13
[INFO] [stderr]     Checking wayland-cursor v0.31.14
[INFO] [stderr]     Checking calloop-wayland-source v0.3.0
[INFO] [stderr]     Checking calloop-wayland-source v0.4.1
[INFO] [stderr]    Compiling serde_derive v1.0.229
[INFO] [stderr]    Compiling zerovec-derive v0.11.4
[INFO] [stderr]    Compiling bytemuck_derive v1.12.0
[INFO] [stderr]    Compiling futures-macro v0.3.34
[INFO] [stderr]    Compiling displaydoc v0.2.7
[INFO] [stderr]    Compiling async-trait v0.1.92
[INFO] [stderr]    Compiling serde_repr v0.1.21
[INFO] [stderr]    Compiling tokio-macros v2.7.2
[INFO] [stderr]    Compiling thiserror-impl v2.0.20
[INFO] [stderr]     Checking tokio v1.53.1
[INFO] [stderr]     Checking zerotrie v0.2.5
[INFO] [stderr]     Checking futures-util v0.3.34
[INFO] [stderr]     Checking bytemuck v1.25.2
[INFO] [stderr]     Checking thiserror v2.0.20
[INFO] [stderr]     Checking zerovec v0.11.7
[INFO] [stderr]     Checking tiny-skia-path v0.11.4
[INFO] [stderr]     Checking emath v0.29.1
[INFO] [stderr]     Checking image v0.25.10
[INFO] [stderr]     Checking rustls-webpki v0.103.14
[INFO] [stderr]     Checking ecolor v0.29.1
[INFO] [stderr]     Checking tiny-skia v0.11.4
[INFO] [stderr]     Checking tinystr v0.8.4
[INFO] [stderr]     Checking potential_utf v0.1.6
[INFO] [stderr]     Checking icu_collections v2.3.0
[INFO] [stderr]     Checking ppv-lite86 v0.2.21
[INFO] [stderr]     Checking ahash v0.8.12
[INFO] [stderr]     Checking icu_locale_core v2.3.0
[INFO] [stderr]     Checking epaint v0.29.1
[INFO] [stderr]     Checking rand_chacha v0.3.1
[INFO] [stderr]     Checking rand v0.8.7
[INFO] [stderr]     Checking icu_provider v2.3.0
[INFO] [stderr]     Checking icu_properties v2.3.0
[INFO] [stderr]     Checking icu_normalizer v2.3.0
[INFO] [stderr]     Checking egui v0.29.1
[INFO] [stderr]     Checking arboard v3.6.1
[INFO] [stderr]    Compiling serde v1.0.229
[INFO] [stderr]     Checking enumflags2 v0.7.12
[INFO] [stderr]     Checking quick-xml v0.30.0
[INFO] [stderr]     Checking serde_urlencoded v0.7.1
[INFO] [stderr]    Compiling toml v0.5.11
[INFO] [stderr]     Checking zvariant v4.2.0
[INFO] [stderr]     Checking idna_adapter v1.2.2
[INFO] [stderr]     Checking idna v1.1.0
[INFO] [stderr]     Checking url v2.5.8
[INFO] [stderr]     Checking webbrowser v1.2.4
[INFO] [stderr]    Compiling winres v0.1.12
[INFO] [stderr]    Compiling dxtup v0.1.0 (/opt/rustwide/workdir)
[INFO] [stderr]     Checking zbus_names v3.0.0
[INFO] [stderr]     Checking tokio-util v0.7.19
[INFO] [stderr]     Checking tokio-rustls v0.26.4
[INFO] [stderr]     Checking tower v0.5.3
[INFO] [stderr]     Checking egui_glow v0.29.1
[INFO] [stderr]     Checking zbus_xml v4.0.0
[INFO] [stderr]     Checking zbus v4.4.0
[INFO] [stderr]     Checking wayland-protocols-wlr v0.3.12
[INFO] [stderr]     Checking wayland-protocols-plasma v0.3.12
[INFO] [stderr]     Checking wayland-protocols-experimental v20250721.0.1
[INFO] [stderr]     Checking wayland-protocols-misc v0.3.12
[INFO] [stderr]     Checking h2 v0.4.18
[INFO] [stderr]     Checking tower-http v0.6.11
[INFO] [stderr]     Checking zbus-lockstep v0.4.4
[INFO] [stderr]     Checking smithay-client-toolkit v0.19.2
[INFO] [stderr]     Checking smithay-client-toolkit v0.20.0
[INFO] [stderr]     Checking sctk-adwaita v0.10.1
[INFO] [stderr]     Checking smithay-clipboard v0.7.3
[INFO] [stderr]    Compiling zbus-lockstep-macros v0.4.4
[INFO] [stderr]     Checking hyper v1.11.0
[INFO] [stderr]     Checking hyper-util v0.1.20
[INFO] [stderr]     Checking hyper-rustls v0.27.9
[INFO] [stderr]     Checking atspi-common v0.6.0
[INFO] [stderr]     Checking reqwest v0.12.28
[INFO] [stderr]     Checking atspi-proxies v0.6.0
[INFO] [stderr]     Checking accesskit_atspi_common v0.9.3
[INFO] [stderr]     Checking atspi-connection v0.6.0
[INFO] [stderr]     Checking atspi v0.22.0
[INFO] [stderr]     Checking accesskit_unix v0.12.3
[INFO] [stderr]     Checking accesskit_winit v0.22.4
[INFO] [stderr]     Checking egui-winit v0.29.1
[INFO] [stderr]     Checking eframe v0.29.1
[INFO] [stdout] warning: falling back to `f32` as the trait bound `f32: From<f64>` is not satisfied
[INFO] [stdout]    --> src/main.rs:371:43
[INFO] [stdout]     |
[INFO] [stdout] 371 |                 .stroke(egui::Stroke::new(1.0, colors.output_stroke))
[INFO] [stdout]     |                                           ^^^ help: explicitly specify the type as `f32`: `1.0_f32`
[INFO] [stdout]     |
[INFO] [stdout]     = warning: this was previously accepted by the compiler but is being phased out; it will become a hard error in a future release!
[INFO] [stdout]     = note: for more information, see issue #154024 <https://github.com/rust-lang/rust/issues/154024>
[INFO] [stdout]     = note: `#[warn(float_literal_f32_fallback)]` (part of `#[warn(future_incompatible)]`) on by default
[INFO] [stdout] 
[INFO] [stdout] 
[INFO] [stdout] warning: falling back to `f32` as the trait bound `f32: From<f64>` is not satisfied
[INFO] [stdout]    --> src/main.rs:371:43
[INFO] [stdout]     |
[INFO] [stdout] 371 |                 .stroke(egui::Stroke::new(1.0, colors.output_stroke))
[INFO] [stdout]     |                                           ^^^ help: explicitly specify the type as `f32`: `1.0_f32`
[INFO] [stdout]     |
[INFO] [stdout]     = warning: this was previously accepted by the compiler but is being phased out; it will become a hard error in a future release!
[INFO] [stdout]     = note: for more information, see issue #154024 <https://github.com/rust-lang/rust/issues/154024>
[INFO] [stdout]     = note: `#[warn(float_literal_f32_fallback)]` (part of `#[warn(future_incompatible)]`) on by default
[INFO] [stdout] 
[INFO] [stdout] 
[INFO] [stdout] error[E0432]: unresolved import `native_windows_derive`
[INFO] [stdout]  --> src/bin/dxtup_nwg.rs:8:5
[INFO] [stdout]   |
[INFO] [stdout] 8 | use native_windows_derive as nwd;
[INFO] [stdout]   |     ---------------------^^^^^^^
[INFO] [stdout]   |     |
[INFO] [stdout]   |     no external crate `native_windows_derive`
[INFO] [stdout] 
[INFO] [stdout] 
[INFO] [stdout] error[E0432]: unresolved import `native_windows_gui`
[INFO] [stdout]  --> src/bin/dxtup_nwg.rs:9:5
[INFO] [stdout]   |
[INFO] [stdout] 9 | use native_windows_gui as nwg;
[INFO] [stdout]   |     ------------------^^^^^^^
[INFO] [stdout]   |     |
[INFO] [stdout]   |     no external crate `native_windows_gui`
[INFO] [stdout] 
[INFO] [stdout] 
[INFO] [stdout] error: cannot find attribute `nwg_control` in this scope
[INFO] [stdout]   --> src/bin/dxtup_nwg.rs:34:7
[INFO] [stdout]    |
[INFO] [stdout] 34 |     #[nwg_control(size: (700, 520), position: (250, 120), title: "RSUP Dr. Sardjito — Diagnosis Formatter", flags: "WINDOW|VISIBLE")]
[INFO] [stdout]    |       ^^^^^^^^^^^
[INFO] [stdout] 
[INFO] [stdout] 
[INFO] [stdout] error: cannot find attribute `nwg_events` in this scope
[INFO] [stdout]   --> src/bin/dxtup_nwg.rs:35:7
[INFO] [stdout]    |
[INFO] [stdout] 35 |     #[nwg_events(OnWindowClose: [DxtupNwgApp::on_close])]
[INFO] [stdout]    |       ^^^^^^^^^^
[INFO] [stdout] 
[INFO] [stdout] 
[INFO] [stdout] error: cannot find attribute `nwg_control` in this scope
[INFO] [stdout]   --> src/bin/dxtup_nwg.rs:39:7
[INFO] [stdout]    |
[INFO] [stdout] 39 |     #[nwg_control]
[INFO] [stdout]    |       ^^^^^^^^^^^
[INFO] [stdout] 
[INFO] [stdout] 
[INFO] [stdout] error[E0432]: unresolved import `native_windows_derive`
[INFO] [stdout]  --> src/bin/dxtup_nwg.rs:8:5
[INFO] [stdout]   |
[INFO] [stdout] 8 | use native_windows_derive as nwd;
[INFO] [stdout]   |     ---------------------^^^^^^^
[INFO] [stdout]   |     |
[INFO] [stdout]   |     no external crate `native_windows_derive`
[INFO] [stdout] 
[INFO] [stdout] 
[INFO] [stdout] error: cannot find attribute `nwg_events` in this scope
[INFO] [stdout]   --> src/bin/dxtup_nwg.rs:40:7
[INFO] [stdout]    |
[INFO] [stdout] 40 |     #[nwg_events(OnNotice: [DxtupNwgApp::on_async_result])]
[INFO] [stdout]    |       ^^^^^^^^^^
[INFO] [stdout] 
[INFO] [stdout] 
[INFO] [stdout] error[E0432]: unresolved import `native_windows_gui`
[INFO] [stdout]  --> src/bin/dxtup_nwg.rs:9:5
[INFO] [stdout]   |
[INFO] [stdout] 9 | use native_windows_gui as nwg;
[INFO] [stdout]   |     ------------------^^^^^^^
[INFO] [stdout]   |     |
[INFO] [stdout]   |     no external crate `native_windows_gui`
[INFO] [stdout] 
[INFO] [stdout] 
[INFO] [stdout] error: cannot find attribute `nwg_control` in this scope
[INFO] [stdout]   --> src/bin/dxtup_nwg.rs:34:7
[INFO] [stdout]    |
[INFO] [stdout] 34 |     #[nwg_control(size: (700, 520), position: (250, 120), title: "RSUP Dr. Sardjito — Diagnosis Formatter", flags: "WINDOW|VISIBLE")]
[INFO] [stdout]    |       ^^^^^^^^^^^
[INFO] [stdout] 
[INFO] [stdout] 
[INFO] [stdout] error: cannot find attribute `nwg_control` in this scope
[INFO] [stdout]   --> src/bin/dxtup_nwg.rs:44:7
[INFO] [stdout]    |
[INFO] [stdout] 44 |     #[nwg_control(text: "DxFormatter")]
[INFO] [stdout]    |       ^^^^^^^^^^^
[INFO] [stdout] 
[INFO] [stdout] 
[INFO] [stdout] error: cannot find attribute `nwg_events` in this scope
[INFO] [stdout]   --> src/bin/dxtup_nwg.rs:35:7
[INFO] [stdout]    |
[INFO] [stdout] 35 |     #[nwg_events(OnWindowClose: [DxtupNwgApp::on_close])]
[INFO] [stdout]    |       ^^^^^^^^^^
[INFO] [stdout] 
[INFO] [stdout] 
[INFO] [stdout] error: cannot find attribute `nwg_control` in this scope
[INFO] [stdout]   --> src/bin/dxtup_nwg.rs:39:7
[INFO] [stdout]    |
[INFO] [stdout] 39 |     #[nwg_control]
[INFO] [stdout]    |       ^^^^^^^^^^^
[INFO] [stdout] 
[INFO] [stdout] 
[INFO] [stdout] error: cannot find attribute `nwg_control` in this scope
[INFO] [stdout]   --> src/bin/dxtup_nwg.rs:47:7
[INFO] [stdout]    |
[INFO] [stdout] 47 |     #[nwg_control(text: "Mode:")]
[INFO] [stdout]    |       ^^^^^^^^^^^
[INFO] [stdout] 
[INFO] [stdout] 
[INFO] [stdout] error: cannot find attribute `nwg_events` in this scope
[INFO] [stdout]   --> src/bin/dxtup_nwg.rs:40:7
[INFO] [stdout]    |
[INFO] [stdout] 40 |     #[nwg_events(OnNotice: [DxtupNwgApp::on_async_result])]
[INFO] [stdout]    |       ^^^^^^^^^^
[INFO] [stdout] 
[INFO] [stdout] 
[INFO] [stdout] error: cannot find attribute `nwg_control` in this scope
[INFO] [stdout]   --> src/bin/dxtup_nwg.rs:50:7
[INFO] [stdout]    |
[INFO] [stdout] 50 |     #[nwg_control(text: "Offline")]
[INFO] [stdout]    |       ^^^^^^^^^^^
[INFO] [stdout] 
[INFO] [stdout] 
[INFO] [stdout] error: cannot find attribute `nwg_control` in this scope
[INFO] [stdout]   --> src/bin/dxtup_nwg.rs:44:7
[INFO] [stdout]    |
[INFO] [stdout] 44 |     #[nwg_control(text: "DxFormatter")]
[INFO] [stdout]    |       ^^^^^^^^^^^
[INFO] [stdout] 
[INFO] [stdout] 
[INFO] [stdout] error: cannot find attribute `nwg_events` in this scope
[INFO] [stdout]   --> src/bin/dxtup_nwg.rs:51:7
[INFO] [stdout]    |
[INFO] [stdout] 51 |     #[nwg_events(OnButtonClick: [DxtupNwgApp::on_radio_offline])]
[INFO] [stdout]    |       ^^^^^^^^^^
[INFO] [stdout] 
[INFO] [stdout] 
[INFO] [stdout] error: cannot find attribute `nwg_control` in this scope
[INFO] [stdout]   --> src/bin/dxtup_nwg.rs:47:7
[INFO] [stdout]    |
[INFO] [stdout] 47 |     #[nwg_control(text: "Mode:")]
[INFO] [stdout]    |       ^^^^^^^^^^^
[INFO] [stdout] 
[INFO] [stdout] 
[INFO] [stdout] error: cannot find attribute `nwg_control` in this scope
[INFO] [stdout]   --> src/bin/dxtup_nwg.rs:54:7
[INFO] [stdout]    |
[INFO] [stdout] 54 |     #[nwg_control(text: "Gemini AI")]
[INFO] [stdout]    |       ^^^^^^^^^^^
[INFO] [stdout] 
[INFO] [stdout] 
[INFO] [stdout] error: cannot find attribute `nwg_events` in this scope
[INFO] [stdout]   --> src/bin/dxtup_nwg.rs:55:7
[INFO] [stdout]    |
[INFO] [stdout] 55 |     #[nwg_events(OnButtonClick: [DxtupNwgApp::on_radio_online])]
[INFO] [stdout]    |       ^^^^^^^^^^
[INFO] [stdout] 
[INFO] [stdout] 
[INFO] [stdout] error: cannot find attribute `nwg_control` in this scope
[INFO] [stdout]   --> src/bin/dxtup_nwg.rs:50:7
[INFO] [stdout]    |
[INFO] [stdout] 50 |     #[nwg_control(text: "Offline")]
[INFO] [stdout]    |       ^^^^^^^^^^^
[INFO] [stdout] 
[INFO] [stdout] 
[INFO] [stdout] error: cannot find attribute `nwg_events` in this scope
[INFO] [stdout]   --> src/bin/dxtup_nwg.rs:51:7
[INFO] [stdout]    |
[INFO] [stdout] 51 |     #[nwg_events(OnButtonClick: [DxtupNwgApp::on_radio_offline])]
[INFO] [stdout]    |       ^^^^^^^^^^
[INFO] [stdout] 
[INFO] [stdout] 
[INFO] [stdout] error: cannot find attribute `nwg_control` in this scope
[INFO] [stdout]   --> src/bin/dxtup_nwg.rs:58:7
[INFO] [stdout]    |
[INFO] [stdout] 58 |     #[nwg_control(text: "Clear All")]
[INFO] [stdout]    |       ^^^^^^^^^^^
[INFO] [stdout] 
[INFO] [stdout] 
[INFO] [stdout] error: cannot find attribute `nwg_events` in this scope
[INFO] [stdout]   --> src/bin/dxtup_nwg.rs:59:7
[INFO] [stdout]    |
[INFO] [stdout] 59 |     #[nwg_events(OnButtonClick: [DxtupNwgApp::on_clear])]
[INFO] [stdout]    |       ^^^^^^^^^^
[INFO] [stdout] 
[INFO] [stdout] 
[INFO] [stdout] error: cannot find attribute `nwg_control` in this scope
[INFO] [stdout]   --> src/bin/dxtup_nwg.rs:54:7
[INFO] [stdout]    |
[INFO] [stdout] 54 |     #[nwg_control(text: "Gemini AI")]
[INFO] [stdout]    |       ^^^^^^^^^^^
[INFO] [stdout] 
[INFO] [stdout] 
[INFO] [stdout] error: cannot find attribute `nwg_control` in this scope
[INFO] [stdout]   --> src/bin/dxtup_nwg.rs:63:7
[INFO] [stdout]    |
[INFO] [stdout] 63 |     #[nwg_control(text: "API Key:")]
[INFO] [stdout]    |       ^^^^^^^^^^^
[INFO] [stdout] 
[INFO] [stdout] 
[INFO] [stdout] error: cannot find attribute `nwg_events` in this scope
[INFO] [stdout]   --> src/bin/dxtup_nwg.rs:55:7
[INFO] [stdout]    |
[INFO] [stdout] 55 |     #[nwg_events(OnButtonClick: [DxtupNwgApp::on_radio_online])]
[INFO] [stdout]    |       ^^^^^^^^^^
[INFO] [stdout] 
[INFO] [stdout] 
[INFO] [stdout] error: cannot find attribute `nwg_control` in this scope
[INFO] [stdout]   --> src/bin/dxtup_nwg.rs:58:7
[INFO] [stdout]    |
[INFO] [stdout] 58 |     #[nwg_control(text: "Clear All")]
[INFO] [stdout]    |       ^^^^^^^^^^^
[INFO] [stdout] 
[INFO] [stdout] 
[INFO] [stdout] error: cannot find attribute `nwg_control` in this scope
[INFO] [stdout]   --> src/bin/dxtup_nwg.rs:66:7
[INFO] [stdout]    |
[INFO] [stdout] 66 |     #[nwg_control(text: "", flags: "VISIBLE|TAB_STOP")]
[INFO] [stdout]    |       ^^^^^^^^^^^
[INFO] [stdout] 
[INFO] [stdout] 
[INFO] [stdout] error: cannot find attribute `nwg_events` in this scope
[INFO] [stdout]   --> src/bin/dxtup_nwg.rs:59:7
[INFO] [stdout]    |
[INFO] [stdout] 59 |     #[nwg_events(OnButtonClick: [DxtupNwgApp::on_clear])]
[INFO] [stdout]    |       ^^^^^^^^^^
[INFO] [stdout] 
[INFO] [stdout] 
[INFO] [stdout] error: cannot find attribute `nwg_events` in this scope
[INFO] [stdout]   --> src/bin/dxtup_nwg.rs:67:7
[INFO] [stdout]    |
[INFO] [stdout] 67 |     #[nwg_events(OnTextInput: [DxtupNwgApp::on_key_changed])]
[INFO] [stdout]    |       ^^^^^^^^^^
[INFO] [stdout] 
[INFO] [stdout] 
[INFO] [stdout] error: cannot find attribute `nwg_control` in this scope
[INFO] [stdout]   --> src/bin/dxtup_nwg.rs:63:7
[INFO] [stdout]    |
[INFO] [stdout] 63 |     #[nwg_control(text: "API Key:")]
[INFO] [stdout]    |       ^^^^^^^^^^^
[INFO] [stdout] 
[INFO] [stdout] 
[INFO] [stdout] error: cannot find attribute `nwg_control` in this scope
[INFO] [stdout]   --> src/bin/dxtup_nwg.rs:70:7
[INFO] [stdout]    |
[INFO] [stdout] 70 |     #[nwg_control(text: "Paste")]
[INFO] [stdout]    |       ^^^^^^^^^^^
[INFO] [stdout] 
[INFO] [stdout] 
[INFO] [stdout] error: cannot find attribute `nwg_control` in this scope
[INFO] [stdout]   --> src/bin/dxtup_nwg.rs:66:7
[INFO] [stdout]    |
[INFO] [stdout] 66 |     #[nwg_control(text: "", flags: "VISIBLE|TAB_STOP")]
[INFO] [stdout]    |       ^^^^^^^^^^^
[INFO] [stdout] 
[INFO] [stdout] 
[INFO] [stdout] error: cannot find attribute `nwg_events` in this scope
[INFO] [stdout]   --> src/bin/dxtup_nwg.rs:71:7
[INFO] [stdout]    |
[INFO] [stdout] 71 |     #[nwg_events(OnButtonClick: [DxtupNwgApp::on_paste_key])]
[INFO] [stdout]    |       ^^^^^^^^^^
[INFO] [stdout] 
[INFO] [stdout] 
[INFO] [stdout] error: cannot find attribute `nwg_events` in this scope
[INFO] [stdout]   --> src/bin/dxtup_nwg.rs:67:7
[INFO] [stdout]    |
[INFO] [stdout] 67 |     #[nwg_events(OnTextInput: [DxtupNwgApp::on_key_changed])]
[INFO] [stdout]    |       ^^^^^^^^^^
[INFO] [stdout] 
[INFO] [stdout] 
[INFO] [stdout] error: cannot find attribute `nwg_control` in this scope
[INFO] [stdout]   --> src/bin/dxtup_nwg.rs:74:7
[INFO] [stdout]    |
[INFO] [stdout] 74 |     #[nwg_control(text: "Model:")]
[INFO] [stdout]    |       ^^^^^^^^^^^
[INFO] [stdout] 
[INFO] [stdout] 
[INFO] [stdout] error: cannot find attribute `nwg_control` in this scope
[INFO] [stdout]   --> src/bin/dxtup_nwg.rs:70:7
[INFO] [stdout]    |
[INFO] [stdout] 70 |     #[nwg_control(text: "Paste")]
[INFO] [stdout]    |       ^^^^^^^^^^^
[INFO] [stdout] 
[INFO] [stdout] 
[INFO] [stdout] error: cannot find attribute `nwg_control` in this scope
[INFO] [stdout]   --> src/bin/dxtup_nwg.rs:77:7
[INFO] [stdout]    |
[INFO] [stdout] 77 |     #[nwg_control]
[INFO] [stdout]    |       ^^^^^^^^^^^
[INFO] [stdout] 
[INFO] [stdout] 
[INFO] [stdout] error: cannot find attribute `nwg_events` in this scope
[INFO] [stdout]   --> src/bin/dxtup_nwg.rs:71:7
[INFO] [stdout]    |
[INFO] [stdout] 71 |     #[nwg_events(OnButtonClick: [DxtupNwgApp::on_paste_key])]
[INFO] [stdout]    |       ^^^^^^^^^^
[INFO] [stdout] 
[INFO] [stdout] 
[INFO] [stdout] error: cannot find attribute `nwg_events` in this scope
[INFO] [stdout]   --> src/bin/dxtup_nwg.rs:78:7
[INFO] [stdout]    |
[INFO] [stdout] 78 |     #[nwg_events(OnComboxBoxSelection: [DxtupNwgApp::on_model_change])]
[INFO] [stdout]    |       ^^^^^^^^^^
[INFO] [stdout] 
[INFO] [stdout] 
[INFO] [stdout] error: cannot find attribute `nwg_control` in this scope
[INFO] [stdout]   --> src/bin/dxtup_nwg.rs:74:7
[INFO] [stdout]    |
[INFO] [stdout] 74 |     #[nwg_control(text: "Model:")]
[INFO] [stdout]    |       ^^^^^^^^^^^
[INFO] [stdout] 
[INFO] [stdout] 
[INFO] [stdout] error: cannot find attribute `nwg_control` in this scope
[INFO] [stdout]   --> src/bin/dxtup_nwg.rs:82:7
[INFO] [stdout]    |
[INFO] [stdout] 82 |     #[nwg_control(text: "Input Clinical Diagnosis:")]
[INFO] [stdout]    |       ^^^^^^^^^^^
[INFO] [stdout] 
[INFO] [stdout] 
[INFO] [stdout] error: cannot find attribute `nwg_control` in this scope
[INFO] [stdout]   --> src/bin/dxtup_nwg.rs:85:7
[INFO] [stdout]    |
[INFO] [stdout] 85 |     #[nwg_control(text: "Paste Text")]
[INFO] [stdout]    |       ^^^^^^^^^^^
[INFO] [stdout] 
[INFO] [stdout] 
[INFO] [stdout] error: cannot find attribute `nwg_control` in this scope
[INFO] [stdout]   --> src/bin/dxtup_nwg.rs:77:7
[INFO] [stdout]    |
[INFO] [stdout] 77 |     #[nwg_control]
[INFO] [stdout]    |       ^^^^^^^^^^^
[INFO] [stdout] 
[INFO] [stdout] 
[INFO] [stdout] error: cannot find attribute `nwg_events` in this scope
[INFO] [stdout]   --> src/bin/dxtup_nwg.rs:86:7
[INFO] [stdout]    |
[INFO] [stdout] 86 |     #[nwg_events(OnButtonClick: [DxtupNwgApp::on_paste_input])]
[INFO] [stdout]    |       ^^^^^^^^^^
[INFO] [stdout] 
[INFO] [stdout] 
[INFO] [stdout] error: cannot find attribute `nwg_events` in this scope
[INFO] [stdout]   --> src/bin/dxtup_nwg.rs:78:7
[INFO] [stdout]    |
[INFO] [stdout] 78 |     #[nwg_events(OnComboxBoxSelection: [DxtupNwgApp::on_model_change])]
[INFO] [stdout]    |       ^^^^^^^^^^
[INFO] [stdout] 
[INFO] [stdout] 
[INFO] [stdout] error: cannot find attribute `nwg_control` in this scope
[INFO] [stdout]   --> src/bin/dxtup_nwg.rs:82:7
[INFO] [stdout]    |
[INFO] [stdout] 82 |     #[nwg_control(text: "Input Clinical Diagnosis:")]
[INFO] [stdout]    |       ^^^^^^^^^^^
[INFO] [stdout] 
[INFO] [stdout] 
[INFO] [stdout] error: cannot find attribute `nwg_control` in this scope
[INFO] [stdout]   --> src/bin/dxtup_nwg.rs:89:7
[INFO] [stdout]    |
[INFO] [stdout] 89 |     #[nwg_control(text: "", flags: "VISIBLE|TAB_STOP|AUTOVSCROLL|VSCROLL")]
[INFO] [stdout]    |       ^^^^^^^^^^^
[INFO] [stdout] 
[INFO] [stdout] 
[INFO] [stdout] error: cannot find attribute `nwg_control` in this scope
[INFO] [stdout]   --> src/bin/dxtup_nwg.rs:85:7
[INFO] [stdout]    |
[INFO] [stdout] 85 |     #[nwg_control(text: "Paste Text")]
[INFO] [stdout]    |       ^^^^^^^^^^^
[INFO] [stdout] 
[INFO] [stdout] 
[INFO] [stdout] error: cannot find attribute `nwg_control` in this scope
[INFO] [stdout]   --> src/bin/dxtup_nwg.rs:93:7
[INFO] [stdout]    |
[INFO] [stdout] 93 |     #[nwg_control(text: "Format Diagnosis")]
[INFO] [stdout]    |       ^^^^^^^^^^^
[INFO] [stdout] 
[INFO] [stdout] 
[INFO] [stdout] error: cannot find attribute `nwg_events` in this scope
[INFO] [stdout]   --> src/bin/dxtup_nwg.rs:86:7
[INFO] [stdout]    |
[INFO] [stdout] 86 |     #[nwg_events(OnButtonClick: [DxtupNwgApp::on_paste_input])]
[INFO] [stdout]    |       ^^^^^^^^^^
[INFO] [stdout] 
[INFO] [stdout] 
[INFO] [stdout] error: cannot find attribute `nwg_events` in this scope
[INFO] [stdout]   --> src/bin/dxtup_nwg.rs:94:7
[INFO] [stdout]    |
[INFO] [stdout] 94 |     #[nwg_events(OnButtonClick: [DxtupNwgApp::on_format_click])]
[INFO] [stdout]    |       ^^^^^^^^^^
[INFO] [stdout] 
[INFO] [stdout] 
[INFO] [stdout] error: cannot find attribute `nwg_control` in this scope
[INFO] [stdout]   --> src/bin/dxtup_nwg.rs:89:7
[INFO] [stdout]    |
[INFO] [stdout] 89 |     #[nwg_control(text: "", flags: "VISIBLE|TAB_STOP|AUTOVSCROLL|VSCROLL")]
[INFO] [stdout]    |       ^^^^^^^^^^^
[INFO] [stdout] 
[INFO] [stdout] 
[INFO] [stdout] error: cannot find attribute `nwg_control` in this scope
[INFO] [stdout]   --> src/bin/dxtup_nwg.rs:97:7
[INFO] [stdout]    |
[INFO] [stdout] 97 |     #[nwg_control(text: "")]
[INFO] [stdout]    |       ^^^^^^^^^^^
[INFO] [stdout] 
[INFO] [stdout] 
[INFO] [stdout] error: cannot find attribute `nwg_control` in this scope
[INFO] [stdout]   --> src/bin/dxtup_nwg.rs:93:7
[INFO] [stdout]    |
[INFO] [stdout] 93 |     #[nwg_control(text: "Format Diagnosis")]
[INFO] [stdout]    |       ^^^^^^^^^^^
[INFO] [stdout] 
[INFO] [stdout] 
[INFO] [stdout] error: cannot find attribute `nwg_control` in this scope
[INFO] [stdout]    --> src/bin/dxtup_nwg.rs:101:7
[INFO] [stdout]     |
[INFO] [stdout] 101 |     #[nwg_control(text: "Standardized Result:")]
[INFO] [stdout]     |       ^^^^^^^^^^^
[INFO] [stdout] 
[INFO] [stdout] 
[INFO] [stdout] error: cannot find attribute `nwg_events` in this scope
[INFO] [stdout]   --> src/bin/dxtup_nwg.rs:94:7
[INFO] [stdout]    |
[INFO] [stdout] 94 |     #[nwg_events(OnButtonClick: [DxtupNwgApp::on_format_click])]
[INFO] [stdout]    |       ^^^^^^^^^^
[INFO] [stdout] 
[INFO] [stdout] 
[INFO] [stdout] error: cannot find attribute `nwg_control` in this scope
[INFO] [stdout]    --> src/bin/dxtup_nwg.rs:104:7
[INFO] [stdout]     |
[INFO] [stdout] 104 |     #[nwg_control(text: "Copy Result")]
[INFO] [stdout]     |       ^^^^^^^^^^^
[INFO] [stdout] 
[INFO] [stdout] 
[INFO] [stdout] error: cannot find attribute `nwg_control` in this scope
[INFO] [stdout]   --> src/bin/dxtup_nwg.rs:97:7
[INFO] [stdout]    |
[INFO] [stdout] 97 |     #[nwg_control(text: "")]
[INFO] [stdout]    |       ^^^^^^^^^^^
[INFO] [stdout] 
[INFO] [stdout] 
[INFO] [stdout] error: cannot find attribute `nwg_events` in this scope
[INFO] [stdout]    --> src/bin/dxtup_nwg.rs:105:7
[INFO] [stdout]     |
[INFO] [stdout] 105 |     #[nwg_events(OnButtonClick: [DxtupNwgApp::on_copy_output])]
[INFO] [stdout]     |       ^^^^^^^^^^
[INFO] [stdout] 
[INFO] [stdout] 
[INFO] [stdout] error: cannot find attribute `nwg_control` in this scope
[INFO] [stdout]    --> src/bin/dxtup_nwg.rs:108:7
[INFO] [stdout]     |
[INFO] [stdout] 108 |     #[nwg_control(text: "", flags: "VISIBLE|TAB_STOP|AUTOVSCROLL|VSCROLL")]
[INFO] [stdout]     |       ^^^^^^^^^^^
[INFO] [stdout] 
[INFO] [stdout] 
[INFO] [stdout] error: cannot find attribute `nwg_control` in this scope
[INFO] [stdout]    --> src/bin/dxtup_nwg.rs:101:7
[INFO] [stdout]     |
[INFO] [stdout] 101 |     #[nwg_control(text: "Standardized Result:")]
[INFO] [stdout]     |       ^^^^^^^^^^^
[INFO] [stdout] 
[INFO] [stdout] 
[INFO] [stdout] error: cannot find attribute `nwg_control` in this scope
[INFO] [stdout]    --> src/bin/dxtup_nwg.rs:104:7
[INFO] [stdout]     |
[INFO] [stdout] 104 |     #[nwg_control(text: "Copy Result")]
[INFO] [stdout]     |       ^^^^^^^^^^^
[INFO] [stdout] 
[INFO] [stdout] 
[INFO] [stdout] error[E0433]: cannot find module or crate `winapi` in this scope
[INFO] [stdout]   --> src/bin/dxtup_nwg.rs:19:19
[INFO] [stdout]    |
[INFO] [stdout] 19 |         let hdc = winapi::um::winuser::GetDC(std::ptr::null_mut());
[INFO] [stdout]    |                   ^^^^^^ use of unresolved module or unlinked crate `winapi`
[INFO] [stdout]    |
[INFO] [stdout]    = help: if you wanted to use a crate named `winapi`, use `cargo add winapi` to add it to your `Cargo.toml`
[INFO] [stdout] 
[INFO] [stdout] 
[INFO] [stdout] error: cannot find attribute `nwg_events` in this scope
[INFO] [stdout]    --> src/bin/dxtup_nwg.rs:105:7
[INFO] [stdout]     |
[INFO] [stdout] 105 |     #[nwg_events(OnButtonClick: [DxtupNwgApp::on_copy_output])]
[INFO] [stdout]     |       ^^^^^^^^^^
[INFO] [stdout] 
[INFO] [stdout] 
[INFO] [stdout] error[E0433]: cannot find module or crate `winapi` in this scope
[INFO] [stdout]   --> src/bin/dxtup_nwg.rs:21:25
[INFO] [stdout]    |
[INFO] [stdout] 21 |             let dpi_x = winapi::um::wingdi::GetDeviceCaps(hdc, winapi::um::wingdi::LOGPIXELSX);
[INFO] [stdout]    |                         ^^^^^^ use of unresolved module or unlinked crate `winapi`
[INFO] [stdout]    |
[INFO] [stdout]    = help: if you wanted to use a crate named `winapi`, use `cargo add winapi` to add it to your `Cargo.toml`
[INFO] [stdout] 
[INFO] [stdout] 
[INFO] [stdout] error: cannot find attribute `nwg_control` in this scope
[INFO] [stdout]    --> src/bin/dxtup_nwg.rs:108:7
[INFO] [stdout]     |
[INFO] [stdout] 108 |     #[nwg_control(text: "", flags: "VISIBLE|TAB_STOP|AUTOVSCROLL|VSCROLL")]
[INFO] [stdout]     |       ^^^^^^^^^^^
[INFO] [stdout] 
[INFO] [stdout] 
[INFO] [stdout] error[E0433]: cannot find module or crate `winapi` in this scope
[INFO] [stdout]   --> src/bin/dxtup_nwg.rs:21:64
[INFO] [stdout]    |
[INFO] [stdout] 21 |             let dpi_x = winapi::um::wingdi::GetDeviceCaps(hdc, winapi::um::wingdi::LOGPIXELSX);
[INFO] [stdout]    |                                                                ^^^^^^ use of unresolved module or unlinked crate `winapi`
[INFO] [stdout]    |
[INFO] [stdout]    = help: if you wanted to use a crate named `winapi`, use `cargo add winapi` to add it to your `Cargo.toml`
[INFO] [stdout] 
[INFO] [stdout] 
[INFO] [stdout] error[E0433]: cannot find module or crate `winapi` in this scope
[INFO] [stdout]   --> src/bin/dxtup_nwg.rs:19:19
[INFO] [stdout]    |
[INFO] [stdout] 19 |         let hdc = winapi::um::winuser::GetDC(std::ptr::null_mut());
[INFO] [stdout]    |                   ^^^^^^ use of unresolved module or unlinked crate `winapi`
[INFO] [stdout]    |
[INFO] [stdout]    = help: if you wanted to use a crate named `winapi`, use `cargo add winapi` to add it to your `Cargo.toml`
[INFO] [stdout] 
[INFO] [stdout] 
[INFO] [stdout] error[E0433]: cannot find module or crate `winapi` in this scope
[INFO] [stdout]   --> src/bin/dxtup_nwg.rs:22:13
[INFO] [stdout]    |
[INFO] [stdout] 22 |             winapi::um::winuser::ReleaseDC(std::ptr::null_mut(), hdc);
[INFO] [stdout]    |             ^^^^^^ use of unresolved module or unlinked crate `winapi`
[INFO] [stdout]    |
[INFO] [stdout]    = help: if you wanted to use a crate named `winapi`, use `cargo add winapi` to add it to your `Cargo.toml`
[INFO] [stdout] 
[INFO] [stdout] 
[INFO] [stdout] error[E0433]: cannot find module or crate `winapi` in this scope
[INFO] [stdout]   --> src/bin/dxtup_nwg.rs:21:25
[INFO] [stdout]    |
[INFO] [stdout] 21 |             let dpi_x = winapi::um::wingdi::GetDeviceCaps(hdc, winapi::um::wingdi::LOGPIXELSX);
[INFO] [stdout]    |                         ^^^^^^ use of unresolved module or unlinked crate `winapi`
[INFO] [stdout]    |
[INFO] [stdout]    = help: if you wanted to use a crate named `winapi`, use `cargo add winapi` to add it to your `Cargo.toml`
[INFO] [stdout] 
[INFO] [stdout] 
[INFO] [stdout] error[E0433]: cannot find module or crate `winapi` in this scope
[INFO] [stdout]   --> src/bin/dxtup_nwg.rs:21:64
[INFO] [stdout]    |
[INFO] [stdout] 21 |             let dpi_x = winapi::um::wingdi::GetDeviceCaps(hdc, winapi::um::wingdi::LOGPIXELSX);
[INFO] [stdout]    |                                                                ^^^^^^ use of unresolved module or unlinked crate `winapi`
[INFO] [stdout]    |
[INFO] [stdout]    = help: if you wanted to use a crate named `winapi`, use `cargo add winapi` to add it to your `Cargo.toml`
[INFO] [stdout] 
[INFO] [stdout] 
[INFO] [stdout] error[E0433]: cannot find module or crate `winapi` in this scope
[INFO] [stdout]   --> src/bin/dxtup_nwg.rs:22:13
[INFO] [stdout]    |
[INFO] [stdout] 22 |             winapi::um::winuser::ReleaseDC(std::ptr::null_mut(), hdc);
[INFO] [stdout]    |             ^^^^^^ use of unresolved module or unlinked crate `winapi`
[INFO] [stdout]    |
[INFO] [stdout]    = help: if you wanted to use a crate named `winapi`, use `cargo add winapi` to add it to your `Cargo.toml`
[INFO] [stdout] 
[INFO] [stdout] 
[INFO] [stdout] error[E0599]: no associated function or constant named `build_ui` found for struct `DxtupNwgApp` in the current scope
[INFO] [stdout]    --> src/bin/dxtup_nwg.rs:525:28
[INFO] [stdout]     |
[INFO] [stdout]  32 | pub struct DxtupNwgApp {
[INFO] [stdout]     | ---------------------- associated function or constant `build_ui` not found for this struct
[INFO] [stdout] ...
[INFO] [stdout] 525 |     let app = DxtupNwgApp::build_ui(Default::default()).expect("Failed to build NWG UI");
[INFO] [stdout]     |                            ^^^^^^^^ associated function or constant not found in `DxtupNwgApp`
[INFO] [stdout] 
[INFO] [stdout] 
[INFO] [stdout] error[E0599]: no associated function or constant named `build_ui` found for struct `DxtupNwgApp` in the current scope
[INFO] [stdout]    --> src/bin/dxtup_nwg.rs:525:28
[INFO] [stdout]     |
[INFO] [stdout]  32 | pub struct DxtupNwgApp {
[INFO] [stdout]     | ---------------------- associated function or constant `build_ui` not found for this struct
[INFO] [stdout] ...
[INFO] [stdout] 525 |     let app = DxtupNwgApp::build_ui(Default::default()).expect("Failed to build NWG UI");
[INFO] [stdout]     |                            ^^^^^^^^ associated function or constant not found in `DxtupNwgApp`
[INFO] [stdout] 
[INFO] [stdout] 
[INFO] [stdout] Some errors have detailed explanations: E0432, E0433, E0599.
[INFO] [stdout] 
[INFO] [stdout] For more information about an error, try `rustc --explain E0432`.
[INFO] [stdout] 
[INFO] [stderr] error: could not compile `dxtup` (bin "dxtup-nwg") due to 38 previous errors
[INFO] [stderr] warning: build failed, waiting for other jobs to finish...
[INFO] [stdout] Some errors have detailed explanations: E0432, E0433, E0599.
[INFO] [stdout] 
[INFO] [stdout] For more information about an error, try `rustc --explain E0432`.
[INFO] [stdout] 
[INFO] [stderr] error: could not compile `dxtup` (bin "dxtup-nwg" test) due to 38 previous errors
[INFO] running `Command { std: "docker" "inspect" "d605c27ea349e191f83d0e8625d875ef54ef083527f7dc8c1a6095e1df579892", kill_on_drop: false }`
[INFO] running `Command { std: "docker" "rm" "-f" "d605c27ea349e191f83d0e8625d875ef54ef083527f7dc8c1a6095e1df579892", kill_on_drop: false }`
[INFO] [stdout] d605c27ea349e191f83d0e8625d875ef54ef083527f7dc8c1a6095e1df579892
