[INFO] cloning repository https://github.com/tangobattle/melonds-rollback
[INFO] running `Command { std: "git" "-c" "credential.helper=" "-c" "credential.helper=/workspace/cargo-home/bin/git-credential-null" "clone" "--bare" "https://github.com/tangobattle/melonds-rollback" "/workspace/cache/git-repos/https%3A%2F%2Fgithub.com%2Ftangobattle%2Fmelonds-rollback", kill_on_drop: false }`
[INFO] [stderr] Cloning into bare repository '/workspace/cache/git-repos/https%3A%2F%2Fgithub.com%2Ftangobattle%2Fmelonds-rollback'...
[INFO] running `Command { std: "git" "rev-parse" "HEAD", kill_on_drop: false }`
[INFO] [stdout] e8567dbeb3698a86ad010f77df8591f29b2bbe9c
[INFO] checking tangobattle/melonds-rollback against 3154cc1a3e6424e44f438a95007d043ed5ceaaf6 for pr-133502-30
[INFO] running `Command { std: "git" "clone" "/workspace/cache/git-repos/https%3A%2F%2Fgithub.com%2Ftangobattle%2Fmelonds-rollback" "/workspace/builds/worker-7-tc2/source", kill_on_drop: false }`
[INFO] [stderr] Cloning into '/workspace/builds/worker-7-tc2/source'...
[INFO] [stderr] done.
[INFO] started tweaking git repo https://github.com/tangobattle/melonds-rollback
[INFO] finished tweaking git repo https://github.com/tangobattle/melonds-rollback
[INFO] tweaked toml for git repo https://github.com/tangobattle/melonds-rollback written to /workspace/builds/worker-7-tc2/source/Cargo.toml
[INFO] validating manifest of git repo https://github.com/tangobattle/melonds-rollback on toolchain 3154cc1a3e6424e44f438a95007d043ed5ceaaf6
[INFO] running `Command { std: CARGO_HOME="/workspace/cargo-home" RUSTUP_HOME="/workspace/rustup-home" "/workspace/cargo-home/bin/cargo" "+3154cc1a3e6424e44f438a95007d043ed5ceaaf6" "metadata" "--manifest-path" "Cargo.toml" "--no-deps", kill_on_drop: false }`
[INFO] crate git repo https://github.com/tangobattle/melonds-rollback already has a lockfile, it will not be regenerated
[INFO] running `Command { std: CARGO_HOME="/workspace/cargo-home" RUSTUP_HOME="/workspace/rustup-home" "/workspace/cargo-home/bin/cargo" "+3154cc1a3e6424e44f438a95007d043ed5ceaaf6" "fetch" "--manifest-path" "Cargo.toml", kill_on_drop: false }`
[INFO] running `Command { std: "docker" "create" "-v" "/var/lib/crater-agent-workspace/builds/worker-7-tc2/source:/opt/rustwide/workdir:ro,Z" "-v" "/var/lib/crater-agent-workspace/builds/worker-7-tc2/target:/opt/rustwide/target:rw,Z" "-v" "/var/lib/crater-agent-workspace/cargo-home:/opt/rustwide/cargo-home:ro,Z" "-v" "/var/lib/crater-agent-workspace/rustup-home:/opt/rustwide/rustup-home:ro,Z" "-m" "1610612736" "--network" "none" "ghcr.io/rust-lang/crates-build-env/linux@sha256:77db811e55d90add9212f6832c23229e3de5f1c1f9905e8cb07319ea15df73ac" "sleep" "infinity", kill_on_drop: false }`
[INFO] [stdout] 0e7447d9789f9bf46442d0898ba951dd843b9a7e9f71295636411123f2f20cf5
[INFO] running `Command { std: "docker" "start" "0e7447d9789f9bf46442d0898ba951dd843b9a7e9f71295636411123f2f20cf5", kill_on_drop: false }`
[INFO] running `Command { std: "docker" "inspect" "0e7447d9789f9bf46442d0898ba951dd843b9a7e9f71295636411123f2f20cf5", kill_on_drop: false }`
[INFO] running `Command { std: "docker" "exec" "-e" "SOURCE_DIR=/opt/rustwide/workdir" "-e" "CARGO_HOME=/opt/rustwide/cargo-home" "-e" "RUSTUP_HOME=/opt/rustwide/rustup-home" "-e" "CARGO_TARGET_DIR=/opt/rustwide/target" "-w" "/opt/rustwide/workdir" "--user" "0:0" "0e7447d9789f9bf46442d0898ba951dd843b9a7e9f71295636411123f2f20cf5" "/opt/rustwide/cargo-home/bin/cargo" "+3154cc1a3e6424e44f438a95007d043ed5ceaaf6" "metadata" "--no-deps" "--format-version=1", kill_on_drop: false }`
[INFO] running `Command { std: "docker" "inspect" "0e7447d9789f9bf46442d0898ba951dd843b9a7e9f71295636411123f2f20cf5", kill_on_drop: false }`
[INFO] running `Command { std: "docker" "exec" "-e" "SOURCE_DIR=/opt/rustwide/workdir" "-e" "CARGO_HOME=/opt/rustwide/cargo-home" "-e" "RUSTUP_HOME=/opt/rustwide/rustup-home" "-e" "CARGO_TARGET_DIR=/opt/rustwide/target" "-e" "CARGO_INCREMENTAL=0" "-e" "RUST_BACKTRACE=full" "-e" "RUSTFLAGS=--cap-lints=forbid" "-e" "RUSTDOCFLAGS=--cap-lints=forbid" "-w" "/opt/rustwide/workdir" "--user" "0:0" "0e7447d9789f9bf46442d0898ba951dd843b9a7e9f71295636411123f2f20cf5" "/opt/rustwide/cargo-home/bin/cargo" "+3154cc1a3e6424e44f438a95007d043ed5ceaaf6" "check" "--frozen" "--all" "--all-targets" "--message-format=json", kill_on_drop: false }`
[INFO] [stderr]    Compiling proc-macro2 v1.0.107
[INFO] [stderr]    Compiling unicode-ident v1.0.24
[INFO] [stderr]    Compiling quote v1.0.47
[INFO] [stderr]    Compiling libc v0.2.189
[INFO] [stderr]    Compiling glob v0.3.4
[INFO] [stderr]    Compiling prettyplease v0.2.37
[INFO] [stderr]    Compiling memchr v2.8.3
[INFO] [stderr]    Compiling cfg-if v1.0.4
[INFO] [stderr]    Compiling minimal-lexical v0.2.1
[INFO] [stderr]    Compiling regex-syntax v0.8.11
[INFO] [stderr]    Compiling bindgen v0.72.1
[INFO] [stderr]    Compiling either v1.17.0
[INFO] [stderr]    Compiling shlex v2.0.1
[INFO] [stderr]    Compiling version_check v0.9.5
[INFO] [stderr]    Compiling find-msvc-tools v0.1.9
[INFO] [stderr]    Compiling log v0.4.33
[INFO] [stderr]    Compiling libloading v0.8.9
[INFO] [stderr]    Compiling shlex v1.3.0
[INFO] [stderr]    Compiling rustc-hash v2.1.3
[INFO] [stderr]    Compiling bitflags v2.13.1
[INFO] [stderr]     Checking typenum v1.20.1
[INFO] [stderr]    Compiling crc32fast v1.5.0
[INFO] [stderr]    Compiling itertools v0.13.0
[INFO] [stderr]    Compiling autocfg v1.5.1
[INFO] [stderr]     Checking simd-adler32 v0.3.10
[INFO] [stderr]    Compiling thiserror v1.0.69
[INFO] [stderr]     Checking adler2 v2.0.1
[INFO] [stderr]    Compiling clang-sys v1.9.1
[INFO] [stderr]     Checking pxfm v0.1.30
[INFO] [stderr]     Checking fdeflate v0.3.7
[INFO] [stderr]     Checking miniz_oxide v0.8.9
[INFO] [stderr]     Checking bytemuck v1.25.2
[INFO] [stderr]     Checking cpufeatures v0.2.17
[INFO] [stderr]     Checking getgud v0.1.0 (https://github.com/tangobattle/getgud#aeceaae6)
[INFO] [stderr]    Compiling generic-array v0.14.7
[INFO] [stderr]     Checking byteorder-lite v0.1.0
[INFO] [stderr]    Compiling num-traits v0.2.19
[INFO] [stderr]    Compiling nom v7.1.3
[INFO] [stderr]     Checking flate2 v1.1.9
[INFO] [stderr]    Compiling syn v2.0.119
[INFO] [stderr]     Checking png v0.18.1
[INFO] [stderr]    Compiling jobserver v0.1.35
[INFO] [stderr]    Compiling cc v1.4.0
[INFO] [stderr]    Compiling regex-automata v0.4.16
[INFO] [stderr]     Checking block-buffer v0.10.4
[INFO] [stderr]     Checking crypto-common v0.1.7
[INFO] [stderr]     Checking digest v0.10.7
[INFO] [stderr]     Checking sha2 v0.10.9
[INFO] [stderr]    Compiling cmake v0.1.58
[INFO] [stderr]     Checking moxcms v0.8.1
[INFO] [stderr]    Compiling cexpr v0.6.0
[INFO] [stderr]    Compiling regex v1.13.1
[INFO] [stderr]    Compiling thiserror-impl v1.0.69
[INFO] [stderr]     Checking image v0.25.10
[INFO] [stderr]    Compiling melonds-sys v0.1.0 (https://github.com/tangobattle/melonds-rs#599d4c84)
[INFO] [stderr] error: failed to run custom build command for `melonds-sys v0.1.0 (https://github.com/tangobattle/melonds-rs#599d4c84)`
[INFO] [stderr] note: To improve backtraces for build dependencies, set the CARGO_PROFILE_DEV_BUILD_OVERRIDE_DEBUG=true environment variable to enable debug information generation.
[INFO] [stderr] 
[INFO] [stderr] Caused by:
[INFO] [stderr]   process didn't exit successfully: `/opt/rustwide/target/debug/build/melonds-sys/08d4b0366ac7db3f/out/build_script_build` (exit status: 101)
[INFO] [stderr]   --- stdout
[INFO] [stderr]   cargo:rerun-if-env-changed=MELONDS_JIT
[INFO] [stderr]   CMAKE_TOOLCHAIN_FILE_x86_64-unknown-linux-gnu = None
[INFO] [stderr]   CMAKE_TOOLCHAIN_FILE_x86_64_unknown_linux_gnu = None
[INFO] [stderr]   HOST_CMAKE_TOOLCHAIN_FILE = None
[INFO] [stderr]   CMAKE_TOOLCHAIN_FILE = None
[INFO] [stderr]   CMAKE_GENERATOR_x86_64-unknown-linux-gnu = None
[INFO] [stderr]   CMAKE_GENERATOR_x86_64_unknown_linux_gnu = None
[INFO] [stderr]   HOST_CMAKE_GENERATOR = None
[INFO] [stderr]   CMAKE_GENERATOR = None
[INFO] [stderr]   CMAKE_PREFIX_PATH_x86_64-unknown-linux-gnu = None
[INFO] [stderr]   CMAKE_PREFIX_PATH_x86_64_unknown_linux_gnu = None
[INFO] [stderr]   HOST_CMAKE_PREFIX_PATH = None
[INFO] [stderr]   CMAKE_PREFIX_PATH = None
[INFO] [stderr]   CMAKE_x86_64-unknown-linux-gnu = None
[INFO] [stderr]   CMAKE_x86_64_unknown_linux_gnu = None
[INFO] [stderr]   HOST_CMAKE = None
[INFO] [stderr]   CMAKE = None
[INFO] [stderr]   -- The C compiler identification is GNU 15.2.0
[INFO] [stderr]   -- The CXX compiler identification is GNU 15.2.0
[INFO] [stderr]   -- Detecting C compiler ABI info
[INFO] [stderr]   -- Detecting C compiler ABI info - done
[INFO] [stderr]   -- Check for working C compiler: /usr/bin/cc - skipped
[INFO] [stderr]   -- Detecting C compile features
[INFO] [stderr]   -- Detecting C compile features - done
[INFO] [stderr]   -- Detecting CXX compiler ABI info
[INFO] [stderr]   -- Detecting CXX compiler ABI info - done
[INFO] [stderr]   -- Check for working CXX compiler: /usr/bin/c++ - skipped
[INFO] [stderr]   -- Detecting CXX compile features
[INFO] [stderr]   -- Detecting CXX compile features - done
[INFO] [stderr]   -- Performing Test CMAKE_HAVE_LIBC_PTHREAD
[INFO] [stderr]   -- Performing Test CMAKE_HAVE_LIBC_PTHREAD - Success
[INFO] [stderr]   -- Found Threads: TRUE
[INFO] [stderr]   -- Looking for shm_open in rt
[INFO] [stderr]   -- Looking for shm_open in rt - found
[INFO] [stderr]   -- Configuring done (3.8s)
[INFO] [stderr]   -- Generating done (0.0s)
[INFO] [stderr]   -- Build files have been written to: /opt/rustwide/target/debug/build/melonds-sys/5c32edb41f6a4875/out/build
[INFO] [stderr]   [  1%] Building CXX object src/teakra/src/CMakeFiles/teakra.dir/apbp.cpp.o
[INFO] [stderr]   [  2%] Building CXX object src/teakra/src/CMakeFiles/teakra.dir/btdmp.cpp.o
[INFO] [stderr]   [  3%] Building CXX object src/teakra/src/CMakeFiles/teakra.dir/ahbm.cpp.o
[INFO] [stderr]   [  5%] Building CXX object src/teakra/src/CMakeFiles/teakra.dir/disassembler.cpp.o
[INFO] [stderr]   [  6%] Building CXX object src/teakra/src/CMakeFiles/teakra.dir/mmio.cpp.o
[INFO] [stderr]   [  7%] Building CXX object src/teakra/src/CMakeFiles/teakra.dir/parser.cpp.o
[INFO] [stderr]   [  8%] Building CXX object src/teakra/src/CMakeFiles/teakra.dir/processor.cpp.o
[INFO] [stderr]   [ 10%] Building CXX object src/teakra/src/CMakeFiles/teakra.dir/dma.cpp.o
[INFO] [stderr]   [ 12%] Building CXX object src/teakra/src/CMakeFiles/teakra.dir/memory_interface.cpp.o
[INFO] [stderr]   [ 12%] Building CXX object src/teakra/src/CMakeFiles/teakra.dir/teakra.cpp.o
[INFO] [stderr]   [ 13%] Building CXX object src/teakra/src/CMakeFiles/teakra.dir/timer.cpp.o
[INFO] [stderr]   [ 15%] Linking CXX static library libteakra.a
[INFO] [stderr]   [ 15%] Built target teakra
[INFO] [stderr]   [ 16%] Building CXX object src/CMakeFiles/core.dir/AREngine.cpp.o
[INFO] [stderr]   [ 17%] Building CXX object src/CMakeFiles/core.dir/ARM.cpp.o
[INFO] [stderr]   [ 18%] Building CXX object src/CMakeFiles/core.dir/ARMInterpreter.cpp.o
[INFO] [stderr]   [ 20%] Building CXX object src/CMakeFiles/core.dir/ARMInterpreter_Branch.cpp.o
[INFO] [stderr]   [ 21%] Building CXX object src/CMakeFiles/core.dir/ARCodeFile.cpp.o
[INFO] [stderr]   [ 22%] Building CXX object src/CMakeFiles/core.dir/ARMInterpreter_ALU.cpp.o
[INFO] [stderr]   [ 23%] Building CXX object src/CMakeFiles/core.dir/ARDatabaseDAT.cpp.o
[INFO] [stderr]   [ 25%] Building CXX object src/CMakeFiles/core.dir/DMA.cpp.o
[INFO] [stderr]   [ 26%] Building CXX object src/CMakeFiles/core.dir/ARMInterpreter_LoadStore.cpp.o
[INFO] [stderr]   [ 27%] Building CXX object src/CMakeFiles/core.dir/ConsoleMemory.cpp.o
[INFO] [stderr]   [ 28%] Building CXX object src/CMakeFiles/core.dir/CRC32.cpp.o
[INFO] [stderr]   [ 30%] Building CXX object src/CMakeFiles/core.dir/CP15.cpp.o
[INFO] [stderr]   [ 31%] Building CXX object src/CMakeFiles/core.dir/DSi_AES.cpp.o
[INFO] [stderr]   [ 32%] Building CXX object src/CMakeFiles/core.dir/DMA_Timings.cpp.o
[INFO] [stderr]   [ 33%] Building CXX object src/CMakeFiles/core.dir/DSi.cpp.o
[INFO] [stderr]   [ 35%] Building CXX object src/CMakeFiles/core.dir/DSi_Camera.cpp.o
[INFO] [stderr]   [ 36%] Building CXX object src/CMakeFiles/core.dir/DSi_DSP.cpp.o
[INFO] [stderr]   [ 37%] Building CXX object src/CMakeFiles/core.dir/DSi_I2C.cpp.o
[INFO] [stderr] 
[INFO] [stderr]   --- stderr
[INFO] [stderr]   running: cd "/opt/rustwide/target/debug/build/melonds-sys/5c32edb41f6a4875/out/build" && CMAKE_PREFIX_PATH="" LC_ALL="C" "cmake" "/opt/rustwide/cargo-home/git/checkouts/melonds-rs-d82cec57860f3eab/599d4c8/melonds-sys/melonDS" "-B" "/opt/rustwide/target/debug/build/melonds-sys/5c32edb41f6a4875/out/build" "-DBUILD_QT_SDL=OFF" "-DENABLE_OGLRENDERER=OFF" "-DENABLE_GDBSTUB=OFF" "-DENABLE_JIT=OFF" "-DENABLE_LTO_RELEASE=OFF" "-DENABLE_LTO=OFF" "-DCMAKE_INSTALL_PREFIX=/opt/rustwide/target/debug/build/melonds-sys/5c32edb41f6a4875/out" "-DCMAKE_C_FLAGS= -ffunction-sections -fdata-sections -fPIC -m64 -w" "-DCMAKE_C_COMPILER=/usr/bin/cc" "-DCMAKE_CXX_FLAGS= -ffunction-sections -fdata-sections -fPIC -m64 -w" "-DCMAKE_CXX_COMPILER=/usr/bin/c++" "-DCMAKE_ASM_FLAGS= -ffunction-sections -fdata-sections -fPIC -m64 -w" "-DCMAKE_ASM_COMPILER=/usr/bin/cc" "-DCMAKE_BUILD_TYPE=Release"
[INFO] [stderr]   CMake Deprecation Warning at src/teakra/CMakeLists.txt:1 (cmake_minimum_required):
[INFO] [stderr]     Compatibility with CMake < 3.10 will be removed from a future version of
[INFO] [stderr]     CMake.
[INFO] [stderr] 
[INFO] [stderr]     Update the VERSION argument <min> value.  Or, use the <min>...<max> syntax
[INFO] [stderr]     to tell CMake that the project requires at least <min> but has been updated
[INFO] [stderr]     to work with policies introduced by <max> or earlier.
[INFO] [stderr] 
[INFO] [stderr] 
[INFO] [stderr]   CMake Warning:
[INFO] [stderr]     Manually-specified variables were not used by the project:
[INFO] [stderr] 
[INFO] [stderr]       CMAKE_ASM_COMPILER
[INFO] [stderr]       CMAKE_ASM_FLAGS
[INFO] [stderr] 
[INFO] [stderr] 
[INFO] [stderr]   running: cd "/opt/rustwide/target/debug/build/melonds-sys/5c32edb41f6a4875/out/build" && LC_ALL="C" MAKEFLAGS="-j --jobserver-fds=4,5 --jobserver-auth=4,5" "cmake" "--build" "/opt/rustwide/target/debug/build/melonds-sys/5c32edb41f6a4875/out/build" "--target" "core" "--config" "Release"
[INFO] [stderr]   c++: fatal error: Killed signal terminated program cc1plus
[INFO] [stderr]   compilation terminated.
[INFO] [stderr]   gmake[3]: *** [src/CMakeFiles/core.dir/build.make:149: src/CMakeFiles/core.dir/ARMInterpreter_ALU.cpp.o] Error 1
[INFO] [stderr]   gmake[3]: *** Waiting for unfinished jobs....
[INFO] [stderr]   c++: fatal error: Killed signal terminated program cc1plus
[INFO] [stderr]   compilation terminated.
[INFO] [stderr]   gmake[3]: *** [src/CMakeFiles/core.dir/build.make:289: src/CMakeFiles/core.dir/DSi_Camera.cpp.o] Error 1
[INFO] [stderr]   c++: fatal error: Killed signal terminated program cc1plus
[INFO] [stderr]   compilation terminated.
[INFO] [stderr]   gmake[3]: *** [src/CMakeFiles/core.dir/build.make:191: src/CMakeFiles/core.dir/ConsoleMemory.cpp.o] Error 1
[INFO] [stderr]   c++: fatal error: Killed signal terminated program cc1plus
[INFO] [stderr]   compilation terminated.
[INFO] [stderr]   gmake[3]: *** [src/CMakeFiles/core.dir/build.make:303: src/CMakeFiles/core.dir/DSi_DSP.cpp.o] Error 1
[INFO] [stderr]   c++: fatal error: Killed signal terminated program cc1plus
[INFO] [stderr]   compilation terminated.
[INFO] [stderr]   gmake[3]: *** [src/CMakeFiles/core.dir/build.make:121: src/CMakeFiles/core.dir/ARM.cpp.o] Error 1
[INFO] [stderr]   c++: fatal error: Killed signal terminated program cc1plus
[INFO] [stderr]   compilation terminated.
[INFO] [stderr]   gmake[3]: *** [src/CMakeFiles/core.dir/build.make:163: src/CMakeFiles/core.dir/ARMInterpreter_Branch.cpp.o] Error 1
[INFO] [stderr]   gmake[2]: *** [CMakeFiles/Makefile2:171: src/CMakeFiles/core.dir/all] Error 2
[INFO] [stderr]   gmake[1]: *** [CMakeFiles/Makefile2:178: src/CMakeFiles/core.dir/rule] Error 2
[INFO] [stderr]   gmake: *** [Makefile:124: core] Error 2
[INFO] [stderr] 
[INFO] [stderr]   thread 'main' (867) panicked at /opt/rustwide/cargo-home/registry/src/index.crates.io-1949cf8c6b5b557f/cmake-0.1.58/src/lib.rs:1132:5:
[INFO] [stderr] 
[INFO] [stderr]   command did not execute successfully, got: exit status: 2
[INFO] [stderr] 
[INFO] [stderr]   build script failed, must exit now
[INFO] [stderr]   stack backtrace:
[INFO] [stderr]      0:     0x5cf000f48891 - std[3164a59e47d3bde]::backtrace_rs::backtrace::libunwind::trace
[INFO] [stderr]                                  at /rustc/3154cc1a3e6424e44f438a95007d043ed5ceaaf6/library/std/src/../../backtrace/src/backtrace/libunwind.rs:117:9
[INFO] [stderr]      1:     0x5cf000f48891 - std[3164a59e47d3bde]::backtrace_rs::backtrace::trace_unsynchronized::<std[3164a59e47d3bde]::sys::backtrace::_print_fmt::{closure#1}>
[INFO] [stderr]                                  at /rustc/3154cc1a3e6424e44f438a95007d043ed5ceaaf6/library/std/src/../../backtrace/src/backtrace/mod.rs:66:14
[INFO] [stderr]      2:     0x5cf000f48891 - std[3164a59e47d3bde]::sys::backtrace::_print_fmt
[INFO] [stderr]                                  at /rustc/3154cc1a3e6424e44f438a95007d043ed5ceaaf6/library/std/src/sys/backtrace.rs:74:9
[INFO] [stderr]      3:     0x5cf000f48891 - <<std[3164a59e47d3bde]::sys::backtrace::BacktraceLock>::print::DisplayBacktrace as core[934024a1e6126fb4]::fmt::Display>::fmt
[INFO] [stderr]                                  at /rustc/3154cc1a3e6424e44f438a95007d043ed5ceaaf6/library/std/src/sys/backtrace.rs:44:26
[INFO] [stderr]      4:     0x5cf000f61b3a - <core[934024a1e6126fb4]::fmt::rt::Argument>::fmt
[INFO] [stderr]                                  at /rustc/3154cc1a3e6424e44f438a95007d043ed5ceaaf6/library/core/src/fmt/rt.rs:152:76
[INFO] [stderr]      5:     0x5cf000f61b3a - core[934024a1e6126fb4]::fmt::write
[INFO] [stderr]      6:     0x5cf000f4f25c - core[934024a1e6126fb4]::io::write::default_write_fmt::<std[3164a59e47d3bde]::sys::stdio::unix::Stderr>
[INFO] [stderr]                                  at /rustc/3154cc1a3e6424e44f438a95007d043ed5ceaaf6/library/core/src/io/write.rs:402:11
[INFO] [stderr]      7:     0x5cf000f4f25c - <std[3164a59e47d3bde]::sys::stdio::unix::Stderr as core[934024a1e6126fb4]::io::write::Write>::write_fmt
[INFO] [stderr]                                  at /rustc/3154cc1a3e6424e44f438a95007d043ed5ceaaf6/library/core/src/io/write.rs:335:13
[INFO] [stderr]      8:     0x5cf000f20c06 - <std[3164a59e47d3bde]::sys::backtrace::BacktraceLock>::print
[INFO] [stderr]                                  at /rustc/3154cc1a3e6424e44f438a95007d043ed5ceaaf6/library/std/src/sys/backtrace.rs:47:9
[INFO] [stderr]      9:     0x5cf000f20c06 - std[3164a59e47d3bde]::panicking::default_hook::{closure#0}
[INFO] [stderr]                                  at /rustc/3154cc1a3e6424e44f438a95007d043ed5ceaaf6/library/std/src/panicking.rs:289:27
[INFO] [stderr]     10:     0x5cf000f3eee1 - std[3164a59e47d3bde]::panicking::default_hook
[INFO] [stderr]                                  at /rustc/3154cc1a3e6424e44f438a95007d043ed5ceaaf6/library/std/src/panicking.rs:316:9
[INFO] [stderr]     11:     0x5cf000f3f20b - std[3164a59e47d3bde]::panicking::panic_with_hook
[INFO] [stderr]                                  at /rustc/3154cc1a3e6424e44f438a95007d043ed5ceaaf6/library/std/src/panicking.rs:811:13
[INFO] [stderr]     12:     0x5cf000f20cb2 - std[3164a59e47d3bde]::panicking::panic_handler::{closure#0}
[INFO] [stderr]                                  at /rustc/3154cc1a3e6424e44f438a95007d043ed5ceaaf6/library/std/src/panicking.rs:685:13
[INFO] [stderr]     13:     0x5cf000f19609 - std[3164a59e47d3bde]::sys::backtrace::__rust_end_short_backtrace::<std[3164a59e47d3bde]::panicking::panic_handler::{closure#0}, !>
[INFO] [stderr]                                  at /rustc/3154cc1a3e6424e44f438a95007d043ed5ceaaf6/library/std/src/sys/backtrace.rs:182:18
[INFO] [stderr]     14:     0x5cf000f2199d - __rustc[2e7b49d4226056d3]::rust_begin_unwind
[INFO] [stderr]                                  at /rustc/3154cc1a3e6424e44f438a95007d043ed5ceaaf6/library/std/src/panicking.rs:676:5
[INFO] [stderr]     15:     0x5cf000f623dc - core[934024a1e6126fb4]::panicking::panic_fmt
[INFO] [stderr]                                  at /rustc/3154cc1a3e6424e44f438a95007d043ed5ceaaf6/library/core/src/panicking.rs:80:14
[INFO] [stderr]     16:     0x5cf0009605a7 - cmake[e495a4c5eb2edea]::fail
[INFO] [stderr]     17:     0x5cf000960233 - cmake[e495a4c5eb2edea]::run
[INFO] [stderr]     18:     0x5cf0009662c5 - <cmake[e495a4c5eb2edea]::Config>::build
[INFO] [stderr]     19:     0x5cf00094c9df - build_script_build[49a2bdfa368f0df2]::build_core_unix
[INFO] [stderr]     20:     0x5cf00094f557 - build_script_build[49a2bdfa368f0df2]::main
[INFO] [stderr]     21:     0x5cf000952cf3 - <fn() as core[934024a1e6126fb4]::ops::function::FnOnce<()>>::call_once
[INFO] [stderr]     22:     0x5cf00094830e - std[3164a59e47d3bde]::sys::backtrace::__rust_begin_short_backtrace::<fn(), ()>
[INFO] [stderr]     23:     0x5cf000948c49 - std[3164a59e47d3bde]::rt::lang_start::<()>::{closure#0}
[INFO] [stderr]     24:     0x5cf000f3e1d8 - <&dyn core[934024a1e6126fb4]::ops::function::Fn<(), Output = i32> + core[934024a1e6126fb4]::marker::Sync + core[934024a1e6126fb4]::panic::unwind_safe::RefUnwindSafe as core[934024a1e6126fb4]::ops::function::FnOnce<()>>::call_once
[INFO] [stderr]                                  at /rustc/3154cc1a3e6424e44f438a95007d043ed5ceaaf6/library/core/src/ops/function.rs:287:21
[INFO] [stderr]     25:     0x5cf000f3e1d8 - std[3164a59e47d3bde]::panicking::catch_unwind::do_call::<&dyn core[934024a1e6126fb4]::ops::function::Fn<(), Output = i32> + core[934024a1e6126fb4]::marker::Sync + core[934024a1e6126fb4]::panic::unwind_safe::RefUnwindSafe, i32>
[INFO] [stderr]                                  at /rustc/3154cc1a3e6424e44f438a95007d043ed5ceaaf6/library/std/src/panicking.rs:573:43
[INFO] [stderr]     26:     0x5cf000f3e1d8 - std[3164a59e47d3bde]::panicking::catch_unwind::<i32, &dyn core[934024a1e6126fb4]::ops::function::Fn<(), Output = i32> + core[934024a1e6126fb4]::marker::Sync + core[934024a1e6126fb4]::panic::unwind_safe::RefUnwindSafe>
[INFO] [stderr]                                  at /rustc/3154cc1a3e6424e44f438a95007d043ed5ceaaf6/library/std/src/panicking.rs:541:19
[INFO] [stderr]     27:     0x5cf000f3e1d8 - std[3164a59e47d3bde]::panic::catch_unwind::<&dyn core[934024a1e6126fb4]::ops::function::Fn<(), Output = i32> + core[934024a1e6126fb4]::marker::Sync + core[934024a1e6126fb4]::panic::unwind_safe::RefUnwindSafe, i32>
[INFO] [stderr]                                  at /rustc/3154cc1a3e6424e44f438a95007d043ed5ceaaf6/library/std/src/panic.rs:359:14
[INFO] [stderr]     28:     0x5cf000f3e1d8 - std[3164a59e47d3bde]::rt::lang_start_internal::{closure#0}
[INFO] [stderr]                                  at /rustc/3154cc1a3e6424e44f438a95007d043ed5ceaaf6/library/std/src/rt.rs:175:24
[INFO] [stderr]     29:     0x5cf000f3e1d8 - std[3164a59e47d3bde]::panicking::catch_unwind::do_call::<std[3164a59e47d3bde]::rt::lang_start_internal::{closure#0}, isize>
[INFO] [stderr]                                  at /rustc/3154cc1a3e6424e44f438a95007d043ed5ceaaf6/library/std/src/panicking.rs:573:43
[INFO] [stderr]     30:     0x5cf000f3e1d8 - std[3164a59e47d3bde]::panicking::catch_unwind::<isize, std[3164a59e47d3bde]::rt::lang_start_internal::{closure#0}>
[INFO] [stderr]                                  at /rustc/3154cc1a3e6424e44f438a95007d043ed5ceaaf6/library/std/src/panicking.rs:541:19
[INFO] [stderr]     31:     0x5cf000f3e1d8 - std[3164a59e47d3bde]::panic::catch_unwind::<std[3164a59e47d3bde]::rt::lang_start_internal::{closure#0}, isize>
[INFO] [stderr]                                  at /rustc/3154cc1a3e6424e44f438a95007d043ed5ceaaf6/library/std/src/panic.rs:359:14
[INFO] [stderr]     32:     0x5cf000f3e1d8 - std[3164a59e47d3bde]::rt::lang_start_internal
[INFO] [stderr]                                  at /rustc/3154cc1a3e6424e44f438a95007d043ed5ceaaf6/library/std/src/rt.rs:171:5
[INFO] [stderr]     33:     0x5cf000948301 - std[3164a59e47d3bde]::rt::lang_start::<()>
[INFO] [stderr]     34:     0x5cf000952fe5 - main
[INFO] [stderr]     35:     0x7e4699677601 - <unknown>
[INFO] [stderr]     36:     0x7e4699677718 - __libc_start_main
[INFO] [stderr]     37:     0x5cf000944af5 - _start
[INFO] [stderr]     38:                0x0 - <unknown>
[INFO] running `Command { std: "docker" "inspect" "0e7447d9789f9bf46442d0898ba951dd843b9a7e9f71295636411123f2f20cf5", kill_on_drop: false }`
[INFO] running `Command { std: "docker" "rm" "-f" "0e7447d9789f9bf46442d0898ba951dd843b9a7e9f71295636411123f2f20cf5", kill_on_drop: false }`
[INFO] [stdout] 0e7447d9789f9bf46442d0898ba951dd843b9a7e9f71295636411123f2f20cf5
