[INFO] cloning repository https://github.com/tamesystems/filefold
[INFO] running `Command { std: "git" "-c" "credential.helper=" "-c" "credential.helper=/workspace/cargo-home/bin/git-credential-null" "clone" "--bare" "https://github.com/tamesystems/filefold" "/workspace/cache/git-repos/https%3A%2F%2Fgithub.com%2Ftamesystems%2Ffilefold", kill_on_drop: false }`
[INFO] [stderr] Cloning into bare repository '/workspace/cache/git-repos/https%3A%2F%2Fgithub.com%2Ftamesystems%2Ffilefold'...
[INFO] running `Command { std: "git" "rev-parse" "HEAD", kill_on_drop: false }`
[INFO] [stdout] a5610d206036a2a7ccb49d118b05e295ca226980
[INFO] checking tamesystems/filefold against 3154cc1a3e6424e44f438a95007d043ed5ceaaf6 for pr-133502-30
[INFO] running `Command { std: "git" "clone" "/workspace/cache/git-repos/https%3A%2F%2Fgithub.com%2Ftamesystems%2Ffilefold" "/workspace/builds/worker-4-tc2/source", kill_on_drop: false }`
[INFO] [stderr] Cloning into '/workspace/builds/worker-4-tc2/source'...
[INFO] [stderr] done.
[INFO] started tweaking git repo https://github.com/tamesystems/filefold
[INFO] finished tweaking git repo https://github.com/tamesystems/filefold
[INFO] tweaked toml for git repo https://github.com/tamesystems/filefold written to /workspace/builds/worker-4-tc2/source/Cargo.toml
[INFO] validating manifest of git repo https://github.com/tamesystems/filefold on toolchain 3154cc1a3e6424e44f438a95007d043ed5ceaaf6
[INFO] running `Command { std: CARGO_HOME="/workspace/cargo-home" RUSTUP_HOME="/workspace/rustup-home" "/workspace/cargo-home/bin/cargo" "+3154cc1a3e6424e44f438a95007d043ed5ceaaf6" "metadata" "--manifest-path" "Cargo.toml" "--no-deps", kill_on_drop: false }`
[INFO] crate git repo https://github.com/tamesystems/filefold already has a lockfile, it will not be regenerated
[INFO] running `Command { std: CARGO_HOME="/workspace/cargo-home" RUSTUP_HOME="/workspace/rustup-home" "/workspace/cargo-home/bin/cargo" "+3154cc1a3e6424e44f438a95007d043ed5ceaaf6" "fetch" "--manifest-path" "Cargo.toml", kill_on_drop: false }`
[INFO] running `Command { std: "docker" "create" "-v" "/var/lib/crater-agent-workspace/builds/worker-4-tc2/source:/opt/rustwide/workdir:ro,Z" "-v" "/var/lib/crater-agent-workspace/builds/worker-4-tc2/target:/opt/rustwide/target:rw,Z" "-v" "/var/lib/crater-agent-workspace/cargo-home:/opt/rustwide/cargo-home:ro,Z" "-v" "/var/lib/crater-agent-workspace/rustup-home:/opt/rustwide/rustup-home:ro,Z" "-m" "1610612736" "--network" "none" "ghcr.io/rust-lang/crates-build-env/linux@sha256:77db811e55d90add9212f6832c23229e3de5f1c1f9905e8cb07319ea15df73ac" "sleep" "infinity", kill_on_drop: false }`
[INFO] [stdout] ce6129b392458d4962a278132514f5a4eb4f065c9d2c728bbdebced85713033f
[INFO] running `Command { std: "docker" "start" "ce6129b392458d4962a278132514f5a4eb4f065c9d2c728bbdebced85713033f", kill_on_drop: false }`
[INFO] running `Command { std: "docker" "inspect" "ce6129b392458d4962a278132514f5a4eb4f065c9d2c728bbdebced85713033f", kill_on_drop: false }`
[INFO] running `Command { std: "docker" "exec" "-e" "SOURCE_DIR=/opt/rustwide/workdir" "-e" "CARGO_HOME=/opt/rustwide/cargo-home" "-e" "RUSTUP_HOME=/opt/rustwide/rustup-home" "-e" "CARGO_TARGET_DIR=/opt/rustwide/target" "-w" "/opt/rustwide/workdir" "--user" "0:0" "ce6129b392458d4962a278132514f5a4eb4f065c9d2c728bbdebced85713033f" "/opt/rustwide/cargo-home/bin/cargo" "+3154cc1a3e6424e44f438a95007d043ed5ceaaf6" "metadata" "--no-deps" "--format-version=1", kill_on_drop: false }`
[INFO] running `Command { std: "docker" "inspect" "ce6129b392458d4962a278132514f5a4eb4f065c9d2c728bbdebced85713033f", kill_on_drop: false }`
[INFO] running `Command { std: "docker" "exec" "-e" "SOURCE_DIR=/opt/rustwide/workdir" "-e" "CARGO_HOME=/opt/rustwide/cargo-home" "-e" "RUSTUP_HOME=/opt/rustwide/rustup-home" "-e" "CARGO_TARGET_DIR=/opt/rustwide/target" "-e" "CARGO_INCREMENTAL=0" "-e" "RUST_BACKTRACE=full" "-e" "RUSTFLAGS=--cap-lints=forbid" "-e" "RUSTDOCFLAGS=--cap-lints=forbid" "-w" "/opt/rustwide/workdir" "--user" "0:0" "ce6129b392458d4962a278132514f5a4eb4f065c9d2c728bbdebced85713033f" "/opt/rustwide/cargo-home/bin/cargo" "+3154cc1a3e6424e44f438a95007d043ed5ceaaf6" "check" "--frozen" "--all" "--all-targets" "--message-format=json", kill_on_drop: false }`
[INFO] [stderr]    Compiling serde_core v1.0.229
[INFO] [stderr]    Compiling blake3 v1.8.6
[INFO] [stderr]    Compiling serde_json v1.0.151
[INFO] [stderr]     Checking constant_time_eq v0.4.2
[INFO] [stderr]     Checking memchr v2.8.3
[INFO] [stderr]     Checking filefold v0.1.0 (/opt/rustwide/workdir)
[INFO] [stdout] error: filefold currently requires macOS
[INFO] [stdout]  --> src/lib.rs:8:1
[INFO] [stdout]   |
[INFO] [stdout] 8 | compile_error!("filefold currently requires macOS");
[INFO] [stdout]   | ^^^^^^^^^^^^^^^^^^^^^^^^^^^^^^^^^^^^^^^^^^^^^^^^^^^
[INFO] [stdout] 
[INFO] [stdout] 
[INFO] [stdout] error: filefold currently requires macOS
[INFO] [stdout]  --> src/lib.rs:8:1
[INFO] [stdout]   |
[INFO] [stdout] 8 | compile_error!("filefold currently requires macOS");
[INFO] [stdout]   | ^^^^^^^^^^^^^^^^^^^^^^^^^^^^^^^^^^^^^^^^^^^^^^^^^^^
[INFO] [stdout] 
[INFO] [stdout] 
[INFO] [stdout] error[E0425]: cannot find type `attrgroup_t` in crate `libc`
[INFO] [stdout]  --> src/macos/apfs.rs:7:38
[INFO] [stdout]   |
[INFO] [stdout] 7 | const ATTR_CMN_RETURNED_ATTRS: libc::attrgroup_t = 0x8000_0000;
[INFO] [stdout]   |                                      ^^^^^^^^^^^ not found in `libc`
[INFO] [stdout] 
[INFO] [stdout] 
[INFO] [stdout] error[E0425]: cannot find type `attrgroup_t` in crate `libc`
[INFO] [stdout]  --> src/macos/apfs.rs:8:36
[INFO] [stdout]   |
[INFO] [stdout] 8 | const ATTR_VOL_CAPABILITIES: libc::attrgroup_t = 0x0002_0000;
[INFO] [stdout]   |                                    ^^^^^^^^^^^ not found in `libc`
[INFO] [stdout] 
[INFO] [stdout] 
[INFO] [stdout] error[E0425]: cannot find type `attrgroup_t` in crate `libc`
[INFO] [stdout]  --> src/macos/apfs.rs:9:28
[INFO] [stdout]   |
[INFO] [stdout] 9 | const ATTR_VOL_UUID: libc::attrgroup_t = 0x0004_0000;
[INFO] [stdout]   |                            ^^^^^^^^^^^ not found in `libc`
[INFO] [stdout] 
[INFO] [stdout] 
[INFO] [stdout] error[E0425]: cannot find type `attrgroup_t` in crate `libc`
[INFO] [stdout]   --> src/macos/apfs.rs:10:38
[INFO] [stdout]    |
[INFO] [stdout] 10 | const ATTR_CMNEXT_PRIVATESIZE: libc::attrgroup_t = 0x0000_0008;
[INFO] [stdout]    |                                      ^^^^^^^^^^^ not found in `libc`
[INFO] [stdout] 
[INFO] [stdout] 
[INFO] [stdout] error[E0425]: cannot find type `attrgroup_t` in crate `libc`
[INFO] [stdout]   --> src/macos/apfs.rs:11:34
[INFO] [stdout]    |
[INFO] [stdout] 11 | const ATTR_CMNEXT_CLONEID: libc::attrgroup_t = 0x0000_0100;
[INFO] [stdout]    |                                  ^^^^^^^^^^^ not found in `libc`
[INFO] [stdout] 
[INFO] [stdout] 
[INFO] [stdout] error[E0425]: cannot find type `attrgroup_t` in crate `libc`
[INFO] [stdout]   --> src/macos/apfs.rs:12:39
[INFO] [stdout]    |
[INFO] [stdout] 12 | const ATTR_CMNEXT_CLONE_REFCNT: libc::attrgroup_t = 0x0000_1000;
[INFO] [stdout]    |                                       ^^^^^^^^^^^ not found in `libc`
[INFO] [stdout] 
[INFO] [stdout] 
[INFO] [stdout] error[E0422]: cannot find struct, variant or union type `attrlist` in crate `libc`
[INFO] [stdout]   --> src/macos/apfs.rs:39:32
[INFO] [stdout]    |
[INFO] [stdout] 39 |     let mut attributes = libc::attrlist {
[INFO] [stdout]    |                                ^^^^^^^^ not found in `libc`
[INFO] [stdout] 
[INFO] [stdout] 
[INFO] [stdout] error[E0422]: cannot find struct, variant or union type `attrlist` in crate `libc`
[INFO] [stdout]   --> src/macos/apfs.rs:59:32
[INFO] [stdout]    |
[INFO] [stdout] 59 |     let mut attributes = libc::attrlist {
[INFO] [stdout]    |                                ^^^^^^^^ not found in `libc`
[INFO] [stdout] 
[INFO] [stdout] 
[INFO] [stdout] error[E0422]: cannot find struct, variant or union type `attrlist` in crate `libc`
[INFO] [stdout]   --> src/macos/apfs.rs:79:32
[INFO] [stdout]    |
[INFO] [stdout] 79 |     let mut attributes = libc::attrlist {
[INFO] [stdout]    |                                ^^^^^^^^ not found in `libc`
[INFO] [stdout] 
[INFO] [stdout] 
[INFO] [stdout] error[E0425]: cannot find type `attrlist` in crate `libc`
[INFO] [stdout]    --> src/macos/apfs.rs:100:28
[INFO] [stdout]     |
[INFO] [stdout] 100 |     attributes: &mut libc::attrlist,
[INFO] [stdout]     |                            ^^^^^^^^ not found in `libc`
[INFO] [stdout] 
[INFO] [stdout] 
[INFO] [stdout] error[E0425]: cannot find function `fgetattrlist` in crate `libc`
[INFO] [stdout]    --> src/macos/apfs.rs:107:15
[INFO] [stdout]     |
[INFO] [stdout] 107 |         libc::fgetattrlist(
[INFO] [stdout]     |               ^^^^^^^^^^^^ not found in `libc`
[INFO] [stdout] 
[INFO] [stdout] 
[INFO] [stdout] error[E0425]: cannot find function `fclonefileat` in crate `libc`
[INFO] [stdout]   --> src/macos/clone.rs:24:15
[INFO] [stdout]    |
[INFO] [stdout] 24 |         libc::fclonefileat(
[INFO] [stdout]    |               ^^^^^^^^^^^^ not found in `libc`
[INFO] [stdout] 
[INFO] [stdout] 
[INFO] [stdout] error[E0425]: cannot find function `renameatx_np` in crate `libc`
[INFO] [stdout]     --> src/macos/clone.rs:75:15
[INFO] [stdout]      |
[INFO] [stdout]   75 |         libc::renameatx_np(
[INFO] [stdout]      |               ^^^^^^^^^^^^ not found in `libc`
[INFO] [stdout]      |
[INFO] [stdout] note: similarly named function `renameat` defined here
[INFO] [stdout]     --> /opt/rustwide/cargo-home/registry/src/index.crates.io-1949cf8c6b5b557f/libc-0.2.189/src/unix/mod.rs:1060:5
[INFO] [stdout]      |
[INFO] [stdout] 1060 | /     pub fn renameat(
[INFO] [stdout] 1061 | |         olddirfd: c_int,
[INFO] [stdout] 1062 | |         oldpath: *const c_char,
[INFO] [stdout] 1063 | |         newdirfd: c_int,
[INFO] [stdout] 1064 | |         newpath: *const c_char,
[INFO] [stdout] 1065 | |     ) -> c_int;
[INFO] [stdout]      | |_______________^
[INFO] [stdout] help: a function with a similar name exists
[INFO] [stdout]      |
[INFO] [stdout]   75 -         libc::renameatx_np(
[INFO] [stdout]   75 +         libc::renameat(
[INFO] [stdout]      |
[INFO] [stdout] 
[INFO] [stdout] 
[INFO] [stdout] error[E0425]: cannot find value `RENAME_SWAP` in crate `libc`
[INFO] [stdout]   --> src/macos/clone.rs:80:19
[INFO] [stdout]    |
[INFO] [stdout] 80 |             libc::RENAME_SWAP,
[INFO] [stdout]    |                   ^^^^^^^^^^^ not found in `libc`
[INFO] [stdout] 
[INFO] [stdout] 
[INFO] [stdout] error[E0425]: cannot find value `COPYFILE_STAT` in crate `libc`
[INFO] [stdout]   --> src/macos/metadata.rs:65:23
[INFO] [stdout]    |
[INFO] [stdout] 65 |     let flags = libc::COPYFILE_STAT | libc::COPYFILE_ACL;
[INFO] [stdout]    |                       ^^^^^^^^^^^^^ not found in `libc`
[INFO] [stdout] 
[INFO] [stdout] 
[INFO] [stdout] error[E0425]: cannot find value `COPYFILE_ACL` in crate `libc`
[INFO] [stdout]   --> src/macos/metadata.rs:65:45
[INFO] [stdout]    |
[INFO] [stdout] 65 |     let flags = libc::COPYFILE_STAT | libc::COPYFILE_ACL;
[INFO] [stdout]    |                                             ^^^^^^^^^^^^ not found in `libc`
[INFO] [stdout] 
[INFO] [stdout] 
[INFO] [stdout] error[E0425]: cannot find function `fcopyfile` in crate `libc`
[INFO] [stdout]   --> src/macos/metadata.rs:69:15
[INFO] [stdout]    |
[INFO] [stdout] 69 |         libc::fcopyfile(
[INFO] [stdout]    |               ^^^^^^^^^ not found in `libc`
[INFO] [stdout] 
[INFO] [stdout] 
[INFO] [stdout] error[E0425]: cannot find type `attrgroup_t` in crate `libc`
[INFO] [stdout]   --> src/macos/metadata.rs:86:34
[INFO] [stdout]    |
[INFO] [stdout] 86 |     const ATTR_CMN_CRTIME: libc::attrgroup_t = 0x0000_0200;
[INFO] [stdout]    |                                  ^^^^^^^^^^^ not found in `libc`
[INFO] [stdout] 
[INFO] [stdout] 
[INFO] [stdout] error[E0422]: cannot find struct, variant or union type `attrlist` in crate `libc`
[INFO] [stdout]   --> src/macos/metadata.rs:87:32
[INFO] [stdout]    |
[INFO] [stdout] 87 |     let mut attributes = libc::attrlist {
[INFO] [stdout]    |                                ^^^^^^^^ not found in `libc`
[INFO] [stdout] 
[INFO] [stdout] 
[INFO] [stdout] error[E0425]: cannot find function `fsetattrlist` in crate `libc`
[INFO] [stdout]    --> src/macos/metadata.rs:104:15
[INFO] [stdout]     |
[INFO] [stdout] 104 |         libc::fsetattrlist(
[INFO] [stdout]     |               ^^^^^^^^^^^^ not found in `libc`
[INFO] [stdout] 
[INFO] [stdout] 
[INFO] [stdout] error[E0425]: cannot find value `UF_IMMUTABLE` in crate `libc`
[INFO] [stdout]    --> src/metadata.rs:12:38
[INFO] [stdout]     |
[INFO] [stdout]  12 | const UNSUPPORTED_FLAGS: u32 = libc::UF_IMMUTABLE
[INFO] [stdout]     |                                      ^^^^^^^^^^^^ not found in `libc`
[INFO] [stdout]     |
[INFO] [stdout] note: similarly named constant `ST_IMMUTABLE` defined here
[INFO] [stdout]    --> /opt/rustwide/cargo-home/registry/src/index.crates.io-1949cf8c6b5b557f/libc-0.2.189/src/unix/linux_like/linux_l4re_shared.rs:915:1
[INFO] [stdout]     |
[INFO] [stdout] 915 | pub const ST_IMMUTABLE: c_ulong = 512;
[INFO] [stdout]     | ^^^^^^^^^^^^^^^^^^^^^^^^^^^^^^^
[INFO] [stdout] help: a constant with a similar name exists
[INFO] [stdout]     |
[INFO] [stdout]  12 - const UNSUPPORTED_FLAGS: u32 = libc::UF_IMMUTABLE
[INFO] [stdout]  12 + const UNSUPPORTED_FLAGS: u32 = libc::ST_IMMUTABLE
[INFO] [stdout]     |
[INFO] [stdout] 
[INFO] [stdout] 
[INFO] [stdout] error[E0425]: cannot find value `UF_APPEND` in crate `libc`
[INFO] [stdout]    --> src/metadata.rs:13:13
[INFO] [stdout]     |
[INFO] [stdout]  13 |     | libc::UF_APPEND
[INFO] [stdout]     |             ^^^^^^^^^ not found in `libc`
[INFO] [stdout]     |
[INFO] [stdout] note: similarly named constant `O_APPEND` defined here
[INFO] [stdout]    --> /opt/rustwide/cargo-home/registry/src/index.crates.io-1949cf8c6b5b557f/libc-0.2.189/src/unix/linux_like/linux/gnu/b64/x86_64/mod.rs:331:1
[INFO] [stdout]     |
[INFO] [stdout] 331 | pub const O_APPEND: c_int = 1024;
[INFO] [stdout]     | ^^^^^^^^^^^^^^^^^^^^^^^^^
[INFO] [stdout] help: a constant with a similar name exists
[INFO] [stdout]     |
[INFO] [stdout]  13 -     | libc::UF_APPEND
[INFO] [stdout]  13 +     | libc::O_APPEND
[INFO] [stdout]     |
[INFO] [stdout] 
[INFO] [stdout] 
[INFO] [stdout] error[E0425]: cannot find value `UF_COMPRESSED` in crate `libc`
[INFO] [stdout]   --> src/metadata.rs:14:13
[INFO] [stdout]    |
[INFO] [stdout] 14 |     | libc::UF_COMPRESSED
[INFO] [stdout]    |             ^^^^^^^^^^^^^ not found in `libc`
[INFO] [stdout] 
[INFO] [stdout] 
[INFO] [stdout] error[E0425]: cannot find value `SF_IMMUTABLE` in crate `libc`
[INFO] [stdout]    --> src/metadata.rs:15:13
[INFO] [stdout]     |
[INFO] [stdout]  15 |     | libc::SF_IMMUTABLE
[INFO] [stdout]     |             ^^^^^^^^^^^^ not found in `libc`
[INFO] [stdout]     |
[INFO] [stdout] note: similarly named constant `ST_IMMUTABLE` defined here
[INFO] [stdout]    --> /opt/rustwide/cargo-home/registry/src/index.crates.io-1949cf8c6b5b557f/libc-0.2.189/src/unix/linux_like/linux_l4re_shared.rs:915:1
[INFO] [stdout]     |
[INFO] [stdout] 915 | pub const ST_IMMUTABLE: c_ulong = 512;
[INFO] [stdout]     | ^^^^^^^^^^^^^^^^^^^^^^^^^^^^^^^
[INFO] [stdout] help: a constant with a similar name exists
[INFO] [stdout]     |
[INFO] [stdout]  15 -     | libc::SF_IMMUTABLE
[INFO] [stdout]  15 +     | libc::ST_IMMUTABLE
[INFO] [stdout]     |
[INFO] [stdout] 
[INFO] [stdout] 
[INFO] [stdout] error[E0425]: cannot find value `SF_APPEND` in crate `libc`
[INFO] [stdout]    --> src/metadata.rs:16:13
[INFO] [stdout]     |
[INFO] [stdout]  16 |     | libc::SF_APPEND;
[INFO] [stdout]     |             ^^^^^^^^^ not found in `libc`
[INFO] [stdout]     |
[INFO] [stdout] note: similarly named constant `ST_APPEND` defined here
[INFO] [stdout]    --> /opt/rustwide/cargo-home/registry/src/index.crates.io-1949cf8c6b5b557f/libc-0.2.189/src/unix/linux_like/linux_l4re_shared.rs:914:1
[INFO] [stdout]     |
[INFO] [stdout] 914 | pub const ST_APPEND: c_ulong = 256;
[INFO] [stdout]     | ^^^^^^^^^^^^^^^^^^^^^^^^^^^^
[INFO] [stdout] help: a constant with a similar name exists
[INFO] [stdout]     |
[INFO] [stdout]  16 -     | libc::SF_APPEND;
[INFO] [stdout]  16 +     | libc::ST_APPEND;
[INFO] [stdout]     |
[INFO] [stdout] 
[INFO] [stdout] 
[INFO] [stdout] error: use of deprecated constant `libc::ENOATTR`: ENOATTR is not available on Linux; use ENODATA instead
[INFO] [stdout]    --> src/macos/metadata.rs:178:47
[INFO] [stdout]     |
[INFO] [stdout] 178 |         if error.raw_os_error() == Some(libc::ENOATTR) {
[INFO] [stdout]     |                                               ^^^^^^^
[INFO] [stdout]     |
[INFO] [stdout] note: the lint level is defined here
[INFO] [stdout]    --> src/lib.rs:3:9
[INFO] [stdout]     |
[INFO] [stdout]   3 | #![deny(warnings)]
[INFO] [stdout]     |         ^^^^^^^^
[INFO] [stdout]     = note: `#[deny(deprecated)]` implied by `#[deny(warnings)]`
[INFO] [stdout] 
[INFO] [stdout] 
[INFO] [stdout] error: use of deprecated method `std::sync::atomic::Atomic::<u64>::fetch_update`: renamed to `try_update` for consistency
[INFO] [stdout]    --> src/clone_test.rs:435:10
[INFO] [stdout]     |
[INFO] [stdout] 435 |         .fetch_update(Ordering::Relaxed, Ordering::Relaxed, |value| {
[INFO] [stdout]     |          ^^^^^^^^^^^^
[INFO] [stdout]     |
[INFO] [stdout] help: replace the use of the deprecated method
[INFO] [stdout]     |
[INFO] [stdout] 435 -         .fetch_update(Ordering::Relaxed, Ordering::Relaxed, |value| {
[INFO] [stdout] 435 +         .try_update(Ordering::Relaxed, Ordering::Relaxed, |value| {
[INFO] [stdout]     |
[INFO] [stdout] 
[INFO] [stdout] 
[INFO] [stdout] error: use of deprecated method `std::sync::atomic::Atomic::<u64>::fetch_update`: renamed to `try_update` for consistency
[INFO] [stdout]    --> src/journal.rs:534:10
[INFO] [stdout]     |
[INFO] [stdout] 534 |         .fetch_update(Ordering::Relaxed, Ordering::Relaxed, |value| {
[INFO] [stdout]     |          ^^^^^^^^^^^^
[INFO] [stdout]     |
[INFO] [stdout] help: replace the use of the deprecated method
[INFO] [stdout]     |
[INFO] [stdout] 534 -         .fetch_update(Ordering::Relaxed, Ordering::Relaxed, |value| {
[INFO] [stdout] 534 +         .try_update(Ordering::Relaxed, Ordering::Relaxed, |value| {
[INFO] [stdout]     |
[INFO] [stdout] 
[INFO] [stdout] 
[INFO] [stdout] error[E0609]: no field `st_flags` on type `libc::stat`
[INFO] [stdout]   --> src/macos/metadata.rs:53:23
[INFO] [stdout]    |
[INFO] [stdout] 53 |         flags: status.st_flags,
[INFO] [stdout]    |                       ^^^^^^^^ unknown field
[INFO] [stdout]    |
[INFO] [stdout]    = note: available fields are: `st_dev`, `st_ino`, `st_nlink`, `st_mode`, `st_uid` ... and 11 others
[INFO] [stdout] 
[INFO] [stdout] 
[INFO] [stdout] error[E0609]: no field `st_birthtime` on type `libc::stat`
[INFO] [stdout]   --> src/macos/metadata.rs:58:31
[INFO] [stdout]    |
[INFO] [stdout] 58 |         birth_seconds: status.st_birthtime,
[INFO] [stdout]    |                               ^^^^^^^^^^^^ unknown field
[INFO] [stdout]    |
[INFO] [stdout]    = note: available fields are: `st_dev`, `st_ino`, `st_nlink`, `st_mode`, `st_uid` ... and 11 others
[INFO] [stdout] 
[INFO] [stdout] 
[INFO] [stdout] error[E0609]: no field `st_birthtime_nsec` on type `libc::stat`
[INFO] [stdout]   --> src/macos/metadata.rs:59:35
[INFO] [stdout]    |
[INFO] [stdout] 59 |         birth_nanoseconds: status.st_birthtime_nsec,
[INFO] [stdout]    |                                   ^^^^^^^^^^^^^^^^^ unknown field
[INFO] [stdout]    |
[INFO] [stdout] help: a field with a similar name exists
[INFO] [stdout]    |
[INFO] [stdout] 59 -         birth_nanoseconds: status.st_birthtime_nsec,
[INFO] [stdout] 59 +         birth_nanoseconds: status.st_atime_nsec,
[INFO] [stdout]    |
[INFO] [stdout] 
[INFO] [stdout] 
[INFO] [stdout] error[E0061]: this function takes 4 arguments but 6 arguments were supplied
[INFO] [stdout]     --> src/macos/metadata.rs:167:9
[INFO] [stdout]      |
[INFO] [stdout]  167 |         libc::fgetxattr(
[INFO] [stdout]      |         ^^^^^^^^^^^^^^^
[INFO] [stdout] ...
[INFO] [stdout]  172 |             0,
[INFO] [stdout]      |             - unexpected argument #5 of type `{integer}`
[INFO] [stdout]  173 |             0,
[INFO] [stdout]      |             - unexpected argument #6 of type `{integer}`
[INFO] [stdout]      |
[INFO] [stdout] note: function defined here
[INFO] [stdout]     --> /opt/rustwide/cargo-home/registry/src/index.crates.io-1949cf8c6b5b557f/libc-0.2.189/src/unix/linux_like/linux/mod.rs:3544:12
[INFO] [stdout]      |
[INFO] [stdout] 3544 |     pub fn fgetxattr(
[INFO] [stdout]      |            ^^^^^^^^^
[INFO] [stdout] help: remove the extra arguments
[INFO] [stdout]      |
[INFO] [stdout]  171 -             0,
[INFO] [stdout]  172 -             0,
[INFO] [stdout]      |
[INFO] [stdout] 
[INFO] [stdout] 
[INFO] [stdout] error[E0061]: this function takes 4 arguments but 6 arguments were supplied
[INFO] [stdout]     --> src/macos/metadata.rs:197:9
[INFO] [stdout]      |
[INFO] [stdout]  197 |         libc::fgetxattr(
[INFO] [stdout]      |         ^^^^^^^^^^^^^^^
[INFO] [stdout] ...
[INFO] [stdout]  202 |             position,
[INFO] [stdout]      |             -------- unexpected argument #5 of type `u32`
[INFO] [stdout]  203 |             0,
[INFO] [stdout]      |             - unexpected argument #6 of type `{integer}`
[INFO] [stdout]      |
[INFO] [stdout] note: function defined here
[INFO] [stdout]     --> /opt/rustwide/cargo-home/registry/src/index.crates.io-1949cf8c6b5b557f/libc-0.2.189/src/unix/linux_like/linux/mod.rs:3544:12
[INFO] [stdout]      |
[INFO] [stdout] 3544 |     pub fn fgetxattr(
[INFO] [stdout]      |            ^^^^^^^^^
[INFO] [stdout] help: remove the extra arguments
[INFO] [stdout]      |
[INFO] [stdout]  201 -             buffer.len(),
[INFO] [stdout]  202 -             position,
[INFO] [stdout]  203 -             0,
[INFO] [stdout]  201 +             buffer.len(),
[INFO] [stdout]      |
[INFO] [stdout] 
[INFO] [stdout] 
[INFO] [stdout] error[E0061]: this function takes 3 arguments but 4 arguments were supplied
[INFO] [stdout]     --> src/macos/metadata.rs:232:27
[INFO] [stdout]      |
[INFO] [stdout]  232 |     let length = unsafe { libc::flistxattr(file.as_raw_fd(), ptr::null_mut(), 0, 0) };
[INFO] [stdout]      |                           ^^^^^^^^^^^^^^^^                                       - unexpected argument #4 of type `{integer}`
[INFO] [stdout]      |
[INFO] [stdout] note: function defined here
[INFO] [stdout]     --> /opt/rustwide/cargo-home/registry/src/index.crates.io-1949cf8c6b5b557f/libc-0.2.189/src/unix/linux_like/linux/mod.rs:3573:12
[INFO] [stdout]      |
[INFO] [stdout] 3573 |     pub fn flistxattr(filedes: c_int, list: *mut c_char, size: size_t) -> ssize_t;
[INFO] [stdout]      |            ^^^^^^^^^^
[INFO] [stdout] help: remove the extra argument
[INFO] [stdout]      |
[INFO] [stdout]  232 -     let length = unsafe { libc::flistxattr(file.as_raw_fd(), ptr::null_mut(), 0, 0) };
[INFO] [stdout]  232 +     let length = unsafe { libc::flistxattr(file.as_raw_fd(), ptr::null_mut(), 0) };
[INFO] [stdout]      |
[INFO] [stdout] 
[INFO] [stdout] 
[INFO] [stdout] error[E0425]: cannot find type `attrgroup_t` in crate `libc`
[INFO] [stdout]  --> src/macos/apfs.rs:7:38
[INFO] [stdout]   |
[INFO] [stdout] 7 | const ATTR_CMN_RETURNED_ATTRS: libc::attrgroup_t = 0x8000_0000;
[INFO] [stdout]   |                                      ^^^^^^^^^^^ not found in `libc`
[INFO] [stdout] 
[INFO] [stdout] 
[INFO] [stdout] error[E0061]: this function takes 3 arguments but 4 arguments were supplied
[INFO] [stdout]     --> src/macos/metadata.rs:240:18
[INFO] [stdout]      |
[INFO] [stdout]  240 |         unsafe { libc::flistxattr(file.as_raw_fd(), bytes.as_mut_ptr().cast(), bytes.len(), 0) };
[INFO] [stdout]      |                  ^^^^^^^^^^^^^^^^                                                           - unexpected argument #4 of type `{integer}`
[INFO] [stdout]      |
[INFO] [stdout] note: function defined here
[INFO] [stdout]     --> /opt/rustwide/cargo-home/registry/src/index.crates.io-1949cf8c6b5b557f/libc-0.2.189/src/unix/linux_like/linux/mod.rs:3573:12
[INFO] [stdout]      |
[INFO] [stdout] 3573 |     pub fn flistxattr(filedes: c_int, list: *mut c_char, size: size_t) -> ssize_t;
[INFO] [stdout]      |            ^^^^^^^^^^
[INFO] [stdout] help: remove the extra argument
[INFO] [stdout]      |
[INFO] [stdout]  240 -         unsafe { libc::flistxattr(file.as_raw_fd(), bytes.as_mut_ptr().cast(), bytes.len(), 0) };
[INFO] [stdout]  240 +         unsafe { libc::flistxattr(file.as_raw_fd(), bytes.as_mut_ptr().cast(), bytes.len()) };
[INFO] [stdout]      |
[INFO] [stdout] 
[INFO] [stdout] 
[INFO] [stdout] error[E0425]: cannot find type `attrgroup_t` in crate `libc`
[INFO] [stdout]  --> src/macos/apfs.rs:8:36
[INFO] [stdout]   |
[INFO] [stdout] 8 | const ATTR_VOL_CAPABILITIES: libc::attrgroup_t = 0x0002_0000;
[INFO] [stdout]   |                                    ^^^^^^^^^^^ not found in `libc`
[INFO] [stdout] 
[INFO] [stdout] 
[INFO] [stdout] error[E0061]: this function takes 4 arguments but 6 arguments were supplied
[INFO] [stdout]     --> src/macos/metadata.rs:270:18
[INFO] [stdout]      |
[INFO] [stdout]  270 |         unsafe { libc::fgetxattr(file.as_raw_fd(), name.as_ptr(), ptr::null_mut(), 0, 0, 0) };
[INFO] [stdout]      |                  ^^^^^^^^^^^^^^^                                                      -  - unexpected argument #6 of type `{integer}`
[INFO] [stdout]      |                                                                                       |
[INFO] [stdout]      |                                                                                       unexpected argument #5 of type `{integer}`
[INFO] [stdout]      |
[INFO] [stdout] note: function defined here
[INFO] [stdout]     --> /opt/rustwide/cargo-home/registry/src/index.crates.io-1949cf8c6b5b557f/libc-0.2.189/src/unix/linux_like/linux/mod.rs:3544:12
[INFO] [stdout]      |
[INFO] [stdout] 3544 |     pub fn fgetxattr(
[INFO] [stdout]      |            ^^^^^^^^^
[INFO] [stdout] help: remove the extra arguments
[INFO] [stdout]      |
[INFO] [stdout]  270 -         unsafe { libc::fgetxattr(file.as_raw_fd(), name.as_ptr(), ptr::null_mut(), 0, 0, 0) };
[INFO] [stdout]  270 +         unsafe { libc::fgetxattr(file.as_raw_fd(), name.as_ptr(), ptr::null_mut(), 0) };
[INFO] [stdout]      |
[INFO] [stdout] 
[INFO] [stdout] 
[INFO] [stdout] error[E0061]: this function takes 4 arguments but 6 arguments were supplied
[INFO] [stdout]     --> src/macos/metadata.rs:278:9
[INFO] [stdout]      |
[INFO] [stdout]  278 |         libc::fgetxattr(
[INFO] [stdout]      |         ^^^^^^^^^^^^^^^
[INFO] [stdout] ...
[INFO] [stdout]  283 |             0,
[INFO] [stdout]      |             - unexpected argument #5 of type `{integer}`
[INFO] [stdout]  284 |             0,
[INFO] [stdout]      |             - unexpected argument #6 of type `{integer}`
[INFO] [stdout]      |
[INFO] [stdout] note: function defined here
[INFO] [stdout]     --> /opt/rustwide/cargo-home/registry/src/index.crates.io-1949cf8c6b5b557f/libc-0.2.189/src/unix/linux_like/linux/mod.rs:3544:12
[INFO] [stdout]      |
[INFO] [stdout] 3544 |     pub fn fgetxattr(
[INFO] [stdout]      |            ^^^^^^^^^
[INFO] [stdout] help: remove the extra arguments
[INFO] [stdout]      |
[INFO] [stdout]  282 -             value.len(),
[INFO] [stdout]  283 -             0,
[INFO] [stdout]  284 -             0,
[INFO] [stdout]  282 +             value.len(),
[INFO] [stdout]      |
[INFO] [stdout] 
[INFO] [stdout] 
[INFO] [stdout] error[E0061]: this function takes 5 arguments but 6 arguments were supplied
[INFO] [stdout]     --> src/macos/metadata.rs:297:9
[INFO] [stdout]      |
[INFO] [stdout]  297 |         libc::fsetxattr(
[INFO] [stdout]      |         ^^^^^^^^^^^^^^^
[INFO] [stdout] ...
[INFO] [stdout]  303 |             0,
[INFO] [stdout]      |             - unexpected argument #6 of type `{integer}`
[INFO] [stdout]      |
[INFO] [stdout] note: function defined here
[INFO] [stdout]     --> /opt/rustwide/cargo-home/registry/src/index.crates.io-1949cf8c6b5b557f/libc-0.2.189/src/unix/linux_like/linux/mod.rs:3564:12
[INFO] [stdout]      |
[INFO] [stdout] 3564 |     pub fn fsetxattr(
[INFO] [stdout]      |            ^^^^^^^^^
[INFO] [stdout] help: remove the extra argument
[INFO] [stdout]      |
[INFO] [stdout]  302 -             0,
[INFO] [stdout]      |
[INFO] [stdout] 
[INFO] [stdout] 
[INFO] [stdout] error[E0061]: this function takes 2 arguments but 3 arguments were supplied
[INFO] [stdout]     --> src/macos/metadata.rs:312:27
[INFO] [stdout]      |
[INFO] [stdout]  312 |     let result = unsafe { libc::fremovexattr(file.as_raw_fd(), name.as_ptr(), 0) };
[INFO] [stdout]      |                           ^^^^^^^^^^^^^^^^^^                                  - unexpected argument #3 of type `{integer}`
[INFO] [stdout]      |
[INFO] [stdout] note: function defined here
[INFO] [stdout]     --> /opt/rustwide/cargo-home/registry/src/index.crates.io-1949cf8c6b5b557f/libc-0.2.189/src/unix/linux_like/linux/mod.rs:3576:12
[INFO] [stdout]      |
[INFO] [stdout] 3576 |     pub fn fremovexattr(filedes: c_int, name: *const c_char) -> c_int;
[INFO] [stdout]      |            ^^^^^^^^^^^^
[INFO] [stdout] help: remove the extra argument
[INFO] [stdout]      |
[INFO] [stdout]  312 -     let result = unsafe { libc::fremovexattr(file.as_raw_fd(), name.as_ptr(), 0) };
[INFO] [stdout]  312 +     let result = unsafe { libc::fremovexattr(file.as_raw_fd(), name.as_ptr()) };
[INFO] [stdout]      |
[INFO] [stdout] 
[INFO] [stdout] 
[INFO] [stdout] error[E0425]: cannot find type `attrgroup_t` in crate `libc`
[INFO] [stdout]  --> src/macos/apfs.rs:9:28
[INFO] [stdout]   |
[INFO] [stdout] 9 | const ATTR_VOL_UUID: libc::attrgroup_t = 0x0004_0000;
[INFO] [stdout]   |                            ^^^^^^^^^^^ not found in `libc`
[INFO] [stdout] 
[INFO] [stdout] 
[INFO] [stdout] error[E0425]: cannot find type `attrgroup_t` in crate `libc`
[INFO] [stdout]   --> src/macos/apfs.rs:10:38
[INFO] [stdout]    |
[INFO] [stdout] 10 | const ATTR_CMNEXT_PRIVATESIZE: libc::attrgroup_t = 0x0000_0008;
[INFO] [stdout]    |                                      ^^^^^^^^^^^ not found in `libc`
[INFO] [stdout] 
[INFO] [stdout] 
[INFO] [stdout] error[E0425]: cannot find type `attrgroup_t` in crate `libc`
[INFO] [stdout]   --> src/macos/apfs.rs:11:34
[INFO] [stdout]    |
[INFO] [stdout] 11 | const ATTR_CMNEXT_CLONEID: libc::attrgroup_t = 0x0000_0100;
[INFO] [stdout]    |                                  ^^^^^^^^^^^ not found in `libc`
[INFO] [stdout] 
[INFO] [stdout] 
[INFO] [stdout] error[E0425]: cannot find type `attrgroup_t` in crate `libc`
[INFO] [stdout]   --> src/macos/apfs.rs:12:39
[INFO] [stdout]    |
[INFO] [stdout] 12 | const ATTR_CMNEXT_CLONE_REFCNT: libc::attrgroup_t = 0x0000_1000;
[INFO] [stdout]    |                                       ^^^^^^^^^^^ not found in `libc`
[INFO] [stdout] 
[INFO] [stdout] 
[INFO] [stdout] error[E0422]: cannot find struct, variant or union type `attrlist` in crate `libc`
[INFO] [stdout]   --> src/macos/apfs.rs:39:32
[INFO] [stdout]    |
[INFO] [stdout] 39 |     let mut attributes = libc::attrlist {
[INFO] [stdout]    |                                ^^^^^^^^ not found in `libc`
[INFO] [stdout] 
[INFO] [stdout] 
[INFO] [stdout] error[E0422]: cannot find struct, variant or union type `attrlist` in crate `libc`
[INFO] [stdout]   --> src/macos/apfs.rs:59:32
[INFO] [stdout]    |
[INFO] [stdout] 59 |     let mut attributes = libc::attrlist {
[INFO] [stdout]    |                                ^^^^^^^^ not found in `libc`
[INFO] [stdout] 
[INFO] [stdout] 
[INFO] [stdout] error[E0422]: cannot find struct, variant or union type `attrlist` in crate `libc`
[INFO] [stdout]   --> src/macos/apfs.rs:79:32
[INFO] [stdout]    |
[INFO] [stdout] 79 |     let mut attributes = libc::attrlist {
[INFO] [stdout]    |                                ^^^^^^^^ not found in `libc`
[INFO] [stdout] 
[INFO] [stdout] 
[INFO] [stdout] error[E0425]: cannot find type `attrlist` in crate `libc`
[INFO] [stdout]    --> src/macos/apfs.rs:100:28
[INFO] [stdout]     |
[INFO] [stdout] 100 |     attributes: &mut libc::attrlist,
[INFO] [stdout]     |                            ^^^^^^^^ not found in `libc`
[INFO] [stdout] 
[INFO] [stdout] 
[INFO] [stdout] error[E0425]: cannot find function `fgetattrlist` in crate `libc`
[INFO] [stdout]    --> src/macos/apfs.rs:107:15
[INFO] [stdout]     |
[INFO] [stdout] 107 |         libc::fgetattrlist(
[INFO] [stdout]     |               ^^^^^^^^^^^^ not found in `libc`
[INFO] [stdout] 
[INFO] [stdout] 
[INFO] [stdout] error[E0425]: cannot find function `fclonefileat` in crate `libc`
[INFO] [stdout]   --> src/macos/clone.rs:24:15
[INFO] [stdout]    |
[INFO] [stdout] 24 |         libc::fclonefileat(
[INFO] [stdout]    |               ^^^^^^^^^^^^ not found in `libc`
[INFO] [stdout] 
[INFO] [stdout] 
[INFO] [stdout] error[E0425]: cannot find function `renameatx_np` in crate `libc`
[INFO] [stdout]     --> src/macos/clone.rs:75:15
[INFO] [stdout]      |
[INFO] [stdout]   75 |         libc::renameatx_np(
[INFO] [stdout]      |               ^^^^^^^^^^^^ not found in `libc`
[INFO] [stdout]      |
[INFO] [stdout] note: similarly named function `renameat` defined here
[INFO] [stdout]     --> /opt/rustwide/cargo-home/registry/src/index.crates.io-1949cf8c6b5b557f/libc-0.2.189/src/unix/mod.rs:1060:5
[INFO] [stdout]      |
[INFO] [stdout] 1060 | /     pub fn renameat(
[INFO] [stdout] 1061 | |         olddirfd: c_int,
[INFO] [stdout] 1062 | |         oldpath: *const c_char,
[INFO] [stdout] 1063 | |         newdirfd: c_int,
[INFO] [stdout] 1064 | |         newpath: *const c_char,
[INFO] [stdout] 1065 | |     ) -> c_int;
[INFO] [stdout]      | |_______________^
[INFO] [stdout] help: a function with a similar name exists
[INFO] [stdout]      |
[INFO] [stdout]   75 -         libc::renameatx_np(
[INFO] [stdout]   75 +         libc::renameat(
[INFO] [stdout]      |
[INFO] [stdout] 
[INFO] [stdout] 
[INFO] [stdout] error[E0425]: cannot find value `RENAME_SWAP` in crate `libc`
[INFO] [stdout]   --> src/macos/clone.rs:80:19
[INFO] [stdout]    |
[INFO] [stdout] 80 |             libc::RENAME_SWAP,
[INFO] [stdout]    |                   ^^^^^^^^^^^ not found in `libc`
[INFO] [stdout] 
[INFO] [stdout] 
[INFO] [stdout] error[E0425]: cannot find value `COPYFILE_STAT` in crate `libc`
[INFO] [stdout]   --> src/macos/metadata.rs:65:23
[INFO] [stdout]    |
[INFO] [stdout] 65 |     let flags = libc::COPYFILE_STAT | libc::COPYFILE_ACL;
[INFO] [stdout]    |                       ^^^^^^^^^^^^^ not found in `libc`
[INFO] [stdout] 
[INFO] [stdout] 
[INFO] [stdout] error[E0425]: cannot find value `COPYFILE_ACL` in crate `libc`
[INFO] [stdout]   --> src/macos/metadata.rs:65:45
[INFO] [stdout]    |
[INFO] [stdout] 65 |     let flags = libc::COPYFILE_STAT | libc::COPYFILE_ACL;
[INFO] [stdout]    |                                             ^^^^^^^^^^^^ not found in `libc`
[INFO] [stdout] 
[INFO] [stdout] 
[INFO] [stdout] error[E0425]: cannot find function `fcopyfile` in crate `libc`
[INFO] [stdout]   --> src/macos/metadata.rs:69:15
[INFO] [stdout]    |
[INFO] [stdout] 69 |         libc::fcopyfile(
[INFO] [stdout]    |               ^^^^^^^^^ not found in `libc`
[INFO] [stdout] 
[INFO] [stdout] 
[INFO] [stdout] error[E0425]: cannot find type `attrgroup_t` in crate `libc`
[INFO] [stdout]   --> src/macos/metadata.rs:86:34
[INFO] [stdout]    |
[INFO] [stdout] 86 |     const ATTR_CMN_CRTIME: libc::attrgroup_t = 0x0000_0200;
[INFO] [stdout]    |                                  ^^^^^^^^^^^ not found in `libc`
[INFO] [stdout] 
[INFO] [stdout] 
[INFO] [stdout] error[E0422]: cannot find struct, variant or union type `attrlist` in crate `libc`
[INFO] [stdout]   --> src/macos/metadata.rs:87:32
[INFO] [stdout]    |
[INFO] [stdout] 87 |     let mut attributes = libc::attrlist {
[INFO] [stdout]    |                                ^^^^^^^^ not found in `libc`
[INFO] [stdout] 
[INFO] [stdout] 
[INFO] [stdout] error[E0425]: cannot find function `fsetattrlist` in crate `libc`
[INFO] [stdout]    --> src/macos/metadata.rs:104:15
[INFO] [stdout]     |
[INFO] [stdout] 104 |         libc::fsetattrlist(
[INFO] [stdout]     |               ^^^^^^^^^^^^ not found in `libc`
[INFO] [stdout] 
[INFO] [stdout] 
[INFO] [stdout] error[E0425]: cannot find value `UF_IMMUTABLE` in crate `libc`
[INFO] [stdout]    --> src/metadata.rs:12:38
[INFO] [stdout]     |
[INFO] [stdout]  12 | const UNSUPPORTED_FLAGS: u32 = libc::UF_IMMUTABLE
[INFO] [stdout]     |                                      ^^^^^^^^^^^^ not found in `libc`
[INFO] [stdout]     |
[INFO] [stdout] note: similarly named constant `ST_IMMUTABLE` defined here
[INFO] [stdout]    --> /opt/rustwide/cargo-home/registry/src/index.crates.io-1949cf8c6b5b557f/libc-0.2.189/src/unix/linux_like/linux_l4re_shared.rs:915:1
[INFO] [stdout]     |
[INFO] [stdout] 915 | pub const ST_IMMUTABLE: c_ulong = 512;
[INFO] [stdout]     | ^^^^^^^^^^^^^^^^^^^^^^^^^^^^^^^
[INFO] [stdout] help: a constant with a similar name exists
[INFO] [stdout]     |
[INFO] [stdout]  12 - const UNSUPPORTED_FLAGS: u32 = libc::UF_IMMUTABLE
[INFO] [stdout]  12 + const UNSUPPORTED_FLAGS: u32 = libc::ST_IMMUTABLE
[INFO] [stdout]     |
[INFO] [stdout] 
[INFO] [stdout] 
[INFO] [stdout] error[E0425]: cannot find value `UF_APPEND` in crate `libc`
[INFO] [stdout]    --> src/metadata.rs:13:13
[INFO] [stdout]     |
[INFO] [stdout]  13 |     | libc::UF_APPEND
[INFO] [stdout]     |             ^^^^^^^^^ not found in `libc`
[INFO] [stdout]     |
[INFO] [stdout] note: similarly named constant `O_APPEND` defined here
[INFO] [stdout]    --> /opt/rustwide/cargo-home/registry/src/index.crates.io-1949cf8c6b5b557f/libc-0.2.189/src/unix/linux_like/linux/gnu/b64/x86_64/mod.rs:331:1
[INFO] [stdout]     |
[INFO] [stdout] 331 | pub const O_APPEND: c_int = 1024;
[INFO] [stdout]     | ^^^^^^^^^^^^^^^^^^^^^^^^^
[INFO] [stdout] help: a constant with a similar name exists
[INFO] [stdout]     |
[INFO] [stdout]  13 -     | libc::UF_APPEND
[INFO] [stdout]  13 +     | libc::O_APPEND
[INFO] [stdout]     |
[INFO] [stdout] 
[INFO] [stdout] 
[INFO] [stdout] error[E0425]: cannot find value `UF_COMPRESSED` in crate `libc`
[INFO] [stdout]   --> src/metadata.rs:14:13
[INFO] [stdout]    |
[INFO] [stdout] 14 |     | libc::UF_COMPRESSED
[INFO] [stdout]    |             ^^^^^^^^^^^^^ not found in `libc`
[INFO] [stdout] 
[INFO] [stdout] 
[INFO] [stdout] error[E0425]: cannot find value `SF_IMMUTABLE` in crate `libc`
[INFO] [stdout]    --> src/metadata.rs:15:13
[INFO] [stdout]     |
[INFO] [stdout]  15 |     | libc::SF_IMMUTABLE
[INFO] [stdout]     |             ^^^^^^^^^^^^ not found in `libc`
[INFO] [stdout]     |
[INFO] [stdout] note: similarly named constant `ST_IMMUTABLE` defined here
[INFO] [stdout]    --> /opt/rustwide/cargo-home/registry/src/index.crates.io-1949cf8c6b5b557f/libc-0.2.189/src/unix/linux_like/linux_l4re_shared.rs:915:1
[INFO] [stdout]     |
[INFO] [stdout] 915 | pub const ST_IMMUTABLE: c_ulong = 512;
[INFO] [stdout]     | ^^^^^^^^^^^^^^^^^^^^^^^^^^^^^^^
[INFO] [stdout] help: a constant with a similar name exists
[INFO] [stdout]     |
[INFO] [stdout]  15 -     | libc::SF_IMMUTABLE
[INFO] [stdout]  15 +     | libc::ST_IMMUTABLE
[INFO] [stdout]     |
[INFO] [stdout] 
[INFO] [stdout] 
[INFO] [stdout] error[E0425]: cannot find value `SF_APPEND` in crate `libc`
[INFO] [stdout]    --> src/metadata.rs:16:13
[INFO] [stdout]     |
[INFO] [stdout]  16 |     | libc::SF_APPEND;
[INFO] [stdout]     |             ^^^^^^^^^ not found in `libc`
[INFO] [stdout]     |
[INFO] [stdout] note: similarly named constant `ST_APPEND` defined here
[INFO] [stdout]    --> /opt/rustwide/cargo-home/registry/src/index.crates.io-1949cf8c6b5b557f/libc-0.2.189/src/unix/linux_like/linux_l4re_shared.rs:914:1
[INFO] [stdout]     |
[INFO] [stdout] 914 | pub const ST_APPEND: c_ulong = 256;
[INFO] [stdout]     | ^^^^^^^^^^^^^^^^^^^^^^^^^^^^
[INFO] [stdout] help: a constant with a similar name exists
[INFO] [stdout]     |
[INFO] [stdout]  16 -     | libc::SF_APPEND;
[INFO] [stdout]  16 +     | libc::ST_APPEND;
[INFO] [stdout]     |
[INFO] [stdout] 
[INFO] [stdout] 
[INFO] [stdout] error[E0425]: cannot find value `UF_IMMUTABLE` in crate `libc`
[INFO] [stdout]    --> src/metadata.rs:213:19
[INFO] [stdout]     |
[INFO] [stdout] 213 |             libc::UF_IMMUTABLE,
[INFO] [stdout]     |                   ^^^^^^^^^^^^ not found in `libc`
[INFO] [stdout]     |
[INFO] [stdout] note: similarly named constant `ST_IMMUTABLE` defined here
[INFO] [stdout]    --> /opt/rustwide/cargo-home/registry/src/index.crates.io-1949cf8c6b5b557f/libc-0.2.189/src/unix/linux_like/linux_l4re_shared.rs:915:1
[INFO] [stdout]     |
[INFO] [stdout] 915 | pub const ST_IMMUTABLE: c_ulong = 512;
[INFO] [stdout]     | ^^^^^^^^^^^^^^^^^^^^^^^^^^^^^^^
[INFO] [stdout] help: a constant with a similar name exists
[INFO] [stdout]     |
[INFO] [stdout] 213 -             libc::UF_IMMUTABLE,
[INFO] [stdout] 213 +             libc::ST_IMMUTABLE,
[INFO] [stdout]     |
[INFO] [stdout] 
[INFO] [stdout] 
[INFO] [stdout] error[E0425]: cannot find value `UF_APPEND` in crate `libc`
[INFO] [stdout]    --> src/metadata.rs:214:19
[INFO] [stdout]     |
[INFO] [stdout] 214 |             libc::UF_APPEND,
[INFO] [stdout]     |                   ^^^^^^^^^ not found in `libc`
[INFO] [stdout]     |
[INFO] [stdout] note: similarly named constant `O_APPEND` defined here
[INFO] [stdout]    --> /opt/rustwide/cargo-home/registry/src/index.crates.io-1949cf8c6b5b557f/libc-0.2.189/src/unix/linux_like/linux/gnu/b64/x86_64/mod.rs:331:1
[INFO] [stdout]     |
[INFO] [stdout] 331 | pub const O_APPEND: c_int = 1024;
[INFO] [stdout]     | ^^^^^^^^^^^^^^^^^^^^^^^^^
[INFO] [stdout] help: a constant with a similar name exists
[INFO] [stdout]     |
[INFO] [stdout] 214 -             libc::UF_APPEND,
[INFO] [stdout] 214 +             libc::O_APPEND,
[INFO] [stdout]     |
[INFO] [stdout] 
[INFO] [stdout] 
[INFO] [stdout] error[E0425]: cannot find value `UF_COMPRESSED` in crate `libc`
[INFO] [stdout]    --> src/metadata.rs:215:19
[INFO] [stdout]     |
[INFO] [stdout] 215 |             libc::UF_COMPRESSED,
[INFO] [stdout]     |                   ^^^^^^^^^^^^^ not found in `libc`
[INFO] [stdout] 
[INFO] [stdout] 
[INFO] [stdout] error[E0425]: cannot find value `SF_IMMUTABLE` in crate `libc`
[INFO] [stdout]    --> src/metadata.rs:216:19
[INFO] [stdout]     |
[INFO] [stdout] 216 |             libc::SF_IMMUTABLE,
[INFO] [stdout]     |                   ^^^^^^^^^^^^ not found in `libc`
[INFO] [stdout]     |
[INFO] [stdout] note: similarly named constant `ST_IMMUTABLE` defined here
[INFO] [stdout]    --> /opt/rustwide/cargo-home/registry/src/index.crates.io-1949cf8c6b5b557f/libc-0.2.189/src/unix/linux_like/linux_l4re_shared.rs:915:1
[INFO] [stdout]     |
[INFO] [stdout] 915 | pub const ST_IMMUTABLE: c_ulong = 512;
[INFO] [stdout]     | ^^^^^^^^^^^^^^^^^^^^^^^^^^^^^^^
[INFO] [stdout] help: a constant with a similar name exists
[INFO] [stdout]     |
[INFO] [stdout] 216 -             libc::SF_IMMUTABLE,
[INFO] [stdout] 216 +             libc::ST_IMMUTABLE,
[INFO] [stdout]     |
[INFO] [stdout] 
[INFO] [stdout] 
[INFO] [stdout] error[E0425]: cannot find value `SF_APPEND` in crate `libc`
[INFO] [stdout]    --> src/metadata.rs:217:19
[INFO] [stdout]     |
[INFO] [stdout] 217 |             libc::SF_APPEND,
[INFO] [stdout]     |                   ^^^^^^^^^ not found in `libc`
[INFO] [stdout]     |
[INFO] [stdout] note: similarly named constant `ST_APPEND` defined here
[INFO] [stdout]    --> /opt/rustwide/cargo-home/registry/src/index.crates.io-1949cf8c6b5b557f/libc-0.2.189/src/unix/linux_like/linux_l4re_shared.rs:914:1
[INFO] [stdout]     |
[INFO] [stdout] 914 | pub const ST_APPEND: c_ulong = 256;
[INFO] [stdout]     | ^^^^^^^^^^^^^^^^^^^^^^^^^^^^
[INFO] [stdout] help: a constant with a similar name exists
[INFO] [stdout]     |
[INFO] [stdout] 217 -             libc::SF_APPEND,
[INFO] [stdout] 217 +             libc::ST_APPEND,
[INFO] [stdout]     |
[INFO] [stdout] 
[INFO] [stdout] 
[INFO] [stdout] error: use of deprecated constant `libc::ENOATTR`: ENOATTR is not available on Linux; use ENODATA instead
[INFO] [stdout]    --> src/macos/metadata.rs:178:47
[INFO] [stdout]     |
[INFO] [stdout] 178 |         if error.raw_os_error() == Some(libc::ENOATTR) {
[INFO] [stdout]     |                                               ^^^^^^^
[INFO] [stdout]     |
[INFO] [stdout] note: the lint level is defined here
[INFO] [stdout]    --> src/lib.rs:3:9
[INFO] [stdout]     |
[INFO] [stdout]   3 | #![deny(warnings)]
[INFO] [stdout]     |         ^^^^^^^^
[INFO] [stdout]     = note: `#[deny(deprecated)]` implied by `#[deny(warnings)]`
[INFO] [stdout] 
[INFO] [stdout] 
[INFO] [stdout] error: use of deprecated method `std::sync::atomic::Atomic::<u64>::fetch_update`: renamed to `try_update` for consistency
[INFO] [stdout]    --> src/clone_test.rs:435:10
[INFO] [stdout]     |
[INFO] [stdout] 435 |         .fetch_update(Ordering::Relaxed, Ordering::Relaxed, |value| {
[INFO] [stdout]     |          ^^^^^^^^^^^^
[INFO] [stdout]     |
[INFO] [stdout] help: replace the use of the deprecated method
[INFO] [stdout]     |
[INFO] [stdout] 435 -         .fetch_update(Ordering::Relaxed, Ordering::Relaxed, |value| {
[INFO] [stdout] 435 +         .try_update(Ordering::Relaxed, Ordering::Relaxed, |value| {
[INFO] [stdout]     |
[INFO] [stdout] 
[INFO] [stdout] 
[INFO] [stdout] error: use of deprecated method `std::sync::atomic::Atomic::<u64>::fetch_update`: renamed to `try_update` for consistency
[INFO] [stdout]    --> src/journal.rs:534:10
[INFO] [stdout]     |
[INFO] [stdout] 534 |         .fetch_update(Ordering::Relaxed, Ordering::Relaxed, |value| {
[INFO] [stdout]     |          ^^^^^^^^^^^^
[INFO] [stdout]     |
[INFO] [stdout] help: replace the use of the deprecated method
[INFO] [stdout]     |
[INFO] [stdout] 534 -         .fetch_update(Ordering::Relaxed, Ordering::Relaxed, |value| {
[INFO] [stdout] 534 +         .try_update(Ordering::Relaxed, Ordering::Relaxed, |value| {
[INFO] [stdout]     |
[INFO] [stdout] 
[INFO] [stdout] 
[INFO] [stdout] error[E0609]: no field `st_flags` on type `libc::stat`
[INFO] [stdout]   --> src/macos/metadata.rs:53:23
[INFO] [stdout]    |
[INFO] [stdout] 53 |         flags: status.st_flags,
[INFO] [stdout]    |                       ^^^^^^^^ unknown field
[INFO] [stdout]    |
[INFO] [stdout]    = note: available fields are: `st_dev`, `st_ino`, `st_nlink`, `st_mode`, `st_uid` ... and 11 others
[INFO] [stdout] 
[INFO] [stdout] 
[INFO] [stdout] error[E0609]: no field `st_birthtime` on type `libc::stat`
[INFO] [stdout]   --> src/macos/metadata.rs:58:31
[INFO] [stdout]    |
[INFO] [stdout] 58 |         birth_seconds: status.st_birthtime,
[INFO] [stdout]    |                               ^^^^^^^^^^^^ unknown field
[INFO] [stdout]    |
[INFO] [stdout]    = note: available fields are: `st_dev`, `st_ino`, `st_nlink`, `st_mode`, `st_uid` ... and 11 others
[INFO] [stdout] 
[INFO] [stdout] 
[INFO] [stdout] error[E0609]: no field `st_birthtime_nsec` on type `libc::stat`
[INFO] [stdout]   --> src/macos/metadata.rs:59:35
[INFO] [stdout]    |
[INFO] [stdout] 59 |         birth_nanoseconds: status.st_birthtime_nsec,
[INFO] [stdout]    |                                   ^^^^^^^^^^^^^^^^^ unknown field
[INFO] [stdout]    |
[INFO] [stdout] help: a field with a similar name exists
[INFO] [stdout]    |
[INFO] [stdout] 59 -         birth_nanoseconds: status.st_birthtime_nsec,
[INFO] [stdout] 59 +         birth_nanoseconds: status.st_atime_nsec,
[INFO] [stdout]    |
[INFO] [stdout] 
[INFO] [stdout] 
[INFO] [stdout] error[E0061]: this function takes 4 arguments but 6 arguments were supplied
[INFO] [stdout]     --> src/macos/metadata.rs:167:9
[INFO] [stdout]      |
[INFO] [stdout]  167 |         libc::fgetxattr(
[INFO] [stdout]      |         ^^^^^^^^^^^^^^^
[INFO] [stdout] ...
[INFO] [stdout]  172 |             0,
[INFO] [stdout]      |             - unexpected argument #5 of type `{integer}`
[INFO] [stdout]  173 |             0,
[INFO] [stdout]      |             - unexpected argument #6 of type `{integer}`
[INFO] [stdout]      |
[INFO] [stdout] note: function defined here
[INFO] [stdout]     --> /opt/rustwide/cargo-home/registry/src/index.crates.io-1949cf8c6b5b557f/libc-0.2.189/src/unix/linux_like/linux/mod.rs:3544:12
[INFO] [stdout]      |
[INFO] [stdout] 3544 |     pub fn fgetxattr(
[INFO] [stdout]      |            ^^^^^^^^^
[INFO] [stdout] help: remove the extra arguments
[INFO] [stdout]      |
[INFO] [stdout]  171 -             0,
[INFO] [stdout]  172 -             0,
[INFO] [stdout]      |
[INFO] [stdout] 
[INFO] [stdout] 
[INFO] [stdout] error[E0061]: this function takes 4 arguments but 6 arguments were supplied
[INFO] [stdout]     --> src/macos/metadata.rs:197:9
[INFO] [stdout]      |
[INFO] [stdout]  197 |         libc::fgetxattr(
[INFO] [stdout]      |         ^^^^^^^^^^^^^^^
[INFO] [stdout] ...
[INFO] [stdout]  202 |             position,
[INFO] [stdout]      |             -------- unexpected argument #5 of type `u32`
[INFO] [stdout]  203 |             0,
[INFO] [stdout]      |             - unexpected argument #6 of type `{integer}`
[INFO] [stdout]      |
[INFO] [stdout] note: function defined here
[INFO] [stdout]     --> /opt/rustwide/cargo-home/registry/src/index.crates.io-1949cf8c6b5b557f/libc-0.2.189/src/unix/linux_like/linux/mod.rs:3544:12
[INFO] [stdout]      |
[INFO] [stdout] 3544 |     pub fn fgetxattr(
[INFO] [stdout]      |            ^^^^^^^^^
[INFO] [stdout] help: remove the extra arguments
[INFO] [stdout]      |
[INFO] [stdout]  201 -             buffer.len(),
[INFO] [stdout]  202 -             position,
[INFO] [stdout]  203 -             0,
[INFO] [stdout]  201 +             buffer.len(),
[INFO] [stdout]      |
[INFO] [stdout] 
[INFO] [stdout] 
[INFO] [stdout] Some errors have detailed explanations: E0061, E0422, E0425, E0609.
[INFO] [stdout] 
[INFO] [stdout] For more information about an error, try `rustc --explain E0061`.
[INFO] [stdout] 
[INFO] [stdout] error[E0061]: this function takes 3 arguments but 4 arguments were supplied
[INFO] [stdout]     --> src/macos/metadata.rs:232:27
[INFO] [stdout]      |
[INFO] [stdout]  232 |     let length = unsafe { libc::flistxattr(file.as_raw_fd(), ptr::null_mut(), 0, 0) };
[INFO] [stdout]      |                           ^^^^^^^^^^^^^^^^                                       - unexpected argument #4 of type `{integer}`
[INFO] [stdout]      |
[INFO] [stdout] note: function defined here
[INFO] [stdout]     --> /opt/rustwide/cargo-home/registry/src/index.crates.io-1949cf8c6b5b557f/libc-0.2.189/src/unix/linux_like/linux/mod.rs:3573:12
[INFO] [stdout]      |
[INFO] [stdout] 3573 |     pub fn flistxattr(filedes: c_int, list: *mut c_char, size: size_t) -> ssize_t;
[INFO] [stdout]      |            ^^^^^^^^^^
[INFO] [stdout] help: remove the extra argument
[INFO] [stdout]      |
[INFO] [stdout]  232 -     let length = unsafe { libc::flistxattr(file.as_raw_fd(), ptr::null_mut(), 0, 0) };
[INFO] [stdout]  232 +     let length = unsafe { libc::flistxattr(file.as_raw_fd(), ptr::null_mut(), 0) };
[INFO] [stdout]      |
[INFO] [stdout] 
[INFO] [stdout] 
[INFO] [stdout] error[E0061]: this function takes 3 arguments but 4 arguments were supplied
[INFO] [stdout]     --> src/macos/metadata.rs:240:18
[INFO] [stdout]      |
[INFO] [stdout]  240 |         unsafe { libc::flistxattr(file.as_raw_fd(), bytes.as_mut_ptr().cast(), bytes.len(), 0) };
[INFO] [stdout]      |                  ^^^^^^^^^^^^^^^^                                                           - unexpected argument #4 of type `{integer}`
[INFO] [stdout]      |
[INFO] [stdout] note: function defined here
[INFO] [stdout]     --> /opt/rustwide/cargo-home/registry/src/index.crates.io-1949cf8c6b5b557f/libc-0.2.189/src/unix/linux_like/linux/mod.rs:3573:12
[INFO] [stdout]      |
[INFO] [stdout] 3573 |     pub fn flistxattr(filedes: c_int, list: *mut c_char, size: size_t) -> ssize_t;
[INFO] [stdout]      |            ^^^^^^^^^^
[INFO] [stdout] help: remove the extra argument
[INFO] [stdout]      |
[INFO] [stdout]  240 -         unsafe { libc::flistxattr(file.as_raw_fd(), bytes.as_mut_ptr().cast(), bytes.len(), 0) };
[INFO] [stdout]  240 +         unsafe { libc::flistxattr(file.as_raw_fd(), bytes.as_mut_ptr().cast(), bytes.len()) };
[INFO] [stdout]      |
[INFO] [stdout] 
[INFO] [stdout] 
[INFO] [stdout] error[E0061]: this function takes 4 arguments but 6 arguments were supplied
[INFO] [stdout]     --> src/macos/metadata.rs:270:18
[INFO] [stdout]      |
[INFO] [stdout]  270 |         unsafe { libc::fgetxattr(file.as_raw_fd(), name.as_ptr(), ptr::null_mut(), 0, 0, 0) };
[INFO] [stdout]      |                  ^^^^^^^^^^^^^^^                                                      -  - unexpected argument #6 of type `{integer}`
[INFO] [stdout]      |                                                                                       |
[INFO] [stdout]      |                                                                                       unexpected argument #5 of type `{integer}`
[INFO] [stdout]      |
[INFO] [stdout] note: function defined here
[INFO] [stdout]     --> /opt/rustwide/cargo-home/registry/src/index.crates.io-1949cf8c6b5b557f/libc-0.2.189/src/unix/linux_like/linux/mod.rs:3544:12
[INFO] [stdout]      |
[INFO] [stdout] 3544 |     pub fn fgetxattr(
[INFO] [stdout]      |            ^^^^^^^^^
[INFO] [stdout] help: remove the extra arguments
[INFO] [stdout]      |
[INFO] [stdout]  270 -         unsafe { libc::fgetxattr(file.as_raw_fd(), name.as_ptr(), ptr::null_mut(), 0, 0, 0) };
[INFO] [stdout]  270 +         unsafe { libc::fgetxattr(file.as_raw_fd(), name.as_ptr(), ptr::null_mut(), 0) };
[INFO] [stdout]      |
[INFO] [stdout] 
[INFO] [stdout] 
[INFO] [stdout] error[E0061]: this function takes 4 arguments but 6 arguments were supplied
[INFO] [stdout]     --> src/macos/metadata.rs:278:9
[INFO] [stdout]      |
[INFO] [stdout]  278 |         libc::fgetxattr(
[INFO] [stdout]      |         ^^^^^^^^^^^^^^^
[INFO] [stdout] ...
[INFO] [stdout]  283 |             0,
[INFO] [stdout]      |             - unexpected argument #5 of type `{integer}`
[INFO] [stdout]  284 |             0,
[INFO] [stdout]      |             - unexpected argument #6 of type `{integer}`
[INFO] [stdout]      |
[INFO] [stdout] note: function defined here
[INFO] [stdout]     --> /opt/rustwide/cargo-home/registry/src/index.crates.io-1949cf8c6b5b557f/libc-0.2.189/src/unix/linux_like/linux/mod.rs:3544:12
[INFO] [stdout]      |
[INFO] [stdout] 3544 |     pub fn fgetxattr(
[INFO] [stdout]      |            ^^^^^^^^^
[INFO] [stdout] help: remove the extra arguments
[INFO] [stdout]      |
[INFO] [stdout]  282 -             value.len(),
[INFO] [stdout]  283 -             0,
[INFO] [stdout]  284 -             0,
[INFO] [stdout]  282 +             value.len(),
[INFO] [stdout]      |
[INFO] [stdout] 
[INFO] [stdout] 
[INFO] [stderr] error: could not compile `filefold` (lib) due to 40 previous errors
[INFO] [stdout] error[E0061]: this function takes 5 arguments but 6 arguments were supplied
[INFO] [stdout]     --> src/macos/metadata.rs:297:9
[INFO] [stdout]      |
[INFO] [stdout]  297 |         libc::fsetxattr(
[INFO] [stdout]      |         ^^^^^^^^^^^^^^^
[INFO] [stdout] ...
[INFO] [stdout]  303 |             0,
[INFO] [stdout]      |             - unexpected argument #6 of type `{integer}`
[INFO] [stdout]      |
[INFO] [stdout] note: function defined here
[INFO] [stdout]     --> /opt/rustwide/cargo-home/registry/src/index.crates.io-1949cf8c6b5b557f/libc-0.2.189/src/unix/linux_like/linux/mod.rs:3564:12
[INFO] [stdout]      |
[INFO] [stdout] 3564 |     pub fn fsetxattr(
[INFO] [stdout]      |            ^^^^^^^^^
[INFO] [stdout] help: remove the extra argument
[INFO] [stdout]      |
[INFO] [stdout]  302 -             0,
[INFO] [stdout]      |
[INFO] [stdout] 
[INFO] [stdout] 
[INFO] [stderr] warning: build failed, waiting for other jobs to finish...
[INFO] [stdout] error[E0061]: this function takes 2 arguments but 3 arguments were supplied
[INFO] [stdout]     --> src/macos/metadata.rs:312:27
[INFO] [stdout]      |
[INFO] [stdout]  312 |     let result = unsafe { libc::fremovexattr(file.as_raw_fd(), name.as_ptr(), 0) };
[INFO] [stdout]      |                           ^^^^^^^^^^^^^^^^^^                                  - unexpected argument #3 of type `{integer}`
[INFO] [stdout]      |
[INFO] [stdout] note: function defined here
[INFO] [stdout]     --> /opt/rustwide/cargo-home/registry/src/index.crates.io-1949cf8c6b5b557f/libc-0.2.189/src/unix/linux_like/linux/mod.rs:3576:12
[INFO] [stdout]      |
[INFO] [stdout] 3576 |     pub fn fremovexattr(filedes: c_int, name: *const c_char) -> c_int;
[INFO] [stdout]      |            ^^^^^^^^^^^^
[INFO] [stdout] help: remove the extra argument
[INFO] [stdout]      |
[INFO] [stdout]  312 -     let result = unsafe { libc::fremovexattr(file.as_raw_fd(), name.as_ptr(), 0) };
[INFO] [stdout]  312 +     let result = unsafe { libc::fremovexattr(file.as_raw_fd(), name.as_ptr()) };
[INFO] [stdout]      |
[INFO] [stdout] 
[INFO] [stdout] 
[INFO] [stdout] Some errors have detailed explanations: E0061, E0422, E0425, E0609.
[INFO] [stdout] 
[INFO] [stdout] For more information about an error, try `rustc --explain E0061`.
[INFO] [stdout] 
[INFO] [stderr] error: could not compile `filefold` (lib test) due to 45 previous errors
[INFO] running `Command { std: "docker" "inspect" "ce6129b392458d4962a278132514f5a4eb4f065c9d2c728bbdebced85713033f", kill_on_drop: false }`
[INFO] running `Command { std: "docker" "rm" "-f" "ce6129b392458d4962a278132514f5a4eb4f065c9d2c728bbdebced85713033f", kill_on_drop: false }`
[INFO] [stdout] ce6129b392458d4962a278132514f5a4eb4f065c9d2c728bbdebced85713033f
