[INFO] cloning repository https://github.com/syuumaimikan/stellite
[INFO] running `Command { std: "git" "-c" "credential.helper=" "-c" "credential.helper=/workspace/cargo-home/bin/git-credential-null" "clone" "--bare" "https://github.com/syuumaimikan/stellite" "/workspace/cache/git-repos/https%3A%2F%2Fgithub.com%2Fsyuumaimikan%2Fstellite", kill_on_drop: false }`
[INFO] [stderr] Cloning into bare repository '/workspace/cache/git-repos/https%3A%2F%2Fgithub.com%2Fsyuumaimikan%2Fstellite'...
[INFO] running `Command { std: "git" "rev-parse" "HEAD", kill_on_drop: false }`
[INFO] [stdout] 57602b31a5566ba945e72eefb132c23b8639dcbc
[INFO] checking syuumaimikan/stellite against 3154cc1a3e6424e44f438a95007d043ed5ceaaf6+rustflags=-Znext-solver=coherence for pr-133502-30
[INFO] running `Command { std: "git" "clone" "/workspace/cache/git-repos/https%3A%2F%2Fgithub.com%2Fsyuumaimikan%2Fstellite" "/workspace/builds/worker-0-tc1/source", kill_on_drop: false }`
[INFO] [stderr] Cloning into '/workspace/builds/worker-0-tc1/source'...
[INFO] [stderr] done.
[INFO] started tweaking git repo https://github.com/syuumaimikan/stellite
[INFO] finished tweaking git repo https://github.com/syuumaimikan/stellite
[INFO] tweaked toml for git repo https://github.com/syuumaimikan/stellite written to /workspace/builds/worker-0-tc1/source/Cargo.toml
[INFO] validating manifest of git repo https://github.com/syuumaimikan/stellite on toolchain 3154cc1a3e6424e44f438a95007d043ed5ceaaf6
[INFO] running `Command { std: CARGO_HOME="/workspace/cargo-home" RUSTUP_HOME="/workspace/rustup-home" "/workspace/cargo-home/bin/cargo" "+3154cc1a3e6424e44f438a95007d043ed5ceaaf6" "metadata" "--manifest-path" "Cargo.toml" "--no-deps", kill_on_drop: false }`
[INFO] crate git repo https://github.com/syuumaimikan/stellite already has a lockfile, it will not be regenerated
[INFO] running `Command { std: CARGO_HOME="/workspace/cargo-home" RUSTUP_HOME="/workspace/rustup-home" "/workspace/cargo-home/bin/cargo" "+3154cc1a3e6424e44f438a95007d043ed5ceaaf6" "fetch" "--manifest-path" "Cargo.toml", kill_on_drop: false }`
[INFO] [stderr]     Updating crates.io index
[INFO] [stderr]  Downloading crates ...
[INFO] [stderr]   Downloaded windows-numerics v0.1.1
[INFO] [stderr]   Downloaded windows-implement v0.59.0
[INFO] [stderr]   Downloaded windows-core v0.60.1
[INFO] [stderr]   Downloaded windows-future v0.1.1
[INFO] [stderr]   Downloaded gix-actor v0.41.2
[INFO] [stderr]   Downloaded gix-chunk v0.7.3
[INFO] [stderr]   Downloaded gix-utils v0.3.5
[INFO] [stderr]   Downloaded gix-quote v0.7.2
[INFO] [stderr]   Downloaded gix-validate v0.11.3
[INFO] [stderr]   Downloaded gix-hashtable v0.15.2
[INFO] [stderr]   Downloaded gix-command v0.9.1
[INFO] [stderr]   Downloaded gix-bitmap v0.3.3
[INFO] [stderr]   Downloaded windows-collections v0.1.1
[INFO] [stderr]   Downloaded gix-trace v0.1.21
[INFO] [stderr]   Downloaded gix-lock v23.0.1
[INFO] [stderr]   Downloaded gix-attributes v0.33.2
[INFO] [stderr]   Downloaded gix-ignore v0.21.1
[INFO] [stderr]   Downloaded gix-sec v0.14.2
[INFO] [stderr]   Downloaded kstring v2.0.4
[INFO] [stderr]   Downloaded gix-negotiate v0.33.0
[INFO] [stderr]   Downloaded gix-revwalk v0.33.0
[INFO] [stderr]   Downloaded gix-hash v0.25.1
[INFO] [stderr]   Downloaded gix-features v0.48.1
[INFO] [stderr]   Downloaded gix-commitgraph v0.37.1
[INFO] [stderr]   Downloaded gix-url v0.36.2
[INFO] [stderr]   Downloaded gix-config-value v0.18.1
[INFO] [stderr]   Downloaded gix-prompt v0.15.1
[INFO] [stderr]   Downloaded gix-error v0.2.5
[INFO] [stderr]   Downloaded gix-glob v0.26.1
[INFO] [stderr]   Downloaded gix-tempfile v23.0.2
[INFO] [stderr]   Downloaded gix-shallow v0.12.1
[INFO] [stderr]   Downloaded vergen-lib v10.0.1
[INFO] [stderr]   Downloaded gix-worktree-stream v0.34.0
[INFO] [stderr]   Downloaded gix-traverse v0.59.0
[INFO] [stderr]   Downloaded gix-date v0.15.6
[INFO] [stderr]   Downloaded vergen v10.0.1
[INFO] [stderr]   Downloaded gix-fs v0.21.2
[INFO] [stderr]   Downloaded gix-worktree-state v0.32.0
[INFO] [stderr]   Downloaded gix-worktree v0.54.0
[INFO] [stderr]   Downloaded gix-submodule v0.32.0
[INFO] [stderr]   Downloaded gix-refspec v0.43.0
[INFO] [stderr]   Downloaded gix-pathspec v0.18.1
[INFO] [stderr]   Downloaded gix-dir v0.27.0
[INFO] [stderr]   Downloaded gix-discover v0.53.0
[INFO] [stderr]   Downloaded gix-credentials v0.38.2
[INFO] [stderr]   Downloaded gix-path v0.12.3
[INFO] [stderr]   Downloaded gix-filter v0.32.0
[INFO] [stderr]   Downloaded gix-index v0.53.0
[INFO] [stderr]   Downloaded gix-revision v0.47.0
[INFO] [stderr]   Downloaded gix-status v0.32.0
[INFO] [stderr]   Downloaded vergen-gix v10.0.1
[INFO] [stderr]   Downloaded gix-object v0.62.0
[INFO] [stderr]   Downloaded gix-packetline v0.21.5
[INFO] [stderr]   Downloaded gix-imara-diff v0.2.4
[INFO] [stderr]   Downloaded gix-protocol v0.63.0
[INFO] [stderr]   Downloaded gix-transport v0.57.2
[INFO] [stderr]   Downloaded gix-config v0.58.0
[INFO] [stderr]   Downloaded gix-ref v0.65.0
[INFO] [stderr]   Downloaded gix-diff v0.65.0
[INFO] [stderr]   Downloaded gix-odb v0.82.0
[INFO] [stderr]   Downloaded gix-pack v0.72.0
[INFO] [stderr]   Downloaded gix v0.85.0
[INFO] [stderr]   Downloaded ratatui-image v4.2.0
[INFO] [stderr]   Downloaded windows v0.60.0
[INFO] [stderr]   Downloaded icy_sixel v0.1.3
[INFO] [stderr]   Downloaded human-panic v2.0.8
[INFO] [stderr]   Downloaded better-panic v0.3.0
[INFO] running `Command { std: "docker" "create" "-v" "/var/lib/crater-agent-workspace/builds/worker-0-tc1/source:/opt/rustwide/workdir:ro,Z" "-v" "/var/lib/crater-agent-workspace/builds/worker-0-tc1/target:/opt/rustwide/target:rw,Z" "-v" "/var/lib/crater-agent-workspace/cargo-home:/opt/rustwide/cargo-home:ro,Z" "-v" "/var/lib/crater-agent-workspace/rustup-home:/opt/rustwide/rustup-home:ro,Z" "-m" "1610612736" "--network" "none" "ghcr.io/rust-lang/crates-build-env/linux@sha256:77db811e55d90add9212f6832c23229e3de5f1c1f9905e8cb07319ea15df73ac" "sleep" "infinity", kill_on_drop: false }`
[INFO] [stdout] 39271c57461447a1f7783e0da67063ee8e64d0347fd8b10ed447c5be3e060ecb
[INFO] running `Command { std: "docker" "start" "39271c57461447a1f7783e0da67063ee8e64d0347fd8b10ed447c5be3e060ecb", kill_on_drop: false }`
[INFO] running `Command { std: "docker" "inspect" "39271c57461447a1f7783e0da67063ee8e64d0347fd8b10ed447c5be3e060ecb", kill_on_drop: false }`
[INFO] running `Command { std: "docker" "exec" "-e" "SOURCE_DIR=/opt/rustwide/workdir" "-e" "CARGO_HOME=/opt/rustwide/cargo-home" "-e" "RUSTUP_HOME=/opt/rustwide/rustup-home" "-e" "CARGO_TARGET_DIR=/opt/rustwide/target" "-w" "/opt/rustwide/workdir" "--user" "0:0" "39271c57461447a1f7783e0da67063ee8e64d0347fd8b10ed447c5be3e060ecb" "/opt/rustwide/cargo-home/bin/cargo" "+3154cc1a3e6424e44f438a95007d043ed5ceaaf6" "metadata" "--no-deps" "--format-version=1", kill_on_drop: false }`
[INFO] running `Command { std: "docker" "inspect" "39271c57461447a1f7783e0da67063ee8e64d0347fd8b10ed447c5be3e060ecb", kill_on_drop: false }`
[INFO] running `Command { std: "docker" "exec" "-e" "SOURCE_DIR=/opt/rustwide/workdir" "-e" "CARGO_HOME=/opt/rustwide/cargo-home" "-e" "RUSTUP_HOME=/opt/rustwide/rustup-home" "-e" "CARGO_TARGET_DIR=/opt/rustwide/target" "-e" "CARGO_INCREMENTAL=0" "-e" "RUST_BACKTRACE=full" "-e" "RUSTFLAGS=--cap-lints=forbid -Znext-solver=coherence" "-e" "RUSTDOCFLAGS=--cap-lints=forbid" "-w" "/opt/rustwide/workdir" "--user" "0:0" "39271c57461447a1f7783e0da67063ee8e64d0347fd8b10ed447c5be3e060ecb" "/opt/rustwide/cargo-home/bin/cargo" "+3154cc1a3e6424e44f438a95007d043ed5ceaaf6" "check" "--frozen" "--all" "--all-targets" "--message-format=json", kill_on_drop: false }`
[INFO] [stderr]    Compiling regex-automata v0.4.16
[INFO] [stderr]    Compiling gix-trace v0.1.21
[INFO] [stderr]    Compiling smallvec v1.15.2
[INFO] [stderr]    Compiling zlib-rs v0.6.6
[INFO] [stderr]    Compiling unicode-normalization v0.1.25
[INFO] [stderr]    Compiling crc32fast v1.5.0
[INFO] [stderr]    Compiling bitflags v2.13.1
[INFO] [stderr]    Compiling syn v2.0.119
[INFO] [stderr]    Compiling getrandom v0.4.3
[INFO] [stderr]    Compiling byteorder v1.5.0
[INFO] [stderr]    Compiling heapless v0.8.0
[INFO] [stderr]    Compiling crypto-common v0.1.7
[INFO] [stderr]    Compiling foldhash v0.2.0
[INFO] [stderr]    Compiling jiff-core v0.1.0
[INFO] [stderr]    Compiling rustix v1.1.4
[INFO] [stderr]    Compiling linux-raw-sys v0.12.1
[INFO] [stderr]    Compiling memmap2 v0.9.11
[INFO] [stderr]    Compiling hashbrown v0.17.1
[INFO] [stderr]    Compiling digest v0.10.7
[INFO] [stderr]    Compiling errno v0.3.14
[INFO] [stderr]    Compiling signal-hook v0.4.4
[INFO] [stderr]    Compiling crossbeam-utils v0.8.22
[INFO] [stderr]    Compiling hash32 v0.3.1
[INFO] [stderr]    Compiling parking_lot_core v0.9.12
[INFO] [stderr]    Compiling nonempty v0.12.0
[INFO] [stderr]    Compiling signal-hook-registry v1.4.8
[INFO] [stderr]    Compiling sha1 v0.10.7
[INFO] [stderr]    Compiling parking_lot v0.12.5
[INFO] [stderr]    Compiling unicode-bom v2.0.3
[INFO] [stderr]    Compiling sha1-checked v0.10.0
[INFO] [stderr]    Compiling kstring v2.0.4
[INFO] [stderr]     Checking serde v1.0.229
[INFO] [stderr]    Compiling shell-words v1.1.1
[INFO] [stderr]    Compiling gix-sec v0.14.2
[INFO] [stderr]     Checking either v1.17.0
[INFO] [stderr]    Compiling filetime v0.2.29
[INFO] [stderr]    Compiling encoding_rs v0.8.35
[INFO] [stderr]    Compiling faster-hex v0.10.0
[INFO] [stderr]    Compiling prodash v31.0.0
[INFO] [stderr]     Checking num-bigint v0.4.8
[INFO] [stderr]     Checking mio v1.2.2
[INFO] [stderr]    Compiling hashbrown v0.16.1
[INFO] [stderr]     Checking windows-link v0.1.3
[INFO] [stderr]     Checking bytemuck v1.25.2
[INFO] [stderr]    Compiling dashmap v6.2.1
[INFO] [stderr]     Checking rayon v1.12.0
[INFO] [stderr]    Compiling vergen-lib v10.0.1
[INFO] [stderr]    Compiling getrandom v0.2.17
[INFO] [stderr]    Compiling libm v0.2.16
[INFO] [stderr]    Compiling object v0.37.3
[INFO] [stderr]    Compiling bstr v1.13.0
[INFO] [stderr]    Compiling const-random-macro v0.1.16
[INFO] [stderr]     Checking num-complex v0.4.6
[INFO] [stderr]    Compiling pest v2.8.8
[INFO] [stderr]     Checking windows-strings v0.3.1
[INFO] [stderr]     Checking windows-result v0.3.4
[INFO] [stderr]    Compiling arc-swap v1.9.2
[INFO] [stderr]     Checking nom v8.0.0
[INFO] [stderr]     Checking no_std_io2 v0.9.4
[INFO] [stderr]    Compiling vergen v10.0.1
[INFO] [stderr]    Compiling jiff v0.2.35
[INFO] [stderr]    Compiling io-close v0.3.7
[INFO] [stderr]    Compiling pulp v0.22.3
[INFO] [stderr]    Compiling clru v0.6.3
[INFO] [stderr]     Checking futures-sink v0.3.33
[INFO] [stderr]    Compiling rustix v0.38.44
[INFO] [stderr]    Compiling num_threads v0.1.7
[INFO] [stderr]    Compiling pastey v0.1.1
[INFO] [stderr]     Checking gimli v0.32.3
[INFO] [stderr]     Checking y4m v0.8.0
[INFO] [stderr]    Compiling time v0.3.54
[INFO] [stderr]    Compiling alsa-sys v0.3.1
[INFO] [stderr]    Compiling gix-validate v0.11.3
[INFO] [stderr]    Compiling gix-utils v0.3.5
[INFO] [stderr]    Compiling gix-error v0.2.5
[INFO] [stderr]    Compiling gix-packetline v0.21.5
[INFO] [stderr]     Checking num-rational v0.4.2
[INFO] [stderr]    Compiling gix-path v0.12.3
[INFO] [stderr]    Compiling gix-imara-diff v0.2.4
[INFO] [stderr]    Compiling gix-chunk v0.7.3
[INFO] [stderr]    Compiling gix-quote v0.7.2
[INFO] [stderr]    Compiling gix-bitmap v0.3.3
[INFO] [stderr]     Checking bitstream-io v4.10.0
[INFO] [stderr]     Checking const-random v0.1.18
[INFO] [stderr]     Checking signal-hook-mio v0.2.5
[INFO] [stderr]    Compiling gix-config-value v0.18.1
[INFO] [stderr]    Compiling gix-command v0.9.1
[INFO] [stderr]    Compiling gix-url v0.36.2
[INFO] [stderr]    Compiling rav1e v0.8.1
[INFO] [stderr]     Checking tracing-log v0.2.0
[INFO] [stderr]     Checking itertools v0.14.0
[INFO] [stderr]     Checking matchers v0.2.0
[INFO] [stderr]    Compiling pest_meta v2.8.8
[INFO] [stderr]     Checking raw-cpuid v11.6.0
[INFO] [stderr]     Checking maybe-rayon v0.1.1
[INFO] [stderr]    Compiling vergen-gix v10.0.1
[INFO] [stderr]    Compiling simd_helpers v0.1.0
[INFO] [stderr]     Checking rustc-demangle v0.1.28
[INFO] [stderr]     Checking pulp-wasm-simd-flag v0.1.1
[INFO] [stderr]    Compiling instability v0.3.12
[INFO] [stderr]     Checking ucd-trie v0.1.7
[INFO] [stderr]    Compiling noop_proc_macro v0.3.0
[INFO] [stderr]     Checking imgref v1.12.2
[INFO] [stderr]    Compiling owo-colors v4.3.0
[INFO] [stderr]     Checking loop9 v0.1.5
[INFO] [stderr]    Compiling tempfile v3.27.0
[INFO] [stderr]    Compiling gix-prompt v0.15.1
[INFO] [stderr]     Checking addr2line v0.25.1
[INFO] [stderr]     Checking toml_parser v1.1.3+spec-1.1.0
[INFO] [stderr]     Checking dlv-list v0.5.2
[INFO] [stderr]     Checking futures-channel v0.3.33
[INFO] [stderr]     Checking avif-serialize v0.8.9
[INFO] [stderr]     Checking itertools v0.13.0
[INFO] [stderr]     Checking zune-inflate v0.2.54
[INFO] [stderr]     Checking toml_datetime v1.1.1+spec-1.1.0
[INFO] [stderr]     Checking serde_spanned v1.1.1
[INFO] [stderr]     Checking futures-io v0.3.33
[INFO] [stderr]     Checking toml_writer v1.1.2+spec-1.1.0
[INFO] [stderr]     Checking fax v0.2.7
[INFO] [stderr]     Checking ordered-multimap v0.7.3
[INFO] [stderr]     Checking compact_str v0.8.2
[INFO] [stderr]     Checking moxcms v0.8.1
[INFO] [stderr]     Checking toml v1.1.4+spec-1.1.0
[INFO] [stderr]     Checking png v0.18.1
[INFO] [stderr]     Checking hashlink v0.11.1
[INFO] [stderr]     Checking anstream v0.6.21
[INFO] [stderr]     Checking erased-serde v0.4.10
[INFO] [stderr]    Compiling gix-date v0.15.6
[INFO] [stderr]     Checking terminal_size v0.4.4
[INFO] [stderr]     Checking qoi v0.4.1
[INFO] [stderr]    Compiling darling_core v0.23.0
[INFO] [stderr]    Compiling prettyplease v0.2.37
[INFO] [stderr]    Compiling pest_generator v2.8.8
[INFO] [stderr]    Compiling gix-features v0.48.1
[INFO] [stderr]    Compiling gix-actor v0.41.2
[INFO] [stderr]    Compiling gix-credentials v0.38.2
[INFO] [stderr]     Checking strength_reduce v0.2.4
[INFO] [stderr]     Checking yaml-rust2 v0.11.0
[INFO] [stderr]     Checking unicode-truncate v1.1.0
[INFO] [stderr]     Checking ron v0.12.2
[INFO] [stderr]    Compiling gix-hash v0.25.1
[INFO] [stderr]    Compiling gix-fs v0.21.2
[INFO] [stderr]    Compiling gix-glob v0.26.1
[INFO] [stderr]    Compiling gix-transport v0.57.2
[INFO] [stderr]    Compiling gix-hashtable v0.15.2
[INFO] [stderr]    Compiling gix-tempfile v23.0.2
[INFO] [stderr]    Compiling gix-commitgraph v0.37.1
[INFO] [stderr]    Compiling gix-object v0.62.0
[INFO] [stderr]    Compiling gix-attributes v0.33.2
[INFO] [stderr]    Compiling gix-ignore v0.21.1
[INFO] [stderr]     Checking crossterm v0.28.1
[INFO] [stderr]     Checking transpose v0.2.3
[INFO] [stderr]     Checking eyre v0.6.12
[INFO] [stderr]     Checking clap_builder v4.5.60
[INFO] [stderr]     Checking tokio v1.53.1
[INFO] [stderr]    Compiling gix-lock v23.0.1
[INFO] [stderr]    Compiling gix-shallow v0.12.1
[INFO] [stderr]     Checking uuid v1.24.0
[INFO] [stderr]     Checking serde-untagged v0.1.9
[INFO] [stderr]    Compiling gix-pathspec v0.18.1
[INFO] [stderr]     Checking backtrace v0.3.76
[INFO] [stderr]     Checking alsa v0.9.1
[INFO] [stderr]     Checking serde_json v1.0.151
[INFO] [stderr]     Checking rust-ini v0.21.3
[INFO] [stderr]     Checking convert_case v0.6.0
[INFO] [stderr]    Compiling equator-macro v0.4.2
[INFO] [stderr]    Compiling zerocopy-derive v0.8.55
[INFO] [stderr]    Compiling arg_enum_proc_macro v0.3.4
[INFO] [stderr]    Compiling windows-interface v0.59.3
[INFO] [stderr]    Compiling tracing-attributes v0.1.31
[INFO] [stderr]    Compiling windows-implement v0.59.0
[INFO] [stderr]    Compiling maybe-async v0.2.11
[INFO] [stderr]    Compiling profiling-procmacros v1.0.18
[INFO] [stderr]    Compiling gix-revwalk v0.33.0
[INFO] [stderr]    Compiling gix-ref v0.65.0
[INFO] [stderr]     Checking equator v0.4.2
[INFO] [stderr]    Compiling gix-filter v0.32.0
[INFO] [stderr]    Compiling gix-pack v0.72.0
[INFO] [stderr]     Checking profiling v1.0.18
[INFO] [stderr]    Compiling num-derive v0.4.2
[INFO] [stderr]    Compiling strum_macros v0.26.4
[INFO] [stderr]    Compiling gix-traverse v0.59.0
[INFO] [stderr]    Compiling gix-revision v0.47.0
[INFO] [stderr]    Compiling gix-negotiate v0.33.0
[INFO] [stderr]     Checking aligned-vec v0.6.4
[INFO] [stderr]    Compiling gix-index v0.53.0
[INFO] [stderr]     Checking windows-core v0.60.1
[INFO] [stderr]     Checking v_frame v0.3.9
[INFO] [stderr]    Compiling futures-macro v0.3.33
[INFO] [stderr]    Compiling thiserror-impl v1.0.69
[INFO] [stderr]     Checking av1-grain v0.2.5
[INFO] [stderr]     Checking av-scenechange v0.14.1
[INFO] [stderr]     Checking tracing v0.1.44
[INFO] [stderr]    Compiling gix-refspec v0.43.0
[INFO] [stderr]     Checking tracing-subscriber v0.3.23
[INFO] [stderr]     Checking zerocopy v0.8.55
[INFO] [stderr]    Compiling pest_derive v2.8.8
[INFO] [stderr]    Compiling gix-discover v0.53.0
[INFO] [stderr]    Compiling gix-config v0.58.0
[INFO] [stderr]    Compiling gix-protocol v0.63.0
[INFO] [stderr]     Checking futures-util v0.3.33
[INFO] [stderr]    Compiling derive_more-impl v2.1.1
[INFO] [stderr]    Compiling darling_macro v0.23.0
[INFO] [stderr]     Checking json5 v0.4.1
[INFO] [stderr]    Compiling gix-worktree v0.54.0
[INFO] [stderr]    Compiling darling v0.23.0
[INFO] [stderr]     Checking thiserror v1.0.69
[INFO] [stderr]    Compiling bon-macros v3.9.3
[INFO] [stderr]     Checking derive_more v2.1.1
[INFO] [stderr]    Compiling gix-dir v0.27.0
[INFO] [stderr]    Compiling gix-diff v0.65.0
[INFO] [stderr]    Compiling gix-odb v0.82.0
[INFO] [stderr]    Compiling gix-worktree-state v0.32.0
[INFO] [stderr]     Checking strum v0.26.3
[INFO] [stderr]     Checking windows-collections v0.1.1
[INFO] [stderr]     Checking windows-future v0.1.1
[INFO] [stderr]     Checking windows-numerics v0.1.1
[INFO] [stderr]    Compiling strum_macros v0.28.0
[INFO] [stderr]     Checking ratatui v0.29.0
[INFO] [stderr]    Compiling clap_derive v4.5.55
[INFO] [stderr]     Checking primal-check v0.3.4
[INFO] [stderr]     Checking console v0.15.11
[INFO] [stderr]     Checking vte v0.14.1
[INFO] [stderr]     Checking sysinfo v0.38.4
[INFO] [stderr]     Checking icy_sixel v0.1.3
[INFO] [stderr]     Checking tracing-error v0.2.1
[INFO] [stderr]     Checking yansi v1.0.1
[INFO] [stderr]     Checking diff v0.1.13
[INFO] [stderr]     Checking color-spantrace v0.3.0
[INFO] [stderr]     Checking cpal v0.15.3
[INFO] [stderr]     Checking better-panic v0.3.0
[INFO] [stderr]    Compiling gix-submodule v0.32.0
[INFO] [stderr]     Checking color-eyre v0.6.5
[INFO] [stderr]     Checking human-panic v2.0.8
[INFO] [stderr]     Checking pretty_assertions v1.4.1
[INFO] [stderr]    Compiling gix-status v0.32.0
[INFO] [stderr]     Checking strip-ansi-escapes v0.2.1
[INFO] [stderr]     Checking config v0.15.25
[INFO] [stderr]     Checking windows v0.60.0
[INFO] [stderr]     Checking rustfft v6.4.1
[INFO] [stderr]     Checking crossterm v0.29.0
[INFO] [stderr]     Checking json5 v1.3.1
[INFO] [stderr]     Checking tokio-util v0.7.19
[INFO] [stderr]    Compiling gix v0.85.0
[INFO] [stderr]     Checking strum v0.28.0
[INFO] [stderr]     Checking clap v4.5.60
[INFO] [stderr]     Checking futures-executor v0.3.33
[INFO] [stderr]     Checking futures v0.3.33
[INFO] [stderr]    Compiling bon v3.9.3
[INFO] [stderr]     Checking half v2.7.1
[INFO] [stderr]     Checking ppv-lite86 v0.2.21
[INFO] [stderr]     Checking tiff v0.11.3
[INFO] [stderr]     Checking exr v1.74.2
[INFO] [stderr]     Checking rand_chacha v0.3.1
[INFO] [stderr]     Checking rand v0.8.7
[INFO] [stderr]     Checking ravif v0.13.0
[INFO] [stderr]     Checking image v0.25.10
[INFO] [stderr]    Compiling stellite v0.1.0 (/opt/rustwide/workdir)
[INFO] [stderr]     Checking ratatui-image v4.2.0
[INFO] [stdout] error[E0432]: unresolved import `mpris`
[INFO] [stdout]  --> src/media/linux.rs:2:5
[INFO] [stdout]   |
[INFO] [stdout] 2 | use mpris::{Player, PlayerFinder};
[INFO] [stdout]   |     ^^^^^ use of unresolved module or unlinked crate `mpris`
[INFO] [stdout]   |
[INFO] [stdout]   = help: if you wanted to use a crate named `mpris`, use `cargo add mpris` to add it to your `Cargo.toml`
[INFO] [stdout] 
[INFO] [stdout] 
[INFO] [stdout] error[E0432]: unresolved import `mpris`
[INFO] [stdout]  --> src/media/linux.rs:2:5
[INFO] [stdout]   |
[INFO] [stdout] 2 | use mpris::{Player, PlayerFinder};
[INFO] [stdout]   |     ^^^^^ use of unresolved module or unlinked crate `mpris`
[INFO] [stdout]   |
[INFO] [stdout]   = help: if you wanted to use a crate named `mpris`, use `cargo add mpris` to add it to your `Cargo.toml`
[INFO] [stdout] 
[INFO] [stdout] 
[INFO] [stdout] error[E0433]: cannot find module or crate `reqwest` in this scope
[INFO] [stdout]   --> src/media/linux.rs:50:24
[INFO] [stdout]    |
[INFO] [stdout] 50 |             let data = reqwest::blocking::get(url)?.bytes()?.to_vec();
[INFO] [stdout]    |                        ^^^^^^^ use of unresolved module or unlinked crate `reqwest`
[INFO] [stdout]    |
[INFO] [stdout]    = help: if you wanted to use a crate named `reqwest`, use `cargo add reqwest` to add it to your `Cargo.toml`
[INFO] [stdout] 
[INFO] [stdout] 
[INFO] [stdout] warning: unused imports: `NameHeadCharList` and `Namelist`
[INFO] [stdout]   --> src/components/home.rs:13:5
[INFO] [stdout]    |
[INFO] [stdout] 13 |     NameHeadCharList, NameHeadCharListItem, NameHeadCharRowList, NameHeadCharRowListItem,
[INFO] [stdout]    |     ^^^^^^^^^^^^^^^^
[INFO] [stdout] 14 |     NameListItem, Namelist,
[INFO] [stdout]    |                   ^^^^^^^^
[INFO] [stdout]    |
[INFO] [stdout]    = note: `#[warn(unused_imports)]` (part of `#[warn(unused)]`) on by default
[INFO] [stdout] 
[INFO] [stdout] 
[INFO] [stdout] warning: unused import: `analyzer::SpectrumAnalyzer`
[INFO] [stdout]  --> src/spectrum/mod.rs:3:9
[INFO] [stdout]   |
[INFO] [stdout] 3 | pub use analyzer::SpectrumAnalyzer;
[INFO] [stdout]   |         ^^^^^^^^^^^^^^^^^^^^^^^^^^
[INFO] [stdout] 
[INFO] [stdout] 
[INFO] [stdout] error[E0433]: cannot find module or crate `reqwest` in this scope
[INFO] [stdout]   --> src/media/linux.rs:50:24
[INFO] [stdout]    |
[INFO] [stdout] 50 |             let data = reqwest::blocking::get(url)?.bytes()?.to_vec();
[INFO] [stdout]    |                        ^^^^^^^ use of unresolved module or unlinked crate `reqwest`
[INFO] [stdout]    |
[INFO] [stdout]    = help: if you wanted to use a crate named `reqwest`, use `cargo add reqwest` to add it to your `Cargo.toml`
[INFO] [stdout] 
[INFO] [stdout] 
[INFO] [stdout] warning: unused imports: `NameHeadCharList` and `Namelist`
[INFO] [stdout]   --> src/components/home.rs:13:5
[INFO] [stdout]    |
[INFO] [stdout] 13 |     NameHeadCharList, NameHeadCharListItem, NameHeadCharRowList, NameHeadCharRowListItem,
[INFO] [stdout]    |     ^^^^^^^^^^^^^^^^
[INFO] [stdout] 14 |     NameListItem, Namelist,
[INFO] [stdout]    |                   ^^^^^^^^
[INFO] [stdout]    |
[INFO] [stdout]    = note: `#[warn(unused_imports)]` (part of `#[warn(unused)]`) on by default
[INFO] [stdout] 
[INFO] [stdout] 
[INFO] [stdout] warning: unused import: `analyzer::SpectrumAnalyzer`
[INFO] [stdout]  --> src/spectrum/mod.rs:3:9
[INFO] [stdout]   |
[INFO] [stdout] 3 | pub use analyzer::SpectrumAnalyzer;
[INFO] [stdout]   |         ^^^^^^^^^^^^^^^^^^^^^^^^^^
[INFO] [stdout] 
[INFO] [stdout] 
[INFO] [stdout] error[E0053]: method `get_now_playing` has an incompatible type for trait
[INFO] [stdout]   --> src/media/linux.rs:17:5
[INFO] [stdout]    |
[INFO] [stdout] 17 |     fn get_now_playing(&self) -> Result<MediaInfo, Box<dyn std::error::Error>> {
[INFO] [stdout]    |     ^^^^^^^^^^^^^^^^^^^^^^^^^^^^^^^^^^^^^^^^^^^^^^^^^^^^^^^^^^^^^^^^^^^^^^^^^^ expected trait `StdError + std::marker::Send + Sync`, found trait `StdError`
[INFO] [stdout]    |
[INFO] [stdout] note: type in trait
[INFO] [stdout]   --> src/media/mod.rs:12:5
[INFO] [stdout]    |
[INFO] [stdout] 12 |     fn get_now_playing(&self) -> Result<MediaInfo, Box<dyn std::error::Error + Send + Sync>>;
[INFO] [stdout]    |     ^^^^^^^^^^^^^^^^^^^^^^^^^^^^^^^^^^^^^^^^^^^^^^^^^^^^^^^^^^^^^^^^^^^^^^^^^^^^^^^^^^^^^^^^^
[INFO] [stdout]    = note: expected signature `fn(&LinuxMediaController) -> Result<_, Box<(dyn StdError + std::marker::Send + Sync + 'static)>>`
[INFO] [stdout]               found signature `fn(&LinuxMediaController) -> Result<_, Box<(dyn StdError + 'static)>>`
[INFO] [stdout] 
[INFO] [stdout] 
[INFO] [stdout] error[E0053]: method `play` has an incompatible type for trait
[INFO] [stdout]   --> src/media/linux.rs:28:5
[INFO] [stdout]    |
[INFO] [stdout] 28 |     fn play(&self) -> Result<(), Box<dyn std::error::Error>> {
[INFO] [stdout]    |     ^^^^^^^^^^^^^^^^^^^^^^^^^^^^^^^^^^^^^^^^^^^^^^^^^^^^^^^^ expected trait `StdError + std::marker::Send + Sync`, found trait `StdError`
[INFO] [stdout]    |
[INFO] [stdout] note: type in trait
[INFO] [stdout]   --> src/media/mod.rs:14:5
[INFO] [stdout]    |
[INFO] [stdout] 14 |     fn play(&self) -> Result<(), Box<dyn std::error::Error + Send + Sync>>;
[INFO] [stdout]    |     ^^^^^^^^^^^^^^^^^^^^^^^^^^^^^^^^^^^^^^^^^^^^^^^^^^^^^^^^^^^^^^^^^^^^^^^
[INFO] [stdout]    = note: expected signature `fn(&LinuxMediaController) -> Result<_, Box<(dyn StdError + std::marker::Send + Sync + 'static)>>`
[INFO] [stdout]               found signature `fn(&LinuxMediaController) -> Result<_, Box<(dyn StdError + 'static)>>`
[INFO] [stdout] 
[INFO] [stdout] 
[INFO] [stdout] error[E0053]: method `pause` has an incompatible type for trait
[INFO] [stdout]   --> src/media/linux.rs:33:5
[INFO] [stdout]    |
[INFO] [stdout] 33 |     fn pause(&self) -> Result<(), Box<dyn std::error::Error>> {
[INFO] [stdout]    |     ^^^^^^^^^^^^^^^^^^^^^^^^^^^^^^^^^^^^^^^^^^^^^^^^^^^^^^^^^ expected trait `StdError + std::marker::Send + Sync`, found trait `StdError`
[INFO] [stdout]    |
[INFO] [stdout] note: type in trait
[INFO] [stdout]   --> src/media/mod.rs:16:5
[INFO] [stdout]    |
[INFO] [stdout] 16 |     fn pause(&self) -> Result<(), Box<dyn std::error::Error + Send + Sync>>;
[INFO] [stdout]    |     ^^^^^^^^^^^^^^^^^^^^^^^^^^^^^^^^^^^^^^^^^^^^^^^^^^^^^^^^^^^^^^^^^^^^^^^^
[INFO] [stdout]    = note: expected signature `fn(&LinuxMediaController) -> Result<_, Box<(dyn StdError + std::marker::Send + Sync + 'static)>>`
[INFO] [stdout]               found signature `fn(&LinuxMediaController) -> Result<_, Box<(dyn StdError + 'static)>>`
[INFO] [stdout] 
[INFO] [stdout] 
[INFO] [stdout] error[E0053]: method `next` has an incompatible type for trait
[INFO] [stdout]   --> src/media/linux.rs:38:5
[INFO] [stdout]    |
[INFO] [stdout] 38 |     fn next(&self) -> Result<(), Box<dyn std::error::Error>> {
[INFO] [stdout]    |     ^^^^^^^^^^^^^^^^^^^^^^^^^^^^^^^^^^^^^^^^^^^^^^^^^^^^^^^^ expected trait `StdError + std::marker::Send + Sync`, found trait `StdError`
[INFO] [stdout]    |
[INFO] [stdout] note: type in trait
[INFO] [stdout]   --> src/media/mod.rs:18:5
[INFO] [stdout]    |
[INFO] [stdout] 18 |     fn next(&self) -> Result<(), Box<dyn std::error::Error + Send + Sync>>;
[INFO] [stdout]    |     ^^^^^^^^^^^^^^^^^^^^^^^^^^^^^^^^^^^^^^^^^^^^^^^^^^^^^^^^^^^^^^^^^^^^^^^
[INFO] [stdout]    = note: expected signature `fn(&LinuxMediaController) -> Result<_, Box<(dyn StdError + std::marker::Send + Sync + 'static)>>`
[INFO] [stdout]               found signature `fn(&LinuxMediaController) -> Result<_, Box<(dyn StdError + 'static)>>`
[INFO] [stdout] 
[INFO] [stdout] 
[INFO] [stdout] error[E0053]: method `previous` has an incompatible type for trait
[INFO] [stdout]   --> src/media/linux.rs:43:5
[INFO] [stdout]    |
[INFO] [stdout] 43 |     fn previous(&self) -> Result<(), Box<dyn std::error::Error>> {
[INFO] [stdout]    |     ^^^^^^^^^^^^^^^^^^^^^^^^^^^^^^^^^^^^^^^^^^^^^^^^^^^^^^^^^^^^ expected trait `StdError + std::marker::Send + Sync`, found trait `StdError`
[INFO] [stdout]    |
[INFO] [stdout] note: type in trait
[INFO] [stdout]   --> src/media/mod.rs:20:5
[INFO] [stdout]    |
[INFO] [stdout] 20 |     fn previous(&self) -> Result<(), Box<dyn std::error::Error + Send + Sync>>;
[INFO] [stdout]    |     ^^^^^^^^^^^^^^^^^^^^^^^^^^^^^^^^^^^^^^^^^^^^^^^^^^^^^^^^^^^^^^^^^^^^^^^^^^^
[INFO] [stdout]    = note: expected signature `fn(&LinuxMediaController) -> Result<_, Box<(dyn StdError + std::marker::Send + Sync + 'static)>>`
[INFO] [stdout]               found signature `fn(&LinuxMediaController) -> Result<_, Box<(dyn StdError + 'static)>>`
[INFO] [stdout] 
[INFO] [stdout] 
[INFO] [stdout] error[E0053]: method `get_artwork` has an incompatible type for trait
[INFO] [stdout]   --> src/media/linux.rs:48:5
[INFO] [stdout]    |
[INFO] [stdout] 48 |     fn get_artwork(&self) -> Result<Option<Vec<u8>>, Box<dyn std::error::Error>> {
[INFO] [stdout]    |     ^^^^^^^^^^^^^^^^^^^^^^^^^^^^^^^^^^^^^^^^^^^^^^^^^^^^^^^^^^^^^^^^^^^^^^^^^^^^ expected trait `StdError + std::marker::Send + Sync`, found trait `StdError`
[INFO] [stdout]    |
[INFO] [stdout] note: type in trait
[INFO] [stdout]   --> src/media/mod.rs:22:5
[INFO] [stdout]    |
[INFO] [stdout] 22 |     fn get_artwork(&self) -> Result<Option<Vec<u8>>, Box<dyn std::error::Error + Send + Sync>>;
[INFO] [stdout]    |     ^^^^^^^^^^^^^^^^^^^^^^^^^^^^^^^^^^^^^^^^^^^^^^^^^^^^^^^^^^^^^^^^^^^^^^^^^^^^^^^^^^^^^^^^^^^
[INFO] [stdout]    = note: expected signature `fn(&LinuxMediaController) -> Result<_, Box<(dyn StdError + std::marker::Send + Sync + 'static)>>`
[INFO] [stdout]               found signature `fn(&LinuxMediaController) -> Result<_, Box<(dyn StdError + 'static)>>`
[INFO] [stdout] 
[INFO] [stdout] 
[INFO] [stdout] error[E0053]: method `get_now_playing` has an incompatible type for trait
[INFO] [stdout]   --> src/media/linux.rs:17:5
[INFO] [stdout]    |
[INFO] [stdout] 17 |     fn get_now_playing(&self) -> Result<MediaInfo, Box<dyn std::error::Error>> {
[INFO] [stdout]    |     ^^^^^^^^^^^^^^^^^^^^^^^^^^^^^^^^^^^^^^^^^^^^^^^^^^^^^^^^^^^^^^^^^^^^^^^^^^ expected trait `StdError + std::marker::Send + Sync`, found trait `StdError`
[INFO] [stdout]    |
[INFO] [stdout] note: type in trait
[INFO] [stdout]   --> src/media/mod.rs:12:5
[INFO] [stdout]    |
[INFO] [stdout] 12 |     fn get_now_playing(&self) -> Result<MediaInfo, Box<dyn std::error::Error + Send + Sync>>;
[INFO] [stdout]    |     ^^^^^^^^^^^^^^^^^^^^^^^^^^^^^^^^^^^^^^^^^^^^^^^^^^^^^^^^^^^^^^^^^^^^^^^^^^^^^^^^^^^^^^^^^
[INFO] [stdout]    = note: expected signature `fn(&LinuxMediaController) -> Result<_, Box<(dyn StdError + std::marker::Send + Sync + 'static)>>`
[INFO] [stdout]               found signature `fn(&LinuxMediaController) -> Result<_, Box<(dyn StdError + 'static)>>`
[INFO] [stdout] 
[INFO] [stdout] 
[INFO] [stdout] error[E0053]: method `play` has an incompatible type for trait
[INFO] [stdout]   --> src/media/linux.rs:28:5
[INFO] [stdout]    |
[INFO] [stdout] 28 |     fn play(&self) -> Result<(), Box<dyn std::error::Error>> {
[INFO] [stdout]    |     ^^^^^^^^^^^^^^^^^^^^^^^^^^^^^^^^^^^^^^^^^^^^^^^^^^^^^^^^ expected trait `StdError + std::marker::Send + Sync`, found trait `StdError`
[INFO] [stdout]    |
[INFO] [stdout] note: type in trait
[INFO] [stdout]   --> src/media/mod.rs:14:5
[INFO] [stdout]    |
[INFO] [stdout] 14 |     fn play(&self) -> Result<(), Box<dyn std::error::Error + Send + Sync>>;
[INFO] [stdout]    |     ^^^^^^^^^^^^^^^^^^^^^^^^^^^^^^^^^^^^^^^^^^^^^^^^^^^^^^^^^^^^^^^^^^^^^^^
[INFO] [stdout]    = note: expected signature `fn(&LinuxMediaController) -> Result<_, Box<(dyn StdError + std::marker::Send + Sync + 'static)>>`
[INFO] [stdout]               found signature `fn(&LinuxMediaController) -> Result<_, Box<(dyn StdError + 'static)>>`
[INFO] [stdout] 
[INFO] [stdout] 
[INFO] [stdout] error[E0053]: method `pause` has an incompatible type for trait
[INFO] [stdout]   --> src/media/linux.rs:33:5
[INFO] [stdout]    |
[INFO] [stdout] 33 |     fn pause(&self) -> Result<(), Box<dyn std::error::Error>> {
[INFO] [stdout]    |     ^^^^^^^^^^^^^^^^^^^^^^^^^^^^^^^^^^^^^^^^^^^^^^^^^^^^^^^^^ expected trait `StdError + std::marker::Send + Sync`, found trait `StdError`
[INFO] [stdout]    |
[INFO] [stdout] note: type in trait
[INFO] [stdout]   --> src/media/mod.rs:16:5
[INFO] [stdout]    |
[INFO] [stdout] 16 |     fn pause(&self) -> Result<(), Box<dyn std::error::Error + Send + Sync>>;
[INFO] [stdout]    |     ^^^^^^^^^^^^^^^^^^^^^^^^^^^^^^^^^^^^^^^^^^^^^^^^^^^^^^^^^^^^^^^^^^^^^^^^
[INFO] [stdout]    = note: expected signature `fn(&LinuxMediaController) -> Result<_, Box<(dyn StdError + std::marker::Send + Sync + 'static)>>`
[INFO] [stdout]               found signature `fn(&LinuxMediaController) -> Result<_, Box<(dyn StdError + 'static)>>`
[INFO] [stdout] 
[INFO] [stdout] 
[INFO] [stdout] error[E0053]: method `next` has an incompatible type for trait
[INFO] [stdout]   --> src/media/linux.rs:38:5
[INFO] [stdout]    |
[INFO] [stdout] 38 |     fn next(&self) -> Result<(), Box<dyn std::error::Error>> {
[INFO] [stdout]    |     ^^^^^^^^^^^^^^^^^^^^^^^^^^^^^^^^^^^^^^^^^^^^^^^^^^^^^^^^ expected trait `StdError + std::marker::Send + Sync`, found trait `StdError`
[INFO] [stdout]    |
[INFO] [stdout] note: type in trait
[INFO] [stdout]   --> src/media/mod.rs:18:5
[INFO] [stdout]    |
[INFO] [stdout] 18 |     fn next(&self) -> Result<(), Box<dyn std::error::Error + Send + Sync>>;
[INFO] [stdout]    |     ^^^^^^^^^^^^^^^^^^^^^^^^^^^^^^^^^^^^^^^^^^^^^^^^^^^^^^^^^^^^^^^^^^^^^^^
[INFO] [stdout]    = note: expected signature `fn(&LinuxMediaController) -> Result<_, Box<(dyn StdError + std::marker::Send + Sync + 'static)>>`
[INFO] [stdout]               found signature `fn(&LinuxMediaController) -> Result<_, Box<(dyn StdError + 'static)>>`
[INFO] [stdout] 
[INFO] [stdout] 
[INFO] [stdout] error[E0053]: method `previous` has an incompatible type for trait
[INFO] [stdout]   --> src/media/linux.rs:43:5
[INFO] [stdout]    |
[INFO] [stdout] 43 |     fn previous(&self) -> Result<(), Box<dyn std::error::Error>> {
[INFO] [stdout]    |     ^^^^^^^^^^^^^^^^^^^^^^^^^^^^^^^^^^^^^^^^^^^^^^^^^^^^^^^^^^^^ expected trait `StdError + std::marker::Send + Sync`, found trait `StdError`
[INFO] [stdout]    |
[INFO] [stdout] note: type in trait
[INFO] [stdout]   --> src/media/mod.rs:20:5
[INFO] [stdout]    |
[INFO] [stdout] 20 |     fn previous(&self) -> Result<(), Box<dyn std::error::Error + Send + Sync>>;
[INFO] [stdout]    |     ^^^^^^^^^^^^^^^^^^^^^^^^^^^^^^^^^^^^^^^^^^^^^^^^^^^^^^^^^^^^^^^^^^^^^^^^^^^
[INFO] [stdout]    = note: expected signature `fn(&LinuxMediaController) -> Result<_, Box<(dyn StdError + std::marker::Send + Sync + 'static)>>`
[INFO] [stdout]               found signature `fn(&LinuxMediaController) -> Result<_, Box<(dyn StdError + 'static)>>`
[INFO] [stdout] 
[INFO] [stdout] 
[INFO] [stdout] error[E0053]: method `get_artwork` has an incompatible type for trait
[INFO] [stdout]   --> src/media/linux.rs:48:5
[INFO] [stdout]    |
[INFO] [stdout] 48 |     fn get_artwork(&self) -> Result<Option<Vec<u8>>, Box<dyn std::error::Error>> {
[INFO] [stdout]    |     ^^^^^^^^^^^^^^^^^^^^^^^^^^^^^^^^^^^^^^^^^^^^^^^^^^^^^^^^^^^^^^^^^^^^^^^^^^^^ expected trait `StdError + std::marker::Send + Sync`, found trait `StdError`
[INFO] [stdout]    |
[INFO] [stdout] note: type in trait
[INFO] [stdout]   --> src/media/mod.rs:22:5
[INFO] [stdout]    |
[INFO] [stdout] 22 |     fn get_artwork(&self) -> Result<Option<Vec<u8>>, Box<dyn std::error::Error + Send + Sync>>;
[INFO] [stdout]    |     ^^^^^^^^^^^^^^^^^^^^^^^^^^^^^^^^^^^^^^^^^^^^^^^^^^^^^^^^^^^^^^^^^^^^^^^^^^^^^^^^^^^^^^^^^^^
[INFO] [stdout]    = note: expected signature `fn(&LinuxMediaController) -> Result<_, Box<(dyn StdError + std::marker::Send + Sync + 'static)>>`
[INFO] [stdout]               found signature `fn(&LinuxMediaController) -> Result<_, Box<(dyn StdError + 'static)>>`
[INFO] [stdout] 
[INFO] [stdout] 
[INFO] [stdout] error[E0063]: missing field `is_playing` in initializer of `MediaInfo`
[INFO] [stdout]   --> src/media/linux.rs:19:12
[INFO] [stdout]    |
[INFO] [stdout] 19 |         Ok(MediaInfo {
[INFO] [stdout]    |            ^^^^^^^^^ missing `is_playing`
[INFO] [stdout] 
[INFO] [stdout] 
[INFO] [stdout] error[E0063]: missing field `is_playing` in initializer of `MediaInfo`
[INFO] [stdout]   --> src/media/linux.rs:19:12
[INFO] [stdout]    |
[INFO] [stdout] 19 |         Ok(MediaInfo {
[INFO] [stdout]    |            ^^^^^^^^^ missing `is_playing`
[INFO] [stdout] 
[INFO] [stdout] 
[INFO] [stdout] Some errors have detailed explanations: E0053, E0063, E0432, E0433.
[INFO] [stdout] 
[INFO] [stdout] For more information about an error, try `rustc --explain E0053`.
[INFO] [stdout] 
[INFO] [stderr] error: could not compile `stellite` (bin "stellite") due to 9 previous errors; 2 warnings emitted
[INFO] [stderr] warning: build failed, waiting for other jobs to finish...
[INFO] [stdout] Some errors have detailed explanations: E0053, E0063, E0432, E0433.
[INFO] [stdout] 
[INFO] [stdout] For more information about an error, try `rustc --explain E0053`.
[INFO] [stdout] 
[INFO] [stderr] error: could not compile `stellite` (bin "stellite" test) due to 9 previous errors; 2 warnings emitted
[INFO] [stderr] warning: unused dependency `human-panic`
[INFO] [stderr]   --> Cargo.toml:15:1
[INFO] [stderr]    |
[INFO] [stderr] 15 | human-panic = "2.0.8"
[INFO] [stderr]    | ^^^^^^^^^^^^^^^^^^^^^
[INFO] [stderr]    |
[INFO] [stderr]    = note: `cargo::unused_dependencies` is set to `warn` by default
[INFO] [stderr] help: consider removing the dependency on `human-panic`
[INFO] [stderr] warning: unused dependency `windows`
[INFO] [stderr]   --> Cargo.toml:57:15
[INFO] [stderr]    |
[INFO] [stderr] 57 | [dependencies.windows]
[INFO] [stderr]    |               ^^^^^^^^
[INFO] [stderr]    |
[INFO] [stderr] help: consider removing the dependency on `windows`
[INFO] [stderr] warning: `stellite` (manifest) generated 2 warnings
[INFO] running `Command { std: "docker" "inspect" "39271c57461447a1f7783e0da67063ee8e64d0347fd8b10ed447c5be3e060ecb", kill_on_drop: false }`
[INFO] running `Command { std: "docker" "rm" "-f" "39271c57461447a1f7783e0da67063ee8e64d0347fd8b10ed447c5be3e060ecb", kill_on_drop: false }`
[INFO] [stdout] 39271c57461447a1f7783e0da67063ee8e64d0347fd8b10ed447c5be3e060ecb
