[INFO] cloning repository https://github.com/syuumaimikan/AuroraDesk
[INFO] running `Command { std: "git" "-c" "credential.helper=" "-c" "credential.helper=/workspace/cargo-home/bin/git-credential-null" "clone" "--bare" "https://github.com/syuumaimikan/AuroraDesk" "/workspace/cache/git-repos/https%3A%2F%2Fgithub.com%2Fsyuumaimikan%2FAuroraDesk", kill_on_drop: false }`
[INFO] [stderr] Cloning into bare repository '/workspace/cache/git-repos/https%3A%2F%2Fgithub.com%2Fsyuumaimikan%2FAuroraDesk'...
[INFO] running `Command { std: "git" "rev-parse" "HEAD", kill_on_drop: false }`
[INFO] [stdout] 26de2d18fd4c180e1c372431ccfcb568e22f58b4
[INFO] checking syuumaimikan/AuroraDesk against 3154cc1a3e6424e44f438a95007d043ed5ceaaf6+rustflags=-Znext-solver=coherence for pr-133502-30
[INFO] running `Command { std: "git" "clone" "/workspace/cache/git-repos/https%3A%2F%2Fgithub.com%2Fsyuumaimikan%2FAuroraDesk" "/workspace/builds/worker-5-tc1/source", kill_on_drop: false }`
[INFO] [stderr] Cloning into '/workspace/builds/worker-5-tc1/source'...
[INFO] [stderr] done.
[INFO] started tweaking git repo https://github.com/syuumaimikan/AuroraDesk
[INFO] finished tweaking git repo https://github.com/syuumaimikan/AuroraDesk
[INFO] tweaked toml for git repo https://github.com/syuumaimikan/AuroraDesk written to /workspace/builds/worker-5-tc1/source/Cargo.toml
[INFO] validating manifest of git repo https://github.com/syuumaimikan/AuroraDesk on toolchain 3154cc1a3e6424e44f438a95007d043ed5ceaaf6
[INFO] running `Command { std: CARGO_HOME="/workspace/cargo-home" RUSTUP_HOME="/workspace/rustup-home" "/workspace/cargo-home/bin/cargo" "+3154cc1a3e6424e44f438a95007d043ed5ceaaf6" "metadata" "--manifest-path" "Cargo.toml" "--no-deps", kill_on_drop: false }`
[INFO] crate git repo https://github.com/syuumaimikan/AuroraDesk already has a lockfile, it will not be regenerated
[INFO] running `Command { std: CARGO_HOME="/workspace/cargo-home" RUSTUP_HOME="/workspace/rustup-home" "/workspace/cargo-home/bin/cargo" "+3154cc1a3e6424e44f438a95007d043ed5ceaaf6" "fetch" "--manifest-path" "Cargo.toml", kill_on_drop: false }`
[INFO] [stderr] warning: unused field `rust-version` in `workspace.package`
[INFO] [stderr]   --> Cargo.toml:63:1
[INFO] [stderr]    |
[INFO] [stderr] 63 | rust-version = "1.85"
[INFO] [stderr]    | ^^^^^^^^^^^^
[INFO] [stderr]    |
[INFO] [stderr]    = note: `cargo::unused_workspace_package_fields` is set to `warn` by default
[INFO] [stderr] help: consider removing the field `workspace.package.rust-version`
[INFO] [stderr] warning: workspace (manifest) generated 1 warning
[INFO] [stderr]     Updating crates.io index
[INFO] [stderr]  Downloading crates ...
[INFO] [stderr]   Downloaded glyphon v0.6.0
[INFO] [stderr]   Downloaded sysinfo v0.32.1
[INFO] running `Command { std: "docker" "create" "-v" "/var/lib/crater-agent-workspace/builds/worker-5-tc1/source:/opt/rustwide/workdir:ro,Z" "-v" "/var/lib/crater-agent-workspace/builds/worker-5-tc1/target:/opt/rustwide/target:rw,Z" "-v" "/var/lib/crater-agent-workspace/cargo-home:/opt/rustwide/cargo-home:ro,Z" "-v" "/var/lib/crater-agent-workspace/rustup-home:/opt/rustwide/rustup-home:ro,Z" "-m" "1610612736" "--network" "none" "ghcr.io/rust-lang/crates-build-env/linux@sha256:77db811e55d90add9212f6832c23229e3de5f1c1f9905e8cb07319ea15df73ac" "sleep" "infinity", kill_on_drop: false }`
[INFO] [stdout] a352e9a5564eed4d81a6e23d46b8639131b0d3f6e607b66818797da21a1d9a4a
[INFO] running `Command { std: "docker" "start" "a352e9a5564eed4d81a6e23d46b8639131b0d3f6e607b66818797da21a1d9a4a", kill_on_drop: false }`
[INFO] running `Command { std: "docker" "inspect" "a352e9a5564eed4d81a6e23d46b8639131b0d3f6e607b66818797da21a1d9a4a", kill_on_drop: false }`
[INFO] running `Command { std: "docker" "exec" "-e" "SOURCE_DIR=/opt/rustwide/workdir" "-e" "CARGO_HOME=/opt/rustwide/cargo-home" "-e" "RUSTUP_HOME=/opt/rustwide/rustup-home" "-e" "CARGO_TARGET_DIR=/opt/rustwide/target" "-w" "/opt/rustwide/workdir" "--user" "0:0" "a352e9a5564eed4d81a6e23d46b8639131b0d3f6e607b66818797da21a1d9a4a" "/opt/rustwide/cargo-home/bin/cargo" "+3154cc1a3e6424e44f438a95007d043ed5ceaaf6" "metadata" "--no-deps" "--format-version=1", kill_on_drop: false }`
[INFO] running `Command { std: "docker" "inspect" "a352e9a5564eed4d81a6e23d46b8639131b0d3f6e607b66818797da21a1d9a4a", kill_on_drop: false }`
[INFO] running `Command { std: "docker" "exec" "-e" "SOURCE_DIR=/opt/rustwide/workdir" "-e" "CARGO_HOME=/opt/rustwide/cargo-home" "-e" "RUSTUP_HOME=/opt/rustwide/rustup-home" "-e" "CARGO_TARGET_DIR=/opt/rustwide/target" "-e" "CARGO_INCREMENTAL=0" "-e" "RUST_BACKTRACE=full" "-e" "RUSTFLAGS=--cap-lints=forbid -Znext-solver=coherence" "-e" "RUSTDOCFLAGS=--cap-lints=forbid" "-w" "/opt/rustwide/workdir" "--user" "0:0" "a352e9a5564eed4d81a6e23d46b8639131b0d3f6e607b66818797da21a1d9a4a" "/opt/rustwide/cargo-home/bin/cargo" "+3154cc1a3e6424e44f438a95007d043ed5ceaaf6" "check" "--frozen" "--all" "--all-targets" "--message-format=json", kill_on_drop: false }`
[INFO] [stderr] warning: unused field `rust-version` in `workspace.package`
[INFO] [stderr]   --> Cargo.toml:63:1
[INFO] [stderr]    |
[INFO] [stderr] 63 | rust-version = "1.85"
[INFO] [stderr]    | ^^^^^^^^^^^^
[INFO] [stderr]    |
[INFO] [stderr]    = note: `cargo::unused_workspace_package_fields` is set to `warn` by default
[INFO] [stderr] help: consider removing the field `workspace.package.rust-version`
[INFO] [stderr] warning: workspace (manifest) generated 1 warning
[INFO] [stderr]     Checking log v0.4.33
[INFO] [stderr]    Compiling wayland-sys v0.31.11
[INFO] [stderr]    Compiling cc v1.4.0
[INFO] [stderr]    Compiling serde_core v1.0.229
[INFO] [stderr]    Compiling syn v2.0.119
[INFO] [stderr]     Checking polling v3.11.0
[INFO] [stderr]    Compiling bytemuck_derive v1.12.0
[INFO] [stderr]     Checking regex-syntax v0.8.11
[INFO] [stderr]    Compiling num-traits v0.2.19
[INFO] [stderr]    Compiling naga v22.1.0
[INFO] [stderr]     Checking instant v0.1.13
[INFO] [stderr]     Checking bit-vec v0.7.0
[INFO] [stderr]    Compiling thiserror v2.0.19
[INFO] [stderr]     Checking inotify v0.10.2
[INFO] [stderr]    Compiling thiserror-impl v2.0.19
[INFO] [stderr]     Checking filetime v0.2.29
[INFO] [stderr]     Checking notify-types v1.0.1
[INFO] [stderr]    Compiling wgpu-hal v22.0.0
[INFO] [stderr]     Checking bit-set v0.6.0
[INFO] [stderr]     Checking mio v1.2.2
[INFO] [stderr]     Checking tracing-log v0.2.0
[INFO] [stderr]    Compiling slotmap v1.1.1
[INFO] [stderr]     Checking gpu-alloc-types v0.3.1
[INFO] [stderr]     Checking spirv v0.3.0+sdk-1.3.268.0
[INFO] [stderr]     Checking zerocopy v0.8.56
[INFO] [stderr]     Checking directories v6.0.0
[INFO] [stderr]     Checking gethostname v1.1.0
[INFO] [stderr]    Compiling wgpu-core v22.1.0
[INFO] [stderr]     Checking wgpu-types v22.0.0
[INFO] [stderr]     Checking roxmltree v0.20.0
[INFO] [stderr]     Checking gpu-alloc v0.6.2
[INFO] [stderr]     Checking either v1.17.0
[INFO] [stderr]     Checking glow v0.13.1
[INFO] [stderr]     Checking notify v7.0.0
[INFO] [stderr]     Checking tokio v1.53.1
[INFO] [stderr]     Checking x11rb v0.13.2
[INFO] [stderr]     Checking rayon v1.12.0
[INFO] [stderr]     Checking tinyvec v1.12.0
[INFO] [stderr]     Checking fontconfig-parser v0.5.8
[INFO] [stderr]     Checking regex-automata v0.4.18
[INFO] [stderr]     Checking x11-dl v2.21.0
[INFO] [stderr]     Checking xkbcommon-dl v0.4.2
[INFO] [stderr]    Compiling wgpu v22.1.0
[INFO] [stderr]     Checking bytemuck v1.25.2
[INFO] [stderr]     Checking zeno v0.2.3
[INFO] [stderr]     Checking ttf-parser v0.20.0
[INFO] [stderr]     Checking yazi v0.1.6
[INFO] [stderr]     Checking font-types v0.7.3
[INFO] [stderr]     Checking tiny-skia-path v0.11.4
[INFO] [stderr]     Checking unicode-properties v0.1.4
[INFO] [stderr]     Checking ttf-parser v0.21.1
[INFO] [stderr]     Checking read-fonts v0.22.7
[INFO] [stderr]     Checking unicode-bidi-mirroring v0.2.0
[INFO] [stderr]     Checking unicode-script v0.5.8
[INFO] [stderr]    Compiling wayland-backend v0.3.16
[INFO] [stderr]     Checking unicode-ccc v0.2.0
[INFO] [stderr]     Checking tiny-skia v0.11.4
[INFO] [stderr]     Checking euclid v0.22.14
[INFO] [stderr]     Checking self_cell v1.3.0
[INFO] [stderr]     Checking rangemap v1.7.1
[INFO] [stderr]     Checking lru v0.12.5
[INFO] [stderr]     Checking chrono v0.4.45
[INFO] [stderr]     Checking tempfile v3.27.0
[INFO] [stderr]     Checking etagere v0.2.15
[INFO] [stderr]     Checking serde v1.0.229
[INFO] [stderr]     Checking matchers v0.2.0
[INFO] [stderr]     Checking wayland-client v0.31.15
[INFO] [stderr]     Checking wayland-csd-frame v0.3.0
[INFO] [stderr]     Checking toml_datetime v0.6.11
[INFO] [stderr]     Checking serde_spanned v0.6.9
[INFO] [stderr]     Checking sysinfo v0.32.1
[INFO] [stderr]     Checking toml_edit v0.22.27
[INFO] [stderr]     Checking fontdb v0.16.2
[INFO] [stderr]     Checking rustybuzz v0.14.1
[INFO] [stderr]     Checking wayland-protocols v0.32.13
[INFO] [stderr]     Checking wayland-cursor v0.31.14
[INFO] [stderr]    Compiling thiserror-impl v1.0.69
[INFO] [stderr]    Compiling tracing-attributes v0.1.31
[INFO] [stderr]     Checking ahash v0.8.12
[INFO] [stderr]     Checking toml v0.8.23
[INFO] [stderr]     Checking tracing v0.1.44
[INFO] [stderr]     Checking thiserror v1.0.69
[INFO] [stderr]     Checking tracing-subscriber v0.3.23
[INFO] [stderr]     Checking calloop v0.13.0
[INFO] [stderr]     Checking calloop-wayland-source v0.3.0
[INFO] [stderr]     Checking aurora-core v0.1.0 (/opt/rustwide/workdir/crates/aurora-core)
[INFO] [stderr]     Checking skrifa v0.22.3
[INFO] [stderr]     Checking wayland-protocols-wlr v0.3.12
[INFO] [stderr]     Checking wayland-protocols-plasma v0.3.12
[INFO] [stderr]     Checking smithay-client-toolkit v0.19.2
[INFO] [stderr]     Checking swash v0.1.19
[INFO] [stderr]     Checking sctk-adwaita v0.10.1
[INFO] [stderr]     Checking winit v0.30.13
[INFO] [stderr]     Checking cosmic-text v0.12.1
[INFO] [stderr]     Checking aurora-platform v0.1.0 (/opt/rustwide/workdir/crates/aurora-platform)
[INFO] [stdout] error: aurora-platform currently implements the Windows backend only; macOS and Linux support is planned (see README roadmap)
[INFO] [stdout]   --> crates/aurora-platform/src/lib.rs:11:1
[INFO] [stdout]    |
[INFO] [stdout] 11 | / compile_error!(
[INFO] [stdout] 12 | |     "aurora-platform currently implements the Windows backend only; macOS and Linux support is planned (see README roadmap)"
[INFO] [stdout] 13 | | );
[INFO] [stdout]    | |_^
[INFO] [stdout] 
[INFO] [stdout] 
[INFO] [stdout] warning: unused imports: `HasWindowHandle` and `RawWindowHandle`
[INFO] [stdout]  --> crates/aurora-platform/src/window.rs:4:25
[INFO] [stdout]   |
[INFO] [stdout] 4 | use raw_window_handle::{HasWindowHandle, RawWindowHandle};
[INFO] [stdout]   |                         ^^^^^^^^^^^^^^^  ^^^^^^^^^^^^^^^
[INFO] [stdout]   |
[INFO] [stdout]   = note: `#[warn(unused_imports)]` (part of `#[warn(unused)]`) on by default
[INFO] [stdout] 
[INFO] [stdout] 
[INFO] [stdout] error: aurora-platform currently implements the Windows backend only; macOS and Linux support is planned (see README roadmap)
[INFO] [stdout]   --> crates/aurora-platform/src/lib.rs:11:1
[INFO] [stdout]    |
[INFO] [stdout] 11 | / compile_error!(
[INFO] [stdout] 12 | |     "aurora-platform currently implements the Windows backend only; macOS and Linux support is planned (see README roadmap)"
[INFO] [stdout] 13 | | );
[INFO] [stdout]    | |_^
[INFO] [stdout] 
[INFO] [stdout] 
[INFO] [stdout] warning: unused imports: `HasWindowHandle` and `RawWindowHandle`
[INFO] [stdout]  --> crates/aurora-platform/src/window.rs:4:25
[INFO] [stdout]   |
[INFO] [stdout] 4 | use raw_window_handle::{HasWindowHandle, RawWindowHandle};
[INFO] [stdout]   |                         ^^^^^^^^^^^^^^^  ^^^^^^^^^^^^^^^
[INFO] [stdout]   |
[INFO] [stdout]   = note: `#[warn(unused_imports)]` (part of `#[warn(unused)]`) on by default
[INFO] [stdout] 
[INFO] [stdout] 
[INFO] [stdout] error[E0560]: struct `BarWindow` has no field named `_appbar`
[INFO] [stdout]    --> crates/aurora-platform/src/lib.rs:113:9
[INFO] [stdout]     |
[INFO] [stdout] 113 |         _appbar: appbar,
[INFO] [stdout]     |         ^^^^^^^ `BarWindow` does not have this field
[INFO] [stdout]     |
[INFO] [stdout]     = note: all struct fields are already assigned
[INFO] [stdout] 
[INFO] [stdout] 
[INFO] [stdout] error[E0560]: struct `BarWindow` has no field named `_taskbar_guard`
[INFO] [stdout]    --> crates/aurora-platform/src/lib.rs:114:9
[INFO] [stdout]     |
[INFO] [stdout] 114 |         _taskbar_guard: taskbar_guard,
[INFO] [stdout]     |         ^^^^^^^^^^^^^^ `BarWindow` does not have this field
[INFO] [stdout]     |
[INFO] [stdout]     = note: all struct fields are already assigned
[INFO] [stdout] 
[INFO] [stdout] 
[INFO] [stdout] error[E0560]: struct `BarWindow` has no field named `_appbar`
[INFO] [stdout]    --> crates/aurora-platform/src/lib.rs:113:9
[INFO] [stdout]     |
[INFO] [stdout] 113 |         _appbar: appbar,
[INFO] [stdout]     |         ^^^^^^^ `BarWindow` does not have this field
[INFO] [stdout]     |
[INFO] [stdout]     = note: all struct fields are already assigned
[INFO] [stdout] 
[INFO] [stdout] 
[INFO] [stdout] error[E0560]: struct `BarWindow` has no field named `_taskbar_guard`
[INFO] [stdout]    --> crates/aurora-platform/src/lib.rs:114:9
[INFO] [stdout]     |
[INFO] [stdout] 114 |         _taskbar_guard: taskbar_guard,
[INFO] [stdout]     |         ^^^^^^^^^^^^^^ `BarWindow` does not have this field
[INFO] [stdout]     |
[INFO] [stdout]     = note: all struct fields are already assigned
[INFO] [stdout] 
[INFO] [stdout] 
[INFO] [stdout] warning: variable does not need to be mutable
[INFO] [stdout]   --> crates/aurora-platform/src/window.rs:59:9
[INFO] [stdout]    |
[INFO] [stdout] 59 |     let mut attrs = WindowAttributes::default()
[INFO] [stdout]    |         ----^^^^^
[INFO] [stdout]    |         |
[INFO] [stdout]    |         help: remove this `mut`
[INFO] [stdout]    |
[INFO] [stdout]    = note: `#[warn(unused_mut)]` (part of `#[warn(unused)]`) on by default
[INFO] [stdout] 
[INFO] [stdout] 
[INFO] [stdout] warning: variable does not need to be mutable
[INFO] [stdout]   --> crates/aurora-platform/src/window.rs:59:9
[INFO] [stdout]    |
[INFO] [stdout] 59 |     let mut attrs = WindowAttributes::default()
[INFO] [stdout]    |         ----^^^^^
[INFO] [stdout]    |         |
[INFO] [stdout]    |         help: remove this `mut`
[INFO] [stdout]    |
[INFO] [stdout]    = note: `#[warn(unused_mut)]` (part of `#[warn(unused)]`) on by default
[INFO] [stdout] 
[INFO] [stdout] 
[INFO] [stdout] For more information about this error, try `rustc --explain E0560`.
[INFO] [stdout] 
[INFO] [stdout] For more information about this error, try `rustc --explain E0560`.
[INFO] [stdout] 
[INFO] [stderr] error: could not compile `aurora-platform` (lib test) due to 3 previous errors; 2 warnings emitted
[INFO] [stderr] warning: build failed, waiting for other jobs to finish...
[INFO] [stderr] error: could not compile `aurora-platform` (lib) due to 3 previous errors; 2 warnings emitted
[INFO] running `Command { std: "docker" "inspect" "a352e9a5564eed4d81a6e23d46b8639131b0d3f6e607b66818797da21a1d9a4a", kill_on_drop: false }`
[INFO] running `Command { std: "docker" "rm" "-f" "a352e9a5564eed4d81a6e23d46b8639131b0d3f6e607b66818797da21a1d9a4a", kill_on_drop: false }`
[INFO] [stdout] a352e9a5564eed4d81a6e23d46b8639131b0d3f6e607b66818797da21a1d9a4a
