[INFO] cloning repository https://github.com/syuumaimikan/AetherWM
[INFO] running `Command { std: "git" "-c" "credential.helper=" "-c" "credential.helper=/workspace/cargo-home/bin/git-credential-null" "clone" "--bare" "https://github.com/syuumaimikan/AetherWM" "/workspace/cache/git-repos/https%3A%2F%2Fgithub.com%2Fsyuumaimikan%2FAetherWM", kill_on_drop: false }`
[INFO] [stderr] Cloning into bare repository '/workspace/cache/git-repos/https%3A%2F%2Fgithub.com%2Fsyuumaimikan%2FAetherWM'...
[INFO] running `Command { std: "git" "rev-parse" "HEAD", kill_on_drop: false }`
[INFO] [stdout] bd0ae22a777004fc83df3947346246f5e8788877
[INFO] checking syuumaimikan/AetherWM against 3154cc1a3e6424e44f438a95007d043ed5ceaaf6+rustflags=-Znext-solver=coherence for pr-133502-30
[INFO] running `Command { std: "git" "clone" "/workspace/cache/git-repos/https%3A%2F%2Fgithub.com%2Fsyuumaimikan%2FAetherWM" "/workspace/builds/worker-6-tc1/source", kill_on_drop: false }`
[INFO] [stderr] Cloning into '/workspace/builds/worker-6-tc1/source'...
[INFO] [stderr] done.
[INFO] started tweaking git repo https://github.com/syuumaimikan/AetherWM
[INFO] finished tweaking git repo https://github.com/syuumaimikan/AetherWM
[INFO] tweaked toml for git repo https://github.com/syuumaimikan/AetherWM written to /workspace/builds/worker-6-tc1/source/Cargo.toml
[INFO] validating manifest of git repo https://github.com/syuumaimikan/AetherWM on toolchain 3154cc1a3e6424e44f438a95007d043ed5ceaaf6
[INFO] running `Command { std: CARGO_HOME="/workspace/cargo-home" RUSTUP_HOME="/workspace/rustup-home" "/workspace/cargo-home/bin/cargo" "+3154cc1a3e6424e44f438a95007d043ed5ceaaf6" "metadata" "--manifest-path" "Cargo.toml" "--no-deps", kill_on_drop: false }`
[INFO] crate git repo https://github.com/syuumaimikan/AetherWM already has a lockfile, it will not be regenerated
[INFO] running `Command { std: CARGO_HOME="/workspace/cargo-home" RUSTUP_HOME="/workspace/rustup-home" "/workspace/cargo-home/bin/cargo" "+3154cc1a3e6424e44f438a95007d043ed5ceaaf6" "fetch" "--manifest-path" "Cargo.toml", kill_on_drop: false }`
[INFO] [stderr] warning: unused workspace dependency `aether-bar`
[INFO] [stderr]   --> Cargo.toml:31:25
[INFO] [stderr]    |
[INFO] [stderr] 31 | [workspace.dependencies.aether-bar]
[INFO] [stderr]    |                         ^^^^^^^^^^
[INFO] [stderr]    |
[INFO] [stderr]    = note: `cargo::unused_workspace_dependencies` is set to `warn` by default
[INFO] [stderr] help: consider removing the workspace dependency `aether-bar`
[INFO] [stderr] warning: unused workspace dependency `aether-calendar`
[INFO] [stderr]   --> Cargo.toml:34:25
[INFO] [stderr]    |
[INFO] [stderr] 34 | [workspace.dependencies.aether-calendar]
[INFO] [stderr]    |                         ^^^^^^^^^^^^^^^
[INFO] [stderr]    |
[INFO] [stderr] help: consider removing the workspace dependency `aether-calendar`
[INFO] [stderr] warning: unused workspace dependency `aether-cli`
[INFO] [stderr]   --> Cargo.toml:37:25
[INFO] [stderr]    |
[INFO] [stderr] 37 | [workspace.dependencies.aether-cli]
[INFO] [stderr]    |                         ^^^^^^^^^^
[INFO] [stderr]    |
[INFO] [stderr] help: consider removing the workspace dependency `aether-cli`
[INFO] [stderr] warning: unused workspace dependency `aether-dock`
[INFO] [stderr]   --> Cargo.toml:46:25
[INFO] [stderr]    |
[INFO] [stderr] 46 | [workspace.dependencies.aether-dock]
[INFO] [stderr]    |                         ^^^^^^^^^^^
[INFO] [stderr]    |
[INFO] [stderr] help: consider removing the workspace dependency `aether-dock`
[INFO] [stderr] warning: unused workspace dependency `async-trait`
[INFO] [stderr]   --> Cargo.toml:16:1
[INFO] [stderr]    |
[INFO] [stderr] 16 | async-trait = "0.1"
[INFO] [stderr]    | ^^^^^^^^^^^
[INFO] [stderr]    |
[INFO] [stderr] help: consider removing the workspace dependency `async-trait`
[INFO] [stderr] warning: unused workspace dependency `crossbeam`
[INFO] [stderr]   --> Cargo.toml:17:1
[INFO] [stderr]    |
[INFO] [stderr] 17 | crossbeam = "0.8"
[INFO] [stderr]    | ^^^^^^^^^
[INFO] [stderr]    |
[INFO] [stderr] help: consider removing the workspace dependency `crossbeam`
[INFO] [stderr] warning: unused workspace dependency `futures`
[INFO] [stderr]   --> Cargo.toml:19:1
[INFO] [stderr]    |
[INFO] [stderr] 19 | futures = "0.3"
[INFO] [stderr]    | ^^^^^^^
[INFO] [stderr]    |
[INFO] [stderr] help: consider removing the workspace dependency `futures`
[INFO] [stderr] warning: unused workspace dependency `uuid`
[INFO] [stderr]    --> Cargo.toml:121:25
[INFO] [stderr]     |
[INFO] [stderr] 121 | [workspace.dependencies.uuid]
[INFO] [stderr]     |                         ^^^^
[INFO] [stderr]     |
[INFO] [stderr] help: consider removing the workspace dependency `uuid`
[INFO] [stderr] warning: unused field `repository` in `workspace.package`
[INFO] [stderr]    --> Cargo.toml:128:1
[INFO] [stderr]     |
[INFO] [stderr] 128 | repository = "https://github.com/aetherwm/aetherwm"
[INFO] [stderr]     | ^^^^^^^^^^
[INFO] [stderr]     |
[INFO] [stderr]     = note: `cargo::unused_workspace_package_fields` is set to `warn` by default
[INFO] [stderr] help: consider removing the field `workspace.package.repository`
[INFO] [stderr] warning: workspace (manifest) generated 9 warnings
[INFO] [stderr]     Updating crates.io index
[INFO] [stderr]  Downloading crates ...
[INFO] [stderr]   Downloaded thin-slice v0.1.1
[INFO] [stderr]   Downloaded servo_arc v0.1.1
[INFO] [stderr]   Downloaded phf_macros v0.8.0
[INFO] [stderr]   Downloaded fxhash v0.2.1
[INFO] [stderr]   Downloaded mac v0.1.1
[INFO] [stderr]   Downloaded string_cache_codegen v0.5.4
[INFO] [stderr]   Downloaded nodrop v0.1.14
[INFO] [stderr]   Downloaded phf_codegen v0.8.0
[INFO] [stderr]   Downloaded phf_shared v0.8.0
[INFO] [stderr]   Downloaded phf v0.8.0
[INFO] [stderr]   Downloaded convert_case v0.4.0
[INFO] [stderr]   Downloaded futf v0.1.5
[INFO] [stderr]   Downloaded phf_codegen v0.10.0
[INFO] [stderr]   Downloaded phf v0.10.1
[INFO] [stderr]   Downloaded num_threads v0.1.7
[INFO] [stderr]   Downloaded wry v0.47.2
[INFO] [stderr]   Downloaded webview2-com v0.33.0
[INFO] [stderr]   Downloaded futures-macro v0.3.33
[INFO] [stderr]   Downloaded phf_shared v0.11.3
[INFO] [stderr]   Downloaded phf_generator v0.11.3
[INFO] [stderr]   Downloaded phf_shared v0.10.0
[INFO] [stderr]   Downloaded siphasher v0.3.11
[INFO] [stderr]   Downloaded phf_generator v0.8.0
[INFO] [stderr]   Downloaded rand_pcg v0.2.1
[INFO] [stderr]   Downloaded phf_generator v0.10.0
[INFO] [stderr]   Downloaded libredox v0.1.19
[INFO] [stderr]   Downloaded webkit2gtk-sys v2.0.1
[INFO] [stderr]   Downloaded matches v0.1.10
[INFO] [stderr]   Downloaded string_cache v0.8.9
[INFO] [stderr]   Downloaded instant v0.1.13
[INFO] [stderr]   Downloaded cocoa-foundation v0.2.1
[INFO] [stderr]   Downloaded find-msvc-tools v0.1.10
[INFO] [stderr]   Downloaded kuchikiki v0.8.2
[INFO] [stderr]   Downloaded itoa v0.4.8
[INFO] [stderr]   Downloaded dlopen2 v0.7.0
[INFO] [stderr]   Downloaded futures-executor v0.3.33
[INFO] [stderr]   Downloaded selectors v0.22.0
[INFO] [stderr]   Downloaded markup5ever v0.11.0
[INFO] [stderr]   Downloaded tendril v0.4.3
[INFO] [stderr]   Downloaded cookie v0.18.1
[INFO] [stderr]   Downloaded core-graphics v0.24.0
[INFO] [stderr]   Downloaded cssparser v0.27.2
[INFO] [stderr]   Downloaded kqueue-sys v1.1.2
[INFO] [stderr]   Downloaded inotify-sys v0.1.8
[INFO] [stderr]   Downloaded cocoa v0.26.1
[INFO] [stderr]   Downloaded derive_more v0.99.20
[INFO] [stderr]   Downloaded fsevent-sys v4.1.0
[INFO] [stderr]   Downloaded notify v6.1.1
[INFO] [stderr]   Downloaded inotify v0.9.6
[INFO] [stderr]   Downloaded no-std-compat v0.4.1
[INFO] [stderr]   Downloaded spin v0.5.2
[INFO] [stderr]   Downloaded objc2-web-kit v0.2.2
[INFO] [stderr]   Downloaded html5ever v0.26.0
[INFO] [stderr]   Downloaded kqueue v1.2.1
[INFO] [stderr]   Downloaded smartstring v1.0.1
[INFO] [stderr]   Downloaded webkit2gtk v2.0.1
[INFO] [stderr]   Downloaded global-hotkey v0.8.0
[INFO] [stderr]   Downloaded rhai_codegen v3.2.0
[INFO] [stderr]   Downloaded is_terminal_polyfill v1.70.2
[INFO] [stderr]   Downloaded thin-vec v0.2.19
[INFO] [stderr]   Downloaded cc v1.4.2
[INFO] [stderr]   Downloaded wayland-backend v0.3.16
[INFO] [stderr]   Downloaded clap_derive v4.6.4
[INFO] [stderr]   Downloaded anstream v1.0.0
[INFO] [stderr]   Downloaded colorchoice v1.0.5
[INFO] [stderr]   Downloaded anstyle-wincon v3.0.11
[INFO] [stderr]   Downloaded once_cell_polyfill v1.70.2
[INFO] [stderr]   Downloaded anstyle-query v1.1.5
[INFO] [stderr]   Downloaded mio v0.8.11
[INFO] [stderr]   Downloaded clap v4.6.6
[INFO] [stderr]   Downloaded anstyle-parse v1.0.0
[INFO] [stderr]   Downloaded clap_builder v4.6.6
[INFO] [stderr]   Downloaded rhai v1.25.1
[INFO] [stderr]   Downloaded tao v0.30.8
[INFO] [stderr]   Downloaded webview2-com-sys v0.33.0
[INFO] running `Command { std: "docker" "create" "-v" "/var/lib/crater-agent-workspace/builds/worker-6-tc1/source:/opt/rustwide/workdir:ro,Z" "-v" "/var/lib/crater-agent-workspace/builds/worker-6-tc1/target:/opt/rustwide/target:rw,Z" "-v" "/var/lib/crater-agent-workspace/cargo-home:/opt/rustwide/cargo-home:ro,Z" "-v" "/var/lib/crater-agent-workspace/rustup-home:/opt/rustwide/rustup-home:ro,Z" "-m" "1610612736" "--network" "none" "ghcr.io/rust-lang/crates-build-env/linux@sha256:77db811e55d90add9212f6832c23229e3de5f1c1f9905e8cb07319ea15df73ac" "sleep" "infinity", kill_on_drop: false }`
[INFO] [stdout] 91277d6502e302c935a177559d9e0ff5b913da686da691489564e5fc41e2f4e3
[INFO] running `Command { std: "docker" "start" "91277d6502e302c935a177559d9e0ff5b913da686da691489564e5fc41e2f4e3", kill_on_drop: false }`
[INFO] running `Command { std: "docker" "inspect" "91277d6502e302c935a177559d9e0ff5b913da686da691489564e5fc41e2f4e3", kill_on_drop: false }`
[INFO] running `Command { std: "docker" "exec" "-e" "SOURCE_DIR=/opt/rustwide/workdir" "-e" "CARGO_HOME=/opt/rustwide/cargo-home" "-e" "RUSTUP_HOME=/opt/rustwide/rustup-home" "-e" "CARGO_TARGET_DIR=/opt/rustwide/target" "-w" "/opt/rustwide/workdir" "--user" "0:0" "91277d6502e302c935a177559d9e0ff5b913da686da691489564e5fc41e2f4e3" "/opt/rustwide/cargo-home/bin/cargo" "+3154cc1a3e6424e44f438a95007d043ed5ceaaf6" "metadata" "--no-deps" "--format-version=1", kill_on_drop: false }`
[INFO] running `Command { std: "docker" "inspect" "91277d6502e302c935a177559d9e0ff5b913da686da691489564e5fc41e2f4e3", kill_on_drop: false }`
[INFO] running `Command { std: "docker" "exec" "-e" "SOURCE_DIR=/opt/rustwide/workdir" "-e" "CARGO_HOME=/opt/rustwide/cargo-home" "-e" "RUSTUP_HOME=/opt/rustwide/rustup-home" "-e" "CARGO_TARGET_DIR=/opt/rustwide/target" "-e" "CARGO_INCREMENTAL=0" "-e" "RUST_BACKTRACE=full" "-e" "RUSTFLAGS=--cap-lints=forbid -Znext-solver=coherence" "-e" "RUSTDOCFLAGS=--cap-lints=forbid" "-w" "/opt/rustwide/workdir" "--user" "0:0" "91277d6502e302c935a177559d9e0ff5b913da686da691489564e5fc41e2f4e3" "/opt/rustwide/cargo-home/bin/cargo" "+3154cc1a3e6424e44f438a95007d043ed5ceaaf6" "check" "--frozen" "--all" "--all-targets" "--message-format=json", kill_on_drop: false }`
[INFO] [stderr] warning: unused workspace dependency `aether-bar`
[INFO] [stderr]   --> Cargo.toml:31:25
[INFO] [stderr]    |
[INFO] [stderr] 31 | [workspace.dependencies.aether-bar]
[INFO] [stderr]    |                         ^^^^^^^^^^
[INFO] [stderr]    |
[INFO] [stderr]    = note: `cargo::unused_workspace_dependencies` is set to `warn` by default
[INFO] [stderr] help: consider removing the workspace dependency `aether-bar`
[INFO] [stderr] warning: unused workspace dependency `aether-calendar`
[INFO] [stderr]   --> Cargo.toml:34:25
[INFO] [stderr]    |
[INFO] [stderr] 34 | [workspace.dependencies.aether-calendar]
[INFO] [stderr]    |                         ^^^^^^^^^^^^^^^
[INFO] [stderr]    |
[INFO] [stderr] help: consider removing the workspace dependency `aether-calendar`
[INFO] [stderr] warning: unused workspace dependency `aether-cli`
[INFO] [stderr]   --> Cargo.toml:37:25
[INFO] [stderr]    |
[INFO] [stderr] 37 | [workspace.dependencies.aether-cli]
[INFO] [stderr]    |                         ^^^^^^^^^^
[INFO] [stderr]    |
[INFO] [stderr] help: consider removing the workspace dependency `aether-cli`
[INFO] [stderr] warning: unused workspace dependency `aether-dock`
[INFO] [stderr]   --> Cargo.toml:46:25
[INFO] [stderr]    |
[INFO] [stderr] 46 | [workspace.dependencies.aether-dock]
[INFO] [stderr]    |                         ^^^^^^^^^^^
[INFO] [stderr]    |
[INFO] [stderr] help: consider removing the workspace dependency `aether-dock`
[INFO] [stderr] warning: unused workspace dependency `async-trait`
[INFO] [stderr]   --> Cargo.toml:16:1
[INFO] [stderr]    |
[INFO] [stderr] 16 | async-trait = "0.1"
[INFO] [stderr]    | ^^^^^^^^^^^
[INFO] [stderr]    |
[INFO] [stderr] help: consider removing the workspace dependency `async-trait`
[INFO] [stderr] warning: unused workspace dependency `crossbeam`
[INFO] [stderr]   --> Cargo.toml:17:1
[INFO] [stderr]    |
[INFO] [stderr] 17 | crossbeam = "0.8"
[INFO] [stderr]    | ^^^^^^^^^
[INFO] [stderr]    |
[INFO] [stderr] help: consider removing the workspace dependency `crossbeam`
[INFO] [stderr] warning: unused workspace dependency `futures`
[INFO] [stderr]   --> Cargo.toml:19:1
[INFO] [stderr]    |
[INFO] [stderr] 19 | futures = "0.3"
[INFO] [stderr]    | ^^^^^^^
[INFO] [stderr]    |
[INFO] [stderr] help: consider removing the workspace dependency `futures`
[INFO] [stderr] warning: unused workspace dependency `uuid`
[INFO] [stderr]    --> Cargo.toml:121:25
[INFO] [stderr]     |
[INFO] [stderr] 121 | [workspace.dependencies.uuid]
[INFO] [stderr]     |                         ^^^^
[INFO] [stderr]     |
[INFO] [stderr] help: consider removing the workspace dependency `uuid`
[INFO] [stderr] warning: unused field `repository` in `workspace.package`
[INFO] [stderr]    --> Cargo.toml:128:1
[INFO] [stderr]     |
[INFO] [stderr] 128 | repository = "https://github.com/aetherwm/aetherwm"
[INFO] [stderr]     | ^^^^^^^^^^
[INFO] [stderr]     |
[INFO] [stderr]     = note: `cargo::unused_workspace_package_fields` is set to `warn` by default
[INFO] [stderr] help: consider removing the field `workspace.package.repository`
[INFO] [stderr] warning: workspace (manifest) generated 9 warnings
[INFO] [stderr]    Compiling serde_core v1.0.229
[INFO] [stderr]    Compiling libc v0.2.189
[INFO] [stderr]    Compiling pkg-config v0.3.33
[INFO] [stderr]    Compiling serde v1.0.229
[INFO] [stderr]    Compiling hashbrown v0.17.1
[INFO] [stderr]    Compiling equivalent v1.0.2
[INFO] [stderr]    Compiling syn v3.0.3
[INFO] [stderr]    Compiling winnow v0.5.40
[INFO] [stderr]    Compiling heck v0.5.0
[INFO] [stderr]    Compiling target-lexicon v0.12.16
[INFO] [stderr]    Compiling smallvec v1.15.2
[INFO] [stderr]    Compiling indexmap v2.14.0
[INFO] [stderr]    Compiling version-compare v0.2.1
[INFO] [stderr]    Compiling portable-atomic v1.14.0
[INFO] [stderr]    Compiling cfg-expr v0.15.8
[INFO] [stderr]     Checking futures-core v0.3.33
[INFO] [stderr]    Compiling crossbeam-utils v0.8.22
[INFO] [stderr]     Checking once_cell v1.21.4
[INFO] [stderr]     Checking tracing-core v0.1.36
[INFO] [stderr]     Checking crossbeam-channel v0.5.16
[INFO] [stderr]     Checking errno v0.3.14
[INFO] [stderr]     Checking bitflags v1.3.2
[INFO] [stderr]     Checking tracing v0.1.44
[INFO] [stderr]     Checking signal-hook-registry v1.4.8
[INFO] [stderr]     Checking mio v1.2.2
[INFO] [stderr]     Checking socket2 v0.6.5
[INFO] [stderr]     Checking log v0.4.33
[INFO] [stderr]     Checking aho-corasick v1.1.5
[INFO] [stderr]    Compiling inotify-sys v0.1.8
[INFO] [stderr]     Checking regex-syntax v0.8.11
[INFO] [stderr]     Checking mio v0.8.11
[INFO] [stderr]     Checking bitflags v2.13.1
[INFO] [stderr]     Checking inotify v0.9.6
[INFO] [stderr]     Checking filetime v0.2.29
[INFO] [stderr]    Compiling proc-macro-error-attr v1.0.4
[INFO] [stderr]     Checking notify v6.1.1
[INFO] [stderr]    Compiling syn v1.0.109
[INFO] [stderr]    Compiling rustix v1.1.4
[INFO] [stderr]    Compiling proc-macro-error v1.0.4
[INFO] [stderr]     Checking futures-sink v0.3.33
[INFO] [stderr]     Checking linux-raw-sys v0.12.1
[INFO] [stderr]    Compiling crunchy v0.2.4
[INFO] [stderr]    Compiling toml_datetime v0.6.3
[INFO] [stderr]    Compiling serde_spanned v0.6.9
[INFO] [stderr]    Compiling find-msvc-tools v0.1.10
[INFO] [stderr]    Compiling toml_edit v0.20.2
[INFO] [stderr]    Compiling wayland-sys v0.31.11
[INFO] [stderr]    Compiling cc v1.4.2
[INFO] [stderr]    Compiling futures-macro v0.3.33
[INFO] [stderr]     Checking futures-task v0.3.33
[INFO] [stderr]    Compiling serde_derive v1.0.229
[INFO] [stderr]    Compiling thiserror-impl v2.0.20
[INFO] [stderr]    Compiling tokio-macros v2.7.2
[INFO] [stderr]     Checking regex-automata v0.4.18
[INFO] [stderr]     Checking tokio v1.53.1
[INFO] [stderr]     Checking slab v0.4.12
[INFO] [stderr]    Compiling tiny-keccak v2.0.2
[INFO] [stderr]     Checking futures-util v0.3.33
[INFO] [stderr]     Checking thiserror v2.0.20
[INFO] [stderr]    Compiling wayland-backend v0.3.16
[INFO] [stderr]    Compiling memchr v2.8.3
[INFO] [stderr]    Compiling toml v0.8.2
[INFO] [stderr]    Compiling proc-macro-crate v2.0.2
[INFO] [stderr]    Compiling system-deps v6.2.2
[INFO] [stderr]    Compiling heck v0.4.1
[INFO] [stderr]     Checking regex v1.13.1
[INFO] [stderr]    Compiling getrandom v0.2.17
[INFO] [stderr]    Compiling quick-xml v0.41.0
[INFO] [stderr]     Checking futures-executor v0.3.33
[INFO] [stderr]    Compiling glib-macros v0.18.5
[INFO] [stderr]     Checking futures-channel v0.3.33
[INFO] [stderr]     Checking downcast-rs v1.2.1
[INFO] [stderr]    Compiling getrandom v0.3.4
[INFO] [stderr]    Compiling wayland-client v0.31.15
[INFO] [stderr]    Compiling glib-sys v0.18.1
[INFO] [stderr]    Compiling gobject-sys v0.18.0
[INFO] [stderr]    Compiling gio-sys v0.18.1
[INFO] [stderr]     Checking aether-types v0.1.0 (/opt/rustwide/workdir/crates/aether-types)
[INFO] [stderr]     Checking parking_lot_core v0.9.12
[INFO] [stderr]     Checking parking_lot v0.12.5
[INFO] [stderr]     Checking aether-layout v0.1.0 (/opt/rustwide/workdir/crates/aether-layout)
[INFO] [stderr]    Compiling gdk-sys v0.18.2
[INFO] [stderr]     Checking aether-workspace v0.1.0 (/opt/rustwide/workdir/crates/aether-workspace)
[INFO] [stderr]    Compiling pango-sys v0.18.0
[INFO] [stderr]    Compiling cairo-sys-rs v0.18.2
[INFO] [stderr]    Compiling gdk-pixbuf-sys v0.18.0
[INFO] [stderr]     Checking x11rb-protocol v0.13.2
[INFO] [stderr]    Compiling wayland-scanner v0.31.11
[INFO] [stderr]    Compiling atk-sys v0.18.2
[INFO] [stderr]     Checking tokio-util v0.7.19
[INFO] [stderr]    Compiling const-random-macro v0.1.16
[INFO] [stderr]    Compiling smartstring v1.0.1
[INFO] [stderr]     Checking tokio-stream v0.1.19
[INFO] [stderr]    Compiling num-traits v0.2.19
[INFO] [stderr]    Compiling ahash v0.8.12
[INFO] [stderr]     Checking const-random v0.1.18
[INFO] [stderr]     Checking gethostname v1.1.0
[INFO] [stderr]     Checking aether-events v0.1.0 (/opt/rustwide/workdir/crates/aether-events)
[INFO] [stderr]     Checking aether-notification v0.1.0 (/opt/rustwide/workdir/crates/aether-notification)
[INFO] [stderr]    Compiling zerovec-derive v0.11.3
[INFO] [stderr]    Compiling serde_json v1.0.151
[INFO] [stderr]     Checking static_assertions v1.1.0
[INFO] [stderr]     Checking thin-vec v0.2.19
[INFO] [stderr]     Checking aether-theme v0.1.0 (/opt/rustwide/workdir/crates/aether-theme)
[INFO] [stderr]     Checking aether-config v0.1.0 (/opt/rustwide/workdir/crates/aether-config)
[INFO] [stderr]    Compiling displaydoc v0.2.7
[INFO] [stderr]    Compiling rhai_codegen v3.2.0
[INFO] [stderr]     Checking aether-state v0.1.0 (/opt/rustwide/workdir/crates/aether-state)
[INFO] [stderr]    Compiling gio v0.18.4
[INFO] [stderr]     Checking aether-plugin-api v0.1.0 (/opt/rustwide/workdir/crates/aether-plugin-api)
[INFO] [stderr]     Checking zerovec v0.11.6
[INFO] [stderr]     Checking aether-animation v0.1.0 (/opt/rustwide/workdir/crates/aether-animation)
[INFO] [stderr]    Compiling gtk-sys v0.18.2
[INFO] [stderr]     Checking futures-io v0.3.33
[INFO] [stderr]     Checking aether-media v0.1.0 (/opt/rustwide/workdir/crates/aether-media)
[INFO] [stderr]     Checking litemap v0.8.2
[INFO] [stdout] warning: function `image_data_uri` is never used
[INFO] [stdout]   --> crates/aether-media/src/lib.rs:23:15
[INFO] [stdout]    |
[INFO] [stdout] 23 | pub(crate) fn image_data_uri(bytes: &[u8]) -> String {
[INFO] [stdout]    |               ^^^^^^^^^^^^^^
[INFO] [stdout]    |
[INFO] [stdout]    = note: `#[warn(dead_code)]` (part of `#[warn(unused)]`) on by default
[INFO] [stdout] 
[INFO] [stdout] 
[INFO] [stdout] warning: constant `ALPHABET` is never used
[INFO] [stdout]  --> crates/aether-media/src/base64.rs:6:7
[INFO] [stdout]   |
[INFO] [stdout] 6 | const ALPHABET: &[u8; 64] = b"ABCDEFGHIJKLMNOPQRSTUVWXYZabcdefghijklmnopqrstuvwxyz0123456789+/";
[INFO] [stdout]   |       ^^^^^^^^
[INFO] [stdout] 
[INFO] [stdout] 
[INFO] [stdout] warning: function `encode` is never used
[INFO] [stdout]  --> crates/aether-media/src/base64.rs:8:15
[INFO] [stdout]   |
[INFO] [stdout] 8 | pub(crate) fn encode(data: &[u8]) -> String {
[INFO] [stdout]   |               ^^^^^^
[INFO] [stdout] 
[INFO] [stdout] 
[INFO] [stderr]     Checking writeable v0.6.3
[INFO] [stderr]     Checking glib v0.18.5
[INFO] [stderr]     Checking zerotrie v0.2.4
[INFO] [stderr]     Checking tinystr v0.8.3
[INFO] [stderr]     Checking potential_utf v0.1.5
[INFO] [stderr]     Checking rhai v1.25.1
[INFO] [stderr]    Compiling icu_normalizer_data v2.2.0
[INFO] [stderr]     Checking icu_locale_core v2.2.0
[INFO] [stderr]    Compiling icu_properties_data v2.2.0
[INFO] [stderr]     Checking icu_collections v2.2.0
[INFO] [stderr]    Compiling field-offset v0.3.6
[INFO] [stderr]    Compiling soup3-sys v0.5.0
[INFO] [stderr]    Compiling javascriptcore-rs-sys v1.1.1
[INFO] [stderr]    Compiling toml_edit v0.19.15
[INFO] [stderr]    Compiling x11 v2.21.0
[INFO] [stderr]     Checking utf8parse v0.2.2
[INFO] [stderr]     Checking anstyle-parse v1.0.0
[INFO] [stderr]    Compiling gdkx11-sys v0.18.2
[INFO] [stderr]    Compiling webkit2gtk-sys v2.0.1
[INFO] [stderr]    Compiling gtk v0.18.2
[INFO] [stderr]    Compiling crc32fast v1.5.0
[INFO] [stderr]     Checking num_threads v0.1.7
[INFO] [stderr]     Checking lazy_static v1.5.0
[INFO] [stderr]     Checking is_terminal_polyfill v1.70.2
[INFO] [stderr]     Checking icu_provider v2.2.0
[INFO] [stderr]     Checking anstyle v1.0.14
[INFO] [stderr]     Checking anstyle-query v1.1.5
[INFO] [stderr]     Checking simd-adler32 v0.3.10
[INFO] [stderr]     Checking colorchoice v1.0.5
[INFO] [stderr]     Checking anstream v1.0.0
[INFO] [stderr]     Checking time v0.3.55
[INFO] [stderr]     Checking icu_properties v2.2.0
[INFO] [stderr]     Checking icu_normalizer v2.2.0
[INFO] [stderr]    Compiling proc-macro-crate v1.3.1
[INFO] [stderr]     Checking x11rb v0.13.2
[INFO] [stderr]    Compiling x11-dl v2.21.0
[INFO] [stderr]     Checking adler2 v2.0.1
[INFO] [stderr]     Checking unicode-segmentation v1.13.3
[INFO] [stderr]     Checking dpi v0.1.2
[INFO] [stderr]     Checking clap_lex v1.1.0
[INFO] [stderr]     Checking strsim v0.11.1
[INFO] [stderr]     Checking miniz_oxide v0.8.9
[INFO] [stderr]     Checking clap_builder v4.6.6
[INFO] [stderr]     Checking keyboard-types v0.7.0
[INFO] [stderr]    Compiling gtk3-macros v0.18.2
[INFO] [stderr]     Checking idna_adapter v1.2.2
[INFO] [stderr]     Checking sharded-slab v0.1.7
[INFO] [stderr]     Checking matchers v0.2.0
[INFO] [stderr]    Compiling clap_derive v4.6.4
[INFO] [stderr]     Checking tracing-log v0.2.0
[INFO] [stderr]    Compiling cookie v0.18.1
[INFO] [stderr]     Checking aether-platform v0.1.0 (/opt/rustwide/workdir/crates/aether-platform)
[INFO] [stderr]     Checking option-ext v0.2.0
[INFO] [stderr]     Checking dirs-sys v0.5.0
[INFO] [stdout] error[E0432]: unresolved import `x11rb::protocol::randr`
[INFO] [stdout]   --> crates/aether-platform/src/x11_backend.rs:12:22
[INFO] [stdout]    |
[INFO] [stdout] 12 | use x11rb::protocol::randr::{self, ConnectionExt as _};
[INFO] [stdout]    |                      ^^^^^ could not find `randr` in `protocol`
[INFO] [stdout]    |
[INFO] [stdout] note: found an item that was configured out
[INFO] [stdout]   --> /opt/rustwide/cargo-home/registry/src/index.crates.io-1949cf8c6b5b557f/x11rb-0.13.2/src/protocol/mod.rs:33:9
[INFO] [stdout]    |
[INFO] [stdout] 32 | #[cfg(feature = "randr")]
[INFO] [stdout]    |       ----------------- the item is gated behind the `randr` feature
[INFO] [stdout] 33 | pub mod randr;
[INFO] [stdout]    |         ^^^^^
[INFO] [stdout] 
[INFO] [stdout] 
[INFO] [stdout] warning: unused imports: `PropMode` and `WindowClass`
[INFO] [stdout]   --> crates/aether-platform/src/x11_backend.rs:15:36
[INFO] [stdout]    |
[INFO] [stdout] 15 |     ConnectionExt as _, EventMask, PropMode, Window, WindowClass, CLIENT_MESSAGE_EVENT,
[INFO] [stdout]    |                                    ^^^^^^^^          ^^^^^^^^^^^
[INFO] [stdout]    |
[INFO] [stdout]    = note: `#[warn(unused_imports)]` (part of `#[warn(unused)]`) on by default
[INFO] [stdout] 
[INFO] [stdout] 
[INFO] [stdout] warning: unused import: `x11rb::wrapper::ConnectionExt as _`
[INFO] [stdout]   --> crates/aether-platform/src/x11_backend.rs:19:5
[INFO] [stdout]    |
[INFO] [stdout] 19 | use x11rb::wrapper::ConnectionExt as _;
[INFO] [stdout]    |     ^^^^^^^^^^^^^^^^^^^^^^^^^^^^^^^^^^
[INFO] [stdout] 
[INFO] [stdout] 
[INFO] [stderr]     Checking tracing-subscriber v0.3.23
[INFO] [stderr]     Checking flate2 v1.1.9
[INFO] [stdout] error[E0599]: no method named `as_bytes` found for reference `&'static [u8; 18]` in the current scope
[INFO] [stdout]   --> crates/aether-platform/src/x11_backend.rs:56:47
[INFO] [stdout]    |
[INFO] [stdout] 54 |         macro_rules! atom {
[INFO] [stdout] 55 |             ($name:literal) => {
[INFO] [stdout] 56 |                 conn.intern_atom(false, $name.as_bytes())
[INFO] [stdout]    |                                               ^^^^^^^^
[INFO] [stdout] ...
[INFO] [stdout] 64 |             net_active_window: atom!(b"_NET_ACTIVE_WINDOW"),
[INFO] [stdout]    |                                ---------------------------- in this macro invocation
[INFO] [stdout] 
[INFO] [stdout] 
[INFO] [stdout] error[E0599]: no method named `as_bytes` found for reference `&'static [u8; 17]` in the current scope
[INFO] [stdout]   --> crates/aether-platform/src/x11_backend.rs:56:47
[INFO] [stdout]    |
[INFO] [stdout] 54 |         macro_rules! atom {
[INFO] [stdout] 55 |             ($name:literal) => {
[INFO] [stdout] 56 |                 conn.intern_atom(false, $name.as_bytes())
[INFO] [stdout]    |                                               ^^^^^^^^
[INFO] [stdout] ...
[INFO] [stdout] 65 |             net_close_window: atom!(b"_NET_CLOSE_WINDOW"),
[INFO] [stdout]    |                               --------------------------- in this macro invocation
[INFO] [stdout] 
[INFO] [stdout] 
[INFO] [stdout] error[E0599]: no method named `as_bytes` found for reference `&'static [u8; 13]` in the current scope
[INFO] [stdout]   --> crates/aether-platform/src/x11_backend.rs:56:47
[INFO] [stdout]    |
[INFO] [stdout] 54 |         macro_rules! atom {
[INFO] [stdout] 55 |             ($name:literal) => {
[INFO] [stdout] 56 |                 conn.intern_atom(false, $name.as_bytes())
[INFO] [stdout]    |                                               ^^^^^^^^
[INFO] [stdout] ...
[INFO] [stdout] 66 |             net_wm_state: atom!(b"_NET_WM_STATE"),
[INFO] [stdout]    |                           ----------------------- in this macro invocation
[INFO] [stdout] 
[INFO] [stdout] 
[INFO] [stdout] error[E0599]: no method named `as_bytes` found for reference `&'static [u8; 24]` in the current scope
[INFO] [stdout]   --> crates/aether-platform/src/x11_backend.rs:56:47
[INFO] [stdout]    |
[INFO] [stdout] 54 |         macro_rules! atom {
[INFO] [stdout] 55 |             ($name:literal) => {
[INFO] [stdout] 56 |                 conn.intern_atom(false, $name.as_bytes())
[INFO] [stdout]    |                                               ^^^^^^^^
[INFO] [stdout] ...
[INFO] [stdout] 67 |             net_wm_state_fullscreen: atom!(b"_NET_WM_STATE_FULLSCREEN"),
[INFO] [stdout]    |                                      ---------------------------------- in this macro invocation
[INFO] [stdout] 
[INFO] [stdout] 
[INFO] [stdout] error[E0599]: no method named `as_bytes` found for reference `&'static [u8; 28]` in the current scope
[INFO] [stdout]   --> crates/aether-platform/src/x11_backend.rs:56:47
[INFO] [stdout]    |
[INFO] [stdout] 54 |         macro_rules! atom {
[INFO] [stdout] 55 |             ($name:literal) => {
[INFO] [stdout] 56 |                 conn.intern_atom(false, $name.as_bytes())
[INFO] [stdout]    |                                               ^^^^^^^^
[INFO] [stdout] ...
[INFO] [stdout] 68 |             net_wm_state_maximized_vert: atom!(b"_NET_WM_STATE_MAXIMIZED_VERT"),
[INFO] [stdout]    |                                          -------------------------------------- in this macro invocation
[INFO] [stdout] 
[INFO] [stdout] 
[INFO] [stdout] error[E0599]: no method named `as_bytes` found for reference `&'static [u8; 28]` in the current scope
[INFO] [stdout]   --> crates/aether-platform/src/x11_backend.rs:56:47
[INFO] [stdout]    |
[INFO] [stdout] 54 |         macro_rules! atom {
[INFO] [stdout] 55 |             ($name:literal) => {
[INFO] [stdout] 56 |                 conn.intern_atom(false, $name.as_bytes())
[INFO] [stdout]    |                                               ^^^^^^^^
[INFO] [stdout] ...
[INFO] [stdout] 69 |             net_wm_state_maximized_horz: atom!(b"_NET_WM_STATE_MAXIMIZED_HORZ"),
[INFO] [stdout]    |                                          -------------------------------------- in this macro invocation
[INFO] [stdout] 
[INFO] [stdout] 
[INFO] [stdout] error[E0599]: no method named `as_bytes` found for reference `&'static [u8; 20]` in the current scope
[INFO] [stdout]   --> crates/aether-platform/src/x11_backend.rs:56:47
[INFO] [stdout]    |
[INFO] [stdout] 54 |         macro_rules! atom {
[INFO] [stdout] 55 |             ($name:literal) => {
[INFO] [stdout] 56 |                 conn.intern_atom(false, $name.as_bytes())
[INFO] [stdout]    |                                               ^^^^^^^^
[INFO] [stdout] ...
[INFO] [stdout] 70 |             net_wm_state_hidden: atom!(b"_NET_WM_STATE_HIDDEN"),
[INFO] [stdout]    |                                  ------------------------------ in this macro invocation
[INFO] [stdout] 
[INFO] [stdout] 
[INFO] [stdout] error[E0599]: no method named `as_bytes` found for reference `&'static [u8; 12]` in the current scope
[INFO] [stdout]   --> crates/aether-platform/src/x11_backend.rs:56:47
[INFO] [stdout]    |
[INFO] [stdout] 54 |         macro_rules! atom {
[INFO] [stdout] 55 |             ($name:literal) => {
[INFO] [stdout] 56 |                 conn.intern_atom(false, $name.as_bytes())
[INFO] [stdout]    |                                               ^^^^^^^^
[INFO] [stdout] ...
[INFO] [stdout] 71 |             net_wm_name: atom!(b"_NET_WM_NAME"),
[INFO] [stdout]    |                          ---------------------- in this macro invocation
[INFO] [stdout] 
[INFO] [stdout] 
[INFO] [stdout] error[E0599]: no method named `as_bytes` found for reference `&'static [u8; 11]` in the current scope
[INFO] [stdout]   --> crates/aether-platform/src/x11_backend.rs:56:47
[INFO] [stdout]    |
[INFO] [stdout] 54 |         macro_rules! atom {
[INFO] [stdout] 55 |             ($name:literal) => {
[INFO] [stdout] 56 |                 conn.intern_atom(false, $name.as_bytes())
[INFO] [stdout]    |                                               ^^^^^^^^
[INFO] [stdout] ...
[INFO] [stdout] 72 |             net_wm_pid: atom!(b"_NET_WM_PID"),
[INFO] [stdout]    |                         --------------------- in this macro invocation
[INFO] [stdout] 
[INFO] [stdout] 
[INFO] [stdout] error[E0599]: no method named `as_bytes` found for reference `&'static [u8; 16]` in the current scope
[INFO] [stdout]   --> crates/aether-platform/src/x11_backend.rs:56:47
[INFO] [stdout]    |
[INFO] [stdout] 54 |         macro_rules! atom {
[INFO] [stdout] 55 |             ($name:literal) => {
[INFO] [stdout] 56 |                 conn.intern_atom(false, $name.as_bytes())
[INFO] [stdout]    |                                               ^^^^^^^^
[INFO] [stdout] ...
[INFO] [stdout] 73 |             net_client_list: atom!(b"_NET_CLIENT_LIST"),
[INFO] [stdout]    |                              -------------------------- in this macro invocation
[INFO] [stdout] 
[INFO] [stdout] 
[INFO] [stdout] error[E0599]: no method named `as_bytes` found for reference `&'static [u8; 13]` in the current scope
[INFO] [stdout]   --> crates/aether-platform/src/x11_backend.rs:56:47
[INFO] [stdout]    |
[INFO] [stdout] 54 |         macro_rules! atom {
[INFO] [stdout] 55 |             ($name:literal) => {
[INFO] [stdout] 56 |                 conn.intern_atom(false, $name.as_bytes())
[INFO] [stdout]    |                                               ^^^^^^^^
[INFO] [stdout] ...
[INFO] [stdout] 74 |             net_workarea: atom!(b"_NET_WORKAREA"),
[INFO] [stdout]    |                           ----------------------- in this macro invocation
[INFO] [stdout] 
[INFO] [stdout] 
[INFO] [stdout] error[E0599]: no method named `as_bytes` found for reference `&'static [u8; 15]` in the current scope
[INFO] [stdout]   --> crates/aether-platform/src/x11_backend.rs:56:47
[INFO] [stdout]    |
[INFO] [stdout] 54 |         macro_rules! atom {
[INFO] [stdout] 55 |             ($name:literal) => {
[INFO] [stdout] 56 |                 conn.intern_atom(false, $name.as_bytes())
[INFO] [stdout]    |                                               ^^^^^^^^
[INFO] [stdout] ...
[INFO] [stdout] 75 |             wm_change_state: atom!(b"WM_CHANGE_STATE"),
[INFO] [stdout]    |                              ------------------------- in this macro invocation
[INFO] [stdout] 
[INFO] [stdout] 
[INFO] [stdout] error[E0599]: no method named `as_bytes` found for reference `&'static [u8; 8]` in the current scope
[INFO] [stdout]   --> crates/aether-platform/src/x11_backend.rs:56:47
[INFO] [stdout]    |
[INFO] [stdout] 54 |         macro_rules! atom {
[INFO] [stdout] 55 |             ($name:literal) => {
[INFO] [stdout] 56 |                 conn.intern_atom(false, $name.as_bytes())
[INFO] [stdout]    |                                               ^^^^^^^^
[INFO] [stdout] ...
[INFO] [stdout] 76 |             wm_class: atom!(b"WM_CLASS"),
[INFO] [stdout]    |                       ------------------ in this macro invocation
[INFO] [stdout] 
[INFO] [stdout] 
[INFO] [stdout] error[E0599]: no method named `as_bytes` found for reference `&'static [u8; 11]` in the current scope
[INFO] [stdout]   --> crates/aether-platform/src/x11_backend.rs:56:47
[INFO] [stdout]    |
[INFO] [stdout] 54 |         macro_rules! atom {
[INFO] [stdout] 55 |             ($name:literal) => {
[INFO] [stdout] 56 |                 conn.intern_atom(false, $name.as_bytes())
[INFO] [stdout]    |                                               ^^^^^^^^
[INFO] [stdout] ...
[INFO] [stdout] 77 |             utf8_string: atom!(b"UTF8_STRING"),
[INFO] [stdout]    |                          --------------------- in this macro invocation
[INFO] [stdout] 
[INFO] [stdout] 
[INFO] [stdout] error[E0308]: mismatched types
[INFO] [stdout]    --> crates/aether-platform/src/x11_backend.rs:164:71
[INFO] [stdout]     |
[INFO] [stdout] 164 |             let geom = match self.conn.get_geometry(win).and_then(|c| c.reply()) {
[INFO] [stdout]     |                                                                       ^^^^^^^^^ expected `Result<_, ConnectionError>`, found `Result<GetGeometryReply, ReplyError>`
[INFO] [stdout]     |
[INFO] [stdout]     = note: expected enum `Result<_, x11rb::errors::ConnectionError>`
[INFO] [stdout]                found enum `Result<GetGeometryReply, ReplyError>`
[INFO] [stdout] 
[INFO] [stdout] 
[INFO] [stdout] error[E0599]: no method named `randr_get_monitors` found for struct `RustConnection<S>` in the current scope
[INFO] [stdout]    --> crates/aether-platform/src/x11_backend.rs:297:14
[INFO] [stdout]     |
[INFO] [stdout] 295 |         let resources = self
[INFO] [stdout] 296 |             .conn
[INFO] [stdout] 297 |             .randr_get_monitors(self.root, true)
[INFO] [stdout]     |              ^^^^^^^^^^^^^^^^^^ method not found in `RustConnection`
[INFO] [stdout] 
[INFO] [stdout] 
[INFO] [stdout] error[E0597]: `reply` does not live long enough
[INFO] [stdout]    --> crates/aether-platform/src/x11_backend.rs:463:9
[INFO] [stdout]     |
[INFO] [stdout] 457 |         let reply = self
[INFO] [stdout]     |             ----- binding `reply` declared here
[INFO] [stdout] ...
[INFO] [stdout] 463 |         reply.value32()?.next()
[INFO] [stdout]     |         ^^^^^-----------
[INFO] [stdout]     |         |
[INFO] [stdout]     |         borrowed value does not live long enough
[INFO] [stdout]     |         a temporary with access to the borrow is created here ...
[INFO] [stdout] 464 |     }
[INFO] [stdout]     |     -
[INFO] [stdout]     |     |
[INFO] [stdout]     |     `reply` dropped here while still borrowed
[INFO] [stdout]     |     ... and the borrow might be used here, when that temporary is dropped and runs the destructor for type `ControlFlow<std::option::Option<!>, impl Iterator<Item = u32> + '_>`
[INFO] [stdout]     |
[INFO] [stdout]     = note: the temporary is part of an expression at the end of a block;
[INFO] [stdout]             consider forcing this temporary to be dropped sooner, before the block's local variables are dropped
[INFO] [stdout] help: for example, you could save the expression's value in a new local variable `x` and then make `x` be the expression at the end of the block
[INFO] [stdout]     |
[INFO] [stdout] 463 |         let x = reply.value32()?.next(); x
[INFO] [stdout]     |         +++++++                        +++
[INFO] [stdout] 
[INFO] [stdout] 
[INFO] [stdout] Some errors have detailed explanations: E0308, E0432, E0597, E0599.
[INFO] [stdout] 
[INFO] [stdout] For more information about an error, try `rustc --explain E0308`.
[INFO] [stdout] 
[INFO] [stderr] error: could not compile `aether-platform` (lib) due to 18 previous errors; 2 warnings emitted
[INFO] [stderr] warning: build failed, waiting for other jobs to finish...
[INFO] running `Command { std: "docker" "inspect" "91277d6502e302c935a177559d9e0ff5b913da686da691489564e5fc41e2f4e3", kill_on_drop: false }`
[INFO] running `Command { std: "docker" "rm" "-f" "91277d6502e302c935a177559d9e0ff5b913da686da691489564e5fc41e2f4e3", kill_on_drop: false }`
[INFO] [stdout] 91277d6502e302c935a177559d9e0ff5b913da686da691489564e5fc41e2f4e3
