[INFO] cloning repository https://github.com/synqark/wf-vendor-probe
[INFO] running `Command { std: "git" "-c" "credential.helper=" "-c" "credential.helper=/workspace/cargo-home/bin/git-credential-null" "clone" "--bare" "https://github.com/synqark/wf-vendor-probe" "/workspace/cache/git-repos/https%3A%2F%2Fgithub.com%2Fsynqark%2Fwf-vendor-probe", kill_on_drop: false }`
[INFO] [stderr] Cloning into bare repository '/workspace/cache/git-repos/https%3A%2F%2Fgithub.com%2Fsynqark%2Fwf-vendor-probe'...
[INFO] running `Command { std: "git" "rev-parse" "HEAD", kill_on_drop: false }`
[INFO] [stdout] 57ae6b462d47f5b0994a913fe5647b0b6543b514
[INFO] checking synqark/wf-vendor-probe against 3154cc1a3e6424e44f438a95007d043ed5ceaaf6+rustflags=-Znext-solver=coherence for pr-133502-30
[INFO] running `Command { std: "git" "clone" "/workspace/cache/git-repos/https%3A%2F%2Fgithub.com%2Fsynqark%2Fwf-vendor-probe" "/workspace/builds/worker-3-tc1/source", kill_on_drop: false }`
[INFO] [stderr] Cloning into '/workspace/builds/worker-3-tc1/source'...
[INFO] [stderr] done.
[INFO] started tweaking git repo https://github.com/synqark/wf-vendor-probe
[INFO] finished tweaking git repo https://github.com/synqark/wf-vendor-probe
[INFO] tweaked toml for git repo https://github.com/synqark/wf-vendor-probe written to /workspace/builds/worker-3-tc1/source/Cargo.toml
[INFO] validating manifest of git repo https://github.com/synqark/wf-vendor-probe on toolchain 3154cc1a3e6424e44f438a95007d043ed5ceaaf6
[INFO] running `Command { std: CARGO_HOME="/workspace/cargo-home" RUSTUP_HOME="/workspace/rustup-home" "/workspace/cargo-home/bin/cargo" "+3154cc1a3e6424e44f438a95007d043ed5ceaaf6" "metadata" "--manifest-path" "Cargo.toml" "--no-deps", kill_on_drop: false }`
[INFO] crate git repo https://github.com/synqark/wf-vendor-probe already has a lockfile, it will not be regenerated
[INFO] running `Command { std: CARGO_HOME="/workspace/cargo-home" RUSTUP_HOME="/workspace/rustup-home" "/workspace/cargo-home/bin/cargo" "+3154cc1a3e6424e44f438a95007d043ed5ceaaf6" "fetch" "--manifest-path" "Cargo.toml", kill_on_drop: false }`
[INFO] running `Command { std: "docker" "create" "-v" "/var/lib/crater-agent-workspace/builds/worker-3-tc1/source:/opt/rustwide/workdir:ro,Z" "-v" "/var/lib/crater-agent-workspace/builds/worker-3-tc1/target:/opt/rustwide/target:rw,Z" "-v" "/var/lib/crater-agent-workspace/cargo-home:/opt/rustwide/cargo-home:ro,Z" "-v" "/var/lib/crater-agent-workspace/rustup-home:/opt/rustwide/rustup-home:ro,Z" "-m" "1610612736" "--network" "none" "ghcr.io/rust-lang/crates-build-env/linux@sha256:77db811e55d90add9212f6832c23229e3de5f1c1f9905e8cb07319ea15df73ac" "sleep" "infinity", kill_on_drop: false }`
[INFO] [stdout] f88b54d5ab68df75893cdea2bca83839264d84c29b71df54e9a69f5609c717f0
[INFO] running `Command { std: "docker" "start" "f88b54d5ab68df75893cdea2bca83839264d84c29b71df54e9a69f5609c717f0", kill_on_drop: false }`
[INFO] running `Command { std: "docker" "inspect" "f88b54d5ab68df75893cdea2bca83839264d84c29b71df54e9a69f5609c717f0", kill_on_drop: false }`
[INFO] running `Command { std: "docker" "exec" "-e" "SOURCE_DIR=/opt/rustwide/workdir" "-e" "CARGO_HOME=/opt/rustwide/cargo-home" "-e" "RUSTUP_HOME=/opt/rustwide/rustup-home" "-e" "CARGO_TARGET_DIR=/opt/rustwide/target" "-w" "/opt/rustwide/workdir" "--user" "0:0" "f88b54d5ab68df75893cdea2bca83839264d84c29b71df54e9a69f5609c717f0" "/opt/rustwide/cargo-home/bin/cargo" "+3154cc1a3e6424e44f438a95007d043ed5ceaaf6" "metadata" "--no-deps" "--format-version=1", kill_on_drop: false }`
[INFO] running `Command { std: "docker" "inspect" "f88b54d5ab68df75893cdea2bca83839264d84c29b71df54e9a69f5609c717f0", kill_on_drop: false }`
[INFO] running `Command { std: "docker" "exec" "-e" "SOURCE_DIR=/opt/rustwide/workdir" "-e" "CARGO_HOME=/opt/rustwide/cargo-home" "-e" "RUSTUP_HOME=/opt/rustwide/rustup-home" "-e" "CARGO_TARGET_DIR=/opt/rustwide/target" "-e" "CARGO_INCREMENTAL=0" "-e" "RUST_BACKTRACE=full" "-e" "RUSTFLAGS=--cap-lints=forbid -Znext-solver=coherence" "-e" "RUSTDOCFLAGS=--cap-lints=forbid" "-w" "/opt/rustwide/workdir" "--user" "0:0" "f88b54d5ab68df75893cdea2bca83839264d84c29b71df54e9a69f5609c717f0" "/opt/rustwide/cargo-home/bin/cargo" "+3154cc1a3e6424e44f438a95007d043ed5ceaaf6" "check" "--frozen" "--all" "--all-targets" "--message-format=json", kill_on_drop: false }`
[INFO] [stderr]    Compiling serde_core v1.0.229
[INFO] [stderr]     Checking serde_json v1.0.151
[INFO] [stderr]     Checking wf-vendor-probe v0.1.0 (/opt/rustwide/workdir)
[INFO] [stdout] error: wf-vendor-probe only supports Windows
[INFO] [stdout]  --> src/proc.rs:7:1
[INFO] [stdout]   |
[INFO] [stdout] 7 | compile_error!("wf-vendor-probe only supports Windows");
[INFO] [stdout]   | ^^^^^^^^^^^^^^^^^^^^^^^^^^^^^^^^^^^^^^^^^^^^^^^^^^^^^^^
[INFO] [stdout] 
[INFO] [stdout] 
[INFO] [stdout] error[E0433]: cannot find module or crate `windows_sys` in this scope
[INFO] [stdout]   --> src/proc.rs:12:5
[INFO] [stdout]    |
[INFO] [stdout] 12 | use windows_sys::Win32::Foundation::{CloseHandle, HANDLE, INVALID_HANDLE_VALUE};
[INFO] [stdout]    |     ^^^^^^^^^^^ use of unresolved module or unlinked crate `windows_sys`
[INFO] [stdout]    |
[INFO] [stdout]    = help: if you wanted to use a crate named `windows_sys`, use `cargo add windows_sys` to add it to your `Cargo.toml`
[INFO] [stdout] 
[INFO] [stdout] 
[INFO] [stdout] error[E0433]: cannot find module or crate `windows_sys` in this scope
[INFO] [stdout]   --> src/proc.rs:13:5
[INFO] [stdout]    |
[INFO] [stdout] 13 | use windows_sys::Win32::System::Diagnostics::Debug::ReadProcessMemory;
[INFO] [stdout]    |     ^^^^^^^^^^^ use of unresolved module or unlinked crate `windows_sys`
[INFO] [stdout]    |
[INFO] [stdout]    = help: if you wanted to use a crate named `windows_sys`, use `cargo add windows_sys` to add it to your `Cargo.toml`
[INFO] [stdout] 
[INFO] [stdout] 
[INFO] [stdout] error[E0433]: cannot find module or crate `windows_sys` in this scope
[INFO] [stdout]   --> src/proc.rs:14:5
[INFO] [stdout]    |
[INFO] [stdout] 14 | use windows_sys::Win32::System::Diagnostics::ToolHelp::{
[INFO] [stdout]    |     ^^^^^^^^^^^ use of unresolved module or unlinked crate `windows_sys`
[INFO] [stdout]    |
[INFO] [stdout]    = help: if you wanted to use a crate named `windows_sys`, use `cargo add windows_sys` to add it to your `Cargo.toml`
[INFO] [stdout] 
[INFO] [stdout] 
[INFO] [stdout] error[E0433]: cannot find module or crate `windows_sys` in this scope
[INFO] [stdout]   --> src/proc.rs:17:5
[INFO] [stdout]    |
[INFO] [stdout] 17 | use windows_sys::Win32::System::Memory::{
[INFO] [stdout]    |     ^^^^^^^^^^^ use of unresolved module or unlinked crate `windows_sys`
[INFO] [stdout]    |
[INFO] [stdout]    = help: if you wanted to use a crate named `windows_sys`, use `cargo add windows_sys` to add it to your `Cargo.toml`
[INFO] [stdout] 
[INFO] [stdout] 
[INFO] [stdout] error[E0433]: cannot find module or crate `windows_sys` in this scope
[INFO] [stdout]   --> src/proc.rs:21:5
[INFO] [stdout]    |
[INFO] [stdout] 21 | use windows_sys::Win32::System::Threading::{
[INFO] [stdout]    |     ^^^^^^^^^^^ use of unresolved module or unlinked crate `windows_sys`
[INFO] [stdout]    |
[INFO] [stdout]    = help: if you wanted to use a crate named `windows_sys`, use `cargo add windows_sys` to add it to your `Cargo.toml`
[INFO] [stdout] 
[INFO] [stdout] 
[INFO] [stdout] error: wf-vendor-probe only supports Windows
[INFO] [stdout]  --> src/proc.rs:7:1
[INFO] [stdout]   |
[INFO] [stdout] 7 | compile_error!("wf-vendor-probe only supports Windows");
[INFO] [stdout]   | ^^^^^^^^^^^^^^^^^^^^^^^^^^^^^^^^^^^^^^^^^^^^^^^^^^^^^^^
[INFO] [stdout] 
[INFO] [stdout] 
[INFO] [stdout] error[E0433]: cannot find module or crate `windows_sys` in this scope
[INFO] [stdout]   --> src/proc.rs:12:5
[INFO] [stdout]    |
[INFO] [stdout] 12 | use windows_sys::Win32::Foundation::{CloseHandle, HANDLE, INVALID_HANDLE_VALUE};
[INFO] [stdout]    |     ^^^^^^^^^^^ use of unresolved module or unlinked crate `windows_sys`
[INFO] [stdout]    |
[INFO] [stdout]    = help: if you wanted to use a crate named `windows_sys`, use `cargo add windows_sys` to add it to your `Cargo.toml`
[INFO] [stdout] 
[INFO] [stdout] 
[INFO] [stdout] error[E0433]: cannot find module or crate `windows_sys` in this scope
[INFO] [stdout]   --> src/proc.rs:13:5
[INFO] [stdout]    |
[INFO] [stdout] 13 | use windows_sys::Win32::System::Diagnostics::Debug::ReadProcessMemory;
[INFO] [stdout]    |     ^^^^^^^^^^^ use of unresolved module or unlinked crate `windows_sys`
[INFO] [stdout]    |
[INFO] [stdout]    = help: if you wanted to use a crate named `windows_sys`, use `cargo add windows_sys` to add it to your `Cargo.toml`
[INFO] [stdout] 
[INFO] [stdout] 
[INFO] [stdout] error[E0433]: cannot find module or crate `windows_sys` in this scope
[INFO] [stdout]   --> src/proc.rs:14:5
[INFO] [stdout]    |
[INFO] [stdout] 14 | use windows_sys::Win32::System::Diagnostics::ToolHelp::{
[INFO] [stdout]    |     ^^^^^^^^^^^ use of unresolved module or unlinked crate `windows_sys`
[INFO] [stdout]    |
[INFO] [stdout]    = help: if you wanted to use a crate named `windows_sys`, use `cargo add windows_sys` to add it to your `Cargo.toml`
[INFO] [stdout] 
[INFO] [stdout] 
[INFO] [stdout] error[E0433]: cannot find module or crate `windows_sys` in this scope
[INFO] [stdout]   --> src/proc.rs:17:5
[INFO] [stdout]    |
[INFO] [stdout] 17 | use windows_sys::Win32::System::Memory::{
[INFO] [stdout]    |     ^^^^^^^^^^^ use of unresolved module or unlinked crate `windows_sys`
[INFO] [stdout]    |
[INFO] [stdout]    = help: if you wanted to use a crate named `windows_sys`, use `cargo add windows_sys` to add it to your `Cargo.toml`
[INFO] [stdout] 
[INFO] [stdout] 
[INFO] [stdout] error[E0433]: cannot find module or crate `windows_sys` in this scope
[INFO] [stdout]   --> src/proc.rs:21:5
[INFO] [stdout]    |
[INFO] [stdout] 21 | use windows_sys::Win32::System::Threading::{
[INFO] [stdout]    |     ^^^^^^^^^^^ use of unresolved module or unlinked crate `windows_sys`
[INFO] [stdout]    |
[INFO] [stdout]    = help: if you wanted to use a crate named `windows_sys`, use `cargo add windows_sys` to add it to your `Cargo.toml`
[INFO] [stdout] 
[INFO] [stdout] 
[INFO] [stderr] error: could not compile `wf-vendor-probe` (bin "wf-vendor-probe") due to 6 previous errors
[INFO] [stdout] For more information about this error, try `rustc --explain E0433`.
[INFO] [stdout] 
[INFO] [stderr] warning: build failed, waiting for other jobs to finish...
[INFO] [stdout] For more information about this error, try `rustc --explain E0433`.
[INFO] [stdout] 
[INFO] [stderr] error: could not compile `wf-vendor-probe` (bin "wf-vendor-probe" test) due to 6 previous errors
[INFO] running `Command { std: "docker" "inspect" "f88b54d5ab68df75893cdea2bca83839264d84c29b71df54e9a69f5609c717f0", kill_on_drop: false }`
[INFO] running `Command { std: "docker" "rm" "-f" "f88b54d5ab68df75893cdea2bca83839264d84c29b71df54e9a69f5609c717f0", kill_on_drop: false }`
[INFO] [stdout] f88b54d5ab68df75893cdea2bca83839264d84c29b71df54e9a69f5609c717f0
