[INFO] cloning repository https://github.com/swift-scale-ai/ReTop
[INFO] running `Command { std: "git" "-c" "credential.helper=" "-c" "credential.helper=/workspace/cargo-home/bin/git-credential-null" "clone" "--bare" "https://github.com/swift-scale-ai/ReTop" "/workspace/cache/git-repos/https%3A%2F%2Fgithub.com%2Fswift-scale-ai%2FReTop", kill_on_drop: false }`
[INFO] [stderr] Cloning into bare repository '/workspace/cache/git-repos/https%3A%2F%2Fgithub.com%2Fswift-scale-ai%2FReTop'...
[INFO] running `Command { std: "git" "rev-parse" "HEAD", kill_on_drop: false }`
[INFO] [stdout] faf5dba32712be61d53cbda3a6aaf4096d9fad56
[INFO] checking swift-scale-ai/ReTop against 3154cc1a3e6424e44f438a95007d043ed5ceaaf6 for pr-133502-30
[INFO] running `Command { std: "git" "clone" "/workspace/cache/git-repos/https%3A%2F%2Fgithub.com%2Fswift-scale-ai%2FReTop" "/workspace/builds/worker-0-tc2/source", kill_on_drop: false }`
[INFO] [stderr] Cloning into '/workspace/builds/worker-0-tc2/source'...
[INFO] [stderr] done.
[INFO] started tweaking git repo https://github.com/swift-scale-ai/ReTop
[INFO] finished tweaking git repo https://github.com/swift-scale-ai/ReTop
[INFO] tweaked toml for git repo https://github.com/swift-scale-ai/ReTop written to /workspace/builds/worker-0-tc2/source/Cargo.toml
[INFO] validating manifest of git repo https://github.com/swift-scale-ai/ReTop on toolchain 3154cc1a3e6424e44f438a95007d043ed5ceaaf6
[INFO] running `Command { std: CARGO_HOME="/workspace/cargo-home" RUSTUP_HOME="/workspace/rustup-home" "/workspace/cargo-home/bin/cargo" "+3154cc1a3e6424e44f438a95007d043ed5ceaaf6" "metadata" "--manifest-path" "Cargo.toml" "--no-deps", kill_on_drop: false }`
[INFO] crate git repo https://github.com/swift-scale-ai/ReTop already has a lockfile, it will not be regenerated
[INFO] running `Command { std: CARGO_HOME="/workspace/cargo-home" RUSTUP_HOME="/workspace/rustup-home" "/workspace/cargo-home/bin/cargo" "+3154cc1a3e6424e44f438a95007d043ed5ceaaf6" "fetch" "--manifest-path" "Cargo.toml", kill_on_drop: false }`
[INFO] [stderr] warning: `package.homepage` is redundant with `package.repository`
[INFO] [stderr]   --> Cargo.toml:13:12
[INFO] [stderr]    |
[INFO] [stderr] 13 | homepage = "https://github.com/swiftscalecloud/ReTop"
[INFO] [stderr]    |            ^^^^^^^^^^^^^^^^^^^^^^^^^^^^^^^^^^^^^^^^^^
[INFO] [stderr] ...
[INFO] [stderr] 18 | repository = "https://github.com/swiftscalecloud/ReTop"
[INFO] [stderr]    |              ------------------------------------------
[INFO] [stderr]    |
[INFO] [stderr]    = note: `cargo::redundant_homepage` is set to `warn` by default
[INFO] [stderr] help: consider removing `package.homepage`
[INFO] [stderr] warning: `retop` (manifest) generated 1 warning
[INFO] running `Command { std: "docker" "create" "-v" "/var/lib/crater-agent-workspace/builds/worker-0-tc2/source:/opt/rustwide/workdir:ro,Z" "-v" "/var/lib/crater-agent-workspace/builds/worker-0-tc2/target:/opt/rustwide/target:rw,Z" "-v" "/var/lib/crater-agent-workspace/cargo-home:/opt/rustwide/cargo-home:ro,Z" "-v" "/var/lib/crater-agent-workspace/rustup-home:/opt/rustwide/rustup-home:ro,Z" "-m" "1610612736" "--network" "none" "ghcr.io/rust-lang/crates-build-env/linux@sha256:77db811e55d90add9212f6832c23229e3de5f1c1f9905e8cb07319ea15df73ac" "sleep" "infinity", kill_on_drop: false }`
[INFO] [stdout] 96e19549b7162a8579168d29fd558e9b436ee6ff0988e2b6f6d2734223af3af0
[INFO] running `Command { std: "docker" "start" "96e19549b7162a8579168d29fd558e9b436ee6ff0988e2b6f6d2734223af3af0", kill_on_drop: false }`
[INFO] running `Command { std: "docker" "inspect" "96e19549b7162a8579168d29fd558e9b436ee6ff0988e2b6f6d2734223af3af0", kill_on_drop: false }`
[INFO] running `Command { std: "docker" "exec" "-e" "SOURCE_DIR=/opt/rustwide/workdir" "-e" "CARGO_HOME=/opt/rustwide/cargo-home" "-e" "RUSTUP_HOME=/opt/rustwide/rustup-home" "-e" "CARGO_TARGET_DIR=/opt/rustwide/target" "-w" "/opt/rustwide/workdir" "--user" "0:0" "96e19549b7162a8579168d29fd558e9b436ee6ff0988e2b6f6d2734223af3af0" "/opt/rustwide/cargo-home/bin/cargo" "+3154cc1a3e6424e44f438a95007d043ed5ceaaf6" "metadata" "--no-deps" "--format-version=1", kill_on_drop: false }`
[INFO] running `Command { std: "docker" "inspect" "96e19549b7162a8579168d29fd558e9b436ee6ff0988e2b6f6d2734223af3af0", kill_on_drop: false }`
[INFO] running `Command { std: "docker" "exec" "-e" "SOURCE_DIR=/opt/rustwide/workdir" "-e" "CARGO_HOME=/opt/rustwide/cargo-home" "-e" "RUSTUP_HOME=/opt/rustwide/rustup-home" "-e" "CARGO_TARGET_DIR=/opt/rustwide/target" "-e" "CARGO_INCREMENTAL=0" "-e" "RUST_BACKTRACE=full" "-e" "RUSTFLAGS=--cap-lints=forbid" "-e" "RUSTDOCFLAGS=--cap-lints=forbid" "-w" "/opt/rustwide/workdir" "--user" "0:0" "96e19549b7162a8579168d29fd558e9b436ee6ff0988e2b6f6d2734223af3af0" "/opt/rustwide/cargo-home/bin/cargo" "+3154cc1a3e6424e44f438a95007d043ed5ceaaf6" "check" "--frozen" "--all" "--all-targets" "--message-format=json", kill_on_drop: false }`
[INFO] [stderr] warning: `package.homepage` is redundant with `package.repository`
[INFO] [stderr]   --> Cargo.toml:13:12
[INFO] [stderr]    |
[INFO] [stderr] 13 | homepage = "https://github.com/swiftscalecloud/ReTop"
[INFO] [stderr]    |            ^^^^^^^^^^^^^^^^^^^^^^^^^^^^^^^^^^^^^^^^^^
[INFO] [stderr] ...
[INFO] [stderr] 18 | repository = "https://github.com/swiftscalecloud/ReTop"
[INFO] [stderr]    |              ------------------------------------------
[INFO] [stderr]    |
[INFO] [stderr]    = note: `cargo::redundant_homepage` is set to `warn` by default
[INFO] [stderr] help: consider removing `package.homepage`
[INFO] [stderr] warning: `retop` (manifest) generated 1 warning
[INFO] [stderr]    Compiling libc v0.2.175
[INFO] [stderr]     Checking smallvec v1.15.2
[INFO] [stderr]    Compiling rustix v0.38.44
[INFO] [stderr]    Compiling instability v0.3.9
[INFO] [stderr]     Checking itertools v0.13.0
[INFO] [stderr]     Checking unicode-segmentation v1.12.0
[INFO] [stderr]     Checking cassowary v0.3.0
[INFO] [stderr]     Checking lru v0.12.5
[INFO] [stderr]     Checking unicode-width v0.2.0
[INFO] [stderr]    Compiling syn v2.0.119
[INFO] [stderr]     Checking compact_str v0.8.2
[INFO] [stderr]     Checking errno v0.3.14
[INFO] [stderr]     Checking mio v1.1.0
[INFO] [stderr]     Checking parking_lot_core v0.9.12
[INFO] [stderr]     Checking signal-hook-registry v1.4.8
[INFO] [stderr]     Checking parking_lot v0.12.5
[INFO] [stderr]     Checking signal-hook v0.3.18
[INFO] [stderr]     Checking signal-hook-mio v0.2.5
[INFO] [stderr]     Checking crossterm v0.28.1
[INFO] [stderr]     Checking unicode-truncate v1.1.0
[INFO] [stderr]    Compiling darling_core v0.20.11
[INFO] [stderr]    Compiling strum_macros v0.26.4
[INFO] [stderr]    Compiling darling_macro v0.20.11
[INFO] [stderr]     Checking strum v0.26.3
[INFO] [stderr]    Compiling darling v0.20.11
[INFO] [stderr]     Checking ratatui v0.29.0
[INFO] [stderr]     Checking retop v0.1.0 (/opt/rustwide/workdir)
[INFO] [stdout] error[E0432]: unresolved import `crate::platform::DarwinSampler`
[INFO] [stdout]   --> src/app.rs:12:5
[INFO] [stdout]    |
[INFO] [stdout] 12 |     platform::DarwinSampler,
[INFO] [stdout]    |     ^^^^^^^^^^-------------
[INFO] [stdout]    |               |
[INFO] [stdout]    |               no `DarwinSampler` in `platform`
[INFO] [stdout]    |
[INFO] [stdout] note: found an item that was configured out
[INFO] [stdout]   --> src/platform/mod.rs:5:17
[INFO] [stdout]    |
[INFO] [stdout]  4 | #[cfg(target_os = "macos")]
[INFO] [stdout]    |       ------------------- the item is gated behind the `macos` feature
[INFO] [stdout]  5 | pub use darwin::DarwinSampler;
[INFO] [stdout]    |                 ^^^^^^^^^^^^^
[INFO] [stdout] 
[INFO] [stdout] 
[INFO] [stdout] error[E0432]: unresolved import `platform::DarwinSampler`
[INFO] [stdout]   --> src/main.rs:18:5
[INFO] [stdout]    |
[INFO] [stdout] 18 | use platform::DarwinSampler;
[INFO] [stdout]    |     ^^^^^^^^^^-------------
[INFO] [stdout]    |               |
[INFO] [stdout]    |               no `DarwinSampler` in `platform`
[INFO] [stdout]    |
[INFO] [stdout] note: found an item that was configured out
[INFO] [stdout]   --> src/platform/mod.rs:5:17
[INFO] [stdout]    |
[INFO] [stdout]  4 | #[cfg(target_os = "macos")]
[INFO] [stdout]    |       ------------------- the item is gated behind the `macos` feature
[INFO] [stdout]  5 | pub use darwin::DarwinSampler;
[INFO] [stdout]    |                 ^^^^^^^^^^^^^
[INFO] [stdout] 
[INFO] [stdout] 
[INFO] [stdout] error[E0432]: unresolved import `crate::platform::DarwinSampler`
[INFO] [stdout]   --> src/app.rs:12:5
[INFO] [stdout]    |
[INFO] [stdout] 12 |     platform::DarwinSampler,
[INFO] [stdout]    |     ^^^^^^^^^^-------------
[INFO] [stdout]    |               |
[INFO] [stdout]    |               no `DarwinSampler` in `platform`
[INFO] [stdout]    |
[INFO] [stdout] note: found an item that was configured out
[INFO] [stdout]   --> src/platform/mod.rs:5:17
[INFO] [stdout]    |
[INFO] [stdout]  4 | #[cfg(target_os = "macos")]
[INFO] [stdout]    |       ------------------- the item is gated behind the `macos` feature
[INFO] [stdout]  5 | pub use darwin::DarwinSampler;
[INFO] [stdout]    |                 ^^^^^^^^^^^^^
[INFO] [stdout] 
[INFO] [stdout] 
[INFO] [stdout] error[E0432]: unresolved import `platform::DarwinSampler`
[INFO] [stdout]   --> src/main.rs:18:5
[INFO] [stdout]    |
[INFO] [stdout] 18 | use platform::DarwinSampler;
[INFO] [stdout]    |     ^^^^^^^^^^-------------
[INFO] [stdout]    |               |
[INFO] [stdout]    |               no `DarwinSampler` in `platform`
[INFO] [stdout]    |
[INFO] [stdout] note: found an item that was configured out
[INFO] [stdout]   --> src/platform/mod.rs:5:17
[INFO] [stdout]    |
[INFO] [stdout]  4 | #[cfg(target_os = "macos")]
[INFO] [stdout]    |       ------------------- the item is gated behind the `macos` feature
[INFO] [stdout]  5 | pub use darwin::DarwinSampler;
[INFO] [stdout]    |                 ^^^^^^^^^^^^^
[INFO] [stdout] 
[INFO] [stdout] 
[INFO] [stdout] For more information about this error, try `rustc --explain E0432`.
[INFO] [stdout] 
[INFO] [stderr] error: could not compile `retop` (bin "retop") due to 2 previous errors
[INFO] [stderr] warning: build failed, waiting for other jobs to finish...
[INFO] [stdout] For more information about this error, try `rustc --explain E0432`.
[INFO] [stdout] 
[INFO] [stderr] error: could not compile `retop` (bin "retop" test) due to 2 previous errors
[INFO] running `Command { std: "docker" "inspect" "96e19549b7162a8579168d29fd558e9b436ee6ff0988e2b6f6d2734223af3af0", kill_on_drop: false }`
[INFO] running `Command { std: "docker" "rm" "-f" "96e19549b7162a8579168d29fd558e9b436ee6ff0988e2b6f6d2734223af3af0", kill_on_drop: false }`
[INFO] [stdout] 96e19549b7162a8579168d29fd558e9b436ee6ff0988e2b6f6d2734223af3af0
