[INFO] cloning repository https://github.com/swift-scale-ai/ReMTR
[INFO] running `Command { std: "git" "-c" "credential.helper=" "-c" "credential.helper=/workspace/cargo-home/bin/git-credential-null" "clone" "--bare" "https://github.com/swift-scale-ai/ReMTR" "/workspace/cache/git-repos/https%3A%2F%2Fgithub.com%2Fswift-scale-ai%2FReMTR", kill_on_drop: false }`
[INFO] [stderr] Cloning into bare repository '/workspace/cache/git-repos/https%3A%2F%2Fgithub.com%2Fswift-scale-ai%2FReMTR'...
[INFO] running `Command { std: "git" "rev-parse" "HEAD", kill_on_drop: false }`
[INFO] [stdout] d67a5182de588b434f2c36ed09b84de8aff53d42
[INFO] checking swift-scale-ai/ReMTR against 3154cc1a3e6424e44f438a95007d043ed5ceaaf6 for pr-133502-30
[INFO] running `Command { std: "git" "clone" "/workspace/cache/git-repos/https%3A%2F%2Fgithub.com%2Fswift-scale-ai%2FReMTR" "/workspace/builds/worker-6-tc2/source", kill_on_drop: false }`
[INFO] [stderr] Cloning into '/workspace/builds/worker-6-tc2/source'...
[INFO] [stderr] done.
[INFO] removed /workspace/builds/worker-6-tc2/source/rust-toolchain.toml
[INFO] started tweaking git repo https://github.com/swift-scale-ai/ReMTR
[INFO] finished tweaking git repo https://github.com/swift-scale-ai/ReMTR
[INFO] tweaked toml for git repo https://github.com/swift-scale-ai/ReMTR written to /workspace/builds/worker-6-tc2/source/Cargo.toml
[INFO] validating manifest of git repo https://github.com/swift-scale-ai/ReMTR on toolchain 3154cc1a3e6424e44f438a95007d043ed5ceaaf6
[INFO] running `Command { std: CARGO_HOME="/workspace/cargo-home" RUSTUP_HOME="/workspace/rustup-home" "/workspace/cargo-home/bin/cargo" "+3154cc1a3e6424e44f438a95007d043ed5ceaaf6" "metadata" "--manifest-path" "Cargo.toml" "--no-deps", kill_on_drop: false }`
[INFO] crate git repo https://github.com/swift-scale-ai/ReMTR already has a lockfile, it will not be regenerated
[INFO] running `Command { std: CARGO_HOME="/workspace/cargo-home" RUSTUP_HOME="/workspace/rustup-home" "/workspace/cargo-home/bin/cargo" "+3154cc1a3e6424e44f438a95007d043ed5ceaaf6" "fetch" "--manifest-path" "Cargo.toml", kill_on_drop: false }`
[INFO] [stderr] warning: `package.homepage` is redundant with `package.repository`
[INFO] [stderr]   --> Cargo.toml:13:12
[INFO] [stderr]    |
[INFO] [stderr] 13 | homepage = "https://github.com/swiftscalecloud/ReMTR"
[INFO] [stderr]    |            ^^^^^^^^^^^^^^^^^^^^^^^^^^^^^^^^^^^^^^^^^^
[INFO] [stderr] ...
[INFO] [stderr] 18 | repository = "https://github.com/swiftscalecloud/ReMTR"
[INFO] [stderr]    |              ------------------------------------------
[INFO] [stderr]    |
[INFO] [stderr]    = note: `cargo::redundant_homepage` is set to `warn` by default
[INFO] [stderr] help: consider removing `package.homepage`
[INFO] [stderr] warning: `remtr` (manifest) generated 1 warning
[INFO] running `Command { std: "docker" "create" "-v" "/var/lib/crater-agent-workspace/builds/worker-6-tc2/source:/opt/rustwide/workdir:ro,Z" "-v" "/var/lib/crater-agent-workspace/builds/worker-6-tc2/target:/opt/rustwide/target:rw,Z" "-v" "/var/lib/crater-agent-workspace/cargo-home:/opt/rustwide/cargo-home:ro,Z" "-v" "/var/lib/crater-agent-workspace/rustup-home:/opt/rustwide/rustup-home:ro,Z" "-m" "1610612736" "--network" "none" "ghcr.io/rust-lang/crates-build-env/linux@sha256:77db811e55d90add9212f6832c23229e3de5f1c1f9905e8cb07319ea15df73ac" "sleep" "infinity", kill_on_drop: false }`
[INFO] [stdout] cff5984e4cb632c6b8def176c2bfbbfb22c65f2d73f99947349f89eab0eba5b7
[INFO] running `Command { std: "docker" "start" "cff5984e4cb632c6b8def176c2bfbbfb22c65f2d73f99947349f89eab0eba5b7", kill_on_drop: false }`
[INFO] running `Command { std: "docker" "inspect" "cff5984e4cb632c6b8def176c2bfbbfb22c65f2d73f99947349f89eab0eba5b7", kill_on_drop: false }`
[INFO] running `Command { std: "docker" "exec" "-e" "SOURCE_DIR=/opt/rustwide/workdir" "-e" "CARGO_HOME=/opt/rustwide/cargo-home" "-e" "RUSTUP_HOME=/opt/rustwide/rustup-home" "-e" "CARGO_TARGET_DIR=/opt/rustwide/target" "-w" "/opt/rustwide/workdir" "--user" "0:0" "cff5984e4cb632c6b8def176c2bfbbfb22c65f2d73f99947349f89eab0eba5b7" "/opt/rustwide/cargo-home/bin/cargo" "+3154cc1a3e6424e44f438a95007d043ed5ceaaf6" "metadata" "--no-deps" "--format-version=1", kill_on_drop: false }`
[INFO] running `Command { std: "docker" "inspect" "cff5984e4cb632c6b8def176c2bfbbfb22c65f2d73f99947349f89eab0eba5b7", kill_on_drop: false }`
[INFO] running `Command { std: "docker" "exec" "-e" "SOURCE_DIR=/opt/rustwide/workdir" "-e" "CARGO_HOME=/opt/rustwide/cargo-home" "-e" "RUSTUP_HOME=/opt/rustwide/rustup-home" "-e" "CARGO_TARGET_DIR=/opt/rustwide/target" "-e" "CARGO_INCREMENTAL=0" "-e" "RUST_BACKTRACE=full" "-e" "RUSTFLAGS=--cap-lints=forbid" "-e" "RUSTDOCFLAGS=--cap-lints=forbid" "-w" "/opt/rustwide/workdir" "--user" "0:0" "cff5984e4cb632c6b8def176c2bfbbfb22c65f2d73f99947349f89eab0eba5b7" "/opt/rustwide/cargo-home/bin/cargo" "+3154cc1a3e6424e44f438a95007d043ed5ceaaf6" "check" "--frozen" "--all" "--all-targets" "--message-format=json", kill_on_drop: false }`
[INFO] [stderr] warning: `package.homepage` is redundant with `package.repository`
[INFO] [stderr]   --> Cargo.toml:13:12
[INFO] [stderr]    |
[INFO] [stderr] 13 | homepage = "https://github.com/swiftscalecloud/ReMTR"
[INFO] [stderr]    |            ^^^^^^^^^^^^^^^^^^^^^^^^^^^^^^^^^^^^^^^^^^
[INFO] [stderr] ...
[INFO] [stderr] 18 | repository = "https://github.com/swiftscalecloud/ReMTR"
[INFO] [stderr]    |              ------------------------------------------
[INFO] [stderr]    |
[INFO] [stderr]    = note: `cargo::redundant_homepage` is set to `warn` by default
[INFO] [stderr] help: consider removing `package.homepage`
[INFO] [stderr] warning: `remtr` (manifest) generated 1 warning
[INFO] [stderr]    Compiling libc v0.2.175
[INFO] [stderr]    Compiling signal-hook v0.3.18
[INFO] [stderr]    Compiling rustix v0.38.44
[INFO] [stderr]     Checking log v0.4.33
[INFO] [stderr]     Checking either v1.17.0
[INFO] [stderr]    Compiling instability v0.3.9
[INFO] [stderr]     Checking unicode-segmentation v1.12.0
[INFO] [stderr]    Compiling indoc v2.0.7
[INFO] [stderr]    Compiling syn v2.0.119
[INFO] [stderr]     Checking castaway v0.2.4
[INFO] [stderr]     Checking unicode-width v0.1.14
[INFO] [stderr]     Checking lru v0.12.5
[INFO] [stderr]     Checking cassowary v0.3.0
[INFO] [stderr]     Checking unicode-width v0.2.0
[INFO] [stderr]     Checking compact_str v0.8.2
[INFO] [stderr]     Checking itertools v0.13.0
[INFO] [stderr]     Checking errno v0.3.14
[INFO] [stderr]     Checking mio v1.1.0
[INFO] [stderr]     Checking parking_lot_core v0.9.12
[INFO] [stderr]     Checking signal-hook-registry v1.4.8
[INFO] [stderr]     Checking parking_lot v0.12.5
[INFO] [stderr]     Checking signal-hook-mio v0.2.5
[INFO] [stderr]     Checking crossterm v0.28.1
[INFO] [stderr]     Checking unicode-truncate v1.1.0
[INFO] [stderr]    Compiling darling_core v0.20.11
[INFO] [stderr]    Compiling strum_macros v0.26.4
[INFO] [stderr]     Checking strum v0.26.3
[INFO] [stderr]    Compiling darling_macro v0.20.11
[INFO] [stderr]    Compiling darling v0.20.11
[INFO] [stderr]     Checking ratatui v0.29.0
[INFO] [stderr]     Checking remtr v0.2.0 (/opt/rustwide/workdir)
[INFO] [stdout] error: ReMTR currently supports macOS only
[INFO] [stdout]  --> src/platform/mod.rs:2:1
[INFO] [stdout]   |
[INFO] [stdout] 2 | compile_error!("ReMTR currently supports macOS only");
[INFO] [stdout]   | ^^^^^^^^^^^^^^^^^^^^^^^^^^^^^^^^^^^^^^^^^^^^^^^^^^^^^
[INFO] [stdout] 
[INFO] [stdout] 
[INFO] [stdout] error: ReMTR currently supports macOS only
[INFO] [stdout]  --> src/platform/mod.rs:2:1
[INFO] [stdout]   |
[INFO] [stdout] 2 | compile_error!("ReMTR currently supports macOS only");
[INFO] [stdout]   | ^^^^^^^^^^^^^^^^^^^^^^^^^^^^^^^^^^^^^^^^^^^^^^^^^^^^^
[INFO] [stdout] 
[INFO] [stdout] 
[INFO] [stdout] warning: method call on a diverging inference variable
[INFO] [stdout]   --> src/probe.rs:91:38
[INFO] [stdout]    |
[INFO] [stdout] 91 |             let reply = match socket.probe(target, ttl, identifier, sequence, config.timeout) {
[INFO] [stdout]    |                                      ^^^^^
[INFO] [stdout]    |
[INFO] [stdout]    = help: consider providing a type annotation
[INFO] [stdout]    = warning: this was previously accepted by the compiler but is being phased out; it will become a hard error in a future release!
[INFO] [stdout]    = note: for more information, see issue #156047 <https://github.com/rust-lang/rust/issues/156047>
[INFO] [stdout]    = note: `#[warn(method_call_on_diverging_infer_var)]` (part of `#[warn(future_incompatible)]`) on by default
[INFO] [stdout] 
[INFO] [stdout] 
[INFO] [stdout] warning: method call on a diverging inference variable
[INFO] [stdout]   --> src/probe.rs:91:38
[INFO] [stdout]    |
[INFO] [stdout] 91 |             let reply = match socket.probe(target, ttl, identifier, sequence, config.timeout) {
[INFO] [stdout]    |                                      ^^^^^
[INFO] [stdout]    |
[INFO] [stdout]    = help: consider providing a type annotation
[INFO] [stdout]    = warning: this was previously accepted by the compiler but is being phased out; it will become a hard error in a future release!
[INFO] [stdout]    = note: for more information, see issue #156047 <https://github.com/rust-lang/rust/issues/156047>
[INFO] [stdout]    = note: `#[warn(method_call_on_diverging_infer_var)]` (part of `#[warn(future_incompatible)]`) on by default
[INFO] [stdout] 
[INFO] [stdout] 
[INFO] [stdout] error[E0599]: no method named `probe` found for type `!` in the current scope
[INFO] [stdout]   --> src/probe.rs:91:38
[INFO] [stdout]    |
[INFO] [stdout] 91 |             let reply = match socket.probe(target, ttl, identifier, sequence, config.timeout) {
[INFO] [stdout]    |                                      ^^^^^ method not found in `!`
[INFO] [stdout] 
[INFO] [stdout] 
[INFO] [stdout] warning: method call on a diverging inference variable
[INFO] [stdout]    --> src/probe.rs:103:32
[INFO] [stdout]     |
[INFO] [stdout] 103 |                 address: reply.map(|reply| reply.address),
[INFO] [stdout]     |                                ^^^
[INFO] [stdout]     |
[INFO] [stdout]     = help: consider providing a type annotation
[INFO] [stdout]     = warning: this was previously accepted by the compiler but is being phased out; it will become a hard error in a future release!
[INFO] [stdout]     = note: for more information, see issue #156047 <https://github.com/rust-lang/rust/issues/156047>
[INFO] [stdout] 
[INFO] [stdout] 
[INFO] [stdout] error[E0599]: no method named `probe` found for type `!` in the current scope
[INFO] [stdout]   --> src/probe.rs:91:38
[INFO] [stdout]    |
[INFO] [stdout] 91 |             let reply = match socket.probe(target, ttl, identifier, sequence, config.timeout) {
[INFO] [stdout]    |                                      ^^^^^ method not found in `!`
[INFO] [stdout] 
[INFO] [stdout] 
[INFO] [stdout] warning: method call on a diverging inference variable
[INFO] [stdout]    --> src/probe.rs:103:32
[INFO] [stdout]     |
[INFO] [stdout] 103 |                 address: reply.map(|reply| reply.address),
[INFO] [stdout]     |                                ^^^
[INFO] [stdout]     |
[INFO] [stdout]     = help: consider providing a type annotation
[INFO] [stdout]     = warning: this was previously accepted by the compiler but is being phased out; it will become a hard error in a future release!
[INFO] [stdout]     = note: for more information, see issue #156047 <https://github.com/rust-lang/rust/issues/156047>
[INFO] [stdout] 
[INFO] [stdout] 
[INFO] [stdout] error[E0599]: `!` is not an iterator
[INFO] [stdout]    --> src/probe.rs:103:32
[INFO] [stdout]     |
[INFO] [stdout] 103 |                 address: reply.map(|reply| reply.address),
[INFO] [stdout]     |                                ^^^ `!` is not an iterator
[INFO] [stdout]     |
[INFO] [stdout]     = note: the following trait bounds were not satisfied:
[INFO] [stdout]             `!: Iterator`
[INFO] [stdout]             which is required by `&mut !: Iterator`
[INFO] [stdout] 
[INFO] [stdout] 
[INFO] [stdout] error[E0599]: `!` is not an iterator
[INFO] [stdout]    --> src/probe.rs:104:28
[INFO] [stdout]     |
[INFO] [stdout] 104 |                 rtt: reply.map(|reply| reply.elapsed),
[INFO] [stdout]     |                            ^^^ `!` is not an iterator
[INFO] [stdout]     |
[INFO] [stdout]     = note: the following trait bounds were not satisfied:
[INFO] [stdout]             `!: Iterator`
[INFO] [stdout]             which is required by `&mut !: Iterator`
[INFO] [stdout] 
[INFO] [stdout] 
[INFO] [stdout] error[E0599]: `!` is not an iterator
[INFO] [stdout]    --> src/probe.rs:103:32
[INFO] [stdout]     |
[INFO] [stdout] 103 |                 address: reply.map(|reply| reply.address),
[INFO] [stdout]     |                                ^^^ `!` is not an iterator
[INFO] [stdout]     |
[INFO] [stdout]     = note: the following trait bounds were not satisfied:
[INFO] [stdout]             `!: Iterator`
[INFO] [stdout]             which is required by `&mut !: Iterator`
[INFO] [stdout] 
[INFO] [stdout] 
[INFO] [stdout] warning: unreachable expression
[INFO] [stdout]    --> src/probe.rs:104:32
[INFO] [stdout]     |
[INFO] [stdout] 104 |                 rtt: reply.map(|reply| reply.elapsed),
[INFO] [stdout]     |                      -----     ^^^^^^^^^^^^^^^^^^^^^ unreachable expression
[INFO] [stdout]     |                      |
[INFO] [stdout]     |                      any code following this expression is unreachable
[INFO] [stdout]     |
[INFO] [stdout]     = note: `#[warn(unreachable_code)]` (part of `#[warn(unused)]`) on by default
[INFO] [stdout] 
[INFO] [stdout] 
[INFO] [stdout] error[E0599]: `!` is not an iterator
[INFO] [stdout]    --> src/probe.rs:104:28
[INFO] [stdout]     |
[INFO] [stdout] 104 |                 rtt: reply.map(|reply| reply.elapsed),
[INFO] [stdout]     |                            ^^^ `!` is not an iterator
[INFO] [stdout]     |
[INFO] [stdout]     = note: the following trait bounds were not satisfied:
[INFO] [stdout]             `!: Iterator`
[INFO] [stdout]             which is required by `&mut !: Iterator`
[INFO] [stdout] 
[INFO] [stdout] 
[INFO] [stdout] warning: unreachable expression
[INFO] [stdout]    --> src/probe.rs:104:32
[INFO] [stdout]     |
[INFO] [stdout] 104 |                 rtt: reply.map(|reply| reply.elapsed),
[INFO] [stdout]     |                      -----     ^^^^^^^^^^^^^^^^^^^^^ unreachable expression
[INFO] [stdout]     |                      |
[INFO] [stdout]     |                      any code following this expression is unreachable
[INFO] [stdout]     |
[INFO] [stdout]     = note: `#[warn(unreachable_code)]` (part of `#[warn(unused)]`) on by default
[INFO] [stdout] 
[INFO] [stdout] 
[INFO] [stdout] error[E0599]: no method named `is_some_and` found for type `!` in the current scope
[INFO] [stdout]    --> src/probe.rs:105:32
[INFO] [stdout]     |
[INFO] [stdout] 105 |                 reached: reply.is_some_and(|reply| reply.kind == ReplyKind::EchoReply),
[INFO] [stdout]     |                                ^^^^^^^^^^^ method not found in `!`
[INFO] [stdout] 
[INFO] [stdout] 
[INFO] [stdout] warning: unreachable expression
[INFO] [stdout]    --> src/probe.rs:105:44
[INFO] [stdout]     |
[INFO] [stdout] 105 |                 reached: reply.is_some_and(|reply| reply.kind == ReplyKind::EchoReply),
[INFO] [stdout]     |                          -----             ^^^^^^^^^^^^^^^^^^^^^^^^^^^^^^^^^^^^^^^^^^ unreachable expression
[INFO] [stdout]     |                          |
[INFO] [stdout]     |                          any code following this expression is unreachable
[INFO] [stdout] 
[INFO] [stdout] 
[INFO] [stdout] error[E0599]: no method named `is_some_and` found for type `!` in the current scope
[INFO] [stdout]    --> src/probe.rs:105:32
[INFO] [stdout]     |
[INFO] [stdout] 105 |                 reached: reply.is_some_and(|reply| reply.kind == ReplyKind::EchoReply),
[INFO] [stdout]     |                                ^^^^^^^^^^^ method not found in `!`
[INFO] [stdout] 
[INFO] [stdout] 
[INFO] [stdout] warning: unreachable expression
[INFO] [stdout]    --> src/probe.rs:105:44
[INFO] [stdout]     |
[INFO] [stdout] 105 |                 reached: reply.is_some_and(|reply| reply.kind == ReplyKind::EchoReply),
[INFO] [stdout]     |                          -----             ^^^^^^^^^^^^^^^^^^^^^^^^^^^^^^^^^^^^^^^^^^ unreachable expression
[INFO] [stdout]     |                          |
[INFO] [stdout]     |                          any code following this expression is unreachable
[INFO] [stdout] 
[INFO] [stdout] 
[INFO] [stdout] For more information about this error, try `rustc --explain E0599`.
[INFO] [stdout] 
[INFO] [stdout] For more information about this error, try `rustc --explain E0599`.
[INFO] [stdout] 
[INFO] [stderr] error: could not compile `remtr` (bin "remtr" test) due to 5 previous errors; 6 warnings emitted
[INFO] [stderr] warning: build failed, waiting for other jobs to finish...
[INFO] [stderr] error: could not compile `remtr` (bin "remtr") due to 5 previous errors; 6 warnings emitted
[INFO] running `Command { std: "docker" "inspect" "cff5984e4cb632c6b8def176c2bfbbfb22c65f2d73f99947349f89eab0eba5b7", kill_on_drop: false }`
[INFO] running `Command { std: "docker" "rm" "-f" "cff5984e4cb632c6b8def176c2bfbbfb22c65f2d73f99947349f89eab0eba5b7", kill_on_drop: false }`
[INFO] [stdout] cff5984e4cb632c6b8def176c2bfbbfb22c65f2d73f99947349f89eab0eba5b7
