[INFO] cloning repository https://github.com/sweets9/moonlight-web-stream-oidc
[INFO] running `Command { std: "git" "-c" "credential.helper=" "-c" "credential.helper=/workspace/cargo-home/bin/git-credential-null" "clone" "--bare" "https://github.com/sweets9/moonlight-web-stream-oidc" "/workspace/cache/git-repos/https%3A%2F%2Fgithub.com%2Fsweets9%2Fmoonlight-web-stream-oidc", kill_on_drop: false }`
[INFO] [stderr] Cloning into bare repository '/workspace/cache/git-repos/https%3A%2F%2Fgithub.com%2Fsweets9%2Fmoonlight-web-stream-oidc'...
[INFO] running `Command { std: "git" "rev-parse" "HEAD", kill_on_drop: false }`
[INFO] [stdout] e76458eda1e251cb472a19d4403dc0b2a09597b3
[INFO] checking sweets9/moonlight-web-stream-oidc against 3154cc1a3e6424e44f438a95007d043ed5ceaaf6 for pr-133502-30
[INFO] running `Command { std: "git" "clone" "/workspace/cache/git-repos/https%3A%2F%2Fgithub.com%2Fsweets9%2Fmoonlight-web-stream-oidc" "/workspace/builds/worker-7-tc2/source", kill_on_drop: false }`
[INFO] [stderr] Cloning into '/workspace/builds/worker-7-tc2/source'...
[INFO] [stderr] done.
[INFO] removed /workspace/builds/worker-7-tc2/source/rust-toolchain.toml
[INFO] started tweaking git repo https://github.com/sweets9/moonlight-web-stream-oidc
[INFO] finished tweaking git repo https://github.com/sweets9/moonlight-web-stream-oidc
[INFO] tweaked toml for git repo https://github.com/sweets9/moonlight-web-stream-oidc written to /workspace/builds/worker-7-tc2/source/Cargo.toml
[INFO] validating manifest of git repo https://github.com/sweets9/moonlight-web-stream-oidc on toolchain 3154cc1a3e6424e44f438a95007d043ed5ceaaf6
[INFO] running `Command { std: CARGO_HOME="/workspace/cargo-home" RUSTUP_HOME="/workspace/rustup-home" "/workspace/cargo-home/bin/cargo" "+3154cc1a3e6424e44f438a95007d043ed5ceaaf6" "metadata" "--manifest-path" "Cargo.toml" "--no-deps", kill_on_drop: false }`
[INFO] crate git repo https://github.com/sweets9/moonlight-web-stream-oidc already has a lockfile, it will not be regenerated
[INFO] running `Command { std: CARGO_HOME="/workspace/cargo-home" RUSTUP_HOME="/workspace/rustup-home" "/workspace/cargo-home/bin/cargo" "+3154cc1a3e6424e44f438a95007d043ed5ceaaf6" "fetch" "--manifest-path" "Cargo.toml", kill_on_drop: false }`
[INFO] running `Command { std: "docker" "create" "-v" "/var/lib/crater-agent-workspace/builds/worker-7-tc2/source:/opt/rustwide/workdir:ro,Z" "-v" "/var/lib/crater-agent-workspace/builds/worker-7-tc2/target:/opt/rustwide/target:rw,Z" "-v" "/var/lib/crater-agent-workspace/cargo-home:/opt/rustwide/cargo-home:ro,Z" "-v" "/var/lib/crater-agent-workspace/rustup-home:/opt/rustwide/rustup-home:ro,Z" "-m" "1610612736" "--network" "none" "ghcr.io/rust-lang/crates-build-env/linux@sha256:77db811e55d90add9212f6832c23229e3de5f1c1f9905e8cb07319ea15df73ac" "sleep" "infinity", kill_on_drop: false }`
[INFO] [stdout] 4767190b324a244380d37eff9c1a1b1c658fd3ff6a46a130edda30f3b8b39449
[INFO] running `Command { std: "docker" "start" "4767190b324a244380d37eff9c1a1b1c658fd3ff6a46a130edda30f3b8b39449", kill_on_drop: false }`
[INFO] running `Command { std: "docker" "inspect" "4767190b324a244380d37eff9c1a1b1c658fd3ff6a46a130edda30f3b8b39449", kill_on_drop: false }`
[INFO] running `Command { std: "docker" "exec" "-e" "SOURCE_DIR=/opt/rustwide/workdir" "-e" "CARGO_HOME=/opt/rustwide/cargo-home" "-e" "RUSTUP_HOME=/opt/rustwide/rustup-home" "-e" "CARGO_TARGET_DIR=/opt/rustwide/target" "-w" "/opt/rustwide/workdir" "--user" "0:0" "4767190b324a244380d37eff9c1a1b1c658fd3ff6a46a130edda30f3b8b39449" "/opt/rustwide/cargo-home/bin/cargo" "+3154cc1a3e6424e44f438a95007d043ed5ceaaf6" "metadata" "--no-deps" "--format-version=1", kill_on_drop: false }`
[INFO] running `Command { std: "docker" "inspect" "4767190b324a244380d37eff9c1a1b1c658fd3ff6a46a130edda30f3b8b39449", kill_on_drop: false }`
[INFO] running `Command { std: "docker" "exec" "-e" "SOURCE_DIR=/opt/rustwide/workdir" "-e" "CARGO_HOME=/opt/rustwide/cargo-home" "-e" "RUSTUP_HOME=/opt/rustwide/rustup-home" "-e" "CARGO_TARGET_DIR=/opt/rustwide/target" "-e" "CARGO_INCREMENTAL=0" "-e" "RUST_BACKTRACE=full" "-e" "RUSTFLAGS=--cap-lints=forbid" "-e" "RUSTDOCFLAGS=--cap-lints=forbid" "-w" "/opt/rustwide/workdir" "--user" "0:0" "4767190b324a244380d37eff9c1a1b1c658fd3ff6a46a130edda30f3b8b39449" "/opt/rustwide/cargo-home/bin/cargo" "+3154cc1a3e6424e44f438a95007d043ed5ceaaf6" "check" "--frozen" "--all" "--all-targets" "--message-format=json", kill_on_drop: false }`
[INFO] [stderr]    Compiling proc-macro2 v1.0.106
[INFO] [stderr]    Compiling quote v1.0.45
[INFO] [stderr]    Compiling unicode-ident v1.0.24
[INFO] [stderr]    Compiling libc v0.2.182
[INFO] [stderr]     Checking cfg-if v1.0.4
[INFO] [stderr]    Compiling serde_core v1.0.228
[INFO] [stderr]    Compiling serde v1.0.228
[INFO] [stderr]    Compiling typenum v1.19.0
[INFO] [stderr]     Checking pin-project-lite v0.2.17
[INFO] [stderr]     Checking smallvec v1.15.1
[INFO] [stderr]     Checking subtle v2.6.1
[INFO] [stderr]     Checking memchr v2.8.0
[INFO] [stderr]    Compiling find-msvc-tools v0.1.9
[INFO] [stderr]    Compiling generic-array v0.14.7
[INFO] [stderr]    Compiling autocfg v1.5.0
[INFO] [stderr]    Compiling parking_lot_core v0.9.12
[INFO] [stderr]     Checking lock_api v0.4.14
[INFO] [stderr]     Checking const-oid v0.9.6
[INFO] [stderr]     Checking futures-core v0.3.32
[INFO] [stderr]     Checking itoa v1.0.17
[INFO] [stderr]    Compiling zerocopy v0.8.40
[INFO] [stderr]     Checking once_cell v1.21.3
[INFO] [stderr]     Checking futures-sink v0.3.32
[INFO] [stderr]     Checking stable_deref_trait v1.2.1
[INFO] [stderr]     Checking futures-io v0.3.32
[INFO] [stderr]    Compiling libm v0.2.16
[INFO] [stderr]     Checking futures-channel v0.3.32
[INFO] [stderr]    Compiling getrandom v0.3.4
[INFO] [stderr]     Checking cpufeatures v0.2.17
[INFO] [stderr]     Checking spin v0.9.9
[INFO] [stderr]     Checking futures-task v0.3.32
[INFO] [stderr]     Checking slab v0.4.12
[INFO] [stderr]    Compiling pkg-config v0.3.32
[INFO] [stderr]     Checking lazy_static v1.5.0
[INFO] [stderr]     Checking percent-encoding v2.3.2
[INFO] [stderr]     Checking tracing-core v0.1.36
[INFO] [stderr]     Checking ipnet v2.12.0
[INFO] [stderr]     Checking writeable v0.6.2
[INFO] [stderr]     Checking base64 v0.22.1
[INFO] [stderr]     Checking litemap v0.8.1
[INFO] [stderr]    Compiling icu_normalizer_data v2.1.1
[INFO] [stderr]    Compiling icu_properties_data v2.1.2
[INFO] [stderr]    Compiling num-traits v0.2.19
[INFO] [stderr]     Checking form_urlencoded v1.2.2
[INFO] [stderr]     Checking bitflags v2.11.0
[INFO] [stderr]     Checking base64ct v1.8.3
[INFO] [stderr]    Compiling time-core v0.1.8
[INFO] [stderr]    Compiling httparse v1.10.1
[INFO] [stderr]    Compiling num-conv v0.2.0
[INFO] [stderr]     Checking deranged v0.5.8
[INFO] [stderr]    Compiling memoffset v0.7.1
[INFO] [stderr]    Compiling time-macros v0.2.27
[INFO] [stderr]    Compiling portable-atomic v1.13.1
[INFO] [stderr]    Compiling log v0.4.29
[INFO] [stderr]     Checking bitflags v1.3.2
[INFO] [stderr]    Compiling syn v2.0.117
[INFO] [stderr]     Checking pem-rfc7468 v0.7.0
[INFO] [stderr]    Compiling zmij v1.0.21
[INFO] [stderr]     Checking atomic-waker v1.1.2
[INFO] [stderr]     Checking aho-corasick v1.1.4
[INFO] [stderr]    Compiling openssl v0.10.73
[INFO] [stderr]    Compiling rustls v0.23.37
[INFO] [stderr]    Compiling serde_json v1.0.149
[INFO] [stderr]     Checking regex-syntax v0.8.10
[INFO] [stderr]    Compiling crossbeam-utils v0.8.21
[INFO] [stderr]    Compiling jobserver v0.1.34
[INFO] [stderr]    Compiling glob v0.3.3
[INFO] [stderr]     Checking getrandom v0.2.17
[INFO] [stderr]     Checking errno v0.3.14
[INFO] [stderr]     Checking signal-hook-registry v1.4.8
[INFO] [stderr]     Checking rand_core v0.6.4
[INFO] [stderr]     Checking socket2 v0.6.2
[INFO] [stderr]     Checking parking_lot v0.12.5
[INFO] [stderr]    Compiling cc v1.2.56
[INFO] [stderr]     Checking nix v0.26.4
[INFO] [stderr]    Compiling prettyplease v0.2.37
[INFO] [stderr]     Checking rand_core v0.9.5
[INFO] [stderr]    Compiling clang-sys v1.8.1
[INFO] [stderr]     Checking either v1.15.0
[INFO] [stderr]     Checking try-lock v0.2.5
[INFO] [stderr]     Checking hashbrown v0.16.1
[INFO] [stderr]     Checking want v0.3.1
[INFO] [stderr]     Checking ff v0.13.1
[INFO] [stderr]    Compiling semver v1.0.27
[INFO] [stderr]    Compiling getrandom v0.4.2
[INFO] [stderr]    Compiling crossbeam-epoch v0.9.20
[INFO] [stderr]     Checking base16ct v0.2.0
[INFO] [stderr]    Compiling minimal-lexical v0.2.1
[INFO] [stderr]    Compiling rustc_version v0.4.1
[INFO] [stderr]     Checking group v0.13.0
[INFO] [stderr]     Checking socket2 v0.5.10
[INFO] [stderr]    Compiling libloading v0.8.9
[INFO] [stderr]    Compiling bindgen v0.72.1
[INFO] [stderr]     Checking time v0.3.47
[INFO] [stderr]    Compiling itertools v0.13.0
[INFO] [stderr]    Compiling curve25519-dalek v4.1.3
[INFO] [stderr]     Checking num-integer v0.1.46
[INFO] [stderr]     Checking local-waker v0.1.4
[INFO] [stderr]    Compiling rustc-hash v2.1.1
[INFO] [stderr]    Compiling rayon-core v1.13.0
[INFO] [stderr]     Checking opaque-debug v0.3.1
[INFO] [stderr]    Compiling thiserror v2.0.18
[INFO] [stderr]    Compiling nom v7.1.3
[INFO] [stderr]     Checking num-bigint v0.4.6
[INFO] [stderr]     Checking num-iter v0.1.45
[INFO] [stderr]    Compiling openssl-src v300.5.3+3.5.4
[INFO] [stderr]    Compiling cmake v0.1.57
[INFO] [stderr]     Checking regex-automata v0.4.14
[INFO] [stderr]     Checking uuid v1.22.0
[INFO] [stderr]     Checking mio v1.1.1
[INFO] [stderr]     Checking pem v3.0.6
[INFO] [stderr]     Checking crossbeam-deque v0.8.6
[INFO] [stderr]    Compiling ring v0.17.14
[INFO] [stderr]    Compiling openssl-sys v0.9.109
[INFO] [stderr]    Compiling zstd-sys v2.0.16+zstd.1.5.7
[INFO] [stderr]    Compiling tokio-openssl v0.6.5
[INFO] [stderr]     Checking ryu v1.0.23
[INFO] [stderr]    Compiling unicode-segmentation v1.12.0
[INFO] [stderr]    Compiling zstd-safe v7.2.4
[INFO] [stderr]     Checking alloc-no-stdlib v2.0.4
[INFO] [stderr]    Compiling crc32fast v1.5.0
[INFO] [stderr]     Checking alloc-stdlib v0.2.2
[INFO] [stderr]    Compiling convert_case v0.10.0
[INFO] [stderr]     Checking actix-utils v3.0.1
[INFO] [stderr]     Checking itertools v0.14.0
[INFO] [stderr]     Checking actix-service v2.0.3
[INFO] [stderr]    Compiling rustversion v1.0.22
[INFO] [stderr]    Compiling bytes v1.11.1
[INFO] [stderr]     Checking equivalent v1.0.2
[INFO] [stderr]     Checking adler2 v2.0.1
[INFO] [stderr]     Checking simd-adler32 v0.3.8
[INFO] [stderr]    Compiling unicode-xid v0.2.6
[INFO] [stderr]    Compiling fec-rs v0.1.0
[INFO] [stderr]     Checking miniz_oxide v0.8.9
[INFO] [stderr]    Compiling cexpr v0.6.0
[INFO] [stderr]    Compiling bytestring v1.5.0
[INFO] [stderr]    Compiling tracing v0.1.44
[INFO] [stderr]    Compiling regex v1.12.3
[INFO] [stderr]     Checking indexmap v2.13.0
[INFO] [stderr]     Checking rusticata-macros v4.1.0
[INFO] [stderr]     Checking crc v3.4.0
[INFO] [stderr]     Checking rayon v1.12.0
[INFO] [stderr]     Checking num-rational v0.4.2
[INFO] [stderr]     Checking brotli-decompressor v5.0.0
[INFO] [stderr]     Checking printf-compat v0.3.1
[INFO] [stderr]     Checking num-complex v0.4.6
[INFO] [stderr]     Checking bstr v1.12.1
[INFO] [stderr]    Compiling synstructure v0.13.2
[INFO] [stdout] error[E0599]: no method named `arg` found for mutable reference `&mut std::ffi::VaList<'_>` in the current scope
[INFO] [stdout]   --> /opt/rustwide/cargo-home/registry/src/index.crates.io-1949cf8c6b5b557f/printf-compat-0.3.1/src/parser.rs:32:31
[INFO] [stdout]    |
[INFO] [stdout] 32 |         return (unsafe { args.arg() }, next_char(sub));
[INFO] [stdout]    |                               ^^^ method not found in `&mut std::ffi::VaList<'_>`
[INFO] [stdout] 
[INFO] [stdout] 
[INFO] [stdout] error[E0599]: no method named `arg` found for mutable reference `&mut std::ffi::VaList<'_>` in the current scope
[INFO] [stdout]   --> /opt/rustwide/cargo-home/registry/src/index.crates.io-1949cf8c6b5b557f/printf-compat-0.3.1/src/parser.rs:76:57
[INFO] [stdout]    |
[INFO] [stdout] 76 |             Length::Int => SignedInt::Int(unsafe { args.arg() }),
[INFO] [stdout]    |                                                         ^^^ method not found in `&mut std::ffi::VaList<'_>`
[INFO] [stdout] 
[INFO] [stdout] 
[INFO] [stdout] error[E0599]: no method named `arg` found for mutable reference `&mut std::ffi::VaList<'_>` in the current scope
[INFO] [stdout]   --> /opt/rustwide/cargo-home/registry/src/index.crates.io-1949cf8c6b5b557f/printf-compat-0.3.1/src/parser.rs:77:59
[INFO] [stdout]    |
[INFO] [stdout] 77 |             Length::Char => SignedInt::Char(unsafe { args.arg::<c_int>() } as c_schar),
[INFO] [stdout]    |                                                           ^^^ method not found in `&mut std::ffi::VaList<'_>`
[INFO] [stdout] 
[INFO] [stdout] 
[INFO] [stdout] error[E0599]: no method named `arg` found for mutable reference `&mut std::ffi::VaList<'_>` in the current scope
[INFO] [stdout]   --> /opt/rustwide/cargo-home/registry/src/index.crates.io-1949cf8c6b5b557f/printf-compat-0.3.1/src/parser.rs:78:61
[INFO] [stdout]    |
[INFO] [stdout] 78 |             Length::Short => SignedInt::Short(unsafe { args.arg::<c_int>() } as c_short),
[INFO] [stdout]    |                                                             ^^^ method not found in `&mut std::ffi::VaList<'_>`
[INFO] [stdout] 
[INFO] [stdout] 
[INFO] [stdout] error[E0599]: no method named `arg` found for mutable reference `&mut std::ffi::VaList<'_>` in the current scope
[INFO] [stdout]   --> /opt/rustwide/cargo-home/registry/src/index.crates.io-1949cf8c6b5b557f/printf-compat-0.3.1/src/parser.rs:79:59
[INFO] [stdout]    |
[INFO] [stdout] 79 |             Length::Long => SignedInt::Long(unsafe { args.arg() }),
[INFO] [stdout]    |                                                           ^^^ method not found in `&mut std::ffi::VaList<'_>`
[INFO] [stdout] 
[INFO] [stdout] 
[INFO] [stdout] error[E0599]: no method named `arg` found for mutable reference `&mut std::ffi::VaList<'_>` in the current scope
[INFO] [stdout]   --> /opt/rustwide/cargo-home/registry/src/index.crates.io-1949cf8c6b5b557f/printf-compat-0.3.1/src/parser.rs:80:67
[INFO] [stdout]    |
[INFO] [stdout] 80 |             Length::LongLong => SignedInt::LongLong(unsafe { args.arg() }),
[INFO] [stdout]    |                                                                   ^^^ method not found in `&mut std::ffi::VaList<'_>`
[INFO] [stdout] 
[INFO] [stdout] 
[INFO] [stdout] error[E0599]: no method named `arg` found for mutable reference `&mut std::ffi::VaList<'_>` in the current scope
[INFO] [stdout]   --> /opt/rustwide/cargo-home/registry/src/index.crates.io-1949cf8c6b5b557f/printf-compat-0.3.1/src/parser.rs:82:77
[INFO] [stdout]    |
[INFO] [stdout] 82 |             Length::Usize | Length::Isize => SignedInt::Isize(unsafe { args.arg() }),
[INFO] [stdout]    |                                                                             ^^^ method not found in `&mut std::ffi::VaList<'_>`
[INFO] [stdout] 
[INFO] [stdout] 
[INFO] [stdout] error[E0599]: no method named `arg` found for mutable reference `&mut std::ffi::VaList<'_>` in the current scope
[INFO] [stdout]   --> /opt/rustwide/cargo-home/registry/src/index.crates.io-1949cf8c6b5b557f/printf-compat-0.3.1/src/parser.rs:87:59
[INFO] [stdout]    |
[INFO] [stdout] 87 |             Length::Int => UnsignedInt::Int(unsafe { args.arg() }),
[INFO] [stdout]    |                                                           ^^^ method not found in `&mut std::ffi::VaList<'_>`
[INFO] [stdout] 
[INFO] [stdout] 
[INFO] [stdout] error[E0599]: no method named `arg` found for mutable reference `&mut std::ffi::VaList<'_>` in the current scope
[INFO] [stdout]   --> /opt/rustwide/cargo-home/registry/src/index.crates.io-1949cf8c6b5b557f/printf-compat-0.3.1/src/parser.rs:88:61
[INFO] [stdout]    |
[INFO] [stdout] 88 |             Length::Char => UnsignedInt::Char(unsafe { args.arg::<c_uint>() } as c_uchar),
[INFO] [stdout]    |                                                             ^^^ method not found in `&mut std::ffi::VaList<'_>`
[INFO] [stdout] 
[INFO] [stdout] 
[INFO] [stdout] error[E0599]: no method named `arg` found for mutable reference `&mut std::ffi::VaList<'_>` in the current scope
[INFO] [stdout]   --> /opt/rustwide/cargo-home/registry/src/index.crates.io-1949cf8c6b5b557f/printf-compat-0.3.1/src/parser.rs:89:63
[INFO] [stdout]    |
[INFO] [stdout] 89 |             Length::Short => UnsignedInt::Short(unsafe { args.arg::<c_uint>() } as c_ushort),
[INFO] [stdout]    |                                                               ^^^ method not found in `&mut std::ffi::VaList<'_>`
[INFO] [stdout] 
[INFO] [stdout] 
[INFO] [stdout] error[E0599]: no method named `arg` found for mutable reference `&mut std::ffi::VaList<'_>` in the current scope
[INFO] [stdout]   --> /opt/rustwide/cargo-home/registry/src/index.crates.io-1949cf8c6b5b557f/printf-compat-0.3.1/src/parser.rs:90:61
[INFO] [stdout]    |
[INFO] [stdout] 90 |             Length::Long => UnsignedInt::Long(unsafe { args.arg() }),
[INFO] [stdout]    |                                                             ^^^ method not found in `&mut std::ffi::VaList<'_>`
[INFO] [stdout] 
[INFO] [stdout] 
[INFO] [stdout] error[E0599]: no method named `arg` found for mutable reference `&mut std::ffi::VaList<'_>` in the current scope
[INFO] [stdout]   --> /opt/rustwide/cargo-home/registry/src/index.crates.io-1949cf8c6b5b557f/printf-compat-0.3.1/src/parser.rs:91:69
[INFO] [stdout]    |
[INFO] [stdout] 91 |             Length::LongLong => UnsignedInt::LongLong(unsafe { args.arg() }),
[INFO] [stdout]    |                                                                     ^^^ method not found in `&mut std::ffi::VaList<'_>`
[INFO] [stdout] 
[INFO] [stdout] 
[INFO] [stdout] error[E0599]: no method named `arg` found for mutable reference `&mut std::ffi::VaList<'_>` in the current scope
[INFO] [stdout]   --> /opt/rustwide/cargo-home/registry/src/index.crates.io-1949cf8c6b5b557f/printf-compat-0.3.1/src/parser.rs:93:79
[INFO] [stdout]    |
[INFO] [stdout] 93 |             Length::Usize | Length::Isize => UnsignedInt::Isize(unsafe { args.arg() }),
[INFO] [stdout]    |                                                                               ^^^ method not found in `&mut std::ffi::VaList<'_>`
[INFO] [stdout] 
[INFO] [stdout] 
[INFO] [stdout] error[E0599]: no method named `arg` found for struct `std::ffi::VaList<'a>` in the current scope
[INFO] [stdout]    --> /opt/rustwide/cargo-home/registry/src/index.crates.io-1949cf8c6b5b557f/printf-compat-0.3.1/src/parser.rs:175:42
[INFO] [stdout]     |
[INFO] [stdout] 175 |                     value: unsafe { args.arg() },
[INFO] [stdout]     |                                          ^^^ method not found in `std::ffi::VaList<'_>`
[INFO] [stdout] 
[INFO] [stdout] 
[INFO] [stdout] error[E0599]: no method named `arg` found for struct `std::ffi::VaList<'a>` in the current scope
[INFO] [stdout]    --> /opt/rustwide/cargo-home/registry/src/index.crates.io-1949cf8c6b5b557f/printf-compat-0.3.1/src/parser.rs:179:42
[INFO] [stdout]     |
[INFO] [stdout] 179 |                     value: unsafe { args.arg() },
[INFO] [stdout]     |                                          ^^^ method not found in `std::ffi::VaList<'_>`
[INFO] [stdout] 
[INFO] [stdout] 
[INFO] [stdout] error[E0599]: no method named `arg` found for struct `std::ffi::VaList<'a>` in the current scope
[INFO] [stdout]    --> /opt/rustwide/cargo-home/registry/src/index.crates.io-1949cf8c6b5b557f/printf-compat-0.3.1/src/parser.rs:183:42
[INFO] [stdout]     |
[INFO] [stdout] 183 |                     value: unsafe { args.arg() },
[INFO] [stdout]     |                                          ^^^ method not found in `std::ffi::VaList<'_>`
[INFO] [stdout] 
[INFO] [stdout] 
[INFO] [stdout] error[E0599]: no method named `arg` found for struct `std::ffi::VaList<'a>` in the current scope
[INFO] [stdout]    --> /opt/rustwide/cargo-home/registry/src/index.crates.io-1949cf8c6b5b557f/printf-compat-0.3.1/src/parser.rs:187:42
[INFO] [stdout]     |
[INFO] [stdout] 187 |                     value: unsafe { args.arg() },
[INFO] [stdout]     |                                          ^^^ method not found in `std::ffi::VaList<'_>`
[INFO] [stdout] 
[INFO] [stdout] 
[INFO] [stdout] error[E0599]: no method named `arg` found for struct `std::ffi::VaList<'a>` in the current scope
[INFO] [stdout]    --> /opt/rustwide/cargo-home/registry/src/index.crates.io-1949cf8c6b5b557f/printf-compat-0.3.1/src/parser.rs:191:58
[INFO] [stdout]     |
[INFO] [stdout] 191 |                     let arg: *mut c_char = unsafe { args.arg() };
[INFO] [stdout]     |                                                          ^^^ method not found in `std::ffi::VaList<'_>`
[INFO] [stdout] 
[INFO] [stdout] 
[INFO] [stdout] error[E0599]: no method named `arg` found for struct `std::ffi::VaList<'a>` in the current scope
[INFO] [stdout]    --> /opt/rustwide/cargo-home/registry/src/index.crates.io-1949cf8c6b5b557f/printf-compat-0.3.1/src/parser.rs:214:39
[INFO] [stdout]     |
[INFO] [stdout] 214 |                         unsafe { args.arg::<<c_char as CharToInt>::IntType>() } as c_char
[INFO] [stdout]     |                                       ^^^ method not found in `std::ffi::VaList<'_>`
[INFO] [stdout] 
[INFO] [stdout] 
[INFO] [stdout] error[E0599]: no method named `arg` found for struct `std::ffi::VaList<'a>` in the current scope
[INFO] [stdout]    --> /opt/rustwide/cargo-home/registry/src/index.crates.io-1949cf8c6b5b557f/printf-compat-0.3.1/src/parser.rs:217:58
[INFO] [stdout]     |
[INFO] [stdout] 217 |                 b'p' => Specifier::Pointer(unsafe { args.arg() }),
[INFO] [stdout]     |                                                          ^^^ method not found in `std::ffi::VaList<'_>`
[INFO] [stdout] 
[INFO] [stdout] 
[INFO] [stdout] error[E0599]: no method named `arg` found for struct `std::ffi::VaList<'a>` in the current scope
[INFO] [stdout]    --> /opt/rustwide/cargo-home/registry/src/index.crates.io-1949cf8c6b5b557f/printf-compat-0.3.1/src/parser.rs:218:77
[INFO] [stdout]     |
[INFO] [stdout] 218 |                 b'n' => Specifier::WriteBytesWritten(written, unsafe { args.arg() }),
[INFO] [stdout]     |                                                                             ^^^ method not found in `std::ffi::VaList<'_>`
[INFO] [stdout] 
[INFO] [stdout] 
[INFO] [stderr]    Compiling cookie v0.16.2
[INFO] [stdout] For more information about this error, try `rustc --explain E0599`.
[INFO] [stdout] 
[INFO] [stderr] error: could not compile `printf-compat` (lib) due to 21 previous errors
[INFO] [stderr] warning: build failed, waiting for other jobs to finish...
[INFO] running `Command { std: "docker" "inspect" "4767190b324a244380d37eff9c1a1b1c658fd3ff6a46a130edda30f3b8b39449", kill_on_drop: false }`
[INFO] running `Command { std: "docker" "rm" "-f" "4767190b324a244380d37eff9c1a1b1c658fd3ff6a46a130edda30f3b8b39449", kill_on_drop: false }`
[INFO] [stdout] 4767190b324a244380d37eff9c1a1b1c658fd3ff6a46a130edda30f3b8b39449
