[INFO] cloning repository https://github.com/svier0/simple-tauri
[INFO] running `Command { std: "git" "-c" "credential.helper=" "-c" "credential.helper=/workspace/cargo-home/bin/git-credential-null" "clone" "--bare" "https://github.com/svier0/simple-tauri" "/workspace/cache/git-repos/https%3A%2F%2Fgithub.com%2Fsvier0%2Fsimple-tauri", kill_on_drop: false }`
[INFO] [stderr] Cloning into bare repository '/workspace/cache/git-repos/https%3A%2F%2Fgithub.com%2Fsvier0%2Fsimple-tauri'...
[INFO] running `Command { std: "git" "rev-parse" "HEAD", kill_on_drop: false }`
[INFO] [stdout] 2f205a94ea912450207ec3b00c9b4f2347843e80
[INFO] checking svier0/simple-tauri against 3154cc1a3e6424e44f438a95007d043ed5ceaaf6 for pr-133502-30
[INFO] running `Command { std: "git" "clone" "/workspace/cache/git-repos/https%3A%2F%2Fgithub.com%2Fsvier0%2Fsimple-tauri" "/workspace/builds/worker-6-tc2/source", kill_on_drop: false }`
[INFO] [stderr] Cloning into '/workspace/builds/worker-6-tc2/source'...
[INFO] [stderr] done.
[INFO] started tweaking git repo https://github.com/svier0/simple-tauri
[INFO] finished tweaking git repo https://github.com/svier0/simple-tauri
[INFO] tweaked toml for git repo https://github.com/svier0/simple-tauri written to /workspace/builds/worker-6-tc2/source/Cargo.toml
[INFO] validating manifest of git repo https://github.com/svier0/simple-tauri on toolchain 3154cc1a3e6424e44f438a95007d043ed5ceaaf6
[INFO] running `Command { std: CARGO_HOME="/workspace/cargo-home" RUSTUP_HOME="/workspace/rustup-home" "/workspace/cargo-home/bin/cargo" "+3154cc1a3e6424e44f438a95007d043ed5ceaaf6" "metadata" "--manifest-path" "Cargo.toml" "--no-deps", kill_on_drop: false }`
[INFO] crate git repo https://github.com/svier0/simple-tauri already has a lockfile, it will not be regenerated
[INFO] running `Command { std: CARGO_HOME="/workspace/cargo-home" RUSTUP_HOME="/workspace/rustup-home" "/workspace/cargo-home/bin/cargo" "+3154cc1a3e6424e44f438a95007d043ed5ceaaf6" "fetch" "--manifest-path" "Cargo.toml", kill_on_drop: false }`
[INFO] running `Command { std: "docker" "create" "-v" "/var/lib/crater-agent-workspace/builds/worker-6-tc2/source:/opt/rustwide/workdir:ro,Z" "-v" "/var/lib/crater-agent-workspace/builds/worker-6-tc2/target:/opt/rustwide/target:rw,Z" "-v" "/var/lib/crater-agent-workspace/cargo-home:/opt/rustwide/cargo-home:ro,Z" "-v" "/var/lib/crater-agent-workspace/rustup-home:/opt/rustwide/rustup-home:ro,Z" "-m" "1610612736" "--network" "none" "ghcr.io/rust-lang/crates-build-env/linux@sha256:77db811e55d90add9212f6832c23229e3de5f1c1f9905e8cb07319ea15df73ac" "sleep" "infinity", kill_on_drop: false }`
[INFO] [stdout] ba779100e8701541fcd77207df2aab7497694d011e8a8d3d87972b81f9c0600c
[INFO] running `Command { std: "docker" "start" "ba779100e8701541fcd77207df2aab7497694d011e8a8d3d87972b81f9c0600c", kill_on_drop: false }`
[INFO] running `Command { std: "docker" "inspect" "ba779100e8701541fcd77207df2aab7497694d011e8a8d3d87972b81f9c0600c", kill_on_drop: false }`
[INFO] running `Command { std: "docker" "exec" "-e" "SOURCE_DIR=/opt/rustwide/workdir" "-e" "CARGO_HOME=/opt/rustwide/cargo-home" "-e" "RUSTUP_HOME=/opt/rustwide/rustup-home" "-e" "CARGO_TARGET_DIR=/opt/rustwide/target" "-w" "/opt/rustwide/workdir" "--user" "0:0" "ba779100e8701541fcd77207df2aab7497694d011e8a8d3d87972b81f9c0600c" "/opt/rustwide/cargo-home/bin/cargo" "+3154cc1a3e6424e44f438a95007d043ed5ceaaf6" "metadata" "--no-deps" "--format-version=1", kill_on_drop: false }`
[INFO] running `Command { std: "docker" "inspect" "ba779100e8701541fcd77207df2aab7497694d011e8a8d3d87972b81f9c0600c", kill_on_drop: false }`
[INFO] running `Command { std: "docker" "exec" "-e" "SOURCE_DIR=/opt/rustwide/workdir" "-e" "CARGO_HOME=/opt/rustwide/cargo-home" "-e" "RUSTUP_HOME=/opt/rustwide/rustup-home" "-e" "CARGO_TARGET_DIR=/opt/rustwide/target" "-e" "CARGO_INCREMENTAL=0" "-e" "RUST_BACKTRACE=full" "-e" "RUSTFLAGS=--cap-lints=forbid" "-e" "RUSTDOCFLAGS=--cap-lints=forbid" "-w" "/opt/rustwide/workdir" "--user" "0:0" "ba779100e8701541fcd77207df2aab7497694d011e8a8d3d87972b81f9c0600c" "/opt/rustwide/cargo-home/bin/cargo" "+3154cc1a3e6424e44f438a95007d043ed5ceaaf6" "check" "--frozen" "--all" "--all-targets" "--message-format=json", kill_on_drop: false }`
[INFO] [stderr]    Compiling serde_core v1.0.229
[INFO] [stderr]    Compiling smallvec v1.15.2
[INFO] [stderr]    Compiling serde v1.0.229
[INFO] [stderr]    Compiling fastrand v2.5.0
[INFO] [stderr]    Compiling jobserver v0.1.35
[INFO] [stderr]     Checking bitflags v2.13.1
[INFO] [stderr]    Compiling phf_shared v0.13.1
[INFO] [stderr]    Compiling stable_deref_trait v1.2.1
[INFO] [stderr]    Compiling serde_derive v1.0.229
[INFO] [stderr]    Compiling synstructure v0.13.2
[INFO] [stderr]    Compiling zerovec-derive v0.11.4
[INFO] [stderr]    Compiling displaydoc v0.2.7
[INFO] [stderr]    Compiling thiserror-impl v1.0.69
[INFO] [stderr]    Compiling syn v1.0.109
[INFO] [stderr]    Compiling proc-macro-error-attr v1.0.4
[INFO] [stderr]    Compiling futures-macro v0.3.34
[INFO] [stderr]    Compiling thiserror-impl v2.0.20
[INFO] [stderr]     Checking futures-channel v0.3.34
[INFO] [stderr]    Compiling cfg-expr v0.15.8
[INFO] [stderr]    Compiling darling_core v0.23.0
[INFO] [stderr]    Compiling cc v1.4.3
[INFO] [stderr]    Compiling erased-serde v0.4.10
[INFO] [stderr]    Compiling new_debug_unreachable v1.0.6
[INFO] [stderr]    Compiling serde_json v1.0.151
[INFO] [stderr]    Compiling parking_lot_core v0.9.12
[INFO] [stderr]    Compiling phf_generator v0.13.1
[INFO] [stderr]    Compiling precomputed-hash v0.1.1
[INFO] [stderr]    Compiling phf_codegen v0.13.1
[INFO] [stderr]    Compiling string_cache_codegen v0.6.1
[INFO] [stderr]    Compiling phf_macros v0.13.1
[INFO] [stderr]    Compiling zerofrom-derive v0.1.7
[INFO] [stderr]    Compiling yoke-derive v0.8.2
[INFO] [stderr]    Compiling toml_writer v1.1.2+spec-1.1.0
[INFO] [stderr]     Checking futures-util v0.3.34
[INFO] [stderr]    Compiling proc-macro-error v1.0.4
[INFO] [stderr]    Compiling parking_lot v0.12.5
[INFO] [stderr]    Compiling ctor-proc-macro v0.0.7
[INFO] [stderr]    Compiling web_atoms v0.2.6
[INFO] [stderr]    Compiling getrandom v0.4.3
[INFO] [stderr]    Compiling dtoa v1.0.11
[INFO] [stderr]    Compiling percent-encoding v2.3.2
[INFO] [stderr]    Compiling dtoa-short v0.3.5
[INFO] [stderr]    Compiling selectors v0.36.1
[INFO] [stderr]    Compiling string_cache v0.9.0
[INFO] [stderr]    Compiling tendril v0.5.1
[INFO] [stderr]    Compiling form_urlencoded v1.2.2
[INFO] [stderr]    Compiling derive_more-impl v2.1.1
[INFO] [stderr]    Compiling cssparser-macros v0.6.1
[INFO] [stderr]    Compiling aho-corasick v1.1.5
[INFO] [stderr]    Compiling indexmap v1.9.3
[INFO] [stderr]    Compiling phf v0.13.1
[INFO] [stderr]    Compiling unic-common v0.9.0
[INFO] [stderr]    Compiling zerofrom v0.1.8
[INFO] [stderr]    Compiling camino v1.2.5
[INFO] [stderr]    Compiling alloc-no-stdlib v2.0.4
[INFO] [stderr]    Compiling byteorder v1.5.0
[INFO] [stderr]    Compiling unic-char-range v0.9.0
[INFO] [stderr]    Compiling cssparser v0.36.0
[INFO] [stderr]    Compiling alloc-stdlib v0.2.4
[INFO] [stderr]     Checking thiserror v1.0.69
[INFO] [stderr]    Compiling unic-char-property v0.9.0
[INFO] [stderr]    Compiling unic-ucd-version v0.9.0
[INFO] [stderr]    Compiling servo_arc v0.4.3
[INFO] [stderr]    Compiling serde_derive_internals v0.29.1
[INFO] [stderr]    Compiling schemars v0.8.22
[INFO] [stderr]    Compiling hashbrown v0.12.3
[INFO] [stderr]    Compiling powerfmt v0.2.0
[INFO] [stderr]    Compiling yoke v0.8.3
[INFO] [stderr]    Compiling deranged v0.5.8
[INFO] [stderr]     Checking zerovec v0.11.7
[INFO] [stderr]     Checking zerotrie v0.2.5
[INFO] [stderr]    Compiling rustc-hash v2.1.3
[INFO] [stderr]    Compiling bit-vec v0.8.0
[INFO] [stderr]    Compiling unic-ucd-ident v0.9.0
[INFO] [stderr]    Compiling brotli-decompressor v5.0.3
[INFO] [stderr]    Compiling derive_more v2.1.1
[INFO] [stderr]    Compiling bit-set v0.8.0
[INFO] [stderr]    Compiling thiserror v2.0.20
[INFO] [stderr]    Compiling gtk v0.18.2
[INFO] [stderr]    Compiling dyn-clone v1.0.20
[INFO] [stderr]    Compiling foldhash v0.2.0
[INFO] [stderr]    Compiling base64 v0.22.1
[INFO] [stderr]    Compiling http v1.5.0
[INFO] [stderr]    Compiling ctor v0.8.0
[INFO] [stderr]     Checking tinystr v0.8.4
[INFO] [stderr]     Checking futures-executor v0.3.34
[INFO] [stderr]    Compiling potential_utf v0.1.6
[INFO] [stderr]     Checking icu_locale_core v2.3.0
[INFO] [stderr]    Compiling schemars_derive v0.8.22
[INFO] [stderr]    Compiling anyhow v1.0.104
[INFO] [stderr]    Compiling icu_collections v2.3.0
[INFO] [stderr]    Compiling markup5ever v0.38.0
[INFO] [stderr]    Compiling regex-automata v0.4.18
[INFO] [stderr]    Compiling time v0.3.55
[INFO] [stderr]    Compiling glob v0.3.4
[INFO] [stderr]    Compiling brotli v8.0.4
[INFO] [stderr]    Compiling darling_macro v0.23.0
[INFO] [stderr]    Compiling html5ever v0.38.0
[INFO] [stderr]    Compiling enumflags2_derive v0.7.12
[INFO] [stderr]    Compiling darling v0.23.0
[INFO] [stderr]    Compiling simd-adler32 v0.3.10
[INFO] [stderr]    Compiling serde_with_macros v3.22.0
[INFO] [stderr]     Checking icu_provider v2.3.0
[INFO] [stderr]     Checking uuid v1.24.0
[INFO] [stderr]    Compiling semver v1.0.28
[INFO] [stderr]    Compiling toml_datetime v1.1.1+spec-1.1.0
[INFO] [stderr]    Compiling serde_spanned v1.1.1
[INFO] [stderr]    Compiling rustc_version v0.4.1
[INFO] [stderr]    Compiling toml v1.1.4+spec-1.1.0
[INFO] [stderr]    Compiling serde_with v3.22.0
[INFO] [stderr]    Compiling field-offset v0.3.6
[INFO] [stderr]    Compiling dom_query v0.27.0
[INFO] [stderr]    Compiling cfb v0.7.3
[INFO] [stderr]    Compiling serde-untagged v0.1.9
[INFO] [stderr]     Checking icu_properties v2.3.0
[INFO] [stderr]     Checking icu_normalizer v2.3.0
[INFO] [stderr]    Compiling toml_edit v0.25.13+spec-1.1.0
[INFO] [stderr]    Compiling toml_datetime v0.7.5+spec-1.1.0
[INFO] [stderr]     Checking concurrent-queue v2.5.0
[INFO] [stderr]    Compiling zeroize_derive v1.5.0
[INFO] [stderr]    Compiling infer v0.19.0
[INFO] [stderr]    Compiling option-ext v0.2.0
[INFO] [stderr]    Compiling winnow v0.7.15
[INFO] [stderr]    Compiling rustix v1.1.4
[INFO] [stderr]    Compiling adler2 v2.0.1
[INFO] [stderr]     Checking idna_adapter v1.2.2
[INFO] [stderr]    Compiling proc-macro-crate v3.5.0
[INFO] [stderr]    Compiling miniz_oxide v0.8.9
[INFO] [stderr]     Checking idna v1.1.0
[INFO] [stderr]    Compiling toml_datetime v0.6.3
[INFO] [stderr]    Compiling serde_spanned v0.6.9
[INFO] [stderr]    Compiling cargo-platform v0.1.9
[INFO] [stderr]    Compiling jsonptr v0.6.3
[INFO] [stderr]     Checking url v2.5.8
[INFO] [stderr]    Compiling toml_edit v0.20.2
[INFO] [stderr]    Compiling toml_edit v0.19.15
[INFO] [stderr]    Compiling regex v1.13.1
[INFO] [stderr]    Compiling cargo_metadata v0.19.2
[INFO] [stderr]     Checking dpi v0.1.2
[INFO] [stderr]    Compiling plist v1.10.0
[INFO] [stderr]    Compiling json-patch v3.0.1
[INFO] [stderr]    Compiling zvariant_utils v4.0.0
[INFO] [stderr]     Checking zeroize v1.9.0
[INFO] [stderr]    Compiling openssl-sys v0.9.117
[INFO] [stderr]    Compiling dirs-sys v0.5.0
[INFO] [stderr]    Compiling embed-resource v3.0.11
[INFO] [stderr]     Checking x11 v2.21.0
[INFO] [stderr]    Compiling crc32fast v1.5.0
[INFO] [stderr]    Compiling cookie v0.18.2
[INFO] [stderr]    Compiling zvariant_derive v5.14.0
[INFO] [stderr]    Compiling libdbus-sys v0.2.7
[INFO] [stderr]    Compiling ucd-trie v0.1.7
[INFO] [stderr]    Compiling tauri-winres v0.3.6
[INFO] [stderr]    Compiling urlpattern v0.3.0
[INFO] [stderr]    Compiling pest v2.9.0
[INFO] [stderr]    Compiling flate2 v1.1.9
[INFO] [stderr]    Compiling dirs v6.0.0
[INFO] [stderr]    Compiling fdeflate v0.3.7
[INFO] [stderr]     Checking toml_parser v1.1.3+spec-1.1.0
[INFO] [stderr]    Compiling ring v0.17.14
[INFO] [stderr]    Compiling zstd-sys v2.0.16+zstd.1.5.7
[INFO] [stderr]    Compiling toml v0.9.12+spec-1.1.0
[INFO] [stderr]     Checking quick-xml v0.41.0
[INFO] [stderr]    Compiling bitflags v1.3.2
[INFO] [stderr]    Compiling png v0.17.16
[INFO] [stderr]     Checking x11-dl v2.21.0
[INFO] [stderr]    Compiling proc-macro-crate v1.3.1
[INFO] [stderr]    Compiling tauri-utils v2.9.3
[INFO] [stderr]    Compiling toml v0.8.2
[INFO] [stderr]    Compiling proc-macro-crate v2.0.2
[INFO] [stderr]    Compiling pest_meta v2.9.0
[INFO] [stderr]     Checking rustls-pki-types v1.15.1
[INFO] [stderr]    Compiling system-deps v6.2.2
[INFO] [stderr]    Compiling cargo_toml v0.22.3
[INFO] [stderr]    Compiling enumflags2 v0.7.12
[INFO] [stderr]    Compiling zcheapstr v1.1.0
[INFO] [stderr]    Compiling gtk3-macros v0.18.2
[INFO] [stderr]    Compiling dlopen2_derive v0.4.3
[INFO] [stderr]    Compiling getrandom v0.3.4
[INFO] [stderr]    Compiling tauri-runtime v2.11.3
[INFO] [stderr]    Compiling glib-macros v0.18.5
[INFO] [stderr]    Compiling wry v0.55.1
[INFO] [stderr]    Compiling zvariant v5.14.0
[INFO] [stderr]    Compiling pest_generator v2.9.0
[INFO] [stderr]     Checking keyboard-types v0.7.0
[INFO] [stderr]     Checking dlopen2 v0.8.2
[INFO] [stderr]    Compiling glib-sys v0.18.1
[INFO] [stderr]    Compiling gobject-sys v0.18.0
[INFO] [stderr]    Compiling gio-sys v0.18.1
[INFO] [stderr]    Compiling gdk-sys v0.18.2
[INFO] [stderr]    Compiling pango-sys v0.18.0
[INFO] [stderr]    Compiling gdk-pixbuf-sys v0.18.0
[INFO] [stderr]    Compiling cairo-sys-rs v0.18.2
[INFO] [stderr]    Compiling atk-sys v0.18.2
[INFO] [stderr]    Compiling gtk-sys v0.18.2
[INFO] [stderr]    Compiling javascriptcore-rs-sys v1.1.1
[INFO] [stderr]    Compiling soup3-sys v0.5.0
[INFO] [stderr]    Compiling webkit2gtk-sys v2.0.2
[INFO] [stderr]    Compiling gdkx11-sys v0.18.2
[INFO] [stderr]    Compiling ico v0.5.0
[INFO] [stderr]     Checking dbus v0.9.12
[INFO] [stderr]     Checking async-channel v2.5.0
[INFO] [stderr]    Compiling bzip2-sys v0.1.13+1.0.8
[INFO] [stderr]    Compiling lzma-sys v0.1.20
[INFO] [stderr]    Compiling tauri-runtime-wry v2.11.4
[INFO] [stderr]    Compiling zstd-safe v7.2.4
[INFO] [stderr]    Compiling pest_derive v2.9.0
[INFO] [stderr]    Compiling openssl v0.10.81
[INFO] [stderr]     Checking png v0.18.1
[INFO] [stderr]     Checking ppv-lite86 v0.2.21
[INFO] [stderr]     Checking inout v0.1.4
[INFO] [stderr]    Compiling tracing-attributes v0.1.31
[INFO] [stderr]    Compiling openssl-macros v0.1.1
[INFO] [stderr]    Compiling serialize-to-javascript-impl v0.1.2
[INFO] [stderr]    Compiling serde_repr v0.1.21
[INFO] [stderr]     Checking is-docker v0.2.0
[INFO] [stderr]     Checking gdkwayland-sys v0.18.2
[INFO] [stderr]     Checking polling v3.11.0
[INFO] [stderr]    Compiling rustls v0.23.43
[INFO] [stderr]    Compiling native-tls v0.2.18
[INFO] [stderr]     Checking serialize-to-javascript v0.1.2
[INFO] [stderr]     Checking is-wsl v0.4.0
[INFO] [stderr]     Checking async-io v2.6.0
[INFO] [stderr]     Checking rand_chacha v0.3.1
[INFO] [stderr]     Checking cipher v0.4.4
[INFO] [stderr]     Checking blocking v1.6.2
[INFO] [stderr]     Checking async-executor v1.14.0
[INFO] [stderr]     Checking webpki-roots v1.0.9
[INFO] [stderr]     Checking tokio v1.53.1
[INFO] [stderr]    Compiling async-recursion v1.1.1
[INFO] [stderr]    Compiling zbus_names v4.3.4
[INFO] [stderr]     Checking async-signal v0.2.14
[INFO] [stderr]     Checking tracing v0.1.44
[INFO] [stderr]     Checking async-process v2.5.0
[INFO] [stderr]     Checking rustls-webpki v0.103.14
[INFO] [stderr]    Compiling async-trait v0.1.92
[INFO] [stderr]     Checking heck v0.5.0
[INFO] [stderr]    Compiling zip v2.4.2
[INFO] [stderr]     Checking bumpalo v3.20.3
[INFO] [stderr]     Checking webpki-roots v0.26.11
[INFO] [stderr]     Checking aes v0.8.4
[INFO] [stderr]     Checking pbkdf2 v0.12.2
[INFO] [stderr]     Checking bzip2 v0.5.2
[INFO] [stderr]     Checking xz2 v0.1.7
[INFO] [stderr]     Checking rand v0.8.8
[INFO] [stderr]    Compiling zbus_macros v5.19.0
[INFO] [stderr]     Checking zopfli v0.8.3
[INFO] [stderr]     Checking open v5.4.1
[INFO] [stderr]     Checking lzma-rs v0.3.0
[INFO] [stderr]     Checking sha1 v0.10.7
[INFO] [stderr]    Compiling json5 v0.4.1
[INFO] [stderr]     Checking constant_time_eq v0.3.1
[INFO] [stderr]     Checking encoding_rs v0.8.42
[INFO] [stderr]     Checking shlex v2.0.1
[INFO] [stderr]     Checking libappindicator-sys v0.9.0
[INFO] [stderr]     Checking glib v0.18.5
[INFO] [stderr]     Checking nanoid v0.4.0
[INFO] [stderr]    Compiling simple-tauri-macros v0.4.0 (/opt/rustwide/workdir/macros)
[INFO] [stderr]     Checking zstd v0.13.3
[INFO] [stderr]     Checking zbus v5.19.0
[INFO] [stderr]     Checking ureq v2.12.1
[INFO] [stderr]    Compiling tauri-build v2.6.3
[INFO] [stderr]    Compiling tauri-codegen v2.6.3
[INFO] [stderr]    Compiling tauri-plugin v2.6.3
[INFO] [stderr]    Compiling tauri v2.11.5
[INFO] [stderr]    Compiling tauri-macros v2.6.3
[INFO] [stderr]    Compiling tauri-plugin-opener v2.5.4
[INFO] [stderr]     Checking gio v0.18.4
[INFO] [stderr]     Checking cairo-rs v0.18.5
[INFO] [stderr]     Checking atk v0.18.2
[INFO] [stderr]     Checking javascriptcore-rs v1.1.2
[INFO] [stderr]     Checking gdk-pixbuf v0.18.5
[INFO] [stderr]     Checking pango v0.18.3
[INFO] [stderr]     Checking soup3 v0.5.0
[INFO] [stderr]     Checking gdk v0.18.2
[INFO] [stderr]     Checking gdkx11 v0.18.2
[INFO] [stderr]     Checking webkit2gtk v2.0.2
[INFO] [stderr]     Checking tao v0.35.3
[INFO] [stderr]     Checking muda v0.19.3
[INFO] [stderr]     Checking libappindicator v0.9.0
[INFO] [stderr]     Checking tray-icon v0.24.2
[INFO] [stderr]     Checking simple-tauri v0.4.0 (/opt/rustwide/workdir)
[INFO] [stdout] error[E0423]: cannot find value `url` in this scope
[INFO] [stdout]    --> src/utils/ensure/mod.rs:111:26
[INFO] [stdout]     |
[INFO] [stdout] 111 |     super::unzip_remote(&url,&py_dir,&extract_dir)?;
[INFO] [stdout]     |                          ^^^ not found in this scope
[INFO] [stdout]     |
[INFO] [stdout]     = note: a crate named `url` exists in another namespace
[INFO] [stdout] 
[INFO] [stdout] 
[INFO] [stdout] error[E0423]: cannot find value `url` in this scope
[INFO] [stdout]    --> src/utils/ensure/mod.rs:140:26
[INFO] [stdout]     |
[INFO] [stdout] 140 |     super::unzip_remote(&url,&git_dir,&extract_dir)?;
[INFO] [stdout]     |                          ^^^ not found in this scope
[INFO] [stdout]     |
[INFO] [stdout]     = note: a crate named `url` exists in another namespace
[INFO] [stdout] 
[INFO] [stdout] 
[INFO] [stdout] warning: unused import: `std::sync::OnceLock`
[INFO] [stdout]  --> src/simple_serve/spawn.rs:4:5
[INFO] [stdout]   |
[INFO] [stdout] 4 | use std::sync::OnceLock;
[INFO] [stdout]   |     ^^^^^^^^^^^^^^^^^^^
[INFO] [stdout]   |
[INFO] [stdout]   = note: `#[warn(unused_imports)]` (part of `#[warn(unused)]`) on by default
[INFO] [stdout] 
[INFO] [stdout] 
[INFO] [stdout] error[E0423]: cannot find value `url` in this scope
[INFO] [stdout]    --> src/utils/ensure/mod.rs:111:26
[INFO] [stdout]     |
[INFO] [stdout] 111 |     super::unzip_remote(&url,&py_dir,&extract_dir)?;
[INFO] [stdout]     |                          ^^^ not found in this scope
[INFO] [stdout]     |
[INFO] [stdout]     = note: a crate named `url` exists in another namespace
[INFO] [stdout] 
[INFO] [stdout] 
[INFO] [stdout] error[E0423]: cannot find value `url` in this scope
[INFO] [stdout]    --> src/utils/ensure/mod.rs:140:26
[INFO] [stdout]     |
[INFO] [stdout] 140 |     super::unzip_remote(&url,&git_dir,&extract_dir)?;
[INFO] [stdout]     |                          ^^^ not found in this scope
[INFO] [stdout]     |
[INFO] [stdout]     = note: a crate named `url` exists in another namespace
[INFO] [stdout] 
[INFO] [stdout] 
[INFO] [stdout] warning: unused import: `std::sync::OnceLock`
[INFO] [stdout]  --> src/simple_serve/spawn.rs:4:5
[INFO] [stdout]   |
[INFO] [stdout] 4 | use std::sync::OnceLock;
[INFO] [stdout]   |     ^^^^^^^^^^^^^^^^^^^
[INFO] [stdout]   |
[INFO] [stdout]   = note: `#[warn(unused_imports)]` (part of `#[warn(unused)]`) on by default
[INFO] [stdout] 
[INFO] [stdout] 
[INFO] [stdout] error[E0599]: no method named `creation_flags` found for mutable reference `&mut std::process::Command` in the current scope
[INFO] [stdout]   --> src/utils/sh2rs/sh.rs:27:18
[INFO] [stdout]    |
[INFO] [stdout] 24 |             let r = std::process::Command::new("cmd")
[INFO] [stdout] 25 |                 .args(["/C", &cmd_str])
[INFO] [stdout] 26 |                 .current_dir(dir)
[INFO] [stdout] 27 |                 .creation_flags(0x0800_0000)
[INFO] [stdout]    |                  ^^^^^^^^^^^^^^ method not found in `&mut std::process::Command`
[INFO] [stdout] 
[INFO] [stdout] 
[INFO] [stdout] error[E0599]: no method named `creation_flags` found for mutable reference `&mut std::process::Command` in the current scope
[INFO] [stdout]   --> src/utils/sh2rs/sh.rs:27:18
[INFO] [stdout]    |
[INFO] [stdout] 24 |             let r = std::process::Command::new("cmd")
[INFO] [stdout] 25 |                 .args(["/C", &cmd_str])
[INFO] [stdout] 26 |                 .current_dir(dir)
[INFO] [stdout] 27 |                 .creation_flags(0x0800_0000)
[INFO] [stdout]    |                  ^^^^^^^^^^^^^^ method not found in `&mut std::process::Command`
[INFO] [stdout] 
[INFO] [stdout] 
[INFO] [stdout] Some errors have detailed explanations: E0423, E0599.
[INFO] [stdout] 
[INFO] [stdout] For more information about an error, try `rustc --explain E0423`.
[INFO] [stdout] 
[INFO] [stderr] error: could not compile `simple-tauri` (lib test) due to 3 previous errors; 1 warning emitted
[INFO] [stderr] warning: build failed, waiting for other jobs to finish...
[INFO] [stdout] Some errors have detailed explanations: E0423, E0599.
[INFO] [stdout] 
[INFO] [stdout] For more information about an error, try `rustc --explain E0423`.
[INFO] [stdout] 
[INFO] [stderr] error: could not compile `simple-tauri` (lib) due to 3 previous errors; 1 warning emitted
[INFO] [stderr] warning: unused dependency `tauri-plugin-opener`
[INFO] [stderr]  --> Cargo.toml:9:1
[INFO] [stderr]   |
[INFO] [stderr] 9 | tauri-plugin-opener = "2"
[INFO] [stderr]   | ^^^^^^^^^^^^^^^^^^^^^^^^^
[INFO] [stderr]   |
[INFO] [stderr]   = note: `cargo::unused_dependencies` is set to `warn` by default
[INFO] [stderr] help: consider removing the dependency on `tauri-plugin-opener`
[INFO] [stderr] warning: `simple-tauri` (manifest) generated 1 warning
[INFO] running `Command { std: "docker" "inspect" "ba779100e8701541fcd77207df2aab7497694d011e8a8d3d87972b81f9c0600c", kill_on_drop: false }`
[INFO] running `Command { std: "docker" "rm" "-f" "ba779100e8701541fcd77207df2aab7497694d011e8a8d3d87972b81f9c0600c", kill_on_drop: false }`
[INFO] [stdout] ba779100e8701541fcd77207df2aab7497694d011e8a8d3d87972b81f9c0600c
